HEX
Server: LiteSpeed
System: Linux atali.colombiahosting.com.co 5.14.0-570.12.1.el9_6.x86_64 #1 SMP PREEMPT_DYNAMIC Tue May 13 06:11:55 EDT 2025 x86_64
User: coopserp (1713)
PHP: 8.2.29
Disabled: dl,exec,passthru,proc_open,proc_close,shell_exec,memory_limit,system,popen,curl_multi_exec,show_source,symlink,link,leak,listen,diskfreespace,tmpfile,ignore_user_abord,highlight_file,source,show_source,fpaththru,virtual,posix_ctermid,posix_getcwd,posix_getegid,posix_geteuid,posix_getgid,posix_getgrgid,posix_getgrnam,posix_getgroups,posix_getlogin,posix_getpgid,posix_getpgrp,posix_getpid,posix,posix_getppid,posix_getpwnam,posix_getpwuid,posix_getrlimit,posix_getsid,posix_getuid,posix_isatty,posix_kill,posix_mkfifo,posix_setegid,posix_seteuid,posix_setgid,posix_setpgid,posix_setsid,posix_setid,posix_times,posix_ttyname,posix_uname,proc_get_status,proc_nice,proc_terminate
Upload Files
File: //home/coopserp/access-logs/coopserpugranltda.com
43.166.244.66 - - [07/Mar/2026:07:18:25 -0500] "GET /detail/?SA HTTP/1.1" 200 753 "-" "Mozilla/5.0 (iPhone; CPU iPhone OS 13_2_3 like Mac OS X) AppleWebKit/605.1.15 (KHTML, like Gecko) Version/13.0.3 Mobile/15E148 Safari/604.1"
154.26.136.192 - - [07/Mar/2026:07:19:04 -0500] "POST /xmlrpc.php HTTP/1.1" 200 0 "-" "Mozilla/5.0 (Windows NT 10.0; Win64; x64) AppleWebKit/537.36 (KHTML, like Gecko) Chrome/79.0 Safari/537.36"
43.156.228.27 - - [07/Mar/2026:07:26:33 -0500] "GET /detail/?NA HTTP/1.1" 200 756 "-" "Mozilla/5.0 (iPhone; CPU iPhone OS 13_2_3 like Mac OS X) AppleWebKit/605.1.15 (KHTML, like Gecko) Version/13.0.3 Mobile/15E148 Safari/604.1"
154.26.136.192 - - [07/Mar/2026:07:33:03 -0500] "POST /xmlrpc.php HTTP/1.1" 200 0 "-" "Mozilla/5.0 (Windows NT 10.0; Win64; x64) AppleWebKit/537.36 (KHTML, like Gecko) Chrome/79.0 Safari/537.36"
120.71.59.24 - - [07/Mar/2026:07:36:20 -0500] "GET / HTTP/1.1" 200 26180 "-" "Mozilla/5.0 (iPhone; CPU iPhone OS 13_2_3 like Mac OS X) AppleWebKit/605.1.15 (KHTML, like Gecko) Version/13.0.3 Mobile/15E148 Safari/604.1"
43.165.65.180 - - [07/Mar/2026:07:36:54 -0500] "GET /detail/?MA HTTP/1.1" 200 757 "-" "Mozilla/5.0 (iPhone; CPU iPhone OS 13_2_3 like Mac OS X) AppleWebKit/605.1.15 (KHTML, like Gecko) Version/13.0.3 Mobile/15E148 Safari/604.1"
54.234.136.100 - - [07/Mar/2026:07:38:01 -0500] "GET / HTTP/1.1" 200 25916 "-" "Mozilla/5.0 (Linux; Android 12; SM-N975F) AppleWebKit/537.36 (KHTML, like Gecko) Chrome/101.0.4951.61 Mobile Safari/537.36"
54.234.136.100 - - [07/Mar/2026:07:38:01 -0500] "GET / HTTP/1.1" 200 25550 "-" "Mozilla/5.0 (Linux; Android 10; MAR-LX1M) AppleWebKit/537.36 (KHTML, like Gecko) Chrome/101.0.4951.41 Mobile Safari/537.36"
54.234.136.100 - - [07/Mar/2026:07:38:03 -0500] "GET / HTTP/1.1" 200 26247 "-" "Mozilla/5.0 (Linux; Android 11; SM-M515F) AppleWebKit/537.36 (KHTML, like Gecko) Chrome/101.0.4951.41 Mobile Safari/537.36"
54.234.136.100 - - [07/Mar/2026:07:38:04 -0500] "GET /_autoindex/assets/css/autoindex.css HTTP/1.1" 200 1287 "http://coopserpugranltda.com/" "Mozilla/5.0 (Linux; Android 11; SM-M515F) AppleWebKit/537.36 (KHTML, like Gecko) Chrome/101.0.4951.41 Mobile Safari/537.36"
54.234.136.100 - - [07/Mar/2026:07:38:04 -0500] "GET /_autoindex/assets/js/tablesort.js HTTP/1.1" 200 2300 "http://coopserpugranltda.com/" "Mozilla/5.0 (Linux; Android 11; SM-M515F) AppleWebKit/537.36 (KHTML, like Gecko) Chrome/101.0.4951.41 Mobile Safari/537.36"
54.234.136.100 - - [07/Mar/2026:07:38:04 -0500] "GET /_autoindex/assets/icons/folder-fill.svg HTTP/1.1" 200 411 "http://coopserpugranltda.com/" "Mozilla/5.0 (Linux; Android 11; SM-M515F) AppleWebKit/537.36 (KHTML, like Gecko) Chrome/101.0.4951.41 Mobile Safari/537.36"
54.234.136.100 - - [07/Mar/2026:07:38:04 -0500] "GET /_autoindex/assets/js/tablesort.number.js HTTP/1.1" 200 366 "http://coopserpugranltda.com/" "Mozilla/5.0 (Linux; Android 11; SM-M515F) AppleWebKit/537.36 (KHTML, like Gecko) Chrome/101.0.4951.41 Mobile Safari/537.36"
54.234.136.100 - - [07/Mar/2026:07:38:04 -0500] "GET /_autoindex/assets/icons/file.svg HTTP/1.1" 200 428 "http://coopserpugranltda.com/" "Mozilla/5.0 (Linux; Android 11; SM-M515F) AppleWebKit/537.36 (KHTML, like Gecko) Chrome/101.0.4951.41 Mobile Safari/537.36"
54.234.136.100 - - [07/Mar/2026:07:38:04 -0500] "GET /_autoindex/assets/icons/file-text.svg HTTP/1.1" 200 467 "http://coopserpugranltda.com/" "Mozilla/5.0 (Linux; Android 11; SM-M515F) AppleWebKit/537.36 (KHTML, like Gecko) Chrome/101.0.4951.41 Mobile Safari/537.36"
154.26.136.192 - - [07/Mar/2026:07:49:03 -0500] "POST /xmlrpc.php HTTP/1.1" 200 0 "-" "Mozilla/5.0 (Windows NT 10.0; Win64; x64) AppleWebKit/537.36 (KHTML, like Gecko) Chrome/79.0 Safari/537.36"
154.26.136.192 - - [07/Mar/2026:07:58:03 -0500] "POST /xmlrpc.php HTTP/1.1" 200 0 "-" "Mozilla/5.0 (Windows NT 10.0; Win64; x64) AppleWebKit/537.36 (KHTML, like Gecko) Chrome/79.0 Safari/537.36"
154.26.136.192 - - [07/Mar/2026:08:03:04 -0500] "POST /xmlrpc.php HTTP/1.1" 200 0 "-" "Mozilla/5.0 (Windows NT 10.0; Win64; x64) AppleWebKit/537.36 (KHTML, like Gecko) Chrome/79.0 Safari/537.36"
154.26.136.192 - - [07/Mar/2026:08:12:03 -0500] "POST /xmlrpc.php HTTP/1.1" 200 0 "-" "Mozilla/5.0 (Windows NT 10.0; Win64; x64) AppleWebKit/537.36 (KHTML, like Gecko) Chrome/79.0 Safari/537.36"
154.26.136.192 - - [07/Mar/2026:08:32:03 -0500] "POST /xmlrpc.php HTTP/1.1" 200 0 "-" "Mozilla/5.0 (Windows NT 10.0; Win64; x64) AppleWebKit/537.36 (KHTML, like Gecko) Chrome/79.0 Safari/537.36"
154.26.136.192 - - [07/Mar/2026:08:48:03 -0500] "POST /xmlrpc.php HTTP/1.1" 200 0 "-" "Mozilla/5.0 (Windows NT 10.0; Win64; x64) AppleWebKit/537.36 (KHTML, like Gecko) Chrome/79.0 Safari/537.36"
154.26.136.192 - - [07/Mar/2026:09:05:04 -0500] "POST /xmlrpc.php HTTP/1.1" 200 0 "-" "Mozilla/5.0 (Windows NT 10.0; Win64; x64) AppleWebKit/537.36 (KHTML, like Gecko) Chrome/79.0 Safari/537.36"
154.26.136.192 - - [07/Mar/2026:09:07:03 -0500] "POST /xmlrpc.php HTTP/1.1" 200 0 "-" "Mozilla/5.0 (Windows NT 10.0; Win64; x64) AppleWebKit/537.36 (KHTML, like Gecko) Chrome/79.0 Safari/537.36"
154.26.136.192 - - [07/Mar/2026:09:13:04 -0500] "POST /xmlrpc.php HTTP/1.1" 200 0 "-" "Mozilla/5.0 (Windows NT 10.0; Win64; x64) AppleWebKit/537.36 (KHTML, like Gecko) Chrome/79.0 Safari/537.36"
154.26.136.192 - - [07/Mar/2026:09:17:02 -0500] "POST /xmlrpc.php HTTP/1.1" 200 0 "-" "Mozilla/5.0 (Windows NT 10.0; Win64; x64) AppleWebKit/537.36 (KHTML, like Gecko) Chrome/79.0 Safari/537.36"
154.26.136.192 - - [07/Mar/2026:09:31:03 -0500] "POST /xmlrpc.php HTTP/1.1" 200 0 "-" "Mozilla/5.0 (Windows NT 10.0; Win64; x64) AppleWebKit/537.36 (KHTML, like Gecko) Chrome/79.0 Safari/537.36"
154.26.136.192 - - [07/Mar/2026:09:34:04 -0500] "POST /xmlrpc.php HTTP/1.1" 200 0 "-" "Mozilla/5.0 (Windows NT 10.0; Win64; x64) AppleWebKit/537.36 (KHTML, like Gecko) Chrome/79.0 Safari/537.36"
154.26.136.192 - - [07/Mar/2026:09:36:03 -0500] "POST /xmlrpc.php HTTP/1.1" 200 0 "-" "Mozilla/5.0 (Windows NT 10.0; Win64; x64) AppleWebKit/537.36 (KHTML, like Gecko) Chrome/79.0 Safari/537.36"
74.7.228.38 - - [07/Mar/2026:09:39:02 -0500] "GET /robots.txt HTTP/1.1" 200 170 "-" "Mozilla/5.0 (Macintosh; Intel Mac OS X 10_15_7) AppleWebKit/537.36 (KHTML, like Gecko) Chrome/131.0.0.0 Safari/537.36; compatible; OAI-SearchBot/1.3; robots.txt; +https://openai.com/searchbot"
74.7.228.32 - - [07/Mar/2026:09:39:02 -0500] "GET /robots.txt HTTP/1.1" 200 170 "-" "Mozilla/5.0 (Macintosh; Intel Mac OS X 10_15_7) AppleWebKit/537.36 (KHTML, like Gecko) Chrome/131.0.0.0 Safari/537.36; compatible; OAI-SearchBot/1.3; robots.txt; +https://openai.com/searchbot"
74.7.241.153 - - [07/Mar/2026:09:39:02 -0500] "GET /robots.txt HTTP/1.1" 200 170 "-" "Mozilla/5.0 (Macintosh; Intel Mac OS X 10_15_7) AppleWebKit/537.36 (KHTML, like Gecko) Chrome/131.0.0.0 Safari/537.36; compatible; OAI-SearchBot/1.3; robots.txt; +https://openai.com/searchbot"
74.7.227.185 - - [07/Mar/2026:09:39:03 -0500] "GET /1.php HTTP/1.1" 404 1251 "https://mail.coopserpugranltda.com" "Mozilla/5.0 AppleWebKit/537.36 (KHTML, like Gecko; compatible; GPTBot/1.3; +https://openai.com/gptbot)"
74.7.227.185 - - [07/Mar/2026:10:12:03 -0500] "GET /test.php HTTP/1.1" 404 1251 "https://mail.coopserpugranltda.com" "Mozilla/5.0 AppleWebKit/537.36 (KHTML, like Gecko; compatible; GPTBot/1.3; +https://openai.com/gptbot)"
74.7.227.185 - - [07/Mar/2026:10:13:03 -0500] "GET /WordPress HTTP/1.1" 404 1251 "https://mail.coopserpugranltda.com" "Mozilla/5.0 AppleWebKit/537.36 (KHTML, like Gecko; compatible; GPTBot/1.3; +https://openai.com/gptbot)"
74.7.227.185 - - [07/Mar/2026:10:14:03 -0500] "GET /Wordpress HTTP/1.1" 404 1251 "https://mail.coopserpugranltda.com" "Mozilla/5.0 AppleWebKit/537.36 (KHTML, like Gecko; compatible; GPTBot/1.3; +https://openai.com/gptbot)"
154.26.136.192 - - [07/Mar/2026:10:13:03 -0500] "POST /xmlrpc.php HTTP/1.1" 200 0 "-" "Mozilla/5.0 (Windows NT 10.0; Win64; x64) AppleWebKit/537.36 (KHTML, like Gecko) Chrome/79.0 Safari/537.36"
154.26.136.192 - - [07/Mar/2026:10:22:03 -0500] "POST /xmlrpc.php HTTP/1.1" 200 0 "-" "Mozilla/5.0 (Windows NT 10.0; Win64; x64) AppleWebKit/537.36 (KHTML, like Gecko) Chrome/79.0 Safari/537.36"
154.26.136.192 - - [07/Mar/2026:10:26:04 -0500] "POST /xmlrpc.php HTTP/1.1" 200 0 "-" "Mozilla/5.0 (Windows NT 10.0; Win64; x64) AppleWebKit/537.36 (KHTML, like Gecko) Chrome/79.0 Safari/537.36"
154.26.136.192 - - [07/Mar/2026:10:30:02 -0500] "POST /xmlrpc.php HTTP/1.1" 200 0 "-" "Mozilla/5.0 (Windows NT 10.0; Win64; x64) AppleWebKit/537.36 (KHTML, like Gecko) Chrome/79.0 Safari/537.36"
154.26.136.192 - - [07/Mar/2026:10:34:03 -0500] "POST /xmlrpc.php HTTP/1.1" 200 0 "-" "Mozilla/5.0 (Windows NT 10.0; Win64; x64) AppleWebKit/537.36 (KHTML, like Gecko) Chrome/79.0 Safari/537.36"
74.7.227.185 - - [07/Mar/2026:10:38:02 -0500] "GET /f.php HTTP/1.1" 404 1251 "https://mail.coopserpugranltda.com" "Mozilla/5.0 AppleWebKit/537.36 (KHTML, like Gecko; compatible; GPTBot/1.3; +https://openai.com/gptbot)"
154.26.136.192 - - [07/Mar/2026:10:38:03 -0500] "POST /xmlrpc.php HTTP/1.1" 200 0 "-" "Mozilla/5.0 (Windows NT 10.0; Win64; x64) AppleWebKit/537.36 (KHTML, like Gecko) Chrome/79.0 Safari/537.36"
154.26.136.192 - - [07/Mar/2026:10:44:03 -0500] "POST /xmlrpc.php HTTP/1.1" 200 0 "-" "Mozilla/5.0 (Windows NT 10.0; Win64; x64) AppleWebKit/537.36 (KHTML, like Gecko) Chrome/79.0 Safari/537.36"
154.26.136.192 - - [07/Mar/2026:10:48:03 -0500] "POST /xmlrpc.php HTTP/1.1" 200 0 "-" "Mozilla/5.0 (Windows NT 10.0; Win64; x64) AppleWebKit/537.36 (KHTML, like Gecko) Chrome/79.0 Safari/537.36"
154.26.136.192 - - [07/Mar/2026:10:52:04 -0500] "POST /xmlrpc.php HTTP/1.1" 200 0 "-" "Mozilla/5.0 (Windows NT 10.0; Win64; x64) AppleWebKit/537.36 (KHTML, like Gecko) Chrome/79.0 Safari/537.36"
154.26.136.192 - - [07/Mar/2026:10:54:02 -0500] "POST /xmlrpc.php HTTP/1.1" 200 0 "-" "Mozilla/5.0 (Windows NT 10.0; Win64; x64) AppleWebKit/537.36 (KHTML, like Gecko) Chrome/79.0 Safari/537.36"
154.26.136.192 - - [07/Mar/2026:10:58:03 -0500] "POST /xmlrpc.php HTTP/1.1" 200 0 "-" "Mozilla/5.0 (Windows NT 10.0; Win64; x64) AppleWebKit/537.36 (KHTML, like Gecko) Chrome/79.0 Safari/537.36"
49.51.183.75 - - [07/Mar/2026:11:09:45 -0500] "GET / HTTP/1.1" 200 30237 "-" "Mozilla/5.0 (iPhone; CPU iPhone OS 13_2_3 like Mac OS X) AppleWebKit/605.1.15 (KHTML, like Gecko) Version/13.0.3 Mobile/15E148 Safari/604.1"
101.33.55.204 - - [07/Mar/2026:11:10:58 -0500] "GET / HTTP/1.1" 200 29518 "-" "Mozilla/5.0 (iPhone; CPU iPhone OS 13_2_3 like Mac OS X) AppleWebKit/605.1.15 (KHTML, like Gecko) Version/13.0.3 Mobile/15E148 Safari/604.1"
154.26.136.192 - - [07/Mar/2026:11:09:04 -0500] "POST /xmlrpc.php HTTP/1.1" 200 0 "-" "Mozilla/5.0 (Windows NT 10.0; Win64; x64) AppleWebKit/537.36 (KHTML, like Gecko) Chrome/79.0 Safari/537.36"
154.26.136.192 - - [07/Mar/2026:11:18:03 -0500] "POST /xmlrpc.php HTTP/1.1" 200 0 "-" "Mozilla/5.0 (Windows NT 10.0; Win64; x64) AppleWebKit/537.36 (KHTML, like Gecko) Chrome/79.0 Safari/537.36"
170.106.65.93 - - [07/Mar/2026:11:23:19 -0500] "GET /wp-content/ HTTP/1.1" 200 0 "-" "Mozilla/5.0 (iPhone; CPU iPhone OS 13_2_3 like Mac OS X) AppleWebKit/605.1.15 (KHTML, like Gecko) Version/13.0.3 Mobile/15E148 Safari/604.1"
154.26.136.192 - - [07/Mar/2026:11:22:03 -0500] "POST /xmlrpc.php HTTP/1.1" 200 0 "-" "Mozilla/5.0 (Windows NT 10.0; Win64; x64) AppleWebKit/537.36 (KHTML, like Gecko) Chrome/79.0 Safari/537.36"
74.7.227.185 - - [07/Mar/2026:11:32:02 -0500] "GET /BACKUP HTTP/1.1" 404 1251 "https://mail.coopserpugranltda.com" "Mozilla/5.0 AppleWebKit/537.36 (KHTML, like Gecko; compatible; GPTBot/1.3; +https://openai.com/gptbot)"
43.156.204.134 - - [07/Mar/2026:11:32:45 -0500] "GET /2025.tar.gz HTTP/1.1" 200 1886432 "-" "Mozilla/5.0 (iPhone; CPU iPhone OS 13_2_3 like Mac OS X) AppleWebKit/605.1.15 (KHTML, like Gecko) Version/13.0.3 Mobile/15E148 Safari/604.1"
154.26.136.192 - - [07/Mar/2026:11:38:03 -0500] "POST /xmlrpc.php HTTP/1.1" 200 0 "-" "Mozilla/5.0 (Windows NT 10.0; Win64; x64) AppleWebKit/537.36 (KHTML, like Gecko) Chrome/79.0 Safari/537.36"
43.166.238.12 - - [07/Mar/2026:11:43:50 -0500] "GET /404image.jpg.jpg.tar.gz HTTP/1.1" 200 48079 "-" "Mozilla/5.0 (iPhone; CPU iPhone OS 13_2_3 like Mac OS X) AppleWebKit/605.1.15 (KHTML, like Gecko) Version/13.0.3 Mobile/15E148 Safari/604.1"
154.26.136.192 - - [07/Mar/2026:11:52:02 -0500] "POST /xmlrpc.php HTTP/1.1" 200 0 "-" "Mozilla/5.0 (Windows NT 10.0; Win64; x64) AppleWebKit/537.36 (KHTML, like Gecko) Chrome/79.0 Safari/537.36"
43.130.39.254 - - [07/Mar/2026:11:54:06 -0500] "GET /404image.jpg.tar HTTP/1.1" 200 51200 "-" "Mozilla/5.0 (iPhone; CPU iPhone OS 13_2_3 like Mac OS X) AppleWebKit/605.1.15 (KHTML, like Gecko) Version/13.0.3 Mobile/15E148 Safari/604.1"
154.26.136.192 - - [07/Mar/2026:12:01:03 -0500] "POST /xmlrpc.php HTTP/1.1" 200 0 "-" "Mozilla/5.0 (Windows NT 10.0; Win64; x64) AppleWebKit/537.36 (KHTML, like Gecko) Chrome/79.0 Safari/537.36"
43.153.54.14 - - [07/Mar/2026:12:03:53 -0500] "GET /_Cpanel%3A%3AQuota.pm__coopserp.pm__coopserp.tar.gz HTTP/1.1" 200 194 "-" "Mozilla/5.0 (iPhone; CPU iPhone OS 13_2_3 like Mac OS X) AppleWebKit/605.1.15 (KHTML, like Gecko) Version/13.0.3 Mobile/15E148 Safari/604.1"
154.26.136.192 - - [07/Mar/2026:12:05:03 -0500] "POST /xmlrpc.php HTTP/1.1" 200 0 "-" "Mozilla/5.0 (Windows NT 10.0; Win64; x64) AppleWebKit/537.36 (KHTML, like Gecko) Chrome/79.0 Safari/537.36"
154.26.136.192 - - [07/Mar/2026:12:09:04 -0500] "POST /xmlrpc.php HTTP/1.1" 200 0 "-" "Mozilla/5.0 (Windows NT 10.0; Win64; x64) AppleWebKit/537.36 (KHTML, like Gecko) Chrome/79.0 Safari/537.36"
74.7.227.185 - - [07/Mar/2026:12:13:03 -0500] "GET /shop/wp-admin/install.php HTTP/1.1" 404 1251 "https://mail.coopserpugranltda.com" "Mozilla/5.0 AppleWebKit/537.36 (KHTML, like Gecko; compatible; GPTBot/1.3; +https://openai.com/gptbot)"
43.166.131.228 - - [07/Mar/2026:12:13:49 -0500] "GET /_Cpanel%3A%3AQuota.pm__coopserp.tar HTTP/1.1" 200 2048 "-" "Mozilla/5.0 (iPhone; CPU iPhone OS 13_2_3 like Mac OS X) AppleWebKit/605.1.15 (KHTML, like Gecko) Version/13.0.3 Mobile/15E148 Safari/604.1"
74.7.227.185 - - [07/Mar/2026:12:14:02 -0500] "GET /test/wp-admin/install.php HTTP/1.1" 404 1251 "https://mail.coopserpugranltda.com" "Mozilla/5.0 AppleWebKit/537.36 (KHTML, like Gecko; compatible; GPTBot/1.3; +https://openai.com/gptbot)"
154.26.136.192 - - [07/Mar/2026:12:13:02 -0500] "POST /xmlrpc.php HTTP/1.1" 200 0 "-" "Mozilla/5.0 (Windows NT 10.0; Win64; x64) AppleWebKit/537.36 (KHTML, like Gecko) Chrome/79.0 Safari/537.36"
154.26.136.192 - - [07/Mar/2026:12:20:03 -0500] "POST /xmlrpc.php HTTP/1.1" 200 0 "-" "Mozilla/5.0 (Windows NT 10.0; Win64; x64) AppleWebKit/537.36 (KHTML, like Gecko) Chrome/79.0 Safari/537.36"
154.26.136.192 - - [07/Mar/2026:12:25:03 -0500] "POST /xmlrpc.php HTTP/1.1" 200 0 "-" "Mozilla/5.0 (Windows NT 10.0; Win64; x64) AppleWebKit/537.36 (KHTML, like Gecko) Chrome/79.0 Safari/537.36"
154.26.136.192 - - [07/Mar/2026:12:29:04 -0500] "POST /xmlrpc.php HTTP/1.1" 200 0 "-" "Mozilla/5.0 (Windows NT 10.0; Win64; x64) AppleWebKit/537.36 (KHTML, like Gecko) Chrome/79.0 Safari/537.36"
154.26.136.192 - - [07/Mar/2026:12:33:02 -0500] "POST /xmlrpc.php HTTP/1.1" 200 0 "-" "Mozilla/5.0 (Windows NT 10.0; Win64; x64) AppleWebKit/537.36 (KHTML, like Gecko) Chrome/79.0 Safari/537.36"
154.26.136.192 - - [07/Mar/2026:12:36:04 -0500] "POST /xmlrpc.php HTTP/1.1" 200 0 "-" "Mozilla/5.0 (Windows NT 10.0; Win64; x64) AppleWebKit/537.36 (KHTML, like Gecko) Chrome/79.0 Safari/537.36"
154.26.136.192 - - [07/Mar/2026:12:42:03 -0500] "POST /xmlrpc.php HTTP/1.1" 200 0 "-" "Mozilla/5.0 (Windows NT 10.0; Win64; x64) AppleWebKit/537.36 (KHTML, like Gecko) Chrome/79.0 Safari/537.36"
154.26.136.192 - - [07/Mar/2026:12:52:03 -0500] "POST /xmlrpc.php HTTP/1.1" 200 0 "-" "Mozilla/5.0 (Windows NT 10.0; Win64; x64) AppleWebKit/537.36 (KHTML, like Gecko) Chrome/79.0 Safari/537.36"
154.26.136.192 - - [07/Mar/2026:12:55:05 -0500] "POST /xmlrpc.php HTTP/1.1" 200 0 "-" "Mozilla/5.0 (Windows NT 10.0; Win64; x64) AppleWebKit/537.36 (KHTML, like Gecko) Chrome/79.0 Safari/537.36"
154.26.136.192 - - [07/Mar/2026:12:57:03 -0500] "POST /xmlrpc.php HTTP/1.1" 200 0 "-" "Mozilla/5.0 (Windows NT 10.0; Win64; x64) AppleWebKit/537.36 (KHTML, like Gecko) Chrome/79.0 Safari/537.36"
154.26.136.192 - - [07/Mar/2026:13:01:03 -0500] "POST /xmlrpc.php HTTP/1.1" 200 0 "-" "Mozilla/5.0 (Windows NT 10.0; Win64; x64) AppleWebKit/537.36 (KHTML, like Gecko) Chrome/79.0 Safari/537.36"
154.26.136.192 - - [07/Mar/2026:13:05:04 -0500] "POST /xmlrpc.php HTTP/1.1" 200 0 "-" "Mozilla/5.0 (Windows NT 10.0; Win64; x64) AppleWebKit/537.36 (KHTML, like Gecko) Chrome/79.0 Safari/537.36"
154.26.136.192 - - [07/Mar/2026:13:09:02 -0500] "POST /xmlrpc.php HTTP/1.1" 200 0 "-" "Mozilla/5.0 (Windows NT 10.0; Win64; x64) AppleWebKit/537.36 (KHTML, like Gecko) Chrome/79.0 Safari/537.36"
154.26.136.192 - - [07/Mar/2026:13:14:04 -0500] "POST /xmlrpc.php HTTP/1.1" 200 0 "-" "Mozilla/5.0 (Windows NT 10.0; Win64; x64) AppleWebKit/537.36 (KHTML, like Gecko) Chrome/79.0 Safari/537.36"
154.26.136.192 - - [07/Mar/2026:13:17:05 -0500] "POST /xmlrpc.php HTTP/1.1" 200 0 "-" "Mozilla/5.0 (Windows NT 10.0; Win64; x64) AppleWebKit/537.36 (KHTML, like Gecko) Chrome/79.0 Safari/537.36"
154.26.136.192 - - [07/Mar/2026:13:24:03 -0500] "POST /xmlrpc.php HTTP/1.1" 200 0 "-" "Mozilla/5.0 (Windows NT 10.0; Win64; x64) AppleWebKit/537.36 (KHTML, like Gecko) Chrome/79.0 Safari/537.36"
154.26.136.192 - - [07/Mar/2026:13:28:04 -0500] "POST /xmlrpc.php HTTP/1.1" 200 0 "-" "Mozilla/5.0 (Windows NT 10.0; Win64; x64) AppleWebKit/537.36 (KHTML, like Gecko) Chrome/79.0 Safari/537.36"
154.26.136.192 - - [07/Mar/2026:13:39:03 -0500] "POST /xmlrpc.php HTTP/1.1" 200 0 "-" "Mozilla/5.0 (Windows NT 10.0; Win64; x64) AppleWebKit/537.36 (KHTML, like Gecko) Chrome/79.0 Safari/537.36"
154.26.136.192 - - [07/Mar/2026:13:48:03 -0500] "POST /xmlrpc.php HTTP/1.1" 200 0 "-" "Mozilla/5.0 (Windows NT 10.0; Win64; x64) AppleWebKit/537.36 (KHTML, like Gecko) Chrome/79.0 Safari/537.36"
154.26.136.192 - - [07/Mar/2026:13:59:03 -0500] "POST /xmlrpc.php HTTP/1.1" 200 0 "-" "Mozilla/5.0 (Windows NT 10.0; Win64; x64) AppleWebKit/537.36 (KHTML, like Gecko) Chrome/79.0 Safari/537.36"
154.26.136.192 - - [07/Mar/2026:14:03:03 -0500] "POST /xmlrpc.php HTTP/1.1" 200 0 "-" "Mozilla/5.0 (Windows NT 10.0; Win64; x64) AppleWebKit/537.36 (KHTML, like Gecko) Chrome/79.0 Safari/537.36"
154.26.136.192 - - [07/Mar/2026:14:07:04 -0500] "POST /xmlrpc.php HTTP/1.1" 200 0 "-" "Mozilla/5.0 (Windows NT 10.0; Win64; x64) AppleWebKit/537.36 (KHTML, like Gecko) Chrome/79.0 Safari/537.36"
154.26.136.192 - - [07/Mar/2026:14:14:04 -0500] "POST /xmlrpc.php HTTP/1.1" 200 0 "-" "Mozilla/5.0 (Windows NT 10.0; Win64; x64) AppleWebKit/537.36 (KHTML, like Gecko) Chrome/79.0 Safari/537.36"
154.26.136.192 - - [07/Mar/2026:14:16:03 -0500] "POST /xmlrpc.php HTTP/1.1" 200 0 "-" "Mozilla/5.0 (Windows NT 10.0; Win64; x64) AppleWebKit/537.36 (KHTML, like Gecko) Chrome/79.0 Safari/537.36"
223.244.35.77 - - [07/Mar/2026:14:28:47 -0500] "GET / HTTP/1.1" 200 30510 "-" "Mozilla/5.0 (iPhone; CPU iPhone OS 13_2_3 like Mac OS X) AppleWebKit/605.1.15 (KHTML, like Gecko) Version/13.0.3 Mobile/15E148 Safari/604.1"
154.26.136.192 - - [07/Mar/2026:14:31:03 -0500] "POST /xmlrpc.php HTTP/1.1" 200 0 "-" "Mozilla/5.0 (Windows NT 10.0; Win64; x64) AppleWebKit/537.36 (KHTML, like Gecko) Chrome/79.0 Safari/537.36"
154.26.136.192 - - [07/Mar/2026:14:35:04 -0500] "POST /xmlrpc.php HTTP/1.1" 200 0 "-" "Mozilla/5.0 (Windows NT 10.0; Win64; x64) AppleWebKit/537.36 (KHTML, like Gecko) Chrome/79.0 Safari/537.36"
154.26.136.192 - - [07/Mar/2026:14:44:03 -0500] "POST /xmlrpc.php HTTP/1.1" 200 0 "-" "Mozilla/5.0 (Windows NT 10.0; Win64; x64) AppleWebKit/537.36 (KHTML, like Gecko) Chrome/79.0 Safari/537.36"
154.26.136.192 - - [07/Mar/2026:14:49:03 -0500] "POST /xmlrpc.php HTTP/1.1" 200 0 "-" "Mozilla/5.0 (Windows NT 10.0; Win64; x64) AppleWebKit/537.36 (KHTML, like Gecko) Chrome/79.0 Safari/537.36"
154.26.136.192 - - [07/Mar/2026:14:53:04 -0500] "POST /xmlrpc.php HTTP/1.1" 200 0 "-" "Mozilla/5.0 (Windows NT 10.0; Win64; x64) AppleWebKit/537.36 (KHTML, like Gecko) Chrome/79.0 Safari/537.36"
154.26.136.192 - - [07/Mar/2026:14:57:02 -0500] "POST /xmlrpc.php HTTP/1.1" 200 0 "-" "Mozilla/5.0 (Windows NT 10.0; Win64; x64) AppleWebKit/537.36 (KHTML, like Gecko) Chrome/79.0 Safari/537.36"
154.26.136.192 - - [07/Mar/2026:15:02:02 -0500] "POST /xmlrpc.php HTTP/1.1" 200 0 "-" "Mozilla/5.0 (Windows NT 10.0; Win64; x64) AppleWebKit/537.36 (KHTML, like Gecko) Chrome/79.0 Safari/537.36"
154.26.136.192 - - [07/Mar/2026:15:11:03 -0500] "POST /xmlrpc.php HTTP/1.1" 200 0 "-" "Mozilla/5.0 (Windows NT 10.0; Win64; x64) AppleWebKit/537.36 (KHTML, like Gecko) Chrome/79.0 Safari/537.36"
59.82.83.78 - - [07/Mar/2026:15:16:14 -0500] "GET / HTTP/1.1" 200 30751 "-" "Mozilla/5.0 (Windows NT 10.0; Win64; x64) AppleWebKit/537.36 (KHTML, like Gecko) Chrome/94.0.1330.195 Safari/537.36"
59.82.83.78 - - [07/Mar/2026:15:16:14 -0500] "GET / HTTP/1.1" 200 30816 "-" "Mozilla/5.0 (Windows NT 10.0; Win64; x64) AppleWebKit/537.36 (KHTML, like Gecko) Chrome/92.0.1878.199 Safari/537.36"
59.82.83.78 - - [07/Mar/2026:15:16:15 -0500] "GET /favicon.ico HTTP/1.1" 404 1251 "-" "Mozilla/5.0 (Windows NT 10.0; Win64; x64) AppleWebKit/537.36 (KHTML, like Gecko) Chrome/92.0.1878.199 Safari/537.36"
59.82.83.78 - - [07/Mar/2026:15:16:17 -0500] "GET /?ND HTTP/1.1" 200 31686 "-" "Mozilla/5.0 (Windows NT 10.0; Win64; x64) AppleWebKit/537.36 (KHTML, like Gecko) Chrome/81.0.3458.69 Safari/537.36"
59.82.83.63 - - [07/Mar/2026:15:16:18 -0500] "GET /?MA HTTP/1.1" 200 28654 "-" "Mozilla/5.0 (Windows NT 10.0; Win64; x64) AppleWebKit/537.36 (KHTML, like Gecko) Chrome/91.0.8501.126 Safari/537.36"
59.82.83.78 - - [07/Mar/2026:15:16:18 -0500] "GET / HTTP/1.1" 200 30855 "-" "Mozilla/5.0 (Windows NT 10.0; Win64; x64) AppleWebKit/537.36 (KHTML, like Gecko) Chrome/80.0.3249.18 Safari/537.36"
59.82.83.63 - - [07/Mar/2026:15:16:18 -0500] "GET / HTTP/1.1" 200 30670 "-" "Mozilla/5.0 (Windows NT 10.0; Win64; x64) AppleWebKit/537.36 (KHTML, like Gecko) Chrome/111.0.2717.114 Safari/537.36"
59.82.83.78 - - [07/Mar/2026:15:16:18 -0500] "GET /favicon.ico HTTP/1.1" 404 1251 "-" "Mozilla/5.0 (Windows NT 10.0; Win64; x64) AppleWebKit/537.36 (KHTML, like Gecko) Chrome/80.0.3249.18 Safari/537.36"
59.82.83.78 - - [07/Mar/2026:15:16:19 -0500] "GET /favicon.ico HTTP/1.1" 404 1251 "-" "Mozilla/5.0 (Windows NT 10.0; Win64; x64) AppleWebKit/537.36 (KHTML, like Gecko) Chrome/111.0.2717.114 Safari/537.36"
59.82.83.63 - - [07/Mar/2026:15:16:19 -0500] "GET /?SA HTTP/1.1" 200 31863 "-" "Mozilla/5.0 (Windows NT 10.0; Win64; x64) AppleWebKit/537.36 (KHTML, like Gecko) Chrome/83.0.1957.11 Safari/537.36"
59.82.83.78 - - [07/Mar/2026:15:16:19 -0500] "GET /_autoindex/assets/icons/file-text.svg HTTP/1.1" 200 467 "-" "Mozilla/5.0 (Windows NT 10.0; Win64; x64) AppleWebKit/537.36 (KHTML, like Gecko) Chrome/85.0.4844.156 Safari/537.36"
59.82.83.63 - - [07/Mar/2026:15:16:19 -0500] "GET / HTTP/1.1" 200 30726 "-" "Mozilla/5.0 (Windows NT 10.0; Win64; x64) AppleWebKit/537.36 (KHTML, like Gecko) Chrome/81.0.5802.162 Safari/537.36"
59.82.83.78 - - [07/Mar/2026:15:16:19 -0500] "GET / HTTP/1.1" 200 30291 "-" "Mozilla/5.0 (Windows NT 10.0; Win64; x64) AppleWebKit/537.36 (KHTML, like Gecko) Chrome/88.0.6996.19 Safari/537.36"
59.82.83.63 - - [07/Mar/2026:15:16:20 -0500] "GET /favicon.ico HTTP/1.1" 404 1251 "-" "Mozilla/5.0 (Windows NT 10.0; Win64; x64) AppleWebKit/537.36 (KHTML, like Gecko) Chrome/81.0.5802.162 Safari/537.36"
59.82.83.78 - - [07/Mar/2026:15:16:20 -0500] "GET /favicon.ico HTTP/1.1" 404 1251 "-" "Mozilla/5.0 (Windows NT 10.0; Win64; x64) AppleWebKit/537.36 (KHTML, like Gecko) Chrome/88.0.6996.19 Safari/537.36"
59.82.83.78 - - [07/Mar/2026:15:16:20 -0500] "GET /_autoindex/assets/icons/file.svg HTTP/1.1" 200 428 "-" "Mozilla/5.0 (Windows NT 10.0; Win64; x64) AppleWebKit/537.36 (KHTML, like Gecko) Chrome/89.0.3777.82 Safari/537.36"
59.82.83.63 - - [07/Mar/2026:15:16:20 -0500] "GET /_autoindex/assets/icons/folder-fill.svg HTTP/1.1" 200 411 "-" "Mozilla/5.0 (Windows NT 10.0; Win64; x64) AppleWebKit/537.36 (KHTML, like Gecko) Chrome/104.0.7277.173 Safari/537.36"
59.82.83.78 - - [07/Mar/2026:15:16:20 -0500] "GET / HTTP/1.1" 200 30631 "-" "Mozilla/5.0 (Windows NT 10.0; Win64; x64) AppleWebKit/537.36 (KHTML, like Gecko) Chrome/101.0.8993.193 Safari/537.36"
59.82.83.63 - - [07/Mar/2026:15:16:20 -0500] "GET / HTTP/1.1" 200 30122 "-" "Mozilla/5.0 (Windows NT 10.0; Win64; x64) AppleWebKit/537.36 (KHTML, like Gecko) Chrome/109.0.2602.37 Safari/537.36"
59.82.83.78 - - [07/Mar/2026:15:16:21 -0500] "GET /favicon.ico HTTP/1.1" 404 1251 "-" "Mozilla/5.0 (Windows NT 10.0; Win64; x64) AppleWebKit/537.36 (KHTML, like Gecko) Chrome/101.0.8993.193 Safari/537.36"
59.82.83.63 - - [07/Mar/2026:15:16:21 -0500] "GET /favicon.ico HTTP/1.1" 404 1251 "-" "Mozilla/5.0 (Windows NT 10.0; Win64; x64) AppleWebKit/537.36 (KHTML, like Gecko) Chrome/109.0.2602.37 Safari/537.36"
154.26.136.192 - - [07/Mar/2026:15:15:03 -0500] "POST /xmlrpc.php HTTP/1.1" 200 0 "-" "Mozilla/5.0 (Windows NT 10.0; Win64; x64) AppleWebKit/537.36 (KHTML, like Gecko) Chrome/79.0 Safari/537.36"
110.172.98.2 - - [07/Mar/2026:15:20:40 -0500] "GET / HTTP/1.1" 200 30193 "-" "Mozilla/5.0 (Windows NT 10.0; Win64; x64) AppleWebKit/537.36 (KHTML, like Gecko) Chrome/79.0.3945.130 Safari/537.36"
110.172.98.2 - - [07/Mar/2026:15:20:40 -0500] "GET /favicon.ico HTTP/1.1" 404 1251 "-" "Mozilla/5.0"
154.26.136.192 - - [07/Mar/2026:15:25:03 -0500] "POST /xmlrpc.php HTTP/1.1" 200 0 "-" "Mozilla/5.0 (Windows NT 10.0; Win64; x64) AppleWebKit/537.36 (KHTML, like Gecko) Chrome/79.0 Safari/537.36"
154.26.136.192 - - [07/Mar/2026:15:29:03 -0500] "POST /xmlrpc.php HTTP/1.1" 200 0 "-" "Mozilla/5.0 (Windows NT 10.0; Win64; x64) AppleWebKit/537.36 (KHTML, like Gecko) Chrome/79.0 Safari/537.36"
154.26.136.192 - - [07/Mar/2026:15:40:03 -0500] "POST /xmlrpc.php HTTP/1.1" 200 0 "-" "Mozilla/5.0 (Windows NT 10.0; Win64; x64) AppleWebKit/537.36 (KHTML, like Gecko) Chrome/79.0 Safari/537.36"
154.26.136.192 - - [07/Mar/2026:15:49:02 -0500] "POST /xmlrpc.php HTTP/1.1" 200 0 "-" "Mozilla/5.0 (Windows NT 10.0; Win64; x64) AppleWebKit/537.36 (KHTML, like Gecko) Chrome/79.0 Safari/537.36"
154.26.136.192 - - [07/Mar/2026:15:54:03 -0500] "POST /xmlrpc.php HTTP/1.1" 200 0 "-" "Mozilla/5.0 (Windows NT 10.0; Win64; x64) AppleWebKit/537.36 (KHTML, like Gecko) Chrome/79.0 Safari/537.36"
46.105.39.49 - - [07/Mar/2026:16:05:53 -0500] "GET /robots.txt HTTP/1.1" 200 170 "-" "Mozilla/5.0 (compatible; MJ12bot/v2.0.5; http://mj12bot.com/)"
46.105.39.49 - - [07/Mar/2026:16:05:54 -0500] "GET / HTTP/1.1" 200 24915 "-" "Mozilla/5.0 (compatible; MJ12bot/v2.0.5; http://mj12bot.com/)"
154.26.136.192 - - [07/Mar/2026:16:04:03 -0500] "POST /xmlrpc.php HTTP/1.1" 200 0 "-" "Mozilla/5.0 (Windows NT 10.0; Win64; x64) AppleWebKit/537.36 (KHTML, like Gecko) Chrome/79.0 Safari/537.36"
154.26.136.192 - - [07/Mar/2026:16:09:03 -0500] "POST /xmlrpc.php HTTP/1.1" 200 0 "-" "Mozilla/5.0 (Windows NT 10.0; Win64; x64) AppleWebKit/537.36 (KHTML, like Gecko) Chrome/79.0 Safari/537.36"
154.26.136.192 - - [07/Mar/2026:16:13:03 -0500] "POST /xmlrpc.php HTTP/1.1" 200 0 "-" "Mozilla/5.0 (Windows NT 10.0; Win64; x64) AppleWebKit/537.36 (KHTML, like Gecko) Chrome/79.0 Safari/537.36"
89.58.57.45 - - [07/Mar/2026:16:25:13 -0500] "GET /2025/07/16/744/ HTTP/1.0" 404 1251 "https://www.coopserpugranltda.com/" "Mozilla/5.0 (Linux x86_64; rv:114.0) Gecko/20100101 Firefox/114.0"
154.26.136.192 - - [07/Mar/2026:16:28:03 -0500] "POST /xmlrpc.php HTTP/1.1" 200 0 "-" "Mozilla/5.0 (Windows NT 10.0; Win64; x64) AppleWebKit/537.36 (KHTML, like Gecko) Chrome/79.0 Safari/537.36"
154.26.136.192 - - [07/Mar/2026:16:32:03 -0500] "POST /xmlrpc.php HTTP/1.1" 200 0 "-" "Mozilla/5.0 (Windows NT 10.0; Win64; x64) AppleWebKit/537.36 (KHTML, like Gecko) Chrome/79.0 Safari/537.36"
154.26.136.192 - - [07/Mar/2026:16:36:04 -0500] "POST /xmlrpc.php HTTP/1.1" 200 0 "-" "Mozilla/5.0 (Windows NT 10.0; Win64; x64) AppleWebKit/537.36 (KHTML, like Gecko) Chrome/79.0 Safari/537.36"
154.26.136.192 - - [07/Mar/2026:16:40:02 -0500] "POST /xmlrpc.php HTTP/1.1" 200 0 "-" "Mozilla/5.0 (Windows NT 10.0; Win64; x64) AppleWebKit/537.36 (KHTML, like Gecko) Chrome/79.0 Safari/537.36"
154.26.136.192 - - [07/Mar/2026:16:48:04 -0500] "POST /xmlrpc.php HTTP/1.1" 200 0 "-" "Mozilla/5.0 (Windows NT 10.0; Win64; x64) AppleWebKit/537.36 (KHTML, like Gecko) Chrome/79.0 Safari/537.36"
154.26.136.192 - - [07/Mar/2026:16:59:03 -0500] "POST /xmlrpc.php HTTP/1.1" 200 0 "-" "Mozilla/5.0 (Windows NT 10.0; Win64; x64) AppleWebKit/537.36 (KHTML, like Gecko) Chrome/79.0 Safari/537.36"
154.26.136.192 - - [07/Mar/2026:17:03:03 -0500] "POST /xmlrpc.php HTTP/1.1" 200 0 "-" "Mozilla/5.0 (Windows NT 10.0; Win64; x64) AppleWebKit/537.36 (KHTML, like Gecko) Chrome/79.0 Safari/537.36"
154.26.136.192 - - [07/Mar/2026:17:13:03 -0500] "POST /xmlrpc.php HTTP/1.1" 200 0 "-" "Mozilla/5.0 (Windows NT 10.0; Win64; x64) AppleWebKit/537.36 (KHTML, like Gecko) Chrome/79.0 Safari/537.36"
154.26.136.192 - - [07/Mar/2026:17:33:02 -0500] "POST /xmlrpc.php HTTP/1.1" 200 0 "-" "Mozilla/5.0 (Windows NT 10.0; Win64; x64) AppleWebKit/537.36 (KHTML, like Gecko) Chrome/79.0 Safari/537.36"
154.26.136.192 - - [07/Mar/2026:17:44:03 -0500] "POST /xmlrpc.php HTTP/1.1" 200 0 "-" "Mozilla/5.0 (Windows NT 10.0; Win64; x64) AppleWebKit/537.36 (KHTML, like Gecko) Chrome/79.0 Safari/537.36"
154.26.136.192 - - [07/Mar/2026:17:55:04 -0500] "POST /xmlrpc.php HTTP/1.1" 200 0 "-" "Mozilla/5.0 (Windows NT 10.0; Win64; x64) AppleWebKit/537.36 (KHTML, like Gecko) Chrome/79.0 Safari/537.36"
154.26.136.192 - - [07/Mar/2026:18:06:05 -0500] "POST /xmlrpc.php HTTP/1.1" 200 0 "-" "Mozilla/5.0 (Windows NT 10.0; Win64; x64) AppleWebKit/537.36 (KHTML, like Gecko) Chrome/79.0 Safari/537.36"
154.26.136.192 - - [07/Mar/2026:18:17:02 -0500] "POST /xmlrpc.php HTTP/1.1" 200 0 "-" "Mozilla/5.0 (Windows NT 10.0; Win64; x64) AppleWebKit/537.36 (KHTML, like Gecko) Chrome/79.0 Safari/537.36"
154.26.136.192 - - [07/Mar/2026:18:20:04 -0500] "POST /xmlrpc.php HTTP/1.1" 200 0 "-" "Mozilla/5.0 (Windows NT 10.0; Win64; x64) AppleWebKit/537.36 (KHTML, like Gecko) Chrome/79.0 Safari/537.36"
154.26.136.192 - - [07/Mar/2026:18:31:03 -0500] "POST /xmlrpc.php HTTP/1.1" 200 0 "-" "Mozilla/5.0 (Windows NT 10.0; Win64; x64) AppleWebKit/537.36 (KHTML, like Gecko) Chrome/79.0 Safari/537.36"
154.26.136.192 - - [07/Mar/2026:18:35:03 -0500] "POST /xmlrpc.php HTTP/1.1" 200 0 "-" "Mozilla/5.0 (Windows NT 10.0; Win64; x64) AppleWebKit/537.36 (KHTML, like Gecko) Chrome/79.0 Safari/537.36"
152.53.36.48 - - [07/Mar/2026:18:41:16 -0500] "GET / HTTP/1.1" 200 31725 "-" "Mozilla/5.0 (Windows NT 10.0; Win64; x64; rv:89.0) Gecko/20100101 Firefox/89.0"
190.8.176.60 - - [07/Mar/2026:18:41:17 -0500] "POST /wp-cron.php?doing_wp_cron=1772926877.2865960597991943359375 HTTP/1.1" 200 0 "-" "WordPress/6.8.1; https://www.coopserpugranltda.com"
152.53.36.48 - - [07/Mar/2026:18:41:16 -0500] "POST /xmlrpc.php HTTP/1.1" 200 224 "-" "Mozilla/5.0 (Windows NT 10.0; Win64; x64; rv:89.0) Gecko/20100101 Firefox/89.0"
154.26.136.192 - - [07/Mar/2026:18:42:04 -0500] "POST /xmlrpc.php HTTP/1.1" 200 0 "-" "Mozilla/5.0 (Windows NT 10.0; Win64; x64) AppleWebKit/537.36 (KHTML, like Gecko) Chrome/79.0 Safari/537.36"
154.26.136.192 - - [07/Mar/2026:18:44:02 -0500] "POST /xmlrpc.php HTTP/1.1" 200 0 "-" "Mozilla/5.0 (Windows NT 10.0; Win64; x64) AppleWebKit/537.36 (KHTML, like Gecko) Chrome/79.0 Safari/537.36"
154.26.136.192 - - [07/Mar/2026:18:53:04 -0500] "POST /xmlrpc.php HTTP/1.1" 200 0 "-" "Mozilla/5.0 (Windows NT 10.0; Win64; x64) AppleWebKit/537.36 (KHTML, like Gecko) Chrome/79.0 Safari/537.36"
154.26.136.192 - - [07/Mar/2026:19:02:03 -0500] "POST /xmlrpc.php HTTP/1.1" 200 0 "-" "Mozilla/5.0 (Windows NT 10.0; Win64; x64) AppleWebKit/537.36 (KHTML, like Gecko) Chrome/79.0 Safari/537.36"
154.26.136.192 - - [07/Mar/2026:19:07:04 -0500] "POST /xmlrpc.php HTTP/1.1" 200 0 "-" "Mozilla/5.0 (Windows NT 10.0; Win64; x64) AppleWebKit/537.36 (KHTML, like Gecko) Chrome/79.0 Safari/537.36"
154.26.136.192 - - [07/Mar/2026:19:11:04 -0500] "POST /xmlrpc.php HTTP/1.1" 200 0 "-" "Mozilla/5.0 (Windows NT 10.0; Win64; x64) AppleWebKit/537.36 (KHTML, like Gecko) Chrome/79.0 Safari/537.36"
43.152.72.244 - - [07/Mar/2026:19:16:50 -0500] "GET / HTTP/1.1" 200 31784 "-" "Mozilla/5.0 (iPhone; CPU iPhone OS 13_2_3 like Mac OS X) AppleWebKit/605.1.15 (KHTML, like Gecko) Version/13.0.3 Mobile/15E148 Safari/604.1"
43.135.139.165 - - [07/Mar/2026:19:19:37 -0500] "GET / HTTP/1.1" 200 31590 "-" "Mozilla/5.0 (iPhone; CPU iPhone OS 13_2_3 like Mac OS X) AppleWebKit/605.1.15 (KHTML, like Gecko) Version/13.0.3 Mobile/15E148 Safari/604.1"
154.26.136.192 - - [07/Mar/2026:19:20:03 -0500] "POST /xmlrpc.php HTTP/1.1" 200 0 "-" "Mozilla/5.0 (Windows NT 10.0; Win64; x64) AppleWebKit/537.36 (KHTML, like Gecko) Chrome/79.0 Safari/537.36"
154.26.136.192 - - [07/Mar/2026:19:25:04 -0500] "POST /xmlrpc.php HTTP/1.1" 200 0 "-" "Mozilla/5.0 (Windows NT 10.0; Win64; x64) AppleWebKit/537.36 (KHTML, like Gecko) Chrome/79.0 Safari/537.36"
43.135.134.127 - - [07/Mar/2026:19:30:06 -0500] "GET /access-logs.zip HTTP/1.1" 200 2041232 "-" "Mozilla/5.0 (iPhone; CPU iPhone OS 13_2_3 like Mac OS X) AppleWebKit/605.1.15 (KHTML, like Gecko) Version/13.0.3 Mobile/15E148 Safari/604.1"
154.26.136.192 - - [07/Mar/2026:19:35:03 -0500] "POST /xmlrpc.php HTTP/1.1" 200 0 "-" "Mozilla/5.0 (Windows NT 10.0; Win64; x64) AppleWebKit/537.36 (KHTML, like Gecko) Chrome/79.0 Safari/537.36"
154.26.136.192 - - [07/Mar/2026:19:42:04 -0500] "POST /xmlrpc.php HTTP/1.1" 200 0 "-" "Mozilla/5.0 (Windows NT 10.0; Win64; x64) AppleWebKit/537.36 (KHTML, like Gecko) Chrome/79.0 Safari/537.36"
154.26.136.192 - - [07/Mar/2026:19:46:02 -0500] "POST /xmlrpc.php HTTP/1.1" 200 0 "-" "Mozilla/5.0 (Windows NT 10.0; Win64; x64) AppleWebKit/537.36 (KHTML, like Gecko) Chrome/79.0 Safari/537.36"
154.26.136.192 - - [07/Mar/2026:19:49:04 -0500] "POST /xmlrpc.php HTTP/1.1" 200 0 "-" "Mozilla/5.0 (Windows NT 10.0; Win64; x64) AppleWebKit/537.36 (KHTML, like Gecko) Chrome/79.0 Safari/537.36"
43.166.226.57 - - [07/Mar/2026:19:52:46 -0500] "GET /admin-post.php.tar HTTP/1.1" 200 3584 "-" "Mozilla/5.0 (iPhone; CPU iPhone OS 13_2_3 like Mac OS X) AppleWebKit/605.1.15 (KHTML, like Gecko) Version/13.0.3 Mobile/15E148 Safari/604.1"
43.130.57.46 - - [07/Mar/2026:20:02:08 -0500] "GET /code-editor-rtl.min.css.min.css.tar.gz HTTP/1.1" 200 608 "-" "Mozilla/5.0 (iPhone; CPU iPhone OS 13_2_3 like Mac OS X) AppleWebKit/605.1.15 (KHTML, like Gecko) Version/13.0.3 Mobile/15E148 Safari/604.1"
43.157.95.131 - - [07/Mar/2026:20:09:03 -0500] "GET /ConverterInterface.php.tar HTTP/1.1" 200 2560 "-" "Mozilla/5.0 (iPhone; CPU iPhone OS 13_2_3 like Mac OS X) AppleWebKit/605.1.15 (KHTML, like Gecko) Version/13.0.3 Mobile/15E148 Safari/604.1"
154.26.136.192 - - [07/Mar/2026:20:11:06 -0500] "POST /xmlrpc.php HTTP/1.1" 200 0 "-" "Mozilla/5.0 (Windows NT 10.0; Win64; x64) AppleWebKit/537.36 (KHTML, like Gecko) Chrome/79.0 Safari/537.36"
43.130.16.212 - - [07/Mar/2026:20:19:23 -0500] "GET /credits.php.php.tar.gz HTTP/1.1" 200 1474 "-" "Mozilla/5.0 (iPhone; CPU iPhone OS 13_2_3 like Mac OS X) AppleWebKit/605.1.15 (KHTML, like Gecko) Version/13.0.3 Mobile/15E148 Safari/604.1"
221.229.106.25 - - [07/Mar/2026:20:27:13 -0500] "GET / HTTP/1.1" 200 32158 "-" "Mozilla/5.0 (iPhone; CPU iPhone OS 13_2_3 like Mac OS X) AppleWebKit/605.1.15 (KHTML, like Gecko) Version/13.0.3 Mobile/15E148 Safari/604.1"
154.26.136.192 - - [07/Mar/2026:20:28:03 -0500] "POST /xmlrpc.php HTTP/1.1" 200 0 "-" "Mozilla/5.0 (Windows NT 10.0; Win64; x64) AppleWebKit/537.36 (KHTML, like Gecko) Chrome/79.0 Safari/537.36"
154.26.136.192 - - [07/Mar/2026:20:34:02 -0500] "POST /xmlrpc.php HTTP/1.1" 200 0 "-" "Mozilla/5.0 (Windows NT 10.0; Win64; x64) AppleWebKit/537.36 (KHTML, like Gecko) Chrome/79.0 Safari/537.36"
154.26.136.192 - - [07/Mar/2026:20:42:03 -0500] "POST /xmlrpc.php HTTP/1.1" 200 0 "-" "Mozilla/5.0 (Windows NT 10.0; Win64; x64) AppleWebKit/537.36 (KHTML, like Gecko) Chrome/79.0 Safari/537.36"
154.26.136.192 - - [07/Mar/2026:20:51:02 -0500] "POST /xmlrpc.php HTTP/1.1" 200 0 "-" "Mozilla/5.0 (Windows NT 10.0; Win64; x64) AppleWebKit/537.36 (KHTML, like Gecko) Chrome/79.0 Safari/537.36"