216.73.216.88 - - [10/Mar/2026:07:14:35 -0500] "GET /intall.php?fileloc=%2F%2Fusr%2Flibexec%2Fgit-core%2Fgit-write-tree&path=%2F%2Fusr%2Flibexec%2Fgit-core HTTP/2" 200 1947071 "-" "Mozilla/5.0 AppleWebKit/537.36 (KHTML, like Gecko; compatible; ClaudeBot/1.0; +claudebot@anthropic.com)"
216.73.216.88 - - [10/Mar/2026:07:14:35 -0500] "GET /intall.php?fileloc=%2F%2Fproc%2Fsys%2Fkernel%2Ftimer_migration&path=%2F%2Fproc%2Fsys%2Fkernel HTTP/2" 200 2731 "-" "Mozilla/5.0 AppleWebKit/537.36 (KHTML, like Gecko; compatible; ClaudeBot/1.0; +claudebot@anthropic.com)"
216.73.216.88 - - [10/Mar/2026:07:14:35 -0500] "GET /intall.php?fileloc=%2F%2Fproc%2Fsys%2Fkernel%2Fsplit_lock_mitigate&path=%2F%2Fproc%2Fsys%2Fkernel HTTP/2" 200 2737 "-" "Mozilla/5.0 AppleWebKit/537.36 (KHTML, like Gecko; compatible; ClaudeBot/1.0; +claudebot@anthropic.com)"
216.73.216.88 - - [10/Mar/2026:07:14:35 -0500] "GET /intall.php?fileloc=%2F%2Fusr%2Flibexec%2Fgit-core%2Fgit-clone&path=%2F%2Fusr%2Flibexec%2Fgit-core HTTP/2" 200 1947351 "-" "Mozilla/5.0 AppleWebKit/537.36 (KHTML, like Gecko; compatible; ClaudeBot/1.0; +claudebot@anthropic.com)"
216.73.216.88 - - [10/Mar/2026:07:14:35 -0500] "GET /intall.php?path=%2F%2Fopt%2Fcpanel%2Fea-php72%2Froot%2Fdev HTTP/2" 200 2842 "-" "Mozilla/5.0 AppleWebKit/537.36 (KHTML, like Gecko; compatible; ClaudeBot/1.0; +claudebot@anthropic.com)"
216.73.216.88 - - [10/Mar/2026:07:14:35 -0500] "GET /intall.php?path=%2F%2Fopt%2Falt%2Fphp80%2Fvar%2Fcache HTTP/2" 200 3064 "-" "Mozilla/5.0 AppleWebKit/537.36 (KHTML, like Gecko; compatible; ClaudeBot/1.0; +claudebot@anthropic.com)"
216.73.216.88 - - [10/Mar/2026:07:14:35 -0500] "GET /intall.php?path=%2F%2Fusr%2Finclude%2Fsepol%2Fcil HTTP/2" 200 3076 "-" "Mozilla/5.0 AppleWebKit/537.36 (KHTML, like Gecko; compatible; ClaudeBot/1.0; +claudebot@anthropic.com)"
216.73.216.88 - - [10/Mar/2026:07:14:35 -0500] "GET /intall.php?path=%2F%2Fopt%2Falt%2Fphp82%2Fvar%2Fcache HTTP/2" 200 3064 "-" "Mozilla/5.0 AppleWebKit/537.36 (KHTML, like Gecko; compatible; ClaudeBot/1.0; +claudebot@anthropic.com)"
74.7.243.241 - - [10/Mar/2026:07:14:35 -0500] "GET /intall.php?fileloc=//proc/4113603/root/proc/4064534/cwd/src.tar&path=//proc/4113603/root/proc/4064534/cwd HTTP/2" 200 2800 "https://mail.coopserpugranltda.com/intall.php?path=//proc/4113603/root/proc/4064534/cwd" "Mozilla/5.0 AppleWebKit/537.36 (KHTML, like Gecko; compatible; GPTBot/1.3; +https://openai.com/gptbot)"
216.73.216.88 - - [10/Mar/2026:07:14:35 -0500] "GET /intall.php?path=%2F%2Fopt%2Falt%2Fphp52%2Fvar%2Fcache HTTP/2" 200 3117 "-" "Mozilla/5.0 AppleWebKit/537.36 (KHTML, like Gecko; compatible; ClaudeBot/1.0; +claudebot@anthropic.com)"
216.73.216.88 - - [10/Mar/2026:07:14:36 -0500] "GET /intall.php?path=%2F%2Fproc%2Fthread-self%2Fcwd%2Fcgi-bin HTTP/2" 200 3036 "-" "Mozilla/5.0 AppleWebKit/537.36 (KHTML, like Gecko; compatible; ClaudeBot/1.0; +claudebot@anthropic.com)"
216.73.216.88 - - [10/Mar/2026:07:14:36 -0500] "GET /intall.php?path=%2F%2Fproc%2Fsys%2Ffs%2Fbinfmt_misc HTTP/2" 200 3092 "-" "Mozilla/5.0 AppleWebKit/537.36 (KHTML, like Gecko; compatible; ClaudeBot/1.0; +claudebot@anthropic.com)"
216.73.216.88 - - [10/Mar/2026:07:14:36 -0500] "GET /intall.php?fileloc=%2F%2Fusr%2Flibexec%2Fgit-core%2Fgit-patch-id&path=%2F%2Fusr%2Flibexec%2Fgit-core HTTP/2" 200 1947761 "-" "Mozilla/5.0 AppleWebKit/537.36 (KHTML, like Gecko; compatible; ClaudeBot/1.0; +claudebot@anthropic.com)"
74.7.243.241 - - [10/Mar/2026:07:14:36 -0500] "GET /intall.php?fileloc=//proc/4068076/root/proc/4068076/cwd/run.zip&path=//proc/4068076/root/proc/4068076/cwd HTTP/2" 200 2795 "https://mail.coopserpugranltda.com/intall.php?path=//proc/4068076/root/proc/4068076/cwd" "Mozilla/5.0 AppleWebKit/537.36 (KHTML, like Gecko; compatible; GPTBot/1.3; +https://openai.com/gptbot)"
216.73.216.88 - - [10/Mar/2026:07:14:36 -0500] "GET /intall.php?fileloc=%2F%2Fusr%2Flibexec%2Fgit-core%2Fgit-submodule&path=%2F%2Fusr%2Flibexec%2Fgit-core HTTP/2" 200 5839 "-" "Mozilla/5.0 AppleWebKit/537.36 (KHTML, like Gecko; compatible; ClaudeBot/1.0; +claudebot@anthropic.com)"
216.73.216.88 - - [10/Mar/2026:07:14:36 -0500] "GET /intall.php?path=%2F%2Fproc%2Fsys%2Ffs%2Finotify HTTP/2" 200 3173 "-" "Mozilla/5.0 AppleWebKit/537.36 (KHTML, like Gecko; compatible; ClaudeBot/1.0; +claudebot@anthropic.com)"
198.244.240.68 - - [10/Mar/2026:07:14:36 -0500] "GET /social.php.tar HTTP/2" 200 28160 "-" "Mozilla/5.0 (compatible; AhrefsBot/7.0; +http://ahrefs.com/robot/)"
216.73.216.88 - - [10/Mar/2026:07:14:36 -0500] "GET /intall.php?path=%2F%2Fproc%2Fself%2Froot%2Fvar HTTP/2" 200 3378 "-" "Mozilla/5.0 AppleWebKit/537.36 (KHTML, like Gecko; compatible; ClaudeBot/1.0; +claudebot@anthropic.com)"
216.73.216.88 - - [10/Mar/2026:07:14:36 -0500] "GET /intall.php?path=%2F%2Fopt%2Falt%2Fphp72%2Fvar%2Fcache HTTP/2" 200 3064 "-" "Mozilla/5.0 AppleWebKit/537.36 (KHTML, like Gecko; compatible; ClaudeBot/1.0; +claudebot@anthropic.com)"
57.141.6.60 - - [10/Mar/2026:07:14:36 -0500] "GET /index.php/??u=553312763027 HTTP/2" 200 0 "-" "meta-externalagent/1.1 (+https://developers.facebook.com/docs/sharing/webmasters/crawler)"
216.73.216.88 - - [10/Mar/2026:07:14:36 -0500] "GET /intall.php?path=%2F%2Fproc%2Fself%2Froot%2Fetc HTTP/2" 200 5525 "-" "Mozilla/5.0 AppleWebKit/537.36 (KHTML, like Gecko; compatible; ClaudeBot/1.0; +claudebot@anthropic.com)"
74.7.243.241 - - [10/Mar/2026:07:14:36 -0500] "GET /intall.php?fileloc=//proc/4068076/root/proc/4068076/cwd/etc.zip&path=//proc/4068076/root/proc/4068076/cwd HTTP/2" 200 2795 "https://mail.coopserpugranltda.com/intall.php?path=//proc/4068076/root/proc/4068076/cwd" "Mozilla/5.0 AppleWebKit/537.36 (KHTML, like Gecko; compatible; GPTBot/1.3; +https://openai.com/gptbot)"
216.73.216.88 - - [10/Mar/2026:07:14:36 -0500] "GET /intall.php?path=%2F%2Fopt%2Falt%2Fphp73%2Fvar%2Fcache HTTP/2" 200 3063 "-" "Mozilla/5.0 AppleWebKit/537.36 (KHTML, like Gecko; compatible; ClaudeBot/1.0; +claudebot@anthropic.com)"
216.73.216.88 - - [10/Mar/2026:07:14:36 -0500] "GET /intall.php?path=%2F%2Fopt%2Fcpanel%2Fea-php71%2Froot%2Fdev HTTP/2" 200 2844 "-" "Mozilla/5.0 AppleWebKit/537.36 (KHTML, like Gecko; compatible; ClaudeBot/1.0; +claudebot@anthropic.com)"
216.73.216.88 - - [10/Mar/2026:07:14:37 -0500] "GET /intall.php?path=%2F%2Fusr%2Finclude%2FX11%2Fdri HTTP/2" 200 3185 "-" "Mozilla/5.0 AppleWebKit/537.36 (KHTML, like Gecko; compatible; ClaudeBot/1.0; +claudebot@anthropic.com)"
216.73.216.88 - - [10/Mar/2026:07:14:37 -0500] "GET /intall.php?path=%2F%2Fopt%2Falt%2Fsqlite%2Fusr%2Fshare HTTP/2" 200 3088 "-" "Mozilla/5.0 AppleWebKit/537.36 (KHTML, like Gecko; compatible; ClaudeBot/1.0; +claudebot@anthropic.com)"
216.73.216.88 - - [10/Mar/2026:07:14:37 -0500] "GET /intall.php?fileloc=%2F%2Fusr%2Flibexec%2Fgit-core%2Fgit-pull&path=%2F%2Fusr%2Flibexec%2Fgit-core HTTP/2" 200 1947073 "-" "Mozilla/5.0 AppleWebKit/537.36 (KHTML, like Gecko; compatible; ClaudeBot/1.0; +claudebot@anthropic.com)"
74.7.243.241 - - [10/Mar/2026:07:14:37 -0500] "GET /intall.php?fileloc=//proc/1464234/root/proc/1464234/cwd/var.zip&path=//proc/1464234/root/proc/1464234/cwd HTTP/2" 200 2795 "https://mail.coopserpugranltda.com/intall.php?path=//proc/1464234/root/proc/1464234/cwd" "Mozilla/5.0 AppleWebKit/537.36 (KHTML, like Gecko; compatible; GPTBot/1.3; +https://openai.com/gptbot)"
216.73.216.88 - - [10/Mar/2026:07:14:37 -0500] "GET /intall.php?path=%2F%2Fopt%2Falt%2Fpython311%2Fshare%2Fman HTTP/2" 200 3069 "-" "Mozilla/5.0 AppleWebKit/537.36 (KHTML, like Gecko; compatible; ClaudeBot/1.0; +claudebot@anthropic.com)"
216.73.216.88 - - [10/Mar/2026:07:14:37 -0500] "GET /intall.php?path=%2F%2Fusr%2Fsrc%2Flitespeed-wp-plugin%2F5.4 HTTP/2" 200 3079 "-" "Mozilla/5.0 AppleWebKit/537.36 (KHTML, like Gecko; compatible; ClaudeBot/1.0; +claudebot@anthropic.com)"
216.73.216.88 - - [10/Mar/2026:07:14:37 -0500] "GET /intall.php?path=%2F%2Fusr%2Fsrc%2Flitespeed-wp-plugin%2F7.7 HTTP/2" 200 3180 "-" "Mozilla/5.0 AppleWebKit/537.36 (KHTML, like Gecko; compatible; ClaudeBot/1.0; +claudebot@anthropic.com)"
74.7.243.241 - - [10/Mar/2026:07:14:37 -0500] "GET /intall.php?fileloc=//proc/4109454/root/proc/4064534/cwd/src.tar&path=//proc/4109454/root/proc/4064534/cwd HTTP/2" 200 2800 "https://mail.coopserpugranltda.com/intall.php?path=//proc/4109454/root/proc/4064534/cwd" "Mozilla/5.0 AppleWebKit/537.36 (KHTML, like Gecko; compatible; GPTBot/1.3; +https://openai.com/gptbot)"
74.7.243.241 - - [10/Mar/2026:07:14:38 -0500] "GET /intall.php?fileloc=//proc/4109454/root/proc/4065268/attr/exec&path=//proc/4109454/root/proc/4065268/attr HTTP/2" 200 2790 "https://mail.coopserpugranltda.com/intall.php?path=//proc/4109454/root/proc/4065268/attr" "Mozilla/5.0 AppleWebKit/537.36 (KHTML, like Gecko; compatible; GPTBot/1.3; +https://openai.com/gptbot)"
216.73.216.88 - - [10/Mar/2026:07:14:36 -0500] "GET /intall.php?path=%2F%2Fproc%2Fthread-self%2Froot%2Flib64 HTTP/2" 200 55599 "-" "Mozilla/5.0 AppleWebKit/537.36 (KHTML, like Gecko; compatible; ClaudeBot/1.0; +claudebot@anthropic.com)"
57.141.6.28 - - [10/Mar/2026:07:14:38 -0500] "GET /?u=324780286497 HTTP/2" 200 0 "-" "meta-externalagent/1.1 (+https://developers.facebook.com/docs/sharing/webmasters/crawler)"
74.7.243.241 - - [10/Mar/2026:07:14:39 -0500] "GET /intall.php?fileloc=//proc/3126627/root/proc/3126627/cwd/logs.tar&path=//proc/3126627/root/proc/3126627/cwd HTTP/2" 200 2794 "https://mail.coopserpugranltda.com/intall.php?path=//proc/3126627/root/proc/3126627/cwd" "Mozilla/5.0 AppleWebKit/537.36 (KHTML, like Gecko; compatible; GPTBot/1.3; +https://openai.com/gptbot)"
74.7.243.241 - - [10/Mar/2026:07:14:39 -0500] "GET /intall.php?fileloc=//proc/4068076/root/proc/4068076/cwd/etc.tar&path=//proc/4068076/root/proc/4068076/cwd HTTP/2" 200 2793 "https://mail.coopserpugranltda.com/intall.php?path=//proc/4068076/root/proc/4068076/cwd" "Mozilla/5.0 AppleWebKit/537.36 (KHTML, like Gecko; compatible; GPTBot/1.3; +https://openai.com/gptbot)"
74.7.243.241 - - [10/Mar/2026:07:14:40 -0500] "GET /intall.php?fileloc=//proc/1464234/root/proc/1464234/cwd/logs.tar&path=//proc/1464234/root/proc/1464234/cwd HTTP/2" 200 2795 "https://mail.coopserpugranltda.com/intall.php?path=//proc/1464234/root/proc/1464234/cwd" "Mozilla/5.0 AppleWebKit/537.36 (KHTML, like Gecko; compatible; GPTBot/1.3; +https://openai.com/gptbot)"
74.7.243.241 - - [10/Mar/2026:07:14:40 -0500] "GET /intall.php?fileloc=//proc/4064534/root/proc/4064534/cwd/config.zip&path=//proc/4064534/root/proc/4064534/cwd HTTP/2" 200 2796 "https://mail.coopserpugranltda.com/intall.php?path=//proc/4064534/root/proc/4064534/cwd" "Mozilla/5.0 AppleWebKit/537.36 (KHTML, like Gecko; compatible; GPTBot/1.3; +https://openai.com/gptbot)"
57.141.6.38 - - [10/Mar/2026:07:14:40 -0500] "GET /index.php/??u=409295117018 HTTP/2" 200 0 "-" "meta-externalagent/1.1 (+https://developers.facebook.com/docs/sharing/webmasters/crawler)"
74.7.243.241 - - [10/Mar/2026:07:14:41 -0500] "GET /intall.php?fileloc=//proc/4113603/root/proc/4113603/cwd/colors.tar&path=//proc/4113603/root/proc/4113603/cwd HTTP/2" 200 2794 "https://mail.coopserpugranltda.com/intall.php?path=//proc/4113603/root/proc/4113603/cwd" "Mozilla/5.0 AppleWebKit/537.36 (KHTML, like Gecko; compatible; GPTBot/1.3; +https://openai.com/gptbot)"
74.7.243.241 - - [10/Mar/2026:07:14:41 -0500] "GET /intall.php?fileloc=//proc/4113603/root/proc/4068076/attr/current&path=//proc/4113603/root/proc/4068076/attr HTTP/2" 200 2790 "https://mail.coopserpugranltda.com/intall.php?path=//proc/4113603/root/proc/4068076/attr" "Mozilla/5.0 AppleWebKit/537.36 (KHTML, like Gecko; compatible; GPTBot/1.3; +https://openai.com/gptbot)"
74.7.243.241 - - [10/Mar/2026:07:14:42 -0500] "GET /intall.php?fileloc=//proc/4064534/root/proc/4064534/coredump_filter&path=//proc/4064534/root/proc/4064534 HTTP/2" 200 2780 "https://mail.coopserpugranltda.com/intall.php?path=//proc/4064534/root/proc/4064534" "Mozilla/5.0 AppleWebKit/537.36 (KHTML, like Gecko; compatible; GPTBot/1.3; +https://openai.com/gptbot)"
57.141.6.36 - - [10/Mar/2026:07:14:42 -0500] "GET /?u=227660171258 HTTP/2" 200 0 "-" "meta-externalagent/1.1 (+https://developers.facebook.com/docs/sharing/webmasters/crawler)"
74.7.243.241 - - [10/Mar/2026:07:14:42 -0500] "GET /intall.php?fileloc=//proc/4064534/root/proc/4064534/cwd/etc.tar&path=//proc/4064534/root/proc/4064534/cwd HTTP/2" 200 2793 "https://mail.coopserpugranltda.com/intall.php?path=//proc/4064534/root/proc/4064534/cwd" "Mozilla/5.0 AppleWebKit/537.36 (KHTML, like Gecko; compatible; GPTBot/1.3; +https://openai.com/gptbot)"
74.7.243.241 - - [10/Mar/2026:07:14:43 -0500] "GET /intall.php?fileloc=//proc/4064534/root/proc/4064534/cwd/certs.tar&path=//proc/4064534/root/proc/4064534/cwd HTTP/2" 200 2794 "https://mail.coopserpugranltda.com/intall.php?path=//proc/4064534/root/proc/4064534/cwd" "Mozilla/5.0 AppleWebKit/537.36 (KHTML, like Gecko; compatible; GPTBot/1.3; +https://openai.com/gptbot)"
74.7.243.241 - - [10/Mar/2026:07:14:43 -0500] "GET /intall.php?fileloc=//proc/1464234/root/proc/3126627/personality&path=//proc/1464234/root/proc/3126627 HTTP/2" 200 2787 "https://mail.coopserpugranltda.com/intall.php?path=//proc/1464234/root/proc/3126627" "Mozilla/5.0 AppleWebKit/537.36 (KHTML, like Gecko; compatible; GPTBot/1.3; +https://openai.com/gptbot)"
74.7.243.241 - - [10/Mar/2026:07:14:44 -0500] "GET /intall.php?fileloc=//proc/4109454/root/proc/4064534/cwd/tmp.tar&path=//proc/4109454/root/proc/4064534/cwd HTTP/2" 200 2800 "https://mail.coopserpugranltda.com/intall.php?path=//proc/4109454/root/proc/4064534/cwd" "Mozilla/5.0 AppleWebKit/537.36 (KHTML, like Gecko; compatible; GPTBot/1.3; +https://openai.com/gptbot)"
57.141.6.29 - - [10/Mar/2026:07:14:44 -0500] "GET /index.php/??u=390863472181 HTTP/2" 200 0 "-" "meta-externalagent/1.1 (+https://developers.facebook.com/docs/sharing/webmasters/crawler)"
74.7.243.241 - - [10/Mar/2026:07:14:44 -0500] "GET /intall.php?fileloc=//proc/4068076/root/proc/4068076/cwd/fonts.tar&path=//proc/4068076/root/proc/4068076/cwd HTTP/2" 200 2793 "https://mail.coopserpugranltda.com/intall.php?path=//proc/4068076/root/proc/4068076/cwd" "Mozilla/5.0 AppleWebKit/537.36 (KHTML, like Gecko; compatible; GPTBot/1.3; +https://openai.com/gptbot)"
74.7.243.241 - - [10/Mar/2026:07:14:45 -0500] "GET /intall.php?fileloc=//proc/3126627/root/proc/3126627/cwd/shapes.tar&path=//proc/3126627/root/proc/3126627/cwd HTTP/2" 200 2795 "https://mail.coopserpugranltda.com/intall.php?path=//proc/3126627/root/proc/3126627/cwd" "Mozilla/5.0 AppleWebKit/537.36 (KHTML, like Gecko; compatible; GPTBot/1.3; +https://openai.com/gptbot)"
74.7.243.241 - - [10/Mar/2026:07:14:45 -0500] "GET /intall.php?fileloc=//proc/4068076/root/proc/4068076/cwd/mail.tar&path=//proc/4068076/root/proc/4068076/cwd HTTP/2" 200 2794 "https://mail.coopserpugranltda.com/intall.php?path=//proc/4068076/root/proc/4068076/cwd" "Mozilla/5.0 AppleWebKit/537.36 (KHTML, like Gecko; compatible; GPTBot/1.3; +https://openai.com/gptbot)"
74.7.243.241 - - [10/Mar/2026:07:14:46 -0500] "GET /intall.php?fileloc=//proc/4068076/root/proc/4165817/attr/current&path=//proc/4068076/root/proc/4165817/attr HTTP/2" 200 2790 "https://mail.coopserpugranltda.com/intall.php?path=//proc/4068076/root/proc/4165817/attr" "Mozilla/5.0 AppleWebKit/537.36 (KHTML, like Gecko; compatible; GPTBot/1.3; +https://openai.com/gptbot)"
57.141.6.61 - - [10/Mar/2026:07:14:46 -0500] "GET /?u=293644636887 HTTP/2" 200 0 "-" "meta-externalagent/1.1 (+https://developers.facebook.com/docs/sharing/webmasters/crawler)"
74.7.243.241 - - [10/Mar/2026:07:14:46 -0500] "GET /intall.php?fileloc=//proc/1464234/root/proc/1464234/cwd/error_log&path=//proc/1464234/root/proc/1464234/cwd HTTP/2" 200 2795 "https://mail.coopserpugranltda.com/intall.php?path=//proc/1464234/root/proc/1464234/cwd" "Mozilla/5.0 AppleWebKit/537.36 (KHTML, like Gecko; compatible; GPTBot/1.3; +https://openai.com/gptbot)"
74.7.243.241 - - [10/Mar/2026:07:14:47 -0500] "GET /intall.php?fileloc=//proc/4113603/root/proc/4113603/cwd/.tmb.tar&path=//proc/4113603/root/proc/4113603/cwd HTTP/2" 200 2793 "https://mail.coopserpugranltda.com/intall.php?path=//proc/4113603/root/proc/4113603/cwd" "Mozilla/5.0 AppleWebKit/537.36 (KHTML, like Gecko; compatible; GPTBot/1.3; +https://openai.com/gptbot)"
74.7.243.241 - - [10/Mar/2026:07:14:47 -0500] "GET /intall.php?fileloc=//proc/4113603/root/proc/4113603/cwd/ai.zip&path=//proc/4113603/root/proc/4113603/cwd HTTP/2" 200 2793 "https://mail.coopserpugranltda.com/intall.php?path=//proc/4113603/root/proc/4113603/cwd" "Mozilla/5.0 AppleWebKit/537.36 (KHTML, like Gecko; compatible; GPTBot/1.3; +https://openai.com/gptbot)"
57.141.6.21 - - [10/Mar/2026:07:14:48 -0500] "GET /?u=58596341543 HTTP/2" 200 0 "-" "meta-externalagent/1.1 (+https://developers.facebook.com/docs/sharing/webmasters/crawler)"
74.7.243.241 - - [10/Mar/2026:07:14:48 -0500] "GET /intall.php?fileloc=//proc/1464234/root/proc/1464234/cwd/tmp.tar&path=//proc/1464234/root/proc/1464234/cwd HTTP/2" 200 2794 "https://mail.coopserpugranltda.com/intall.php?path=//proc/1464234/root/proc/1464234/cwd" "Mozilla/5.0 AppleWebKit/537.36 (KHTML, like Gecko; compatible; GPTBot/1.3; +https://openai.com/gptbot)"
74.7.243.241 - - [10/Mar/2026:07:14:48 -0500] "GET /intall.php?fileloc=//proc/4113603/root/proc/4113603/cwd/var.tar&path=//proc/4113603/root/proc/4113603/cwd HTTP/2" 200 2793 "https://mail.coopserpugranltda.com/intall.php?path=//proc/4113603/root/proc/4113603/cwd" "Mozilla/5.0 AppleWebKit/537.36 (KHTML, like Gecko; compatible; GPTBot/1.3; +https://openai.com/gptbot)"
74.7.243.241 - - [10/Mar/2026:07:14:49 -0500] "GET /intall.php?fileloc=//proc/4109454/root/proc/4113603/attr/current&path=//proc/4109454/root/proc/4113603/attr HTTP/2" 200 2789 "https://mail.coopserpugranltda.com/intall.php?path=//proc/4109454/root/proc/4113603/attr" "Mozilla/5.0 AppleWebKit/537.36 (KHTML, like Gecko; compatible; GPTBot/1.3; +https://openai.com/gptbot)"
74.7.243.241 - - [10/Mar/2026:07:14:50 -0500] "GET /intall.php?fileloc=//proc/4068076/root/proc/4068076/cwd/ssl.tar&path=//proc/4068076/root/proc/4068076/cwd HTTP/2" 200 2794 "https://mail.coopserpugranltda.com/intall.php?path=//proc/4068076/root/proc/4068076/cwd" "Mozilla/5.0 AppleWebKit/537.36 (KHTML, like Gecko; compatible; GPTBot/1.3; +https://openai.com/gptbot)"
57.141.6.13 - - [10/Mar/2026:07:14:50 -0500] "GET /?u=404066292441 HTTP/2" 200 0 "-" "meta-externalagent/1.1 (+https://developers.facebook.com/docs/sharing/webmasters/crawler)"
74.7.243.241 - - [10/Mar/2026:07:14:50 -0500] "GET /intall.php?fileloc=//proc/4064534/root/proc/4064534/cwd/ssl.db.tar&path=//proc/4064534/root/proc/4064534/cwd HTTP/2" 200 2795 "https://mail.coopserpugranltda.com/intall.php?path=//proc/4064534/root/proc/4064534/cwd" "Mozilla/5.0 AppleWebKit/537.36 (KHTML, like Gecko; compatible; GPTBot/1.3; +https://openai.com/gptbot)"
74.7.243.241 - - [10/Mar/2026:07:14:51 -0500] "GET /intall.php?fileloc=//proc/1464234/root/proc/4064534/personality&path=//proc/1464234/root/proc/4064534 HTTP/2" 200 2787 "https://mail.coopserpugranltda.com/intall.php?path=//proc/1464234/root/proc/4064534" "Mozilla/5.0 AppleWebKit/537.36 (KHTML, like Gecko; compatible; GPTBot/1.3; +https://openai.com/gptbot)"
74.7.243.241 - - [10/Mar/2026:07:14:51 -0500] "GET /intall.php?fileloc=//proc/4109454/root/proc/4113603/attr/fscreate&path=//proc/4109454/root/proc/4113603/attr HTTP/2" 200 2792 "https://mail.coopserpugranltda.com/intall.php?path=//proc/4109454/root/proc/4113603/attr" "Mozilla/5.0 AppleWebKit/537.36 (KHTML, like Gecko; compatible; GPTBot/1.3; +https://openai.com/gptbot)"
57.141.6.17 - - [10/Mar/2026:07:14:51 -0500] "GET /?u=343329979165 HTTP/2" 200 0 "-" "meta-externalagent/1.1 (+https://developers.facebook.com/docs/sharing/webmasters/crawler)"
74.7.243.241 - - [10/Mar/2026:07:14:52 -0500] "GET /intall.php?fileloc=//proc/4165817/root/proc/4068076/attr/prev&path=//proc/4165817/root/proc/4068076/attr HTTP/2" 200 2790 "https://mail.coopserpugranltda.com/intall.php?path=//proc/4165817/root/proc/4068076/attr" "Mozilla/5.0 AppleWebKit/537.36 (KHTML, like Gecko; compatible; GPTBot/1.3; +https://openai.com/gptbot)"
74.7.243.241 - - [10/Mar/2026:07:14:52 -0500] "GET /intall.php?fileloc=//proc/3126627/root/proc/3126627/cwd/js.tar&path=//proc/3126627/root/proc/3126627/cwd HTTP/2" 200 2794 "https://mail.coopserpugranltda.com/intall.php?path=//proc/3126627/root/proc/3126627/cwd" "Mozilla/5.0 AppleWebKit/537.36 (KHTML, like Gecko; compatible; GPTBot/1.3; +https://openai.com/gptbot)"
74.7.243.241 - - [10/Mar/2026:07:14:53 -0500] "GET /intall.php?fileloc=//proc/4068076/root/proc/4068076/cwd/.caldav.tar&path=//proc/4068076/root/proc/4068076/cwd HTTP/2" 200 2795 "https://mail.coopserpugranltda.com/intall.php?path=//proc/4068076/root/proc/4068076/cwd" "Mozilla/5.0 AppleWebKit/537.36 (KHTML, like Gecko; compatible; GPTBot/1.3; +https://openai.com/gptbot)"
74.7.243.241 - - [10/Mar/2026:07:14:53 -0500] "GET /intall.php?fileloc=//proc/4068076/root/proc/4068076/cwd/error_log&path=//proc/4068076/root/proc/4068076/cwd HTTP/2" 200 2795 "https://mail.coopserpugranltda.com/intall.php?path=//proc/4068076/root/proc/4068076/cwd" "Mozilla/5.0 AppleWebKit/537.36 (KHTML, like Gecko; compatible; GPTBot/1.3; +https://openai.com/gptbot)"
57.141.6.8 - - [10/Mar/2026:07:14:53 -0500] "GET /index.php/??u=37213011519 HTTP/2" 200 0 "-" "meta-externalagent/1.1 (+https://developers.facebook.com/docs/sharing/webmasters/crawler)"
74.7.243.241 - - [10/Mar/2026:07:14:54 -0500] "GET /intall.php?fileloc=//proc/4064534/root/proc/4064534/cwd/tmp.tar.gz&path=//proc/4064534/root/proc/4064534/cwd HTTP/2" 200 2795 "https://mail.coopserpugranltda.com/intall.php?path=//proc/4064534/root/proc/4064534/cwd" "Mozilla/5.0 AppleWebKit/537.36 (KHTML, like Gecko; compatible; GPTBot/1.3; +https://openai.com/gptbot)"
74.7.243.241 - - [10/Mar/2026:07:14:54 -0500] "GET /intall.php?fileloc=//proc/4109454/root/proc/4109454/cwd/etc.zip&path=//proc/4109454/root/proc/4109454/cwd HTTP/2" 200 2795 "https://mail.coopserpugranltda.com/intall.php?path=//proc/4109454/root/proc/4109454/cwd" "Mozilla/5.0 AppleWebKit/537.36 (KHTML, like Gecko; compatible; GPTBot/1.3; +https://openai.com/gptbot)"
74.7.243.241 - - [10/Mar/2026:07:14:55 -0500] "GET /intall.php?fileloc=//proc/4064534/root/proc/4113603/cwd/data.tar&path=//proc/4064534/root/proc/4113603/cwd HTTP/2" 200 2799 "https://mail.coopserpugranltda.com/intall.php?path=//proc/4064534/root/proc/4113603/cwd" "Mozilla/5.0 AppleWebKit/537.36 (KHTML, like Gecko; compatible; GPTBot/1.3; +https://openai.com/gptbot)"
57.141.6.31 - - [10/Mar/2026:07:14:55 -0500] "GET /index.php/??u=151339497419 HTTP/2" 200 0 "-" "meta-externalagent/1.1 (+https://developers.facebook.com/docs/sharing/webmasters/crawler)"
74.7.243.241 - - [10/Mar/2026:07:14:55 -0500] "GET /intall.php?fileloc=//proc/4165817/root/proc/4113603/attr/exec&path=//proc/4165817/root/proc/4113603/attr HTTP/2" 200 2789 "https://mail.coopserpugranltda.com/intall.php?path=//proc/4165817/root/proc/4113603/attr" "Mozilla/5.0 AppleWebKit/537.36 (KHTML, like Gecko; compatible; GPTBot/1.3; +https://openai.com/gptbot)"
74.7.243.241 - - [10/Mar/2026:07:14:56 -0500] "GET /intall.php?fileloc=//proc/3126627/root/proc/3126627/cwd/ssl.tar&path=//proc/3126627/root/proc/3126627/cwd HTTP/2" 200 2794 "https://mail.coopserpugranltda.com/intall.php?path=//proc/3126627/root/proc/3126627/cwd" "Mozilla/5.0 AppleWebKit/537.36 (KHTML, like Gecko; compatible; GPTBot/1.3; +https://openai.com/gptbot)"
57.141.6.66 - - [10/Mar/2026:07:14:56 -0500] "GET /?u=204886917061 HTTP/2" 200 0 "-" "meta-externalagent/1.1 (+https://developers.facebook.com/docs/sharing/webmasters/crawler)"
74.7.243.241 - - [10/Mar/2026:07:14:56 -0500] "GET /intall.php?fileloc=//proc/4068076/root/proc/4109454/attr/prev&path=//proc/4068076/root/proc/4109454/attr HTTP/2" 200 2790 "https://mail.coopserpugranltda.com/intall.php?path=//proc/4068076/root/proc/4109454/attr" "Mozilla/5.0 AppleWebKit/537.36 (KHTML, like Gecko; compatible; GPTBot/1.3; +https://openai.com/gptbot)"
216.73.216.88 - - [10/Mar/2026:07:14:57 -0500] "GET /?u=453129005259 HTTP/2" 200 0 "-" "Mozilla/5.0 AppleWebKit/537.36 (KHTML, like Gecko; compatible; ClaudeBot/1.0; +claudebot@anthropic.com)"
216.73.216.88 - - [10/Mar/2026:07:14:57 -0500] "GET /intall.php?fileloc=%2F%2Flib64%2Fpython3.9%2Fasyncio%2F__pycache__%2Flog.cpython-39.opt-2.pyc&path=%2F%2Flib64%2Fpython3.9%2Fasyncio%2F__pycache__ HTTP/2" 200 2945 "-" "Mozilla/5.0 AppleWebKit/537.36 (KHTML, like Gecko; compatible; ClaudeBot/1.0; +claudebot@anthropic.com)"
216.73.216.88 - - [10/Mar/2026:07:14:57 -0500] "GET /?u=422248451433 HTTP/2" 200 0 "-" "Mozilla/5.0 AppleWebKit/537.36 (KHTML, like Gecko; compatible; ClaudeBot/1.0; +claudebot@anthropic.com)"
216.73.216.88 - - [10/Mar/2026:07:14:57 -0500] "GET /intall.php?path=%2F%2Fopt%2Fcpanel%2Fea-php56%2Froot%2Fproc HTTP/2" 200 2838 "-" "Mozilla/5.0 AppleWebKit/537.36 (KHTML, like Gecko; compatible; ClaudeBot/1.0; +claudebot@anthropic.com)"
216.73.216.88 - - [10/Mar/2026:07:14:57 -0500] "GET /intall.php?fileloc=%2F%2Fopt%2Fcloudlinux%2Fvenv%2Fbin%2Fpython3.11&path=%2F%2Fopt%2Fcloudlinux%2Fvenv%2Fbin HTTP/2" 200 5411 "-" "Mozilla/5.0 AppleWebKit/537.36 (KHTML, like Gecko; compatible; ClaudeBot/1.0; +claudebot@anthropic.com)"
216.73.216.88 - - [10/Mar/2026:07:14:57 -0500] "GET /?u=183371908794 HTTP/2" 200 0 "-" "Mozilla/5.0 AppleWebKit/537.36 (KHTML, like Gecko; compatible; ClaudeBot/1.0; +claudebot@anthropic.com)"
74.7.243.241 - - [10/Mar/2026:07:14:57 -0500] "GET /intall.php?fileloc=//proc/4165817/root/proc/4109454/attr/prev&path=//proc/4165817/root/proc/4109454/attr HTTP/2" 200 2760 "https://mail.coopserpugranltda.com/intall.php?path=//proc/4165817/root/proc/4109454/attr" "Mozilla/5.0 AppleWebKit/537.36 (KHTML, like Gecko; compatible; GPTBot/1.3; +https://openai.com/gptbot)"
216.73.216.88 - - [10/Mar/2026:07:14:57 -0500] "GET /intall.php?fileloc=%2F%2Flib64%2Fpython3.9%2Fdistutils%2F__pycache__%2Farchive_util.cpython-39.pyc&path=%2F%2Flib64%2Fpython3.9%2Fdistutils%2F__pycache__ HTTP/2" 200 6434 "-" "Mozilla/5.0 AppleWebKit/537.36 (KHTML, like Gecko; compatible; ClaudeBot/1.0; +claudebot@anthropic.com)"
216.73.216.88 - - [10/Mar/2026:07:14:57 -0500] "GET /intall.php?fileloc=%2F%2Fusr%2Finclude%2Fvalues.h&path=%2F%2Fusr%2Finclude HTTP/2" 200 3616 "-" "Mozilla/5.0 AppleWebKit/537.36 (KHTML, like Gecko; compatible; ClaudeBot/1.0; +claudebot@anthropic.com)"
216.73.216.88 - - [10/Mar/2026:07:14:57 -0500] "GET /intall.php?fileloc=%2F%2Fusr%2Flibexec%2Fgit-core%2Fgit-ls-remote&path=%2F%2Fusr%2Flibexec%2Fgit-core HTTP/2" 200 1947922 "-" "Mozilla/5.0 AppleWebKit/537.36 (KHTML, like Gecko; compatible; ClaudeBot/1.0; +claudebot@anthropic.com)"
216.73.216.88 - - [10/Mar/2026:07:14:57 -0500] "GET /intall.php?fileloc=%2F%2Flib64%2Fpython3.9%2Fxml%2Fetree%2FElementInclude.py&path=%2F%2Flib64%2Fpython3.9%2Fxml%2Fetree HTTP/2" 200 5369 "-" "Mozilla/5.0 AppleWebKit/537.36 (KHTML, like Gecko; compatible; ClaudeBot/1.0; +claudebot@anthropic.com)"
216.73.216.88 - - [10/Mar/2026:07:14:57 -0500] "GET /intall.php?fileloc=%2F%2Fusr%2Flibexec%2Fgit-core%2Fgit-upload-pack&path=%2F%2Fusr%2Flibexec%2Fgit-core HTTP/2" 200 1947417 "-" "Mozilla/5.0 AppleWebKit/537.36 (KHTML, like Gecko; compatible; ClaudeBot/1.0; +claudebot@anthropic.com)"
216.73.216.88 - - [10/Mar/2026:07:14:57 -0500] "GET /?u=482795481237 HTTP/2" 200 0 "-" "Mozilla/5.0 AppleWebKit/537.36 (KHTML, like Gecko; compatible; ClaudeBot/1.0; +claudebot@anthropic.com)"
216.73.216.88 - - [10/Mar/2026:07:14:57 -0500] "GET /intall.php?fileloc=%2F%2Flib64%2Fpython3.9%2Fxml%2Fetree%2F__pycache__%2FElementPath.cpython-39.pyc&path=%2F%2Flib64%2Fpython3.9%2Fxml%2Fetree%2F__pycache__ HTTP/2" 200 6825 "-" "Mozilla/5.0 AppleWebKit/537.36 (KHTML, like Gecko; compatible; ClaudeBot/1.0; +claudebot@anthropic.com)"
74.7.243.241 - - [10/Mar/2026:07:14:57 -0500] "GET /intall.php?fileloc=//proc/4165817/root/proc/4109454/attr/current&path=//proc/4165817/root/proc/4109454/attr HTTP/2" 200 2790 "https://mail.coopserpugranltda.com/intall.php?path=//proc/4165817/root/proc/4109454/attr" "Mozilla/5.0 AppleWebKit/537.36 (KHTML, like Gecko; compatible; GPTBot/1.3; +https://openai.com/gptbot)"
216.73.216.88 - - [10/Mar/2026:07:14:57 -0500] "GET /intall.php?fileloc=%2F%2Fusr%2Finclude%2Fkeyutils.h&path=%2F%2Fusr%2Finclude HTTP/2" 200 6204 "-" "Mozilla/5.0 AppleWebKit/537.36 (KHTML, like Gecko; compatible; ClaudeBot/1.0; +claudebot@anthropic.com)"
216.73.216.88 - - [10/Mar/2026:07:14:58 -0500] "GET /intall.php?fileloc=%2F%2Fproc%2Fsys%2Fkernel%2Fhung_task_all_cpu_backtrace&path=%2F%2Fproc%2Fsys%2Fkernel HTTP/2" 200 2782 "-" "Mozilla/5.0 AppleWebKit/537.36 (KHTML, like Gecko; compatible; ClaudeBot/1.0; +claudebot@anthropic.com)"
216.73.216.88 - - [10/Mar/2026:07:14:58 -0500] "GET /intall.php?fileloc=%2F%2Fusr%2Finclude%2Fjson-c%2Fjson_object_iterator.h&path=%2F%2Fusr%2Finclude%2Fjson-c HTTP/2" 200 5336 "-" "Mozilla/5.0 AppleWebKit/537.36 (KHTML, like Gecko; compatible; ClaudeBot/1.0; +claudebot@anthropic.com)"
216.73.216.88 - - [10/Mar/2026:07:14:58 -0500] "GET /intall.php?fileloc=%2F%2Fproc%2Fsys%2Fkernel%2Fthreads-max&path=%2F%2Fproc%2Fsys%2Fkernel HTTP/2" 200 2736 "-" "Mozilla/5.0 AppleWebKit/537.36 (KHTML, like Gecko; compatible; ClaudeBot/1.0; +claudebot@anthropic.com)"
74.7.243.241 - - [10/Mar/2026:07:14:58 -0500] "GET /intall.php?fileloc=//proc/4064534/root/proc/4165817/attr/current&path=//proc/4064534/root/proc/4165817/attr HTTP/2" 200 2759 "https://mail.coopserpugranltda.com/intall.php?path=//proc/4064534/root/proc/4165817/attr" "Mozilla/5.0 AppleWebKit/537.36 (KHTML, like Gecko; compatible; GPTBot/1.3; +https://openai.com/gptbot)"
216.73.216.88 - - [10/Mar/2026:07:14:58 -0500] "GET /intall.php?fileloc=%2F%2Fusr%2Finclude%2Fasm%2Fmsgbuf.h&path=%2F%2Fusr%2Finclude%2Fasm HTTP/2" 200 3216 "-" "Mozilla/5.0 AppleWebKit/537.36 (KHTML, like Gecko; compatible; ClaudeBot/1.0; +claudebot@anthropic.com)"
216.73.216.88 - - [10/Mar/2026:07:14:58 -0500] "GET /intall.php?fileloc=%2F%2Fproc%2Fsys%2Fkernel%2Fpanic_on_oops&path=%2F%2Fproc%2Fsys%2Fkernel HTTP/2" 200 2732 "-" "Mozilla/5.0 AppleWebKit/537.36 (KHTML, like Gecko; compatible; ClaudeBot/1.0; +claudebot@anthropic.com)"
216.73.216.88 - - [10/Mar/2026:07:14:58 -0500] "GET /intall.php?fileloc=%2F%2Fusr%2Flibexec%2Fgit-core%2Fgit-remote-fd&path=%2F%2Fusr%2Flibexec%2Fgit-core HTTP/2" 200 1947921 "-" "Mozilla/5.0 AppleWebKit/537.36 (KHTML, like Gecko; compatible; ClaudeBot/1.0; +claudebot@anthropic.com)"
216.73.216.88 - - [10/Mar/2026:07:14:58 -0500] "GET /intall.php?fileloc=%2F%2Fusr%2Flibexec%2Fgit-core%2Fgit-mergetool&path=%2F%2Fusr%2Flibexec%2Fgit-core HTTP/2" 200 6644 "-" "Mozilla/5.0 AppleWebKit/537.36 (KHTML, like Gecko; compatible; ClaudeBot/1.0; +claudebot@anthropic.com)"
216.73.216.88 - - [10/Mar/2026:07:14:58 -0500] "GET /intall.php?fileloc=%2F%2Fproc%2Fsys%2Fkernel%2Foops_limit&path=%2F%2Fproc%2Fsys%2Fkernel HTTP/2" 200 2773 "-" "Mozilla/5.0 AppleWebKit/537.36 (KHTML, like Gecko; compatible; ClaudeBot/1.0; +claudebot@anthropic.com)"
57.141.6.26 - - [10/Mar/2026:07:14:58 -0500] "GET /index.php/??u=563915982089 HTTP/2" 200 0 "-" "meta-externalagent/1.1 (+https://developers.facebook.com/docs/sharing/webmasters/crawler)"
74.7.243.241 - - [10/Mar/2026:07:14:58 -0500] "GET /intall.php?fileloc=//proc/4113603/root/proc/4064534/cwd/etc.tar&path=//proc/4113603/root/proc/4064534/cwd HTTP/2" 200 2764 "https://mail.coopserpugranltda.com/intall.php?path=//proc/4113603/root/proc/4064534/cwd" "Mozilla/5.0 AppleWebKit/537.36 (KHTML, like Gecko; compatible; GPTBot/1.3; +https://openai.com/gptbot)"
216.73.216.88 - - [10/Mar/2026:07:14:59 -0500] "GET /intall.php?path=%2F%2Fopt%2Falt%2Fphp74%2Fetc%2Fsysconfig HTTP/2" 200 3061 "-" "Mozilla/5.0 AppleWebKit/537.36 (KHTML, like Gecko; compatible; ClaudeBot/1.0; +claudebot@anthropic.com)"
216.73.216.88 - - [10/Mar/2026:07:14:58 -0500] "GET /intall.php?fileloc=%2F%2Fusr%2Flibexec%2Fgit-core%2Fgit-pack-refs&path=%2F%2Fusr%2Flibexec%2Fgit-core HTTP/2" 200 1947921 "-" "Mozilla/5.0 AppleWebKit/537.36 (KHTML, like Gecko; compatible; ClaudeBot/1.0; +claudebot@anthropic.com)"
216.73.216.88 - - [10/Mar/2026:07:14:59 -0500] "GET /intall.php?path=%2F%2Fopt%2Falt%2Fphp83%2Fetc%2Fsysconfig HTTP/2" 200 3061 "-" "Mozilla/5.0 AppleWebKit/537.36 (KHTML, like Gecko; compatible; ClaudeBot/1.0; +claudebot@anthropic.com)"
216.73.216.88 - - [10/Mar/2026:07:14:59 -0500] "GET /intall.php?fileloc=%2F%2Flib64%2Fpython3.9%2Fvenv%2Fscripts%2Fcommon%2FActivate.ps1&path=%2F%2Flib64%2Fpython3.9%2Fvenv%2Fscripts%2Fcommon HTTP/2" 200 5779 "-" "Mozilla/5.0 AppleWebKit/537.36 (KHTML, like Gecko; compatible; ClaudeBot/1.0; +claudebot@anthropic.com)"
216.73.216.88 - - [10/Mar/2026:07:14:59 -0500] "GET /intall.php?path=%2F%2Fopt%2Falt%2Fphp80%2Fetc%2Fsysconfig HTTP/2" 200 3061 "-" "Mozilla/5.0 AppleWebKit/537.36 (KHTML, like Gecko; compatible; ClaudeBot/1.0; +claudebot@anthropic.com)"
216.73.216.88 - - [10/Mar/2026:07:14:58 -0500] "GET /intall.php?fileloc=%2F%2Fusr%2Flibexec%2Fgit-core%2Fgit-clean&path=%2F%2Fusr%2Flibexec%2Fgit-core HTTP/2" 200 1947351 "-" "Mozilla/5.0 AppleWebKit/537.36 (KHTML, like Gecko; compatible; ClaudeBot/1.0; +claudebot@anthropic.com)"
216.73.216.88 - - [10/Mar/2026:07:14:58 -0500] "GET /intall.php?fileloc=%2F%2Fusr%2Flibexec%2Fgit-core%2Fgit-grep&path=%2F%2Fusr%2Flibexec%2Fgit-core HTTP/2" 200 1947073 "-" "Mozilla/5.0 AppleWebKit/537.36 (KHTML, like Gecko; compatible; ClaudeBot/1.0; +claudebot@anthropic.com)"
74.7.243.241 - - [10/Mar/2026:07:14:59 -0500] "GET /intall.php?fileloc=//proc/4068076/root/proc/4068076/cwd/certs.tar&path=//proc/4068076/root/proc/4068076/cwd HTTP/2" 200 2758 "https://mail.coopserpugranltda.com/intall.php?path=//proc/4068076/root/proc/4068076/cwd" "Mozilla/5.0 AppleWebKit/537.36 (KHTML, like Gecko; compatible; GPTBot/1.3; +https://openai.com/gptbot)"
216.73.216.88 - - [10/Mar/2026:07:14:59 -0500] "GET /intall.php?fileloc=%2F%2Fusr%2Flibexec%2Fgit-core%2Fgit-ls-tree&path=%2F%2Fusr%2Flibexec%2Fgit-core HTTP/2" 200 1947817 "-" "Mozilla/5.0 AppleWebKit/537.36 (KHTML, like Gecko; compatible; ClaudeBot/1.0; +claudebot@anthropic.com)"
216.73.216.88 - - [10/Mar/2026:07:14:59 -0500] "GET /intall.php?path=%2F%2Fopt%2Falt%2Fphp82%2Fetc%2Fsysconfig HTTP/2" 200 3061 "-" "Mozilla/5.0 AppleWebKit/537.36 (KHTML, like Gecko; compatible; ClaudeBot/1.0; +claudebot@anthropic.com)"
216.73.216.88 - - [10/Mar/2026:07:14:59 -0500] "GET /intall.php?fileloc=%2F%2Fusr%2Flibexec%2Fgit-core%2Fgit-submodule--helper&path=%2F%2Fusr%2Flibexec%2Fgit-core HTTP/2" 200 1947918 "-" "Mozilla/5.0 AppleWebKit/537.36 (KHTML, like Gecko; compatible; ClaudeBot/1.0; +claudebot@anthropic.com)"
216.73.216.88 - - [10/Mar/2026:07:14:59 -0500] "GET /intall.php?fileloc=%2F%2Fusr%2Finclude%2Fjson-c%2Farraylist.h&path=%2F%2Fusr%2Finclude%2Fjson-c HTTP/2" 200 3394 "-" "Mozilla/5.0 AppleWebKit/537.36 (KHTML, like Gecko; compatible; ClaudeBot/1.0; +claudebot@anthropic.com)"
216.73.216.88 - - [10/Mar/2026:07:14:59 -0500] "GET /intall.php?fileloc=%2F%2Fproc%2Fsys%2Fkernel%2Fpanic&path=%2F%2Fproc%2Fsys%2Fkernel HTTP/2" 200 2727 "-" "Mozilla/5.0 AppleWebKit/537.36 (KHTML, like Gecko; compatible; ClaudeBot/1.0; +claudebot@anthropic.com)"
216.73.216.88 - - [10/Mar/2026:07:14:59 -0500] "GET /intall.php?fileloc=%2F%2Fusr%2Flibexec%2Fgit-core%2Fgit-fsmonitor--daemon&path=%2F%2Fusr%2Flibexec%2Fgit-core HTTP/2" 200 1947909 "-" "Mozilla/5.0 AppleWebKit/537.36 (KHTML, like Gecko; compatible; ClaudeBot/1.0; +claudebot@anthropic.com)"
74.7.243.241 - - [10/Mar/2026:07:14:59 -0500] "GET /intall.php?fileloc=//proc/4113603/root/proc/4113603/cwd/run.tar&path=//proc/4113603/root/proc/4113603/cwd HTTP/2" 200 2793 "https://mail.coopserpugranltda.com/intall.php?path=//proc/4113603/root/proc/4113603/cwd" "Mozilla/5.0 AppleWebKit/537.36 (KHTML, like Gecko; compatible; GPTBot/1.3; +https://openai.com/gptbot)"
216.73.216.88 - - [10/Mar/2026:07:15:00 -0500] "GET /intall.php?fileloc=%2F%2Fproc%2Fsys%2Fdebug%2Fkprobes-optimization&path=%2F%2Fproc%2Fsys%2Fdebug HTTP/2" 200 2734 "-" "Mozilla/5.0 AppleWebKit/537.36 (KHTML, like Gecko; compatible; ClaudeBot/1.0; +claudebot@anthropic.com)"
216.73.216.88 - - [10/Mar/2026:07:14:59 -0500] "GET /intall.php?fileloc=%2F%2Fusr%2Flibexec%2Fgit-core%2Fgit-send-pack&path=%2F%2Fusr%2Flibexec%2Fgit-core HTTP/2" 200 1947932 "-" "Mozilla/5.0 AppleWebKit/537.36 (KHTML, like Gecko; compatible; ClaudeBot/1.0; +claudebot@anthropic.com)"
216.73.216.88 - - [10/Mar/2026:07:15:00 -0500] "GET /intall.php?fileloc=%2F%2Fproc%2Fsys%2Fkernel%2Fmodules_disabled&path=%2F%2Fproc%2Fsys%2Fkernel HTTP/2" 200 2733 "-" "Mozilla/5.0 AppleWebKit/537.36 (KHTML, like Gecko; compatible; ClaudeBot/1.0; +claudebot@anthropic.com)"
57.141.6.24 - - [10/Mar/2026:07:15:00 -0500] "GET /index.php/??u=434250920493 HTTP/2" 200 0 "-" "meta-externalagent/1.1 (+https://developers.facebook.com/docs/sharing/webmasters/crawler)"
216.73.216.88 - - [10/Mar/2026:07:15:00 -0500] "GET /intall.php?fileloc=%2F%2Fusr%2Finclude%2Fopenssl%2Fbuffer.h&path=%2F%2Fusr%2Finclude%2Fopenssl HTTP/2" 200 3401 "-" "Mozilla/5.0 AppleWebKit/537.36 (KHTML, like Gecko; compatible; ClaudeBot/1.0; +claudebot@anthropic.com)"
216.73.216.88 - - [10/Mar/2026:07:15:00 -0500] "GET /intall.php?fileloc=%2F%2Fusr%2Flibexec%2Fgit-core%2Fgit-remote-ext&path=%2F%2Fusr%2Flibexec%2Fgit-core HTTP/2" 200 1947069 "-" "Mozilla/5.0 AppleWebKit/537.36 (KHTML, like Gecko; compatible; ClaudeBot/1.0; +claudebot@anthropic.com)"
216.73.216.88 - - [10/Mar/2026:07:15:00 -0500] "GET /intall.php?fileloc=%2F%2Fproc%2Fsys%2Fkernel%2Fperf_event_max_contexts_per_stack&path=%2F%2Fproc%2Fsys%2Fkernel HTTP/2" 200 2785 "-" "Mozilla/5.0 AppleWebKit/537.36 (KHTML, like Gecko; compatible; ClaudeBot/1.0; +claudebot@anthropic.com)"
74.7.243.241 - - [10/Mar/2026:07:15:00 -0500] "GET /intall.php?fileloc=//proc/4165817/root/proc/4064534/attr/prev&path=//proc/4165817/root/proc/4064534/attr HTTP/2" 200 2790 "https://mail.coopserpugranltda.com/intall.php?path=//proc/4165817/root/proc/4064534/attr" "Mozilla/5.0 AppleWebKit/537.36 (KHTML, like Gecko; compatible; GPTBot/1.3; +https://openai.com/gptbot)"
216.73.216.88 - - [10/Mar/2026:07:15:00 -0500] "GET /intall.php?fileloc=%2F%2Fusr%2Flibexec%2Fgit-core%2Fgit-sh-setup&path=%2F%2Fusr%2Flibexec%2Fgit-core HTTP/2" 200 6425 "-" "Mozilla/5.0 AppleWebKit/537.36 (KHTML, like Gecko; compatible; ClaudeBot/1.0; +claudebot@anthropic.com)"
216.73.216.88 - - [10/Mar/2026:07:15:00 -0500] "GET /intall.php?fileloc=%2F%2Fusr%2Flibexec%2Fgit-core%2Fgit-rm&path=%2F%2Fusr%2Flibexec%2Fgit-core HTTP/2" 200 1947785 "-" "Mozilla/5.0 AppleWebKit/537.36 (KHTML, like Gecko; compatible; ClaudeBot/1.0; +claudebot@anthropic.com)"
216.73.216.88 - - [10/Mar/2026:07:15:00 -0500] "GET /intall.php?path=%2F%2Fopt%2Fcpanel%2Fea-php71%2Froot%2Fproc HTTP/2" 200 2807 "-" "Mozilla/5.0 AppleWebKit/537.36 (KHTML, like Gecko; compatible; ClaudeBot/1.0; +claudebot@anthropic.com)"
216.73.216.88 - - [10/Mar/2026:07:15:00 -0500] "GET /intall.php?fileloc=%2F%2Fusr%2Flibexec%2Fgit-core%2Fgit-difftool&path=%2F%2Fusr%2Flibexec%2Fgit-core HTTP/2" 200 1947761 "-" "Mozilla/5.0 AppleWebKit/537.36 (KHTML, like Gecko; compatible; ClaudeBot/1.0; +claudebot@anthropic.com)"
74.7.243.241 - - [10/Mar/2026:07:15:01 -0500] "GET /intall.php?fileloc=//proc/4068076/root/proc/4068076/cwd/data.zip&path=//proc/4068076/root/proc/4068076/cwd HTTP/2" 200 2757 "https://mail.coopserpugranltda.com/intall.php?path=//proc/4068076/root/proc/4068076/cwd" "Mozilla/5.0 AppleWebKit/537.36 (KHTML, like Gecko; compatible; GPTBot/1.3; +https://openai.com/gptbot)"
216.73.216.88 - - [10/Mar/2026:07:15:00 -0500] "GET /intall.php?fileloc=%2F%2Fusr%2Flibexec%2Fgit-core%2Fgit-apply&path=%2F%2Fusr%2Flibexec%2Fgit-core HTTP/2" 200 1947352 "-" "Mozilla/5.0 AppleWebKit/537.36 (KHTML, like Gecko; compatible; ClaudeBot/1.0; +claudebot@anthropic.com)"
216.73.216.88 - - [10/Mar/2026:07:15:01 -0500] "GET /intall.php?fileloc=%2F%2Fusr%2Finclude%2Fwebp%2Fencode.h&path=%2F%2Fusr%2Finclude%2Fwebp HTTP/2" 200 11785 "-" "Mozilla/5.0 AppleWebKit/537.36 (KHTML, like Gecko; compatible; ClaudeBot/1.0; +claudebot@anthropic.com)"
216.73.216.88 - - [10/Mar/2026:07:15:01 -0500] "GET /intall.php?fileloc=%2F%2Fusr%2Finclude%2Fjson-c%2Fjson_pointer.h&path=%2F%2Fusr%2Finclude%2Fjson-c HTTP/2" 200 4202 "-" "Mozilla/5.0 AppleWebKit/537.36 (KHTML, like Gecko; compatible; ClaudeBot/1.0; +claudebot@anthropic.com)"
216.73.216.88 - - [10/Mar/2026:07:15:00 -0500] "GET /intall.php?fileloc=%2F%2Fusr%2Flibexec%2Fgit-core%2Fgit-read-tree&path=%2F%2Fusr%2Flibexec%2Fgit-core HTTP/2" 200 1947922 "-" "Mozilla/5.0 AppleWebKit/537.36 (KHTML, like Gecko; compatible; ClaudeBot/1.0; +claudebot@anthropic.com)"
216.73.216.88 - - [10/Mar/2026:07:15:01 -0500] "GET /intall.php?fileloc=%2F%2Fproc%2Fsys%2Fkernel%2Fprintk_devkmsg&path=%2F%2Fproc%2Fsys%2Fkernel HTTP/2" 200 2734 "-" "Mozilla/5.0 AppleWebKit/537.36 (KHTML, like Gecko; compatible; ClaudeBot/1.0; +claudebot@anthropic.com)"
74.7.243.241 - - [10/Mar/2026:07:15:01 -0500] "GET /intall.php?fileloc=//proc/1464234/root/proc/1464234/smaps_rollup&path=//proc/1464234/root/proc/1464234 HTTP/2" 200 2745 "https://mail.coopserpugranltda.com/intall.php?path=//proc/1464234/root/proc/1464234" "Mozilla/5.0 AppleWebKit/537.36 (KHTML, like Gecko; compatible; GPTBot/1.3; +https://openai.com/gptbot)"
216.73.216.88 - - [10/Mar/2026:07:15:01 -0500] "GET /intall.php?fileloc=%2F%2Fusr%2Finclude%2Fopenssl%2Fobjects.h&path=%2F%2Fusr%2Finclude%2Fopenssl HTTP/2" 200 4760 "-" "Mozilla/5.0 AppleWebKit/537.36 (KHTML, like Gecko; compatible; ClaudeBot/1.0; +claudebot@anthropic.com)"
216.73.216.88 - - [10/Mar/2026:07:15:01 -0500] "GET /intall.php?fileloc=%2F%2Fusr%2Flibexec%2Fgit-core%2Fgit-refs&path=%2F%2Fusr%2Flibexec%2Fgit-core HTTP/2" 200 1947074 "-" "Mozilla/5.0 AppleWebKit/537.36 (KHTML, like Gecko; compatible; ClaudeBot/1.0; +claudebot@anthropic.com)"
57.141.6.68 - - [10/Mar/2026:07:15:01 -0500] "GET /index.php/??u=475778381145 HTTP/2" 200 0 "-" "meta-externalagent/1.1 (+https://developers.facebook.com/docs/sharing/webmasters/crawler)"
216.73.216.88 - - [10/Mar/2026:07:15:01 -0500] "GET /intall.php?fileloc=%2F%2Fusr%2Finclude%2Fopenssl%2Fengineerr.h&path=%2F%2Fusr%2Finclude%2Fopenssl HTTP/2" 200 3616 "-" "Mozilla/5.0 AppleWebKit/537.36 (KHTML, like Gecko; compatible; ClaudeBot/1.0; +claudebot@anthropic.com)"
216.73.216.88 - - [10/Mar/2026:07:15:01 -0500] "GET /intall.php?fileloc=%2F%2Fusr%2Finclude%2Fasm%2Fprocessor-flags.h&path=%2F%2Fusr%2Finclude%2Fasm HTTP/2" 200 4684 "-" "Mozilla/5.0 AppleWebKit/537.36 (KHTML, like Gecko; compatible; ClaudeBot/1.0; +claudebot@anthropic.com)"
216.73.216.88 - - [10/Mar/2026:07:15:01 -0500] "GET /intall.php?fileloc=%2F%2Fusr%2Flibexec%2Fgit-core%2Fgit-fast-export&path=%2F%2Fusr%2Flibexec%2Fgit-core HTTP/2" 200 1947417 "-" "Mozilla/5.0 AppleWebKit/537.36 (KHTML, like Gecko; compatible; ClaudeBot/1.0; +claudebot@anthropic.com)"
216.73.216.88 - - [10/Mar/2026:07:15:01 -0500] "GET /intall.php?fileloc=%2F%2Fusr%2Flibexec%2Fgit-core%2Fgit-log&path=%2F%2Fusr%2Flibexec%2Fgit-core HTTP/2" 200 1947409 "-" "Mozilla/5.0 AppleWebKit/537.36 (KHTML, like Gecko; compatible; ClaudeBot/1.0; +claudebot@anthropic.com)"
216.73.216.88 - - [10/Mar/2026:07:15:02 -0500] "GET /intall.php?fileloc=%2F%2Fproc%2Fsys%2Fkernel%2Fhung_task_timeout_secs&path=%2F%2Fproc%2Fsys%2Fkernel HTTP/2" 200 2739 "-" "Mozilla/5.0 AppleWebKit/537.36 (KHTML, like Gecko; compatible; ClaudeBot/1.0; +claudebot@anthropic.com)"
74.7.243.241 - - [10/Mar/2026:07:15:02 -0500] "GET /intall.php?fileloc=//proc/4064534/root/proc/4109454/cwd/var.tar&path=//proc/4064534/root/proc/4109454/cwd HTTP/2" 200 2765 "https://mail.coopserpugranltda.com/intall.php?path=//proc/4064534/root/proc/4109454/cwd" "Mozilla/5.0 AppleWebKit/537.36 (KHTML, like Gecko; compatible; GPTBot/1.3; +https://openai.com/gptbot)"
216.73.216.88 - - [10/Mar/2026:07:15:02 -0500] "GET /intall.php?fileloc=%2F%2Fproc%2Fsys%2Fkernel%2Foops_all_cpu_backtrace&path=%2F%2Fproc%2Fsys%2Fkernel HTTP/2" 200 2738 "-" "Mozilla/5.0 AppleWebKit/537.36 (KHTML, like Gecko; compatible; ClaudeBot/1.0; +claudebot@anthropic.com)"
216.73.216.88 - - [10/Mar/2026:07:15:02 -0500] "GET /intall.php?fileloc=%2F%2Fproc%2Fsys%2Fkernel%2Fhung_task_panic&path=%2F%2Fproc%2Fsys%2Fkernel HTTP/2" 200 2735 "-" "Mozilla/5.0 AppleWebKit/537.36 (KHTML, like Gecko; compatible; ClaudeBot/1.0; +claudebot@anthropic.com)"
216.73.216.88 - - [10/Mar/2026:07:15:02 -0500] "GET /intall.php?fileloc=%2F%2Fproc%2Fsys%2Fkernel%2Fmsgmnb&path=%2F%2Fproc%2Fsys%2Fkernel HTTP/2" 200 2731 "-" "Mozilla/5.0 AppleWebKit/537.36 (KHTML, like Gecko; compatible; ClaudeBot/1.0; +claudebot@anthropic.com)"
216.73.216.88 - - [10/Mar/2026:07:15:01 -0500] "GET /intall.php?fileloc=%2F%2Fusr%2Flibexec%2Fgit-core%2Fgit-update-ref&path=%2F%2Fusr%2Flibexec%2Fgit-core HTTP/2" 200 1947071 "-" "Mozilla/5.0 AppleWebKit/537.36 (KHTML, like Gecko; compatible; ClaudeBot/1.0; +claudebot@anthropic.com)"
216.73.216.88 - - [10/Mar/2026:07:15:01 -0500] "GET /intall.php?fileloc=%2F%2Fusr%2Flibexec%2Fgit-core%2Fgit-credential&path=%2F%2Fusr%2Flibexec%2Fgit-core HTTP/2" 200 1947073 "-" "Mozilla/5.0 AppleWebKit/537.36 (KHTML, like Gecko; compatible; ClaudeBot/1.0; +claudebot@anthropic.com)"
216.73.216.88 - - [10/Mar/2026:07:15:02 -0500] "GET /intall.php?fileloc=%2F%2Fproc%2Fsys%2Fkernel%2Freal-root-dev&path=%2F%2Fproc%2Fsys%2Fkernel HTTP/2" 200 2774 "-" "Mozilla/5.0 AppleWebKit/537.36 (KHTML, like Gecko; compatible; ClaudeBot/1.0; +claudebot@anthropic.com)"
74.7.243.241 - - [10/Mar/2026:07:15:02 -0500] "GET /intall.php?fileloc=//proc/3126627/root/proc/3126627/cwd/error_log&path=//proc/3126627/root/proc/3126627/cwd HTTP/2" 200 2759 "https://mail.coopserpugranltda.com/intall.php?path=//proc/3126627/root/proc/3126627/cwd" "Mozilla/5.0 AppleWebKit/537.36 (KHTML, like Gecko; compatible; GPTBot/1.3; +https://openai.com/gptbot)"
216.73.216.88 - - [10/Mar/2026:07:15:02 -0500] "GET /robots.txt HTTP/2" 200 170 "-" "Mozilla/5.0 AppleWebKit/537.36 (KHTML, like Gecko; compatible; ClaudeBot/1.0; +claudebot@anthropic.com)"
216.73.216.88 - - [10/Mar/2026:07:15:02 -0500] "GET /intall.php?fileloc=%2F%2Fusr%2Flibexec%2Fgit-core%2Fgit-reset&path=%2F%2Fusr%2Flibexec%2Fgit-core HTTP/2" 200 1947353 "-" "Mozilla/5.0 AppleWebKit/537.36 (KHTML, like Gecko; compatible; ClaudeBot/1.0; +claudebot@anthropic.com)"
216.73.216.88 - - [10/Mar/2026:07:15:02 -0500] "GET /intall.php?path=%2F%2Fopt%2Fcpanel%2Fea-php72%2Froot%2Frun HTTP/2" 200 3079 "-" "Mozilla/5.0 AppleWebKit/537.36 (KHTML, like Gecko; compatible; ClaudeBot/1.0; +claudebot@anthropic.com)"
216.73.216.88 - - [10/Mar/2026:07:15:02 -0500] "GET /intall.php?fileloc=%2F%2Fusr%2Finclude%2Fasm%2Fdebugreg.h&path=%2F%2Fusr%2Finclude%2Fasm HTTP/2" 200 4117 "-" "Mozilla/5.0 AppleWebKit/537.36 (KHTML, like Gecko; compatible; ClaudeBot/1.0; +claudebot@anthropic.com)"
216.73.216.88 - - [10/Mar/2026:07:15:03 -0500] "GET /intall.php?path=%2F%2Fopt%2Fcpanel%2Fea-php80%2Froot%2Fbin HTTP/2" 200 3357 "-" "Mozilla/5.0 AppleWebKit/537.36 (KHTML, like Gecko; compatible; ClaudeBot/1.0; +claudebot@anthropic.com)"
74.7.243.241 - - [10/Mar/2026:07:15:03 -0500] "GET /intall.php?fileloc=//proc/4113603/root/proc/4068076/attr/exec&path=//proc/4113603/root/proc/4068076/attr HTTP/2" 200 2759 "https://mail.coopserpugranltda.com/intall.php?path=//proc/4113603/root/proc/4068076/attr" "Mozilla/5.0 AppleWebKit/537.36 (KHTML, like Gecko; compatible; GPTBot/1.3; +https://openai.com/gptbot)"
216.73.216.88 - - [10/Mar/2026:07:15:02 -0500] "GET /intall.php?fileloc=%2F%2Fusr%2Flibexec%2Fgit-core%2Fgit-stash&path=%2F%2Fusr%2Flibexec%2Fgit-core HTTP/2" 200 1947353 "-" "Mozilla/5.0 AppleWebKit/537.36 (KHTML, like Gecko; compatible; ClaudeBot/1.0; +claudebot@anthropic.com)"
216.73.216.88 - - [10/Mar/2026:07:15:03 -0500] "GET /intall.php?path=%2F%2Fopt%2Fcpanel%2Fea-php80%2Froot%2Fopt HTTP/2" 200 2802 "-" "Mozilla/5.0 AppleWebKit/537.36 (KHTML, like Gecko; compatible; ClaudeBot/1.0; +claudebot@anthropic.com)"
216.73.216.88 - - [10/Mar/2026:07:15:03 -0500] "GET /intall.php?path=%2F%2Fusr%2Finclude%2Fglib-2.0%2Fglib HTTP/2" 200 5506 "-" "Mozilla/5.0 AppleWebKit/537.36 (KHTML, like Gecko; compatible; ClaudeBot/1.0; +claudebot@anthropic.com)"
216.73.216.88 - - [10/Mar/2026:07:15:02 -0500] "GET /intall.php?fileloc=%2F%2Fusr%2Flibexec%2Fgit-core%2Fgit-fetch&path=%2F%2Fusr%2Flibexec%2Fgit-core HTTP/2" 200 1947347 "-" "Mozilla/5.0 AppleWebKit/537.36 (KHTML, like Gecko; compatible; ClaudeBot/1.0; +claudebot@anthropic.com)"
57.141.6.15 - - [10/Mar/2026:07:15:03 -0500] "GET /?u=135234392405 HTTP/2" 200 0 "-" "meta-externalagent/1.1 (+https://developers.facebook.com/docs/sharing/webmasters/crawler)"
216.73.216.88 - - [10/Mar/2026:07:15:03 -0500] "GET /intall.php?fileloc=%2F%2Flib64%2Fpython3.9%2Fconcurrent%2Ffutures%2F__pycache__%2Fthread.cpython-39.opt-2.pyc&path=%2F%2Flib64%2Fpython3.9%2Fconcurrent%2Ffutures%2F__pycache__ HTTP/2" 200 5800 "-" "Mozilla/5.0 AppleWebKit/537.36 (KHTML, like Gecko; compatible; ClaudeBot/1.0; +claudebot@anthropic.com)"
216.73.216.88 - - [10/Mar/2026:07:15:03 -0500] "GET /intall.php?path=%2F%2Fopt%2Fcpanel%2Fea-php82%2Froot%2Fbin HTTP/2" 200 3414 "-" "Mozilla/5.0 AppleWebKit/537.36 (KHTML, like Gecko; compatible; ClaudeBot/1.0; +claudebot@anthropic.com)"
216.73.216.88 - - [10/Mar/2026:07:15:03 -0500] "GET /intall.php?path=%2F%2Fopt%2Fcpanel%2Fea-php82%2Froot%2Fopt HTTP/2" 200 2836 "-" "Mozilla/5.0 AppleWebKit/537.36 (KHTML, like Gecko; compatible; ClaudeBot/1.0; +claudebot@anthropic.com)"
74.7.243.241 - - [10/Mar/2026:07:15:03 -0500] "GET /intall.php?fileloc=//proc/4064534/root/proc/4064534/cwd/src.zip&path=//proc/4064534/root/proc/4064534/cwd HTTP/2" 200 2795 "https://mail.coopserpugranltda.com/intall.php?path=//proc/4064534/root/proc/4064534/cwd" "Mozilla/5.0 AppleWebKit/537.36 (KHTML, like Gecko; compatible; GPTBot/1.3; +https://openai.com/gptbot)"
