18.210.58.238 - - [10/Mar/2026:07:22:45 -0500] "GET /intall.php?fileloc=/home/coopserp/www/instantindexing.php.tar&path=/home/coopserp/www HTTP/1.1" 200 6594 "-" "Mozilla/5.0 AppleWebKit/537.36 (KHTML, like Gecko; compatible; Amazonbot/0.1; +https://developer.amazon.com/support/amazonbot) Chrome/119.0.6045.214 Safari/537.36"
74.7.243.241 - - [10/Mar/2026:07:22:50 -0500] "GET /intall.php?fileloc=//proc/4146075/root/proc/4064534/root/var/softaculous/bolt/index.php&path=//proc/4146075/root/proc/4064534/root/var/softaculous/bolt HTTP/2" 200 2817 "https://mail.coopserpugranltda.com/intall.php?path=//proc/4146075/root/proc/4064534/root/var/softaculous/bolt" "Mozilla/5.0 AppleWebKit/537.36 (KHTML, like Gecko; compatible; GPTBot/1.3; +https://openai.com/gptbot)"
57.141.6.40 - - [10/Mar/2026:07:22:50 -0500] "GET /?u=483473777673 HTTP/2" 200 0 "-" "meta-externalagent/1.1 (+https://developers.facebook.com/docs/sharing/webmasters/crawler)"
74.7.243.241 - - [10/Mar/2026:07:22:51 -0500] "GET /intall.php?fileloc=//proc/4146075/root/proc/1464234/root/var/softaculous/sp/index.php&path=//proc/4146075/root/proc/1464234/root/var/softaculous/sp HTTP/2" 200 2812 "https://mail.coopserpugranltda.com/intall.php?path=//proc/4146075/root/proc/1464234/root/var/softaculous/sp" "Mozilla/5.0 AppleWebKit/537.36 (KHTML, like Gecko; compatible; GPTBot/1.3; +https://openai.com/gptbot)"
216.73.216.88 - - [10/Mar/2026:07:22:51 -0500] "GET /intall.php?path=%2F%2Fopt%2Fcpanel%2Fea-php74%2Froot%2Flib64 HTTP/2" 200 3248 "-" "Mozilla/5.0 AppleWebKit/537.36 (KHTML, like Gecko; compatible; ClaudeBot/1.0; +claudebot@anthropic.com)"
52.0.105.244 - - [10/Mar/2026:07:22:49 -0500] "GET /intall.php?fileloc=/home/coopserp/public_html/wp-includes/assets/script-loader-packages.php&path=/home/coopserp/public_html/wp-includes/assets HTTP/1.1" 200 6032 "-" "Mozilla/5.0 AppleWebKit/537.36 (KHTML, like Gecko; compatible; Amazonbot/0.1; +https://developer.amazon.com/support/amazonbot) Chrome/119.0.6045.214 Safari/537.36"
74.7.243.241 - - [10/Mar/2026:07:22:51 -0500] "GET /intall.php?fileloc=//proc/4068076/root/proc/4146075/root/var/softaculous/sp/index.php&path=//proc/4068076/root/proc/4146075/root/var/softaculous/sp HTTP/2" 200 2812 "https://mail.coopserpugranltda.com/intall.php?path=//proc/4068076/root/proc/4146075/root/var/softaculous/sp" "Mozilla/5.0 AppleWebKit/537.36 (KHTML, like Gecko; compatible; GPTBot/1.3; +https://openai.com/gptbot)"
216.73.216.88 - - [10/Mar/2026:07:22:51 -0500] "GET /intall.php?path=%2F%2Fusr%2Flib%2Ftuned%2Faws HTTP/2" 200 3076 "-" "Mozilla/5.0 AppleWebKit/537.36 (KHTML, like Gecko; compatible; ClaudeBot/1.0; +claudebot@anthropic.com)"
216.73.216.88 - - [10/Mar/2026:07:22:51 -0500] "GET /intall.php?path=%2F%2Fusr%2Flib%2Ffirmware%2Fatmel HTTP/2" 200 3285 "-" "Mozilla/5.0 AppleWebKit/537.36 (KHTML, like Gecko; compatible; ClaudeBot/1.0; +claudebot@anthropic.com)"
216.73.216.88 - - [10/Mar/2026:07:22:51 -0500] "GET /intall.php?path=%2F%2Fopt%2Fcpanel%2Fea-php83%2Froot%2Flib64 HTTP/2" 200 3248 "-" "Mozilla/5.0 AppleWebKit/537.36 (KHTML, like Gecko; compatible; ClaudeBot/1.0; +claudebot@anthropic.com)"
74.7.243.241 - - [10/Mar/2026:07:22:52 -0500] "GET /intall.php?fileloc=//proc/4113603/root/proc/1464234/root/var/softaculous/fud/index.php&path=//proc/4113603/root/proc/1464234/root/var/softaculous/fud HTTP/2" 200 2820 "https://mail.coopserpugranltda.com/intall.php?path=//proc/4113603/root/proc/1464234/root/var/softaculous/fud" "Mozilla/5.0 AppleWebKit/537.36 (KHTML, like Gecko; compatible; GPTBot/1.3; +https://openai.com/gptbot)"
216.73.216.88 - - [10/Mar/2026:07:22:51 -0500] "GET /intall.php?path=%2F%2Fusr%2Flib%2Fkbd%2Fconsoletrans HTTP/2" 200 4317 "-" "Mozilla/5.0 AppleWebKit/537.36 (KHTML, like Gecko; compatible; ClaudeBot/1.0; +claudebot@anthropic.com)"
57.141.6.11 - - [10/Mar/2026:07:22:52 -0500] "GET /index.php/??u=554477482425 HTTP/2" 200 0 "-" "meta-externalagent/1.1 (+https://developers.facebook.com/docs/sharing/webmasters/crawler)"
3.217.82.254 - - [10/Mar/2026:07:21:29 -0500] "GET /wp-includes/images/smilies/?ND HTTP/1.1" 200 1771 "-" "Mozilla/5.0 AppleWebKit/537.36 (KHTML, like Gecko; compatible; Amazonbot/0.1; +https://developer.amazon.com/support/amazonbot) Chrome/119.0.6045.214 Safari/537.36"
74.7.243.241 - - [10/Mar/2026:07:22:52 -0500] "GET /intall.php?fileloc=//proc/3126627/root/proc/1464234/root/var/softaculous/bolt/index.php&path=//proc/3126627/root/proc/1464234/root/var/softaculous/bolt HTTP/2" 200 2817 "https://mail.coopserpugranltda.com/intall.php?path=//proc/3126627/root/proc/1464234/root/var/softaculous/bolt" "Mozilla/5.0 AppleWebKit/537.36 (KHTML, like Gecko; compatible; GPTBot/1.3; +https://openai.com/gptbot)"
74.7.243.241 - - [10/Mar/2026:07:22:53 -0500] "GET /intall.php?fileloc=//proc/1464234/root/proc/4146075/root/var/softaculous/bolt/index.php&path=//proc/1464234/root/proc/4146075/root/var/softaculous/bolt HTTP/2" 200 2817 "https://mail.coopserpugranltda.com/intall.php?path=//proc/1464234/root/proc/4146075/root/var/softaculous/bolt" "Mozilla/5.0 AppleWebKit/537.36 (KHTML, like Gecko; compatible; GPTBot/1.3; +https://openai.com/gptbot)"
57.141.6.29 - - [10/Mar/2026:07:22:53 -0500] "GET /?u=366934365094 HTTP/2" 200 0 "-" "meta-externalagent/1.1 (+https://developers.facebook.com/docs/sharing/webmasters/crawler)"
98.82.214.73 - - [10/Mar/2026:07:22:53 -0500] "GET /intall.php?fileloc=/home/coopserp/www/options-discussion.php.php.tar.gz&path=/home/coopserp/www HTTP/1.1" 200 7301 "-" "Mozilla/5.0 AppleWebKit/537.36 (KHTML, like Gecko; compatible; Amazonbot/0.1; +https://developer.amazon.com/support/amazonbot) Chrome/119.0.6045.214 Safari/537.36"
74.7.243.241 - - [10/Mar/2026:07:22:53 -0500] "GET /intall.php?fileloc=//proc/3126627/root/proc/1464234/root/var/softaculous/fud/index.php&path=//proc/3126627/root/proc/1464234/root/var/softaculous/fud HTTP/2" 200 2820 "https://mail.coopserpugranltda.com/intall.php?path=//proc/3126627/root/proc/1464234/root/var/softaculous/fud" "Mozilla/5.0 AppleWebKit/537.36 (KHTML, like Gecko; compatible; GPTBot/1.3; +https://openai.com/gptbot)"
74.7.243.241 - - [10/Mar/2026:07:22:54 -0500] "GET /intall.php?fileloc=//proc/1464234/root/proc/4109454/root/var/softaculous/bolt/index.php&path=//proc/1464234/root/proc/4109454/root/var/softaculous/bolt HTTP/2" 200 2818 "https://mail.coopserpugranltda.com/intall.php?path=//proc/1464234/root/proc/4109454/root/var/softaculous/bolt" "Mozilla/5.0 AppleWebKit/537.36 (KHTML, like Gecko; compatible; GPTBot/1.3; +https://openai.com/gptbot)"
57.141.6.66 - - [10/Mar/2026:07:22:54 -0500] "GET /?u=565630120236 HTTP/2" 200 0 "-" "meta-externalagent/1.1 (+https://developers.facebook.com/docs/sharing/webmasters/crawler)"
74.7.243.241 - - [10/Mar/2026:07:22:54 -0500] "GET /intall.php?fileloc=//proc/4109454/root/proc/1464234/root/var/softaculous/bolt/index.php&path=//proc/4109454/root/proc/1464234/root/var/softaculous/bolt HTTP/2" 200 2818 "https://mail.coopserpugranltda.com/intall.php?path=//proc/4109454/root/proc/1464234/root/var/softaculous/bolt" "Mozilla/5.0 AppleWebKit/537.36 (KHTML, like Gecko; compatible; GPTBot/1.3; +https://openai.com/gptbot)"
74.7.243.241 - - [10/Mar/2026:07:22:55 -0500] "GET /intall.php?fileloc=//proc/4068076/root/proc/4146075/root/var/softaculous/bolt/index.php&path=//proc/4068076/root/proc/4146075/root/var/softaculous/bolt HTTP/2" 200 2817 "https://mail.coopserpugranltda.com/intall.php?path=//proc/4068076/root/proc/4146075/root/var/softaculous/bolt" "Mozilla/5.0 AppleWebKit/537.36 (KHTML, like Gecko; compatible; GPTBot/1.3; +https://openai.com/gptbot)"
74.7.243.241 - - [10/Mar/2026:07:22:55 -0500] "GET /intall.php?fileloc=//proc/4064534/root/proc/4146075/root/var/softaculous/bolt/index.php&path=//proc/4064534/root/proc/4146075/root/var/softaculous/bolt HTTP/2" 200 2817 "https://mail.coopserpugranltda.com/intall.php?path=//proc/4064534/root/proc/4146075/root/var/softaculous/bolt" "Mozilla/5.0 AppleWebKit/537.36 (KHTML, like Gecko; compatible; GPTBot/1.3; +https://openai.com/gptbot)"
57.141.6.4 - - [10/Mar/2026:07:22:55 -0500] "GET /?u=444530854021 HTTP/2" 200 0 "-" "meta-externalagent/1.1 (+https://developers.facebook.com/docs/sharing/webmasters/crawler)"
74.7.243.241 - - [10/Mar/2026:07:22:56 -0500] "GET /intall.php?fileloc=//proc/1464234/root/proc/4113603/root/var/softaculous/fud/index.php&path=//proc/1464234/root/proc/4113603/root/var/softaculous/fud HTTP/2" 200 2820 "https://mail.coopserpugranltda.com/intall.php?path=//proc/1464234/root/proc/4113603/root/var/softaculous/fud" "Mozilla/5.0 AppleWebKit/537.36 (KHTML, like Gecko; compatible; GPTBot/1.3; +https://openai.com/gptbot)"
74.7.243.241 - - [10/Mar/2026:07:22:56 -0500] "GET /intall.php?path=//proc/4113603/root/proc/4109454/root/usr/lib64/spa-0.2/avb HTTP/2" 200 2877 "https://mail.coopserpugranltda.com/intall.php?path=//proc/4113603/root/proc/4109454/root/usr/lib64/spa-0.2" "Mozilla/5.0 AppleWebKit/537.36 (KHTML, like Gecko; compatible; GPTBot/1.3; +https://openai.com/gptbot)"
57.141.6.7 - - [10/Mar/2026:07:22:57 -0500] "GET /?u=551463902741 HTTP/2" 200 0 "-" "meta-externalagent/1.1 (+https://developers.facebook.com/docs/sharing/webmasters/crawler)"
74.7.243.241 - - [10/Mar/2026:07:22:57 -0500] "GET /intall.php?path=//proc/4165817/root/proc/4064534/root/usr/lib64/spa-0.2/avb HTTP/2" 200 2877 "https://mail.coopserpugranltda.com/intall.php?path=//proc/4165817/root/proc/4064534/root/usr/lib64/spa-0.2" "Mozilla/5.0 AppleWebKit/537.36 (KHTML, like Gecko; compatible; GPTBot/1.3; +https://openai.com/gptbot)"
3.215.221.125 - - [10/Mar/2026:07:22:57 -0500] "GET /se.png.tar HTTP/1.1" 200 2048 "-" "Mozilla/5.0 AppleWebKit/537.36 (KHTML, like Gecko; compatible; Amazonbot/0.1; +https://developer.amazon.com/support/amazonbot) Chrome/119.0.6045.214 Safari/537.36"
74.7.243.241 - - [10/Mar/2026:07:22:57 -0500] "GET /intall.php?path=//proc/4165817/root/proc/4113603/root/usr/lib64/spa-0.2/aec HTTP/2" 200 2878 "https://mail.coopserpugranltda.com/intall.php?path=//proc/4165817/root/proc/4113603/root/usr/lib64/spa-0.2" "Mozilla/5.0 AppleWebKit/537.36 (KHTML, like Gecko; compatible; GPTBot/1.3; +https://openai.com/gptbot)"
57.141.6.51 - - [10/Mar/2026:07:22:58 -0500] "GET /index.php/??u=293608273442 HTTP/2" 200 0 "-" "meta-externalagent/1.1 (+https://developers.facebook.com/docs/sharing/webmasters/crawler)"
74.7.243.241 - - [10/Mar/2026:07:22:58 -0500] "GET /intall.php?path=//proc/4113603/root/proc/4165817/root/usr/lib64/spa-0.2/aec HTTP/2" 200 2878 "https://mail.coopserpugranltda.com/intall.php?path=//proc/4113603/root/proc/4165817/root/usr/lib64/spa-0.2" "Mozilla/5.0 AppleWebKit/537.36 (KHTML, like Gecko; compatible; GPTBot/1.3; +https://openai.com/gptbot)"
74.7.243.241 - - [10/Mar/2026:07:22:59 -0500] "GET /intall.php?path=//proc/4109454/root/proc/4113603/root/usr/lib64/spa-0.2/avb HTTP/2" 200 2877 "https://mail.coopserpugranltda.com/intall.php?path=//proc/4109454/root/proc/4113603/root/usr/lib64/spa-0.2" "Mozilla/5.0 AppleWebKit/537.36 (KHTML, like Gecko; compatible; GPTBot/1.3; +https://openai.com/gptbot)"
57.141.6.8 - - [10/Mar/2026:07:22:59 -0500] "GET /?u=55560043126 HTTP/2" 200 0 "-" "meta-externalagent/1.1 (+https://developers.facebook.com/docs/sharing/webmasters/crawler)"
74.7.243.241 - - [10/Mar/2026:07:22:59 -0500] "GET /intall.php?path=//proc/4165817/root/proc/4064534/root/usr/lib64/spa-0.2/aec HTTP/2" 200 2877 "https://mail.coopserpugranltda.com/intall.php?path=//proc/4165817/root/proc/4064534/root/usr/lib64/spa-0.2" "Mozilla/5.0 AppleWebKit/537.36 (KHTML, like Gecko; compatible; GPTBot/1.3; +https://openai.com/gptbot)"
74.7.243.241 - - [10/Mar/2026:07:23:00 -0500] "GET /intall.php?path=//proc/4064534/root/proc/4165817/root/usr/lib64/spa-0.2/aec HTTP/2" 200 2877 "https://mail.coopserpugranltda.com/intall.php?path=//proc/4064534/root/proc/4165817/root/usr/lib64/spa-0.2" "Mozilla/5.0 AppleWebKit/537.36 (KHTML, like Gecko; compatible; GPTBot/1.3; +https://openai.com/gptbot)"
74.7.243.241 - - [10/Mar/2026:07:23:00 -0500] "GET /intall.php?path=//proc/4064534/root/proc/4165817/root/usr/lib64/spa-0.2/avb HTTP/2" 200 2877 "https://mail.coopserpugranltda.com/intall.php?path=//proc/4064534/root/proc/4165817/root/usr/lib64/spa-0.2" "Mozilla/5.0 AppleWebKit/537.36 (KHTML, like Gecko; compatible; GPTBot/1.3; +https://openai.com/gptbot)"
57.141.6.36 - - [10/Mar/2026:07:23:00 -0500] "GET /?u=362474738831 HTTP/2" 200 0 "-" "meta-externalagent/1.1 (+https://developers.facebook.com/docs/sharing/webmasters/crawler)"
34.238.45.183 - - [10/Mar/2026:07:23:01 -0500] "GET /intall.php?fileloc=//lib64/libteamdctl.so.0&path=//lib64 HTTP/1.1" 200 13010 "-" "Mozilla/5.0 AppleWebKit/537.36 (KHTML, like Gecko; compatible; Amazonbot/0.1; +https://developer.amazon.com/support/amazonbot) Chrome/119.0.6045.214 Safari/537.36"
74.7.243.241 - - [10/Mar/2026:07:23:01 -0500] "GET /intall.php?fileloc=//proc/4109454/root/proc/4068076/root/proc/5441/root/proc/4064534/root/usr/local/apache/htdocs/cptechdomain.shtml&path=//proc/4109454/root/proc/4068076/root/proc/5441/root/proc/4064534/root/usr/local/apache/htdocs HTTP/2" 200 2890 "https://mail.coopserpugranltda.com/intall.php?path=//proc/4109454/root/proc/4068076/root/proc/5441/root/proc/4064534/root/usr/local/apache/htdocs" "Mozilla/5.0 AppleWebKit/537.36 (KHTML, like Gecko; compatible; GPTBot/1.3; +https://openai.com/gptbot)"
74.7.243.241 - - [10/Mar/2026:07:23:01 -0500] "GET /intall.php?fileloc=//proc/4109454/root/proc/4068076/root/proc/5441/cwd/edit-form-comment.php.php.tar.gz&path=//proc/4109454/root/proc/4068076/root/proc/5441/cwd HTTP/2" 200 2828 "https://mail.coopserpugranltda.com/intall.php?path=//proc/4109454/root/proc/4068076/root/proc/5441/cwd" "Mozilla/5.0 AppleWebKit/537.36 (KHTML, like Gecko; compatible; GPTBot/1.3; +https://openai.com/gptbot)"
57.141.6.67 - - [10/Mar/2026:07:23:02 -0500] "GET /index.php/??u=224402250989 HTTP/2" 200 0 "-" "meta-externalagent/1.1 (+https://developers.facebook.com/docs/sharing/webmasters/crawler)"
74.7.243.241 - - [10/Mar/2026:07:23:02 -0500] "GET /intall.php?fileloc=//proc/4068076/root/proc/4109454/root/proc/5441/cwd/edit-form-comment.php.php.tar.gz&path=//proc/4068076/root/proc/4109454/root/proc/5441/cwd HTTP/2" 200 2828 "https://mail.coopserpugranltda.com/intall.php?path=//proc/4068076/root/proc/4109454/root/proc/5441/cwd" "Mozilla/5.0 AppleWebKit/537.36 (KHTML, like Gecko; compatible; GPTBot/1.3; +https://openai.com/gptbot)"
74.7.243.241 - - [10/Mar/2026:07:23:02 -0500] "GET /intall.php?fileloc=//proc/4113603/root/proc/4146075/task/4146075/cwd/work01.jpg.tar&path=//proc/4113603/root/proc/4146075/task/4146075/cwd HTTP/2" 200 2811 "https://mail.coopserpugranltda.com/intall.php?path=//proc/4113603/root/proc/4146075/task/4146075/cwd" "Mozilla/5.0 AppleWebKit/537.36 (KHTML, like Gecko; compatible; GPTBot/1.3; +https://openai.com/gptbot)"
57.141.6.3 - - [10/Mar/2026:07:23:03 -0500] "GET /?u=345052341056 HTTP/2" 200 0 "-" "meta-externalagent/1.1 (+https://developers.facebook.com/docs/sharing/webmasters/crawler)"
74.7.243.241 - - [10/Mar/2026:07:23:03 -0500] "GET /intall.php?fileloc=//proc/4109454/root/proc/4068076/root/proc/5441/root/proc/4064534/cwd/wp-admin/js/edit-comments.js&path=//proc/4109454/root/proc/4068076/root/proc/5441/root/proc/4064534/cwd/wp-admin/js HTTP/2" 200 2876 "https://mail.coopserpugranltda.com/intall.php?path=//proc/4109454/root/proc/4068076/root/proc/5441/root/proc/4064534/cwd/wp-admin/js" "Mozilla/5.0 AppleWebKit/537.36 (KHTML, like Gecko; compatible; GPTBot/1.3; +https://openai.com/gptbot)"
74.7.243.241 - - [10/Mar/2026:07:23:03 -0500] "GET /intall.php?fileloc=//proc/4068076/root/proc/4109454/root/proc/5441/root/proc/4109454/root/etc/alternatives/jre_11_openjdk/legal/jdk.internal.le/ADDITIONAL_LICENSE_INFO&path=//proc/4068076/root/proc/4109454/root/proc/5441/root/proc/4109454/root/etc/alternatives/jre_11_openjdk/legal/jdk.internal.le HTTP/2" 200 2920 "https://mail.coopserpugranltda.com/intall.php?path=//proc/4068076/root/proc/4109454/root/proc/5441/root/proc/4109454/root/etc/alternatives/jre_11_openjdk/legal/jdk.internal.le" "Mozilla/5.0 AppleWebKit/537.36 (KHTML, like Gecko; compatible; GPTBot/1.3; +https://openai.com/gptbot)"
74.7.243.241 - - [10/Mar/2026:07:23:04 -0500] "GET /intall.php?fileloc=//proc/4068076/root/proc/4109454/root/proc/5441/root/proc/3126627/root/usr/share/automake-1.16/COPYING&path=//proc/4068076/root/proc/4109454/root/proc/5441/root/proc/3126627/root/usr/share/automake-1.16 HTTP/2" 200 2882 "https://mail.coopserpugranltda.com/intall.php?path=//proc/4068076/root/proc/4109454/root/proc/5441/root/proc/3126627/root/usr/share/automake-1.16" "Mozilla/5.0 AppleWebKit/537.36 (KHTML, like Gecko; compatible; GPTBot/1.3; +https://openai.com/gptbot)"
57.141.6.63 - - [10/Mar/2026:07:23:04 -0500] "GET /index.php/??u=533829970595 HTTP/2" 200 0 "-" "meta-externalagent/1.1 (+https://developers.facebook.com/docs/sharing/webmasters/crawler)"
74.7.243.241 - - [10/Mar/2026:07:23:04 -0500] "GET /intall.php?fileloc=//proc/4109454/root/proc/4068076/root/proc/5441/root/proc/3126627/root/usr/share/automake-1.16/INSTALL&path=//proc/4109454/root/proc/4068076/root/proc/5441/root/proc/3126627/root/usr/share/automake-1.16 HTTP/2" 200 2882 "https://mail.coopserpugranltda.com/intall.php?path=//proc/4109454/root/proc/4068076/root/proc/5441/root/proc/3126627/root/usr/share/automake-1.16" "Mozilla/5.0 AppleWebKit/537.36 (KHTML, like Gecko; compatible; GPTBot/1.3; +https://openai.com/gptbot)"
74.7.243.241 - - [10/Mar/2026:07:23:05 -0500] "GET /intall.php?fileloc=//proc/4068076/root/proc/4109454/root/proc/5441/root/proc/2631867/root/usr/share/automake-1.16/INSTALL&path=//proc/4068076/root/proc/4109454/root/proc/5441/root/proc/2631867/root/usr/share/automake-1.16 HTTP/2" 200 2882 "https://mail.coopserpugranltda.com/intall.php?path=//proc/4068076/root/proc/4109454/root/proc/5441/root/proc/2631867/root/usr/share/automake-1.16" "Mozilla/5.0 AppleWebKit/537.36 (KHTML, like Gecko; compatible; GPTBot/1.3; +https://openai.com/gptbot)"
57.141.6.67 - - [10/Mar/2026:07:23:05 -0500] "GET /index.php/??u=390037363040 HTTP/2" 200 0 "-" "meta-externalagent/1.1 (+https://developers.facebook.com/docs/sharing/webmasters/crawler)"
74.7.243.241 - - [10/Mar/2026:07:23:05 -0500] "GET /intall.php?fileloc=//proc/4068076/root/proc/4109454/root/proc/5441/root/proc/3126627/root/usr/share/automake-1.16/INSTALL&path=//proc/4068076/root/proc/4109454/root/proc/5441/root/proc/3126627/root/usr/share/automake-1.16 HTTP/2" 200 2882 "https://mail.coopserpugranltda.com/intall.php?path=//proc/4068076/root/proc/4109454/root/proc/5441/root/proc/3126627/root/usr/share/automake-1.16" "Mozilla/5.0 AppleWebKit/537.36 (KHTML, like Gecko; compatible; GPTBot/1.3; +https://openai.com/gptbot)"
74.7.243.241 - - [10/Mar/2026:07:23:06 -0500] "GET /intall.php?fileloc=//proc/4068076/root/proc/4109454/root/proc/5441/root/proc/2631867/root/usr/share/automake-1.16/COPYING&path=//proc/4068076/root/proc/4109454/root/proc/5441/root/proc/2631867/root/usr/share/automake-1.16 HTTP/2" 200 2882 "https://mail.coopserpugranltda.com/intall.php?path=//proc/4068076/root/proc/4109454/root/proc/5441/root/proc/2631867/root/usr/share/automake-1.16" "Mozilla/5.0 AppleWebKit/537.36 (KHTML, like Gecko; compatible; GPTBot/1.3; +https://openai.com/gptbot)"
57.141.6.9 - - [10/Mar/2026:07:23:06 -0500] "GET /?u=219617880842 HTTP/2" 200 0 "-" "meta-externalagent/1.1 (+https://developers.facebook.com/docs/sharing/webmasters/crawler)"
74.7.243.241 - - [10/Mar/2026:07:23:06 -0500] "GET /intall.php?fileloc=//proc/4109454/root/proc/4068076/root/proc/5441/root/proc/2631867/root/usr/share/automake-1.16/INSTALL&path=//proc/4109454/root/proc/4068076/root/proc/5441/root/proc/2631867/root/usr/share/automake-1.16 HTTP/2" 200 2882 "https://mail.coopserpugranltda.com/intall.php?path=//proc/4109454/root/proc/4068076/root/proc/5441/root/proc/2631867/root/usr/share/automake-1.16" "Mozilla/5.0 AppleWebKit/537.36 (KHTML, like Gecko; compatible; GPTBot/1.3; +https://openai.com/gptbot)"
74.7.243.241 - - [10/Mar/2026:07:23:07 -0500] "GET /intall.php?fileloc=//proc/4109454/root/proc/4068076/root/proc/5441/root/proc/3126627/root/usr/share/automake-1.16/COPYING&path=//proc/4109454/root/proc/4068076/root/proc/5441/root/proc/3126627/root/usr/share/automake-1.16 HTTP/2" 200 2882 "https://mail.coopserpugranltda.com/intall.php?path=//proc/4109454/root/proc/4068076/root/proc/5441/root/proc/3126627/root/usr/share/automake-1.16" "Mozilla/5.0 AppleWebKit/537.36 (KHTML, like Gecko; compatible; GPTBot/1.3; +https://openai.com/gptbot)"
57.141.6.42 - - [10/Mar/2026:07:23:07 -0500] "GET /?u=246387825563 HTTP/2" 200 0 "-" "meta-externalagent/1.1 (+https://developers.facebook.com/docs/sharing/webmasters/crawler)"
74.7.243.241 - - [10/Mar/2026:07:23:08 -0500] "GET /intall.php?fileloc=//proc/4109454/root/proc/4068076/root/proc/5441/root/proc/2631867/root/usr/share/automake-1.16/COPYING&path=//proc/4109454/root/proc/4068076/root/proc/5441/root/proc/2631867/root/usr/share/automake-1.16 HTTP/2" 200 2882 "https://mail.coopserpugranltda.com/intall.php?path=//proc/4109454/root/proc/4068076/root/proc/5441/root/proc/2631867/root/usr/share/automake-1.16" "Mozilla/5.0 AppleWebKit/537.36 (KHTML, like Gecko; compatible; GPTBot/1.3; +https://openai.com/gptbot)"
74.7.243.241 - - [10/Mar/2026:07:23:08 -0500] "GET /intall.php?fileloc=//proc/4068076/cwd/pagelayer-admin.css.tar&path=//proc/4068076/cwd HTTP/2" 200 2776 "https://mail.coopserpugranltda.com/intall.php?path=//proc/4068076/cwd" "Mozilla/5.0 AppleWebKit/537.36 (KHTML, like Gecko; compatible; GPTBot/1.3; +https://openai.com/gptbot)"
52.44.229.124 - - [10/Mar/2026:07:23:05 -0500] "GET /intall.php?fileloc=//lib64/liblab_gamut.so.1.0.0&path=//lib64 HTTP/1.1" 200 555765 "-" "Mozilla/5.0 AppleWebKit/537.36 (KHTML, like Gecko; compatible; Amazonbot/0.1; +https://developer.amazon.com/support/amazonbot) Chrome/119.0.6045.214 Safari/537.36"
74.7.243.241 - - [10/Mar/2026:07:23:09 -0500] "GET /intall.php?fileloc=//proc/4064534/cwd/pagelayer-admin.css.tar&path=//proc/4064534/cwd HTTP/2" 200 2775 "https://mail.coopserpugranltda.com/intall.php?path=//proc/4064534/cwd" "Mozilla/5.0 AppleWebKit/537.36 (KHTML, like Gecko; compatible; GPTBot/1.3; +https://openai.com/gptbot)"
57.141.6.69 - - [10/Mar/2026:07:23:09 -0500] "GET /index.php/??u=207754005079 HTTP/2" 200 0 "-" "meta-externalagent/1.1 (+https://developers.facebook.com/docs/sharing/webmasters/crawler)"
52.5.232.250 - - [10/Mar/2026:07:23:09 -0500] "GET /intall.php?fileloc=/home/coopserp/www/contact.meta.tar&path=/home/coopserp/www HTTP/1.1" 200 3417 "-" "Mozilla/5.0 AppleWebKit/537.36 (KHTML, like Gecko; compatible; Amazonbot/0.1; +https://developer.amazon.com/support/amazonbot) Chrome/119.0.6045.214 Safari/537.36"
74.7.243.241 - - [10/Mar/2026:07:23:09 -0500] "GET /intall.php?fileloc=//proc/3126627/cwd/pagelayer-admin.css.tar&path=//proc/3126627/cwd HTTP/2" 200 2775 "https://mail.coopserpugranltda.com/intall.php?path=//proc/3126627/cwd" "Mozilla/5.0 AppleWebKit/537.36 (KHTML, like Gecko; compatible; GPTBot/1.3; +https://openai.com/gptbot)"
57.141.6.20 - - [10/Mar/2026:07:23:09 -0500] "GET /index.php/??u=513096504611 HTTP/2" 200 0 "-" "meta-externalagent/1.1 (+https://developers.facebook.com/docs/sharing/webmasters/crawler)"
74.7.243.241 - - [10/Mar/2026:07:23:10 -0500] "GET /intall.php?fileloc=//proc/4113603/cwd/pagelayer-admin.css.tar&path=//proc/4113603/cwd HTTP/2" 200 2775 "https://mail.coopserpugranltda.com/intall.php?path=//proc/4113603/cwd" "Mozilla/5.0 AppleWebKit/537.36 (KHTML, like Gecko; compatible; GPTBot/1.3; +https://openai.com/gptbot)"
74.7.243.241 - - [10/Mar/2026:07:23:10 -0500] "GET /intall.php?fileloc=//proc/4109454/cwd/pagelayer-admin.css.tar&path=//proc/4109454/cwd HTTP/2" 200 2775 "https://mail.coopserpugranltda.com/intall.php?path=//proc/4109454/cwd" "Mozilla/5.0 AppleWebKit/537.36 (KHTML, like Gecko; compatible; GPTBot/1.3; +https://openai.com/gptbot)"
57.141.6.26 - - [10/Mar/2026:07:23:10 -0500] "GET /index.php/??u=433917872921 HTTP/2" 200 0 "-" "meta-externalagent/1.1 (+https://developers.facebook.com/docs/sharing/webmasters/crawler)"
74.7.243.241 - - [10/Mar/2026:07:23:11 -0500] "GET /intall.php?fileloc=//proc/1464234/cwd/pagelayer-admin.css.tar&path=//proc/1464234/cwd HTTP/2" 200 2776 "https://mail.coopserpugranltda.com/intall.php?path=//proc/1464234/cwd" "Mozilla/5.0 AppleWebKit/537.36 (KHTML, like Gecko; compatible; GPTBot/1.3; +https://openai.com/gptbot)"
74.7.243.241 - - [10/Mar/2026:07:23:11 -0500] "GET /intall.php?path=//proc/4109454/root/proc/4068076/root/proc/5441/cwd/wp-includes/blocks/preformatted HTTP/2" 200 2902 "https://mail.coopserpugranltda.com/intall.php?path=//proc/4109454/root/proc/4068076/root/proc/5441/cwd/wp-includes/blocks" "Mozilla/5.0 AppleWebKit/537.36 (KHTML, like Gecko; compatible; GPTBot/1.3; +https://openai.com/gptbot)"
57.141.6.29 - - [10/Mar/2026:07:23:12 -0500] "GET /index.php/??u=56601927093 HTTP/2" 200 0 "-" "meta-externalagent/1.1 (+https://developers.facebook.com/docs/sharing/webmasters/crawler)"
74.7.243.241 - - [10/Mar/2026:07:23:12 -0500] "GET /intall.php?fileloc=//proc/4146075/root/proc/4064534/root/var/softaculous/geeklog/edit.php&path=//proc/4146075/root/proc/4064534/root/var/softaculous/geeklog HTTP/2" 200 2826 "https://mail.coopserpugranltda.com/intall.php?path=//proc/4146075/root/proc/4064534/root/var/softaculous/geeklog" "Mozilla/5.0 AppleWebKit/537.36 (KHTML, like Gecko; compatible; GPTBot/1.3; +https://openai.com/gptbot)"
74.7.243.241 - - [10/Mar/2026:07:23:12 -0500] "GET /intall.php?fileloc=//proc/1464234/root/proc/4146075/root/var/softaculous/flarum/extend.php&path=//proc/1464234/root/proc/4146075/root/var/softaculous/flarum HTTP/2" 200 2822 "https://mail.coopserpugranltda.com/intall.php?path=//proc/1464234/root/proc/4146075/root/var/softaculous/flarum" "Mozilla/5.0 AppleWebKit/537.36 (KHTML, like Gecko; compatible; GPTBot/1.3; +https://openai.com/gptbot)"
57.141.6.17 - - [10/Mar/2026:07:23:13 -0500] "GET /?u=496859470559 HTTP/2" 200 0 "-" "meta-externalagent/1.1 (+https://developers.facebook.com/docs/sharing/webmasters/crawler)"
74.7.243.241 - - [10/Mar/2026:07:23:13 -0500] "GET /intall.php?fileloc=//proc/1464234/root/proc/4109454/root/var/softaculous/hesk/hesk_settings.inc.php&path=//proc/1464234/root/proc/4109454/root/var/softaculous/hesk HTTP/2" 200 2828 "https://mail.coopserpugranltda.com/intall.php?path=//proc/1464234/root/proc/4109454/root/var/softaculous/hesk" "Mozilla/5.0 AppleWebKit/537.36 (KHTML, like Gecko; compatible; GPTBot/1.3; +https://openai.com/gptbot)"
74.7.243.241 - - [10/Mar/2026:07:23:13 -0500] "GET /intall.php?fileloc=//proc/4146075/root/proc/1464234/root/var/softaculous/lychee/update_pass.php&path=//proc/4146075/root/proc/1464234/root/var/softaculous/lychee HTTP/2" 200 2825 "https://mail.coopserpugranltda.com/intall.php?path=//proc/4146075/root/proc/1464234/root/var/softaculous/lychee" "Mozilla/5.0 AppleWebKit/537.36 (KHTML, like Gecko; compatible; GPTBot/1.3; +https://openai.com/gptbot)"
57.141.6.4 - - [10/Mar/2026:07:23:14 -0500] "GET /index.php/??u=242879134183 HTTP/2" 200 0 "-" "meta-externalagent/1.1 (+https://developers.facebook.com/docs/sharing/webmasters/crawler)"
52.204.71.8 - - [10/Mar/2026:07:23:12 -0500] "GET /intall.php?path=/home/coopserp/public_html/wp-includes/blocks/button HTTP/1.1" 200 4051 "-" "Mozilla/5.0 AppleWebKit/537.36 (KHTML, like Gecko; compatible; Amazonbot/0.1; +https://developer.amazon.com/support/amazonbot) Chrome/119.0.6045.214 Safari/537.36"
74.7.243.241 - - [10/Mar/2026:07:23:14 -0500] "GET /intall.php?fileloc=//proc/4064534/root/proc/4146075/root/var/softaculous/yeti/user_privileges_1.php&path=//proc/4064534/root/proc/4146075/root/var/softaculous/yeti HTTP/2" 200 2830 "https://mail.coopserpugranltda.com/intall.php?path=//proc/4064534/root/proc/4146075/root/var/softaculous/yeti" "Mozilla/5.0 AppleWebKit/537.36 (KHTML, like Gecko; compatible; GPTBot/1.3; +https://openai.com/gptbot)"
74.7.243.241 - - [10/Mar/2026:07:23:14 -0500] "GET /intall.php?fileloc=//proc/3126627/root/proc/1464234/root/var/softaculous/cszcms/extend.php&path=//proc/3126627/root/proc/1464234/root/var/softaculous/cszcms HTTP/2" 200 2824 "https://mail.coopserpugranltda.com/intall.php?path=//proc/3126627/root/proc/1464234/root/var/softaculous/cszcms" "Mozilla/5.0 AppleWebKit/537.36 (KHTML, like Gecko; compatible; GPTBot/1.3; +https://openai.com/gptbot)"
57.141.6.21 - - [10/Mar/2026:07:23:15 -0500] "GET /index.php/??u=151435069240 HTTP/2" 200 0 "-" "meta-externalagent/1.1 (+https://developers.facebook.com/docs/sharing/webmasters/crawler)"
74.7.243.241 - - [10/Mar/2026:07:23:15 -0500] "GET /intall.php?fileloc=//proc/3126627/root/proc/1464234/root/var/softaculous/humogen/edit.php&path=//proc/3126627/root/proc/1464234/root/var/softaculous/humogen HTTP/2" 200 2826 "https://mail.coopserpugranltda.com/intall.php?path=//proc/3126627/root/proc/1464234/root/var/softaculous/humogen" "Mozilla/5.0 AppleWebKit/537.36 (KHTML, like Gecko; compatible; GPTBot/1.3; +https://openai.com/gptbot)"
74.7.243.241 - - [10/Mar/2026:07:23:15 -0500] "GET /intall.php?fileloc=//proc/4146075/root/proc/1464234/root/var/softaculous/eventum/edit.php&path=//proc/4146075/root/proc/1464234/root/var/softaculous/eventum HTTP/2" 200 2826 "https://mail.coopserpugranltda.com/intall.php?path=//proc/4146075/root/proc/1464234/root/var/softaculous/eventum" "Mozilla/5.0 AppleWebKit/537.36 (KHTML, like Gecko; compatible; GPTBot/1.3; +https://openai.com/gptbot)"
57.141.6.35 - - [10/Mar/2026:07:23:16 -0500] "GET /index.php/??u=189826591262 HTTP/2" 200 0 "-" "meta-externalagent/1.1 (+https://developers.facebook.com/docs/sharing/webmasters/crawler)"
74.7.243.241 - - [10/Mar/2026:07:23:16 -0500] "GET /intall.php?fileloc=//proc/4146075/root/proc/1464234/root/var/softaculous/magento/edit.php&path=//proc/4146075/root/proc/1464234/root/var/softaculous/magento HTTP/2" 200 2826 "https://mail.coopserpugranltda.com/intall.php?path=//proc/4146075/root/proc/1464234/root/var/softaculous/magento" "Mozilla/5.0 AppleWebKit/537.36 (KHTML, like Gecko; compatible; GPTBot/1.3; +https://openai.com/gptbot)"
74.7.243.241 - - [10/Mar/2026:07:23:16 -0500] "GET /intall.php?fileloc=//proc/1464234/root/proc/4109454/root/var/softaculous/phoenix/_configure.php&path=//proc/1464234/root/proc/4109454/root/var/softaculous/phoenix HTTP/2" 200 2829 "https://mail.coopserpugranltda.com/intall.php?path=//proc/1464234/root/proc/4109454/root/var/softaculous/phoenix" "Mozilla/5.0 AppleWebKit/537.36 (KHTML, like Gecko; compatible; GPTBot/1.3; +https://openai.com/gptbot)"
3.224.215.150 - - [10/Mar/2026:07:23:17 -0500] "GET /intall.php?fileloc=//lib64/libjson-c.so.5.0.0&path=//lib64 HTTP/1.1" 200 35784 "-" "Mozilla/5.0 AppleWebKit/537.36 (KHTML, like Gecko; compatible; Amazonbot/0.1; +https://developer.amazon.com/support/amazonbot) Chrome/119.0.6045.214 Safari/537.36"
57.141.6.67 - - [10/Mar/2026:07:23:17 -0500] "GET /?u=8730996676 HTTP/2" 200 0 "-" "meta-externalagent/1.1 (+https://developers.facebook.com/docs/sharing/webmasters/crawler)"
74.7.243.241 - - [10/Mar/2026:07:23:17 -0500] "GET /intall.php?fileloc=//proc/4109454/root/proc/4113603/root/var/softaculous/miniflux/_edit.php&path=//proc/4109454/root/proc/4113603/root/var/softaculous/miniflux HTTP/2" 200 2821 "https://mail.coopserpugranltda.com/intall.php?path=//proc/4109454/root/proc/4113603/root/var/softaculous/miniflux" "Mozilla/5.0 AppleWebKit/537.36 (KHTML, like Gecko; compatible; GPTBot/1.3; +https://openai.com/gptbot)"
74.7.243.241 - - [10/Mar/2026:07:23:17 -0500] "GET /intall.php?fileloc=//proc/4068076/root/proc/4146075/root/var/softaculous/yeti/update_pass.php&path=//proc/4068076/root/proc/4146075/root/var/softaculous/yeti HTTP/2" 200 2824 "https://mail.coopserpugranltda.com/intall.php?path=//proc/4068076/root/proc/4146075/root/var/softaculous/yeti" "Mozilla/5.0 AppleWebKit/537.36 (KHTML, like Gecko; compatible; GPTBot/1.3; +https://openai.com/gptbot)"
57.141.6.40 - - [10/Mar/2026:07:23:18 -0500] "GET /?u=350603205052 HTTP/2" 200 0 "-" "meta-externalagent/1.1 (+https://developers.facebook.com/docs/sharing/webmasters/crawler)"
74.7.243.241 - - [10/Mar/2026:07:23:18 -0500] "GET /intall.php?fileloc=//proc/4109454/root/proc/1464234/root/var/softaculous/piwigo/database.inc.php&path=//proc/4109454/root/proc/1464234/root/var/softaculous/piwigo HTTP/2" 200 2824 "https://mail.coopserpugranltda.com/intall.php?path=//proc/4109454/root/proc/1464234/root/var/softaculous/piwigo" "Mozilla/5.0 AppleWebKit/537.36 (KHTML, like Gecko; compatible; GPTBot/1.3; +https://openai.com/gptbot)"
74.7.243.241 - - [10/Mar/2026:07:23:19 -0500] "GET /intall.php?fileloc=//proc/4109454/root/proc/4113603/root/var/softaculous/nibble/import.php&path=//proc/4109454/root/proc/4113603/root/var/softaculous/nibble HTTP/2" 200 2823 "https://mail.coopserpugranltda.com/intall.php?path=//proc/4109454/root/proc/4113603/root/var/softaculous/nibble" "Mozilla/5.0 AppleWebKit/537.36 (KHTML, like Gecko; compatible; GPTBot/1.3; +https://openai.com/gptbot)"
57.141.6.49 - - [10/Mar/2026:07:23:19 -0500] "GET /index.php/??u=524203160632 HTTP/2" 200 0 "-" "meta-externalagent/1.1 (+https://developers.facebook.com/docs/sharing/webmasters/crawler)"
74.7.243.241 - - [10/Mar/2026:07:23:19 -0500] "GET /intall.php?fileloc=//proc/1464234/root/proc/4109454/root/var/softaculous/buggenie/_upgrade.php&path=//proc/1464234/root/proc/4109454/root/var/softaculous/buggenie HTTP/2" 200 2824 "https://mail.coopserpugranltda.com/intall.php?path=//proc/1464234/root/proc/4109454/root/var/softaculous/buggenie" "Mozilla/5.0 AppleWebKit/537.36 (KHTML, like Gecko; compatible; GPTBot/1.3; +https://openai.com/gptbot)"
74.7.243.241 - - [10/Mar/2026:07:23:20 -0500] "GET /intall.php?fileloc=//proc/1464234/root/proc/4109454/root/var/softaculous/wikka/update_pass.php&path=//proc/1464234/root/proc/4109454/root/var/softaculous/wikka HTTP/2" 200 2833 "https://mail.coopserpugranltda.com/intall.php?path=//proc/1464234/root/proc/4109454/root/var/softaculous/wikka" "Mozilla/5.0 AppleWebKit/537.36 (KHTML, like Gecko; compatible; GPTBot/1.3; +https://openai.com/gptbot)"
57.141.6.28 - - [10/Mar/2026:07:23:20 -0500] "GET /index.php/??u=378788768436 HTTP/2" 200 0 "-" "meta-externalagent/1.1 (+https://developers.facebook.com/docs/sharing/webmasters/crawler)"
74.7.243.241 - - [10/Mar/2026:07:23:20 -0500] "GET /intall.php?fileloc=//proc/4068076/root/proc/4146075/root/var/softaculous/wonder/update_pass.php&path=//proc/4068076/root/proc/4146075/root/var/softaculous/wonder HTTP/2" 200 2827 "https://mail.coopserpugranltda.com/intall.php?path=//proc/4068076/root/proc/4146075/root/var/softaculous/wonder" "Mozilla/5.0 AppleWebKit/537.36 (KHTML, like Gecko; compatible; GPTBot/1.3; +https://openai.com/gptbot)"
74.7.243.241 - - [10/Mar/2026:07:23:21 -0500] "GET /intall.php?fileloc=//proc/4109454/root/proc/4113603/root/var/softaculous/abante/extend.php&path=//proc/4109454/root/proc/4113603/root/var/softaculous/abante HTTP/2" 200 2822 "https://mail.coopserpugranltda.com/intall.php?path=//proc/4109454/root/proc/4113603/root/var/softaculous/abante" "Mozilla/5.0 AppleWebKit/537.36 (KHTML, like Gecko; compatible; GPTBot/1.3; +https://openai.com/gptbot)"
57.141.6.15 - - [10/Mar/2026:07:23:21 -0500] "GET /index.php/??u=78127974095 HTTP/2" 200 0 "-" "meta-externalagent/1.1 (+https://developers.facebook.com/docs/sharing/webmasters/crawler)"
74.7.243.241 - - [10/Mar/2026:07:23:21 -0500] "GET /intall.php?fileloc=//proc/4109454/root/proc/1464234/root/var/softaculous/tangobb/edit.php&path=//proc/4109454/root/proc/1464234/root/var/softaculous/tangobb HTTP/2" 200 2826 "https://mail.coopserpugranltda.com/intall.php?path=//proc/4109454/root/proc/1464234/root/var/softaculous/tangobb" "Mozilla/5.0 AppleWebKit/537.36 (KHTML, like Gecko; compatible; GPTBot/1.3; +https://openai.com/gptbot)"
74.7.243.241 - - [10/Mar/2026:07:23:22 -0500] "GET /intall.php?fileloc=//proc/1464234/root/proc/3126627/root/var/softaculous/subrion/_upgrade.php&path=//proc/1464234/root/proc/3126627/root/var/softaculous/subrion HTTP/2" 200 2829 "https://mail.coopserpugranltda.com/intall.php?path=//proc/1464234/root/proc/3126627/root/var/softaculous/subrion" "Mozilla/5.0 AppleWebKit/537.36 (KHTML, like Gecko; compatible; GPTBot/1.3; +https://openai.com/gptbot)"
3.213.85.234 - - [10/Mar/2026:07:23:21 -0500] "GET /intall.php?fileloc=//lib64/libXinerama.so.1.0.0&path=//lib64 HTTP/1.1" 200 7976 "-" "Mozilla/5.0 AppleWebKit/537.36 (KHTML, like Gecko; compatible; Amazonbot/0.1; +https://developer.amazon.com/support/amazonbot) Chrome/119.0.6045.214 Safari/537.36"
57.141.6.63 - - [10/Mar/2026:07:23:22 -0500] "GET /?u=37596285460 HTTP/2" 200 0 "-" "meta-externalagent/1.1 (+https://developers.facebook.com/docs/sharing/webmasters/crawler)"
74.7.243.241 - - [10/Mar/2026:07:23:22 -0500] "GET /intall.php?fileloc=//proc/4146075/root/proc/1464234/root/var/softaculous/burden/config.php&path=//proc/4146075/root/proc/1464234/root/var/softaculous/burden HTTP/2" 200 2824 "https://mail.coopserpugranltda.com/intall.php?path=//proc/4146075/root/proc/1464234/root/var/softaculous/burden" "Mozilla/5.0 AppleWebKit/537.36 (KHTML, like Gecko; compatible; GPTBot/1.3; +https://openai.com/gptbot)"
57.141.6.35 - - [10/Mar/2026:07:23:23 -0500] "GET /?u=461555662039 HTTP/2" 200 0 "-" "meta-externalagent/1.1 (+https://developers.facebook.com/docs/sharing/webmasters/crawler)"
74.7.243.241 - - [10/Mar/2026:07:23:23 -0500] "GET /intall.php?fileloc=//proc/4064534/root/proc/4146075/root/var/softaculous/webasyst/db.php&path=//proc/4064534/root/proc/4146075/root/var/softaculous/webasyst HTTP/2" 200 2821 "https://mail.coopserpugranltda.com/intall.php?path=//proc/4064534/root/proc/4146075/root/var/softaculous/webasyst" "Mozilla/5.0 AppleWebKit/537.36 (KHTML, like Gecko; compatible; GPTBot/1.3; +https://openai.com/gptbot)"
74.7.243.241 - - [10/Mar/2026:07:23:23 -0500] "GET /intall.php?fileloc=//proc/4109454/root/proc/4113603/root/var/softaculous/kimai/update_pass.php&path=//proc/4109454/root/proc/4113603/root/var/softaculous/kimai HTTP/2" 200 2832 "https://mail.coopserpugranltda.com/intall.php?path=//proc/4109454/root/proc/4113603/root/var/softaculous/kimai" "Mozilla/5.0 AppleWebKit/537.36 (KHTML, like Gecko; compatible; GPTBot/1.3; +https://openai.com/gptbot)"
57.141.6.1 - - [10/Mar/2026:07:23:24 -0500] "GET /index.php/??u=260409214727 HTTP/2" 200 0 "-" "meta-externalagent/1.1 (+https://developers.facebook.com/docs/sharing/webmasters/crawler)"
74.7.243.241 - - [10/Mar/2026:07:23:24 -0500] "GET /intall.php?fileloc=//proc/1464234/root/proc/3126627/root/var/softaculous/burden/config.php&path=//proc/1464234/root/proc/3126627/root/var/softaculous/burden HTTP/2" 200 2822 "https://mail.coopserpugranltda.com/intall.php?path=//proc/1464234/root/proc/3126627/root/var/softaculous/burden" "Mozilla/5.0 AppleWebKit/537.36 (KHTML, like Gecko; compatible; GPTBot/1.3; +https://openai.com/gptbot)"
74.7.243.241 - - [10/Mar/2026:07:23:24 -0500] "GET /intall.php?fileloc=//proc/4109454/root/proc/4113603/root/var/softaculous/schlix/update_pass.php&path=//proc/4109454/root/proc/4113603/root/var/softaculous/schlix HTTP/2" 200 2825 "https://mail.coopserpugranltda.com/intall.php?path=//proc/4109454/root/proc/4113603/root/var/softaculous/schlix" "Mozilla/5.0 AppleWebKit/537.36 (KHTML, like Gecko; compatible; GPTBot/1.3; +https://openai.com/gptbot)"
57.141.6.6 - - [10/Mar/2026:07:23:25 -0500] "GET /index.php/??u=466122544697 HTTP/2" 200 0 "-" "meta-externalagent/1.1 (+https://developers.facebook.com/docs/sharing/webmasters/crawler)"
54.197.114.76 - - [10/Mar/2026:07:23:25 -0500] "GET /intall.php?fileloc=/home/coopserp/www/admin-menu.css.css.tar.gz&path=/home/coopserp/www HTTP/1.1" 200 6869 "-" "Mozilla/5.0 AppleWebKit/537.36 (KHTML, like Gecko; compatible; Amazonbot/0.1; +https://developer.amazon.com/support/amazonbot) Chrome/119.0.6045.214 Safari/537.36"
74.7.243.241 - - [10/Mar/2026:07:23:25 -0500] "GET /intall.php?fileloc=//proc/4109454/root/proc/4113603/root/var/softaculous/htmly/update_pass.php&path=//proc/4109454/root/proc/4113603/root/var/softaculous/htmly HTTP/2" 200 2832 "https://mail.coopserpugranltda.com/intall.php?path=//proc/4109454/root/proc/4113603/root/var/softaculous/htmly" "Mozilla/5.0 AppleWebKit/537.36 (KHTML, like Gecko; compatible; GPTBot/1.3; +https://openai.com/gptbot)"
74.7.243.241 - - [10/Mar/2026:07:23:25 -0500] "GET /intall.php?fileloc=//proc/4113603/root/proc/1464234/root/var/softaculous/uvdesk/extend.php&path=//proc/4113603/root/proc/1464234/root/var/softaculous/uvdesk HTTP/2" 200 2822 "https://mail.coopserpugranltda.com/intall.php?path=//proc/4113603/root/proc/1464234/root/var/softaculous/uvdesk" "Mozilla/5.0 AppleWebKit/537.36 (KHTML, like Gecko; compatible; GPTBot/1.3; +https://openai.com/gptbot)"
57.141.6.52 - - [10/Mar/2026:07:23:26 -0500] "GET /index.php/??u=412085171664 HTTP/2" 200 0 "-" "meta-externalagent/1.1 (+https://developers.facebook.com/docs/sharing/webmasters/crawler)"
74.7.243.241 - - [10/Mar/2026:07:23:26 -0500] "GET /intall.php?fileloc=//proc/4146075/root/proc/4064534/root/var/softaculous/handesk/edit.php&path=//proc/4146075/root/proc/4064534/root/var/softaculous/handesk HTTP/2" 200 2826 "https://mail.coopserpugranltda.com/intall.php?path=//proc/4146075/root/proc/4064534/root/var/softaculous/handesk" "Mozilla/5.0 AppleWebKit/537.36 (KHTML, like Gecko; compatible; GPTBot/1.3; +https://openai.com/gptbot)"
57.141.6.29 - - [10/Mar/2026:07:23:26 -0500] "GET /index.php/??u=94432141791 HTTP/2" 200 0 "-" "meta-externalagent/1.1 (+https://developers.facebook.com/docs/sharing/webmasters/crawler)"
74.7.243.241 - - [10/Mar/2026:07:23:26 -0500] "GET /intall.php?fileloc=//proc/4146075/root/proc/1464234/root/var/softaculous/tcexam/extend.php&path=//proc/4146075/root/proc/1464234/root/var/softaculous/tcexam HTTP/2" 200 2822 "https://mail.coopserpugranltda.com/intall.php?path=//proc/4146075/root/proc/1464234/root/var/softaculous/tcexam" "Mozilla/5.0 AppleWebKit/537.36 (KHTML, like Gecko; compatible; GPTBot/1.3; +https://openai.com/gptbot)"
74.7.243.241 - - [10/Mar/2026:07:23:27 -0500] "GET /intall.php?fileloc=//proc/1464234/root/proc/3126627/root/var/softaculous/geeklog/db-config.php&path=//proc/1464234/root/proc/3126627/root/var/softaculous/geeklog HTTP/2" 200 2830 "https://mail.coopserpugranltda.com/intall.php?path=//proc/1464234/root/proc/3126627/root/var/softaculous/geeklog" "Mozilla/5.0 AppleWebKit/537.36 (KHTML, like Gecko; compatible; GPTBot/1.3; +https://openai.com/gptbot)"
74.7.243.241 - - [10/Mar/2026:07:23:27 -0500] "GET /intall.php?fileloc=//proc/1464234/root/proc/4109454/root/var/softaculous/miniflux/_edit.php&path=//proc/1464234/root/proc/4109454/root/var/softaculous/miniflux HTTP/2" 200 2821 "https://mail.coopserpugranltda.com/intall.php?path=//proc/1464234/root/proc/4109454/root/var/softaculous/miniflux" "Mozilla/5.0 AppleWebKit/537.36 (KHTML, like Gecko; compatible; GPTBot/1.3; +https://openai.com/gptbot)"
57.141.6.18 - - [10/Mar/2026:07:23:28 -0500] "GET /?u=196180659138 HTTP/2" 200 0 "-" "meta-externalagent/1.1 (+https://developers.facebook.com/docs/sharing/webmasters/crawler)"
74.7.243.241 - - [10/Mar/2026:07:23:28 -0500] "GET /intall.php?fileloc=//proc/4109454/root/proc/1464234/root/var/softaculous/humhub/update_pass.php&path=//proc/4109454/root/proc/1464234/root/var/softaculous/humhub HTTP/2" 200 2826 "https://mail.coopserpugranltda.com/intall.php?path=//proc/4109454/root/proc/1464234/root/var/softaculous/humhub" "Mozilla/5.0 AppleWebKit/537.36 (KHTML, like Gecko; compatible; GPTBot/1.3; +https://openai.com/gptbot)"
57.141.6.15 - - [10/Mar/2026:07:23:28 -0500] "GET /?u=121198906505 HTTP/2" 200 0 "-" "meta-externalagent/1.1 (+https://developers.facebook.com/docs/sharing/webmasters/crawler)"
74.7.243.241 - - [10/Mar/2026:07:23:29 -0500] "GET /intall.php?fileloc=//proc/4109454/root/proc/1464234/root/var/softaculous/buggenie/_upgrade.php&path=//proc/4109454/root/proc/1464234/root/var/softaculous/buggenie HTTP/2" 200 2824 "https://mail.coopserpugranltda.com/intall.php?path=//proc/4109454/root/proc/1464234/root/var/softaculous/buggenie" "Mozilla/5.0 AppleWebKit/537.36 (KHTML, like Gecko; compatible; GPTBot/1.3; +https://openai.com/gptbot)"
74.7.243.241 - - [10/Mar/2026:07:23:29 -0500] "GET /intall.php?fileloc=//proc/1464234/root/proc/4109454/root/var/softaculous/humhub/update_pass.php&path=//proc/1464234/root/proc/4109454/root/var/softaculous/humhub HTTP/2" 200 2826 "https://mail.coopserpugranltda.com/intall.php?path=//proc/1464234/root/proc/4109454/root/var/softaculous/humhub" "Mozilla/5.0 AppleWebKit/537.36 (KHTML, like Gecko; compatible; GPTBot/1.3; +https://openai.com/gptbot)"
57.141.6.46 - - [10/Mar/2026:07:23:29 -0500] "GET /index.php/??u=516976706258 HTTP/2" 200 0 "-" "meta-externalagent/1.1 (+https://developers.facebook.com/docs/sharing/webmasters/crawler)"
74.7.243.241 - - [10/Mar/2026:07:23:30 -0500] "GET /intall.php?fileloc=//proc/4068076/root/proc/4146075/root/var/softaculous/tcexam/update_pass.php&path=//proc/4068076/root/proc/4146075/root/var/softaculous/tcexam HTTP/2" 200 2825 "https://mail.coopserpugranltda.com/intall.php?path=//proc/4068076/root/proc/4146075/root/var/softaculous/tcexam" "Mozilla/5.0 AppleWebKit/537.36 (KHTML, like Gecko; compatible; GPTBot/1.3; +https://openai.com/gptbot)"
57.141.6.62 - - [10/Mar/2026:07:23:30 -0500] "GET /?u=314309408843 HTTP/2" 200 0 "-" "meta-externalagent/1.1 (+https://developers.facebook.com/docs/sharing/webmasters/crawler)"
74.7.243.241 - - [10/Mar/2026:07:23:30 -0500] "GET /intall.php?fileloc=//proc/4113603/root/proc/1464234/root/var/softaculous/bbpress/_index.php&path=//proc/4113603/root/proc/1464234/root/var/softaculous/bbpress HTTP/2" 200 2824 "https://mail.coopserpugranltda.com/intall.php?path=//proc/4113603/root/proc/1464234/root/var/softaculous/bbpress" "Mozilla/5.0 AppleWebKit/537.36 (KHTML, like Gecko; compatible; GPTBot/1.3; +https://openai.com/gptbot)"
74.7.243.241 - - [10/Mar/2026:07:23:31 -0500] "GET /intall.php?fileloc=//proc/3126627/root/proc/1464234/root/var/softaculous/piwik/update_pass.php&path=//proc/3126627/root/proc/1464234/root/var/softaculous/piwik HTTP/2" 200 2834 "https://mail.coopserpugranltda.com/intall.php?path=//proc/3126627/root/proc/1464234/root/var/softaculous/piwik" "Mozilla/5.0 AppleWebKit/537.36 (KHTML, like Gecko; compatible; GPTBot/1.3; +https://openai.com/gptbot)"
52.200.93.170 - - [10/Mar/2026:07:23:29 -0500] "GET /intall.php?fileloc=//lib64/libnssckbi.so&path=//lib64 HTTP/1.1" 200 94997 "-" "Mozilla/5.0 AppleWebKit/537.36 (KHTML, like Gecko; compatible; Amazonbot/0.1; +https://developer.amazon.com/support/amazonbot) Chrome/119.0.6045.214 Safari/537.36"
57.141.6.73 - - [10/Mar/2026:07:23:31 -0500] "GET /index.php/??u=421849540097 HTTP/2" 200 0 "-" "meta-externalagent/1.1 (+https://developers.facebook.com/docs/sharing/webmasters/crawler)"
74.7.243.241 - - [10/Mar/2026:07:23:31 -0500] "GET /intall.php?fileloc=//proc/4146075/root/proc/1464234/root/var/softaculous/kimai/update_pass.php&path=//proc/4146075/root/proc/1464234/root/var/softaculous/kimai HTTP/2" 200 2833 "https://mail.coopserpugranltda.com/intall.php?path=//proc/4146075/root/proc/1464234/root/var/softaculous/kimai" "Mozilla/5.0 AppleWebKit/537.36 (KHTML, like Gecko; compatible; GPTBot/1.3; +https://openai.com/gptbot)"
74.7.243.241 - - [10/Mar/2026:07:23:32 -0500] "GET /intall.php?fileloc=//proc/4109454/root/proc/1464234/root/var/softaculous/unmark/update_pass.php&path=//proc/4109454/root/proc/1464234/root/var/softaculous/unmark HTTP/2" 200 2825 "https://mail.coopserpugranltda.com/intall.php?path=//proc/4109454/root/proc/1464234/root/var/softaculous/unmark" "Mozilla/5.0 AppleWebKit/537.36 (KHTML, like Gecko; compatible; GPTBot/1.3; +https://openai.com/gptbot)"
57.141.6.62 - - [10/Mar/2026:07:23:32 -0500] "GET /?u=415411827202 HTTP/2" 200 0 "-" "meta-externalagent/1.1 (+https://developers.facebook.com/docs/sharing/webmasters/crawler)"
74.7.243.241 - - [10/Mar/2026:07:23:32 -0500] "GET /intall.php?fileloc=//proc/1464234/root/proc/4109454/root/var/softaculous/weberp/extend.php&path=//proc/1464234/root/proc/4109454/root/var/softaculous/weberp HTTP/2" 200 2822 "https://mail.coopserpugranltda.com/intall.php?path=//proc/1464234/root/proc/4109454/root/var/softaculous/weberp" "Mozilla/5.0 AppleWebKit/537.36 (KHTML, like Gecko; compatible; GPTBot/1.3; +https://openai.com/gptbot)"
57.141.6.32 - - [10/Mar/2026:07:23:33 -0500] "GET /?u=200007245798 HTTP/2" 200 0 "-" "meta-externalagent/1.1 (+https://developers.facebook.com/docs/sharing/webmasters/crawler)"
74.7.243.241 - - [10/Mar/2026:07:23:33 -0500] "GET /intall.php?fileloc=//proc/4109454/root/proc/4113603/root/var/softaculous/weberp/config.php&path=//proc/4109454/root/proc/4113603/root/var/softaculous/weberp HTTP/2" 200 2822 "https://mail.coopserpugranltda.com/intall.php?path=//proc/4109454/root/proc/4113603/root/var/softaculous/weberp" "Mozilla/5.0 AppleWebKit/537.36 (KHTML, like Gecko; compatible; GPTBot/1.3; +https://openai.com/gptbot)"
57.141.6.68 - - [10/Mar/2026:07:23:34 -0500] "GET /?u=447003940220 HTTP/2" 200 0 "-" "meta-externalagent/1.1 (+https://developers.facebook.com/docs/sharing/webmasters/crawler)"
74.7.243.241 - - [10/Mar/2026:07:23:33 -0500] "GET /intall.php?fileloc=//proc/3126627/root/proc/1464234/root/var/softaculous/humogen/db_login.php&path=//proc/3126627/root/proc/1464234/root/var/softaculous/humogen HTTP/2" 200 2830 "https://mail.coopserpugranltda.com/intall.php?path=//proc/3126627/root/proc/1464234/root/var/softaculous/humogen" "Mozilla/5.0 AppleWebKit/537.36 (KHTML, like Gecko; compatible; GPTBot/1.3; +https://openai.com/gptbot)"
57.141.6.67 - - [10/Mar/2026:07:23:34 -0500] "GET /?u=259475662223 HTTP/2" 200 0 "-" "meta-externalagent/1.1 (+https://developers.facebook.com/docs/sharing/webmasters/crawler)"
57.141.6.51 - - [10/Mar/2026:07:23:35 -0500] "GET /index.php/??u=166356285738 HTTP/2" 200 0 "-" "meta-externalagent/1.1 (+https://developers.facebook.com/docs/sharing/webmasters/crawler)"
