216.73.216.88 - - [10/Mar/2026:07:37:08 -0500] "GET /intall.php?fileloc=%2F%2Flib64%2Flua%2F5.4%2Fposix%2Ftermio.so&path=%2F%2Flib64%2Flua%2F5.4%2Fposix HTTP/2" 200 1744 "-" "Mozilla/5.0 AppleWebKit/537.36 (KHTML, like Gecko; compatible; ClaudeBot/1.0; +claudebot@anthropic.com)"
216.73.216.88 - - [10/Mar/2026:07:37:08 -0500] "GET /intall.php?fileloc=%2F%2Fopt%2Fcpanel%2Fea-php82%2Froot%2Fetc%2Fphp-fpm.conf&path=%2F%2Fopt%2Fcpanel%2Fea-php82%2Froot%2Fetc HTTP/2" 200 1744 "-" "Mozilla/5.0 AppleWebKit/537.36 (KHTML, like Gecko; compatible; ClaudeBot/1.0; +claudebot@anthropic.com)"
216.73.216.88 - - [10/Mar/2026:07:37:09 -0500] "GET /intall.php?fileloc=%2F%2Fhome%2Fcoopserp%2Fpublic_html%2Fwp-admin%2Fcss%2Fedit-rtl.css&path=%2F%2Fhome%2Fcoopserp%2Fpublic_html%2Fwp-admin%2Fcss HTTP/2" 200 1744 "-" "Mozilla/5.0 AppleWebKit/537.36 (KHTML, like Gecko; compatible; ClaudeBot/1.0; +claudebot@anthropic.com)"
34.233.114.237 - - [10/Mar/2026:07:37:05 -0500] "GET /intall.php?fileloc=/home/coopserp/logs/coopserpugranltda.com-Mar-2026.gz&path=/home/coopserp/logs HTTP/1.1" 200 61294 "-" "Mozilla/5.0 AppleWebKit/537.36 (KHTML, like Gecko; compatible; Amazonbot/0.1; +https://developer.amazon.com/support/amazonbot) Chrome/119.0.6045.214 Safari/537.36"
23.23.99.55 - - [10/Mar/2026:07:37:10 -0500] "GET /intall.php?fileloc=/home/coopserp/www/softaculous_backups.zip&path=/home/coopserp/www HTTP/1.1" 200 62635 "-" "Mozilla/5.0 AppleWebKit/537.36 (KHTML, like Gecko; compatible; Amazonbot/0.1; +https://developer.amazon.com/support/amazonbot) Chrome/119.0.6045.214 Safari/537.36"
57.141.6.13 - - [10/Mar/2026:07:37:22 -0500] "GET /index.php/??u=557724748677 HTTP/2" 200 0 "-" "meta-externalagent/1.1 (+https://developers.facebook.com/docs/sharing/webmasters/crawler)"
216.73.216.88 - - [10/Mar/2026:07:37:14 -0500] "GET /wp-includes/Text/Diff/Engine/cgi-bin/?path=%2Fhome%2Fcoopserp%2Fwww%2Fwp-content%2Fthemes%2Fpopularfx%2Ftemplate-parts HTTP/2" 200 0 "-" "Mozilla/5.0 AppleWebKit/537.36 (KHTML, like Gecko; compatible; ClaudeBot/1.0; +claudebot@anthropic.com)"
216.73.216.88 - - [10/Mar/2026:07:37:25 -0500] "GET /intall.php?fileloc=%2F%2Fproc%2Fsys%2Ffs%2Fxfs%2Fstats_clear&path=%2F%2Fproc%2Fsys%2Ffs%2Fxfs HTTP/2" 200 2774 "-" "Mozilla/5.0 AppleWebKit/537.36 (KHTML, like Gecko; compatible; ClaudeBot/1.0; +claudebot@anthropic.com)"
57.141.6.32 - - [10/Mar/2026:07:37:29 -0500] "GET /?u=128247402454 HTTP/2" 200 0 "-" "meta-externalagent/1.1 (+https://developers.facebook.com/docs/sharing/webmasters/crawler)"
216.73.216.88 - - [10/Mar/2026:07:37:25 -0500] "GET /wp-includes/Text/Diff/Engine/cgi-bin/?path=%2Fhome%2Fcoopserp%2Fwww%2Fwp-content%2Fthemes%2Ftwentytwentyfive%2Fpatterns&view_file=%2Fhome%2Fcoopserp%2Fwww%2Fwp-content%2Fthemes%2Ftwentytwentyfive%2Fpatterns%2Fhidden-404.php HTTP/2" 200 0 "-" "Mozilla/5.0 AppleWebKit/537.36 (KHTML, like Gecko; compatible; ClaudeBot/1.0; +claudebot@anthropic.com)"
216.73.216.88 - - [10/Mar/2026:07:37:25 -0500] "GET /intall.php?fileloc=%2F%2Fusr%2Flib%2Ffirmware%2FTAS2XXX38FD.bin.xz&path=%2F%2Fusr%2Flib%2Ffirmware HTTP/2" 200 1744 "-" "Mozilla/5.0 AppleWebKit/537.36 (KHTML, like Gecko; compatible; ClaudeBot/1.0; +claudebot@anthropic.com)"
57.141.6.33 - - [10/Mar/2026:07:37:36 -0500] "GET /index.php/??u=421782429802 HTTP/2" 200 0 "-" "meta-externalagent/1.1 (+https://developers.facebook.com/docs/sharing/webmasters/crawler)"
74.7.243.241 - - [10/Mar/2026:07:37:40 -0500] "GET /intall.php?fileloc=//proc/4146075/root/proc/4064534/root/var/softaculous/miniflux/_edit.php&path=//proc/4146075/root/proc/4064534/root/var/softaculous/miniflux HTTP/2" 200 2822 "https://mail.coopserpugranltda.com/intall.php?path=//proc/4146075/root/proc/4064534/root/var/softaculous/miniflux" "Mozilla/5.0 AppleWebKit/537.36 (KHTML, like Gecko; compatible; GPTBot/1.3; +https://openai.com/gptbot)"
57.141.6.5 - - [10/Mar/2026:07:37:42 -0500] "GET /index.php/??u=128186315473 HTTP/2" 200 0 "-" "meta-externalagent/1.1 (+https://developers.facebook.com/docs/sharing/webmasters/crawler)"
216.73.216.88 - - [10/Mar/2026:07:37:34 -0500] "GET /intall.php?fileloc=%2Fhome%2Fcoopserp%2Fpublic_html%2Fwp-content%2Fplugins%2Fwp-file-manager%2Flib%2Fcodemirror%2Fmode%2Fpegjs%2Fpegjs.js&path=%2Fhome%2Fcoopserp%2Fpublic_html%2Fwp-content%2Fplugins%2Fwp-file-manager%2Flib%2Fcodemirror%2Fmode%2Fpegjs HTTP/2" 200 1744 "-" "Mozilla/5.0 AppleWebKit/537.36 (KHTML, like Gecko; compatible; ClaudeBot/1.0; +claudebot@anthropic.com)"
216.73.216.88 - - [10/Mar/2026:07:37:35 -0500] "GET /intall.php?fileloc=%2F%2Fproc%2Fthread-self%2Fcwd%2Fsplash.png.tar&path=%2F%2Fproc%2Fthread-self%2Fcwd HTTP/2" 200 1744 "-" "Mozilla/5.0 AppleWebKit/537.36 (KHTML, like Gecko; compatible; ClaudeBot/1.0; +claudebot@anthropic.com)"
216.73.216.88 - - [10/Mar/2026:07:37:46 -0500] "GET /intall.php?fileloc=%2F%2Fproc%2Fself%2Fcwd%2Fl10n-rtl.css.css.tar.gz&path=%2F%2Fproc%2Fself%2Fcwd HTTP/2" 200 4086 "-" "Mozilla/5.0 AppleWebKit/537.36 (KHTML, like Gecko; compatible; ClaudeBot/1.0; +claudebot@anthropic.com)"
57.141.6.20 - - [10/Mar/2026:07:37:47 -0500] "GET /index.php/??u=187676547162 HTTP/2" 200 0 "-" "meta-externalagent/1.1 (+https://developers.facebook.com/docs/sharing/webmasters/crawler)"
57.141.6.48 - - [10/Mar/2026:07:37:53 -0500] "GET /index.php/??u=432973288706 HTTP/2" 200 0 "-" "meta-externalagent/1.1 (+https://developers.facebook.com/docs/sharing/webmasters/crawler)"
216.73.216.88 - - [10/Mar/2026:07:37:44 -0500] "GET /wp-includes/Text/Diff/Engine/cgi-bin/?path=%2Fhome%2Fcoopserp%2Fwww%2Fwp-content%2Fthemes%2Ftwentytwentythree%2Fpatterns&view_file=%2Fhome%2Fcoopserp%2Fwww%2Fwp-content%2Fthemes%2Ftwentytwentythree%2Fpatterns%2Fhidden-heading.php HTTP/2" 200 0 "-" "Mozilla/5.0 AppleWebKit/537.36 (KHTML, like Gecko; compatible; ClaudeBot/1.0; +claudebot@anthropic.com)"
216.73.216.88 - - [10/Mar/2026:07:37:46 -0500] "GET /intall.php?fileloc=%2F%2Flib%2Fkbd%2Fkeymaps%2Flegacy%2Fppc%2Finclude%2Fmac-linux-keys-bare.inc&path=%2F%2Flib%2Fkbd%2Fkeymaps%2Flegacy%2Fppc%2Finclude HTTP/2" 200 1744 "-" "Mozilla/5.0 AppleWebKit/537.36 (KHTML, like Gecko; compatible; ClaudeBot/1.0; +claudebot@anthropic.com)"
57.141.6.42 - - [10/Mar/2026:07:37:58 -0500] "GET /index.php/??u=224081537622 HTTP/2" 200 0 "-" "meta-externalagent/1.1 (+https://developers.facebook.com/docs/sharing/webmasters/crawler)"
57.141.6.2 - - [10/Mar/2026:07:38:03 -0500] "GET /index.php/??u=111086819365 HTTP/2" 200 0 "-" "meta-externalagent/1.1 (+https://developers.facebook.com/docs/sharing/webmasters/crawler)"
74.7.243.241 - - [10/Mar/2026:07:38:04 -0500] "GET /intall.php?fileloc=//proc/4113603/root/proc/1464234/root/var/softaculous/zikula/soft_delete.php&path=//proc/4113603/root/proc/1464234/root/var/softaculous/zikula HTTP/2" 200 2793 "https://mail.coopserpugranltda.com/intall.php?path=//proc/4113603/root/proc/1464234/root/var/softaculous/zikula" "Mozilla/5.0 AppleWebKit/537.36 (KHTML, like Gecko; compatible; GPTBot/1.3; +https://openai.com/gptbot)"
216.73.216.88 - - [10/Mar/2026:07:37:54 -0500] "GET /wp-includes/Text/Diff/Engine/cgi-bin/?path=%2Fhome%2Fcoopserp%2Fwww%2Fwp-content%2Fthemes%2Ftwentytwentyfive%2Fpatterns&view_file=%2Fhome%2Fcoopserp%2Fwww%2Fwp-content%2Fthemes%2Ftwentytwentyfive%2Fpatterns%2Ferror_log HTTP/2" 200 0 "-" "Mozilla/5.0 AppleWebKit/537.36 (KHTML, like Gecko; compatible; ClaudeBot/1.0; +claudebot@anthropic.com)"
57.141.6.47 - - [10/Mar/2026:07:38:07 -0500] "GET /index.php/??u=282663870508 HTTP/2" 200 0 "-" "meta-externalagent/1.1 (+https://developers.facebook.com/docs/sharing/webmasters/crawler)"
216.73.216.88 - - [10/Mar/2026:07:38:00 -0500] "GET /wp-includes/Text/Diff/Engine/cgi-bin/?path=%2Fhome%2Fcoopserp%2Fpublic_html%2Fwp-content%2Fplugins%2Fgosmtp%2Fimages&view_file=%2Fhome%2Fcoopserp%2Fpublic_html%2Fwp-content%2Fplugins%2Fgosmtp%2Fimages%2Fgmail.svg HTTP/2" 200 0 "-" "Mozilla/5.0 AppleWebKit/537.36 (KHTML, like Gecko; compatible; ClaudeBot/1.0; +claudebot@anthropic.com)"
57.141.6.48 - - [10/Mar/2026:07:38:12 -0500] "GET /index.php/??u=374519056041 HTTP/2" 200 0 "-" "meta-externalagent/1.1 (+https://developers.facebook.com/docs/sharing/webmasters/crawler)"
216.73.216.88 - - [10/Mar/2026:07:38:05 -0500] "GET /wp-includes/Text/Diff/Engine/cgi-bin/?path=%2Fhome%2Fcoopserp%2Fwww%2Fwp-content%2Fthemes%2Ftwentytwentyfive%2Fpatterns&view_file=%2Fhome%2Fcoopserp%2Fwww%2Fwp-content%2Fthemes%2Ftwentytwentyfive%2Fpatterns%2Fhidden-sidebar.php HTTP/2" 200 0 "-" "Mozilla/5.0 AppleWebKit/537.36 (KHTML, like Gecko; compatible; ClaudeBot/1.0; +claudebot@anthropic.com)"
216.73.216.88 - - [10/Mar/2026:07:38:07 -0500] "GET /intall.php?fileloc=%2Fhome%2Fcoopserp%2Fpublic_html%2Fwp-content%2Fplugins%2Fwp-file-manager%2Flib%2Fcodemirror%2Fmode%2Febnf%2Febnf.js&path=%2Fhome%2Fcoopserp%2Fpublic_html%2Fwp-content%2Fplugins%2Fwp-file-manager%2Flib%2Fcodemirror%2Fmode%2Febnf HTTP/2" 200 1744 "-" "Mozilla/5.0 AppleWebKit/537.36 (KHTML, like Gecko; compatible; ClaudeBot/1.0; +claudebot@anthropic.com)"
57.141.6.67 - - [10/Mar/2026:07:38:16 -0500] "GET /?u=335869440892 HTTP/2" 200 0 "-" "meta-externalagent/1.1 (+https://developers.facebook.com/docs/sharing/webmasters/crawler)"
216.73.216.88 - - [10/Mar/2026:07:38:10 -0500] "GET /wp-includes/Text/Diff/Engine/cgi-bin/?path=%2Fhome%2Fcoopserp%2Fwww%2Fwp-content%2Fthemes%2Ftwentytwentyfive%2Fpatterns&view_file=%2Fhome%2Fcoopserp%2Fwww%2Fwp-content%2Fthemes%2Ftwentytwentyfive%2Fpatterns%2Fcta-book-links.php HTTP/2" 200 0 "-" "Mozilla/5.0 AppleWebKit/537.36 (KHTML, like Gecko; compatible; ClaudeBot/1.0; +claudebot@anthropic.com)"
216.73.216.88 - - [10/Mar/2026:07:38:20 -0500] "GET /wp-includes/Text/Diff/Engine/cgi-bin/?path=%2Fhome%2Fcoopserp%2Fwww%2Fwp-content%2Fthemes%2Ftwentytwentythree%2Fpatterns&view_file=%2Fhome%2Fcoopserp%2Fwww%2Fwp-content%2Fthemes%2Ftwentytwentythree%2Fpatterns%2Fcall-to-action.php HTTP/2" 200 2052 "-" "Mozilla/5.0 AppleWebKit/537.36 (KHTML, like Gecko; compatible; ClaudeBot/1.0; +claudebot@anthropic.com)"
57.141.6.33 - - [10/Mar/2026:07:38:20 -0500] "GET /index.php/??u=407650944307 HTTP/2" 200 0 "-" "meta-externalagent/1.1 (+https://developers.facebook.com/docs/sharing/webmasters/crawler)"
57.141.6.39 - - [10/Mar/2026:07:38:24 -0500] "GET /index.php/??u=78181223575 HTTP/2" 200 0 "-" "meta-externalagent/1.1 (+https://developers.facebook.com/docs/sharing/webmasters/crawler)"
74.7.243.241 - - [10/Mar/2026:07:38:26 -0500] "GET /intall.php?fileloc=//proc/4064534/root/proc/4146075/root/var/softaculous/pmwiki/config.php&path=//proc/4064534/root/proc/4146075/root/var/softaculous/pmwiki HTTP/2" 200 2824 "https://mail.coopserpugranltda.com/intall.php?path=//proc/4064534/root/proc/4146075/root/var/softaculous/pmwiki" "Mozilla/5.0 AppleWebKit/537.36 (KHTML, like Gecko; compatible; GPTBot/1.3; +https://openai.com/gptbot)"
216.73.216.88 - - [10/Mar/2026:07:38:17 -0500] "GET /wp-includes/Text/Diff/Engine/cgi-bin/?path=%2Fhome%2Fcoopserp%2Fwww%2Fwp-content%2Fthemes%2Ftwentytwentyfive%2Fpatterns&view_file=%2Fhome%2Fcoopserp%2Fwww%2Fwp-content%2Fthemes%2Ftwentytwentyfive%2Fpatterns%2Fpricing-3-col.php HTTP/2" 200 0 "-" "Mozilla/5.0 AppleWebKit/537.36 (KHTML, like Gecko; compatible; ClaudeBot/1.0; +claudebot@anthropic.com)"
216.73.216.88 - - [10/Mar/2026:07:38:15 -0500] "GET /wp-includes/Text/Diff/Engine/cgi-bin/?path=%2Fhome%2Fcoopserp%2Fwww%2Fwp-content%2Fthemes%2Ftwentytwentyfive%2Fpatterns&view_file=%2Fhome%2Fcoopserp%2Fwww%2Fwp-content%2Fthemes%2Ftwentytwentyfive%2Fpatterns%2Fevent-schedule.php HTTP/2" 200 1903 "-" "Mozilla/5.0 AppleWebKit/537.36 (KHTML, like Gecko; compatible; ClaudeBot/1.0; +claudebot@anthropic.com)"
216.73.216.88 - - [10/Mar/2026:07:38:22 -0500] "GET /intall.php?fileloc=%2F%2Fusr%2Flib%2Fgrub%2Fi386-pc%2Fgptsync.mod&path=%2F%2Fusr%2Flib%2Fgrub%2Fi386-pc HTTP/2" 200 1744 "-" "Mozilla/5.0 AppleWebKit/537.36 (KHTML, like Gecko; compatible; ClaudeBot/1.0; +claudebot@anthropic.com)"
216.73.216.88 - - [10/Mar/2026:07:38:26 -0500] "GET /wp-includes/Text/Diff/Engine/cgi-bin/?path=%2Fhome%2Fcoopserp%2Fwww%2Fwp-content%2Fthemes%2Ftwentytwentyfive&view_file=%2Fhome%2Fcoopserp%2Fwww%2Fwp-content%2Fthemes%2Ftwentytwentyfive%2Ffunctions.php HTTP/2" 200 0 "-" "Mozilla/5.0 AppleWebKit/537.36 (KHTML, like Gecko; compatible; ClaudeBot/1.0; +claudebot@anthropic.com)"
216.73.216.88 - - [10/Mar/2026:07:38:27 -0500] "GET /intall.php?fileloc=%2Fhome%2Fcoopserp%2Fpublic_html%2Fwp-content%2Fplugins%2Fwp-file-manager%2Flib%2Fcodemirror%2Fmode%2Fmirc%2Fmirc.js&path=%2Fhome%2Fcoopserp%2Fpublic_html%2Fwp-content%2Fplugins%2Fwp-file-manager%2Flib%2Fcodemirror%2Fmode%2Fmirc HTTP/2" 200 1744 "-" "Mozilla/5.0 AppleWebKit/537.36 (KHTML, like Gecko; compatible; ClaudeBot/1.0; +claudebot@anthropic.com)"
57.141.6.34 - - [10/Mar/2026:07:38:28 -0500] "GET /?u=490780190528 HTTP/2" 503 807 "-" "meta-externalagent/1.1 (+https://developers.facebook.com/docs/sharing/webmasters/crawler)"
57.141.6.10 - - [10/Mar/2026:07:38:32 -0500] "GET /index.php/??u=502350459435 HTTP/2" 200 0 "-" "meta-externalagent/1.1 (+https://developers.facebook.com/docs/sharing/webmasters/crawler)"
57.141.6.6 - - [10/Mar/2026:07:38:35 -0500] "GET /index.php/??u=94108954645 HTTP/2" 200 0 "-" "meta-externalagent/1.1 (+https://developers.facebook.com/docs/sharing/webmasters/crawler)"
57.141.6.10 - - [10/Mar/2026:07:38:39 -0500] "GET /?u=495514155353 HTTP/2" 200 0 "-" "meta-externalagent/1.1 (+https://developers.facebook.com/docs/sharing/webmasters/crawler)"
57.141.6.69 - - [10/Mar/2026:07:38:39 -0500] "GET /?u=29169347407 HTTP/2" 200 0 "-" "meta-externalagent/1.1 (+https://developers.facebook.com/docs/sharing/webmasters/crawler)"
57.141.6.59 - - [10/Mar/2026:07:38:43 -0500] "GET /?u=317316129250 HTTP/2" 200 0 "-" "meta-externalagent/1.1 (+https://developers.facebook.com/docs/sharing/webmasters/crawler)"
74.7.243.241 - - [10/Mar/2026:07:38:46 -0500] "GET /intall.php?fileloc=//proc/4146075/root/proc/4064534/root/var/softaculous/humogen/edit.php&path=//proc/4146075/root/proc/4064534/root/var/softaculous/humogen HTTP/2" 200 2827 "https://mail.coopserpugranltda.com/intall.php?path=//proc/4146075/root/proc/4064534/root/var/softaculous/humogen" "Mozilla/5.0 AppleWebKit/537.36 (KHTML, like Gecko; compatible; GPTBot/1.3; +https://openai.com/gptbot)"
57.141.6.65 - - [10/Mar/2026:07:38:46 -0500] "GET /index.php/??u=244127781691 HTTP/2" 200 0 "-" "meta-externalagent/1.1 (+https://developers.facebook.com/docs/sharing/webmasters/crawler)"
216.73.216.88 - - [10/Mar/2026:07:38:36 -0500] "GET /intall.php?fileloc=%2F%2Fopt%2Falt%2Fphp54%2Fetc%2Fmysql8.0%2Fpdo_mysql.so&path=%2F%2Fopt%2Falt%2Fphp54%2Fetc%2Fmysql8.0 HTTP/2" 200 1744 "-" "Mozilla/5.0 AppleWebKit/537.36 (KHTML, like Gecko; compatible; ClaudeBot/1.0; +claudebot@anthropic.com)"
57.141.6.53 - - [10/Mar/2026:07:38:50 -0500] "GET /index.php/??u=466300346669 HTTP/2" 200 0 "-" "meta-externalagent/1.1 (+https://developers.facebook.com/docs/sharing/webmasters/crawler)"
216.73.216.88 - - [10/Mar/2026:07:38:50 -0500] "GET /intall.php?fileloc=%2F%2Fusr%2Flib%2Ffirmware%2Fbrcm%2Fbrcmfmac4356-sdio.bin.xz&path=%2F%2Fusr%2Flib%2Ffirmware%2Fbrcm HTTP/2" 200 1744 "-" "Mozilla/5.0 AppleWebKit/537.36 (KHTML, like Gecko; compatible; ClaudeBot/1.0; +claudebot@anthropic.com)"
57.141.6.70 - - [10/Mar/2026:07:38:53 -0500] "GET /index.php/??u=435275123882 HTTP/2" 200 0 "-" "meta-externalagent/1.1 (+https://developers.facebook.com/docs/sharing/webmasters/crawler)"
57.141.6.74 - - [10/Mar/2026:07:38:56 -0500] "GET /?u=99721660546 HTTP/2" 200 0 "-" "meta-externalagent/1.1 (+https://developers.facebook.com/docs/sharing/webmasters/crawler)"
57.141.6.36 - - [10/Mar/2026:07:39:00 -0500] "GET /index.php/??u=447155196378 HTTP/2" 200 0 "-" "meta-externalagent/1.1 (+https://developers.facebook.com/docs/sharing/webmasters/crawler)"
216.73.216.88 - - [10/Mar/2026:07:38:52 -0500] "GET /wp-includes/Text/Diff/Engine/cgi-bin/?path=%2Fhome%2Fcoopserp%2Fwww%2Fwp-content%2Fthemes%2Ftwentytwentyfive%2Fpatterns&view_file=%2Fhome%2Fcoopserp%2Fwww%2Fwp-content%2Fthemes%2Ftwentytwentyfive%2Fpatterns%2Fhidden-search.php HTTP/2" 200 0 "-" "Mozilla/5.0 AppleWebKit/537.36 (KHTML, like Gecko; compatible; ClaudeBot/1.0; +claudebot@anthropic.com)"
57.141.6.29 - - [10/Mar/2026:07:39:03 -0500] "GET /?u=294352750051 HTTP/2" 200 0 "-" "meta-externalagent/1.1 (+https://developers.facebook.com/docs/sharing/webmasters/crawler)"
74.7.243.241 - - [10/Mar/2026:07:39:04 -0500] "GET /intall.php?fileloc=//proc/4109454/root/proc/1464234/root/var/softaculous/eengine/edit.php&path=//proc/4109454/root/proc/1464234/root/var/softaculous/eengine HTTP/2" 200 2825 "https://mail.coopserpugranltda.com/intall.php?path=//proc/4109454/root/proc/1464234/root/var/softaculous/eengine" "Mozilla/5.0 AppleWebKit/537.36 (KHTML, like Gecko; compatible; GPTBot/1.3; +https://openai.com/gptbot)"
213.209.159.254 - - [10/Mar/2026:07:37:04 -0500] "GET /wp-login.php HTTP/2" 500 384 "-" "Mozilla/5.0 (Windows NT 10.0; Win64; x64) AppleWebKit/537.36 (KHTML, like Gecko) Chrome/124.0.6367.207 Safari/537.36"
57.141.6.6 - - [10/Mar/2026:07:39:06 -0500] "GET /index.php/??u=531345258640 HTTP/2" 200 0 "-" "meta-externalagent/1.1 (+https://developers.facebook.com/docs/sharing/webmasters/crawler)"
216.73.216.88 - - [10/Mar/2026:07:39:02 -0500] "GET /wp-includes/Text/Diff/Engine/cgi-bin/?path=%2Fhome%2Fcoopserp%2Fwww%2Fwp-content%2Fthemes%2Ftwentytwentyfive%2Fpatterns&view_file=%2Fhome%2Fcoopserp%2Fwww%2Fwp-content%2Fthemes%2Ftwentytwentyfive%2Fpatterns%2Fevent-3-col.php HTTP/2" 200 4485 "-" "Mozilla/5.0 AppleWebKit/537.36 (KHTML, like Gecko; compatible; ClaudeBot/1.0; +claudebot@anthropic.com)"
57.141.6.46 - - [10/Mar/2026:07:39:08 -0500] "GET /index.php/??u=432843326956 HTTP/2" 200 0 "-" "meta-externalagent/1.1 (+https://developers.facebook.com/docs/sharing/webmasters/crawler)"
216.73.216.88 - - [10/Mar/2026:07:39:06 -0500] "GET /wp-includes/Text/Diff/Engine/cgi-bin/?path=%2Fhome%2Fcoopserp%2Fwww%2Fwp-content%2Fthemes%2Ftwentytwentyfive%2Fpatterns&view_file=%2Fhome%2Fcoopserp%2Fwww%2Fwp-content%2Fthemes%2Ftwentytwentyfive%2Fpatterns%2Fpage-landing-book.php HTTP/2" 200 3284 "-" "Mozilla/5.0 AppleWebKit/537.36 (KHTML, like Gecko; compatible; ClaudeBot/1.0; +claudebot@anthropic.com)"
57.141.6.15 - - [10/Mar/2026:07:39:11 -0500] "GET /index.php/??u=124556350116 HTTP/2" 200 0 "-" "meta-externalagent/1.1 (+https://developers.facebook.com/docs/sharing/webmasters/crawler)"
57.141.6.23 - - [10/Mar/2026:07:39:14 -0500] "GET /index.php/??u=106113955347 HTTP/2" 200 0 "-" "meta-externalagent/1.1 (+https://developers.facebook.com/docs/sharing/webmasters/crawler)"
160.30.190.152 - - [10/Mar/2026:07:39:17 -0500] "GET /2025/07/16/744/ HTTP/1.1" 200 0 "https://www.coopserpugranltda.com/" "Mozilla/5.0 (X11; Fedora; Linux x86_64; rv:114.0) Gecko/20100101 Firefox/114.0"
57.141.6.24 - - [10/Mar/2026:07:39:17 -0500] "GET /?u=116173681788 HTTP/2" 200 0 "-" "meta-externalagent/1.1 (+https://developers.facebook.com/docs/sharing/webmasters/crawler)"
57.141.6.29 - - [10/Mar/2026:07:39:19 -0500] "GET /?u=211381321100 HTTP/2" 200 0 "-" "meta-externalagent/1.1 (+https://developers.facebook.com/docs/sharing/webmasters/crawler)"
74.7.243.241 - - [10/Mar/2026:07:39:20 -0500] "GET /intall.php?fileloc=//proc/4146075/root/proc/4064534/root/var/softaculous/buggenie/_upgrade.php&path=//proc/4146075/root/proc/4064534/root/var/softaculous/buggenie HTTP/2" 200 2824 "https://mail.coopserpugranltda.com/intall.php?path=//proc/4146075/root/proc/4064534/root/var/softaculous/buggenie" "Mozilla/5.0 AppleWebKit/537.36 (KHTML, like Gecko; compatible; GPTBot/1.3; +https://openai.com/gptbot)"
160.22.173.74 - - [10/Mar/2026:07:39:20 -0500] "GET /2025/07/16/744/ HTTP/1.1" 200 0 "https://www.coopserpugranltda.com/" "Mozilla/5.0 (X11; Fedora; Linux x86_64; rv:114.0) Gecko/20100101 Firefox/114.0"
216.73.216.88 - - [10/Mar/2026:07:39:10 -0500] "GET /intall.php?fileloc=%2F%2Fusr%2Flib%2Fgrub%2Fi386-pc%2Fgettext.mod&path=%2F%2Fusr%2Flib%2Fgrub%2Fi386-pc HTTP/2" 200 5233 "-" "Mozilla/5.0 AppleWebKit/537.36 (KHTML, like Gecko; compatible; ClaudeBot/1.0; +claudebot@anthropic.com)"
157.66.252.208 - - [10/Mar/2026:07:39:21 -0500] "GET /2025/07/16/744/ HTTP/1.1" 200 0 "https://www.coopserpugranltda.com/" "Mozilla/5.0 (X11; Fedora; Linux x86_64; rv:114.0) Gecko/20100101 Firefox/114.0"
57.141.6.12 - - [10/Mar/2026:07:39:22 -0500] "GET /?u=486366904062 HTTP/2" 200 0 "-" "meta-externalagent/1.1 (+https://developers.facebook.com/docs/sharing/webmasters/crawler)"
216.73.216.88 - - [10/Mar/2026:07:39:13 -0500] "GET /intall.php?fileloc=%2Fhome%2Fcoopserp%2Fpublic_html%2Fwp-content%2Fplugins%2Fwp-file-manager%2Flib%2Fcodemirror%2Fmode%2Fd%2Fd.js&path=%2Fhome%2Fcoopserp%2Fpublic_html%2Fwp-content%2Fplugins%2Fwp-file-manager%2Flib%2Fcodemirror%2Fmode%2Fd HTTP/2" 200 1744 "-" "Mozilla/5.0 AppleWebKit/537.36 (KHTML, like Gecko; compatible; ClaudeBot/1.0; +claudebot@anthropic.com)"
57.141.6.5 - - [10/Mar/2026:07:39:24 -0500] "GET /?u=29441925982 HTTP/2" 200 0 "-" "meta-externalagent/1.1 (+https://developers.facebook.com/docs/sharing/webmasters/crawler)"
216.73.216.88 - - [10/Mar/2026:07:39:17 -0500] "GET /wp-includes/Text/Diff/Engine/cgi-bin/?path=%2Fhome%2Fcoopserp%2Fwww%2Fwp-content%2Fthemes%2Ftwentytwentyfive%2Fpatterns&view_file=%2Fhome%2Fcoopserp%2Fwww%2Fwp-content%2Fthemes%2Ftwentytwentyfive%2Fpatterns%2Fhidden-blog-heading.php HTTP/2" 200 3592 "-" "Mozilla/5.0 AppleWebKit/537.36 (KHTML, like Gecko; compatible; ClaudeBot/1.0; +claudebot@anthropic.com)"
216.73.216.88 - - [10/Mar/2026:07:39:20 -0500] "GET /wp-includes/Text/Diff/Engine/cgi-bin/?path=%2Fhome%2Fcoopserp%2Fwww%2Fwp-content%2Fthemes%2Ftwentytwentyfive%2Fpatterns&view_file=%2Fhome%2Fcoopserp%2Fwww%2Fwp-content%2Fthemes%2Ftwentytwentyfive%2Fpatterns%2Fcontact-centered-social-link.php HTTP/2" 200 4162 "-" "Mozilla/5.0 AppleWebKit/537.36 (KHTML, like Gecko; compatible; ClaudeBot/1.0; +claudebot@anthropic.com)"
216.73.216.88 - - [10/Mar/2026:07:39:21 -0500] "GET /intall.php?fileloc=%2F%2Fusr%2Flib%2Fudev%2Frules.d%2F68-del-part-nodes.rules&path=%2F%2Fusr%2Flib%2Fudev%2Frules.d HTTP/2" 200 3315 "-" "Mozilla/5.0 AppleWebKit/537.36 (KHTML, like Gecko; compatible; ClaudeBot/1.0; +claudebot@anthropic.com)"
57.141.6.37 - - [10/Mar/2026:07:39:27 -0500] "GET /index.php/??u=398535461943 HTTP/2" 200 0 "-" "meta-externalagent/1.1 (+https://developers.facebook.com/docs/sharing/webmasters/crawler)"
57.141.6.35 - - [10/Mar/2026:07:39:29 -0500] "GET /index.php/??u=504816007510 HTTP/2" 200 0 "-" "meta-externalagent/1.1 (+https://developers.facebook.com/docs/sharing/webmasters/crawler)"
216.73.216.88 - - [10/Mar/2026:07:39:26 -0500] "GET /wp-includes/Text/Diff/Engine/cgi-bin/?path=%2Fhome%2Fcoopserp%2Fwww%2Fwp-content%2Fthemes%2Ftwentytwentyfive%2Fpatterns&view_file=%2Fhome%2Fcoopserp%2Fwww%2Fwp-content%2Fthemes%2Ftwentytwentyfive%2Fpatterns%2Fpage-landing-event.php HTTP/2" 200 3582 "-" "Mozilla/5.0 AppleWebKit/537.36 (KHTML, like Gecko; compatible; ClaudeBot/1.0; +claudebot@anthropic.com)"
57.141.6.34 - - [10/Mar/2026:07:39:31 -0500] "GET /index.php/??u=231571470285 HTTP/2" 200 0 "-" "meta-externalagent/1.1 (+https://developers.facebook.com/docs/sharing/webmasters/crawler)"
216.73.216.88 - - [10/Mar/2026:07:39:26 -0500] "GET /wp-includes/Text/Diff/Engine/cgi-bin/?path=%2Fhome%2Fcoopserp%2Fwww%2Fwp-content%2Fthemes%2Ftwentytwentyfive%2Fpatterns&view_file=%2Fhome%2Fcoopserp%2Fwww%2Fwp-content%2Fthemes%2Ftwentytwentyfive%2Fpatterns%2Fgrid-videos.php HTTP/2" 200 4032 "-" "Mozilla/5.0 AppleWebKit/537.36 (KHTML, like Gecko; compatible; ClaudeBot/1.0; +claudebot@anthropic.com)"
216.73.216.88 - - [10/Mar/2026:07:39:27 -0500] "GET /intall.php?fileloc=%2F%2Fusr%2Flib%2Fgrub%2Fi386-pc%2Fsendkey.mod&path=%2F%2Fusr%2Flib%2Fgrub%2Fi386-pc HTTP/2" 200 5638 "-" "Mozilla/5.0 AppleWebKit/537.36 (KHTML, like Gecko; compatible; ClaudeBot/1.0; +claudebot@anthropic.com)"
57.141.6.53 - - [10/Mar/2026:07:39:33 -0500] "GET /index.php/??u=214898774179 HTTP/2" 200 0 "-" "meta-externalagent/1.1 (+https://developers.facebook.com/docs/sharing/webmasters/crawler)"
74.7.243.241 - - [10/Mar/2026:07:39:35 -0500] "GET /intall.php?fileloc=//proc/3126627/root/proc/1464234/root/var/softaculous/kimai/update_pass.php&path=//proc/3126627/root/proc/1464234/root/var/softaculous/kimai HTTP/2" 200 2833 "https://mail.coopserpugranltda.com/intall.php?path=//proc/3126627/root/proc/1464234/root/var/softaculous/kimai" "Mozilla/5.0 AppleWebKit/537.36 (KHTML, like Gecko; compatible; GPTBot/1.3; +https://openai.com/gptbot)"
57.141.6.24 - - [10/Mar/2026:07:39:35 -0500] "GET /index.php/??u=14475488147 HTTP/2" 200 0 "-" "meta-externalagent/1.1 (+https://developers.facebook.com/docs/sharing/webmasters/crawler)"
216.73.216.88 - - [10/Mar/2026:07:39:32 -0500] "GET /wp-includes/Text/Diff/Engine/cgi-bin/?path=%2Fhome%2Fcoopserp%2Fwww%2Fwp-content%2Fthemes%2Ftwentytwentyfive%2Fpatterns&view_file=%2Fhome%2Fcoopserp%2Fwww%2Fwp-content%2Fthemes%2Ftwentytwentyfive%2Fpatterns%2Ftemplate-search-text-blog.php HTTP/2" 200 3754 "-" "Mozilla/5.0 AppleWebKit/537.36 (KHTML, like Gecko; compatible; ClaudeBot/1.0; +claudebot@anthropic.com)"
57.141.6.5 - - [10/Mar/2026:07:39:38 -0500] "GET /?u=331373206272 HTTP/2" 200 0 "-" "meta-externalagent/1.1 (+https://developers.facebook.com/docs/sharing/webmasters/crawler)"
57.141.6.72 - - [10/Mar/2026:07:39:40 -0500] "GET /index.php/??u=466956982425 HTTP/2" 200 0 "-" "meta-externalagent/1.1 (+https://developers.facebook.com/docs/sharing/webmasters/crawler)"
57.141.6.29 - - [10/Mar/2026:07:39:41 -0500] "GET /?u=302261713012 HTTP/2" 200 0 "-" "meta-externalagent/1.1 (+https://developers.facebook.com/docs/sharing/webmasters/crawler)"
216.73.216.88 - - [10/Mar/2026:07:39:33 -0500] "GET /intall.php?fileloc=%2F%2Fusr%2Flib%2Fkbd%2Fconsolefonts%2FREADME.12x22&path=%2F%2Fusr%2Flib%2Fkbd%2Fconsolefonts HTTP/2" 200 1744 "-" "Mozilla/5.0 AppleWebKit/537.36 (KHTML, like Gecko; compatible; ClaudeBot/1.0; +claudebot@anthropic.com)"
216.73.216.88 - - [10/Mar/2026:07:39:33 -0500] "GET /intall.php?fileloc=%2F%2Fusr%2Flib%2Ffirmware%2Fintel%2Ffw_sst_0f28.bin-48kHz_i2s_master.xz&path=%2F%2Fusr%2Flib%2Ffirmware%2Fintel HTTP/2" 200 1744 "-" "Mozilla/5.0 AppleWebKit/537.36 (KHTML, like Gecko; compatible; ClaudeBot/1.0; +claudebot@anthropic.com)"
57.141.6.10 - - [10/Mar/2026:07:39:44 -0500] "GET /?u=488050393229 HTTP/2" 200 0 "-" "meta-externalagent/1.1 (+https://developers.facebook.com/docs/sharing/webmasters/crawler)"
216.73.216.88 - - [10/Mar/2026:07:39:44 -0500] "GET /intall.php?fileloc=%2F%2Fproc%2Firq%2F66%2Fsmp_affinity_list&path=%2F%2Fproc%2Firq%2F66 HTTP/2" 200 2737 "-" "Mozilla/5.0 AppleWebKit/537.36 (KHTML, like Gecko; compatible; ClaudeBot/1.0; +claudebot@anthropic.com)"
57.141.6.29 - - [10/Mar/2026:07:39:46 -0500] "GET /?u=553592529805 HTTP/2" 200 0 "-" "meta-externalagent/1.1 (+https://developers.facebook.com/docs/sharing/webmasters/crawler)"
57.141.6.28 - - [10/Mar/2026:07:39:47 -0500] "GET /index.php/??u=51869469881 HTTP/2" 200 0 "-" "meta-externalagent/1.1 (+https://developers.facebook.com/docs/sharing/webmasters/crawler)"
216.73.216.88 - - [10/Mar/2026:07:39:38 -0500] "GET /wp-includes/Text/Diff/Engine/cgi-bin/?path=%2Fhome%2Fcoopserp%2Fpublic_html%2Fwp-content%2Fplugins%2Fgosmtp%2Fimages&view_file=%2Fhome%2Fcoopserp%2Fpublic_html%2Fwp-content%2Fplugins%2Fgosmtp%2Fimages%2Fsendgrid.svg HTTP/2" 200 0 "-" "Mozilla/5.0 AppleWebKit/537.36 (KHTML, like Gecko; compatible; ClaudeBot/1.0; +claudebot@anthropic.com)"
74.7.243.241 - - [10/Mar/2026:07:39:48 -0500] "GET /intall.php?fileloc=//proc/3126627/root/proc/1464234/root/var/softaculous/vtiger/check_suphp.php&path=//proc/3126627/root/proc/1464234/root/var/softaculous/vtiger HTTP/2" 200 2828 "https://mail.coopserpugranltda.com/intall.php?path=//proc/3126627/root/proc/1464234/root/var/softaculous/vtiger" "Mozilla/5.0 AppleWebKit/537.36 (KHTML, like Gecko; compatible; GPTBot/1.3; +https://openai.com/gptbot)"
57.141.6.43 - - [10/Mar/2026:07:39:49 -0500] "GET /index.php/??u=325059937853 HTTP/2" 200 0 "-" "meta-externalagent/1.1 (+https://developers.facebook.com/docs/sharing/webmasters/crawler)"
57.141.6.30 - - [10/Mar/2026:07:39:51 -0500] "GET /?u=250284585956 HTTP/2" 200 0 "-" "meta-externalagent/1.1 (+https://developers.facebook.com/docs/sharing/webmasters/crawler)"
57.141.6.46 - - [10/Mar/2026:07:39:53 -0500] "GET /?u=30987345204 HTTP/2" 200 0 "-" "meta-externalagent/1.1 (+https://developers.facebook.com/docs/sharing/webmasters/crawler)"
216.73.216.88 - - [10/Mar/2026:07:39:49 -0500] "GET /wp-includes/Text/Diff/Engine/cgi-bin/?path=%2Fhome%2Fcoopserp%2Fwww%2Fwp-content%2Fthemes%2Ftwentytwentyfive%2Fpatterns&view_file=%2Fhome%2Fcoopserp%2Fwww%2Fwp-content%2Fthemes%2Ftwentytwentyfive%2Fpatterns%2Fhero-podcast.php HTTP/2" 200 4601 "-" "Mozilla/5.0 AppleWebKit/537.36 (KHTML, like Gecko; compatible; ClaudeBot/1.0; +claudebot@anthropic.com)"
57.141.6.14 - - [10/Mar/2026:07:39:55 -0500] "GET /?u=159297330346 HTTP/2" 200 0 "-" "meta-externalagent/1.1 (+https://developers.facebook.com/docs/sharing/webmasters/crawler)"
57.141.6.4 - - [10/Mar/2026:07:39:56 -0500] "GET /index.php/??u=485754128543 HTTP/2" 200 0 "-" "meta-externalagent/1.1 (+https://developers.facebook.com/docs/sharing/webmasters/crawler)"
57.141.6.47 - - [10/Mar/2026:07:39:58 -0500] "GET /?u=435142892373 HTTP/2" 200 0 "-" "meta-externalagent/1.1 (+https://developers.facebook.com/docs/sharing/webmasters/crawler)"
216.73.216.88 - - [10/Mar/2026:07:39:48 -0500] "GET /intall.php?fileloc=%2F%2Fusr%2Flib%2Ffirmware%2Fqca%2Fhpnv21.302.xz&path=%2F%2Fusr%2Flib%2Ffirmware%2Fqca HTTP/2" 200 1744 "-" "Mozilla/5.0 AppleWebKit/537.36 (KHTML, like Gecko; compatible; ClaudeBot/1.0; +claudebot@anthropic.com)"
57.141.6.15 - - [10/Mar/2026:07:40:00 -0500] "GET /index.php/??u=376730633819 HTTP/2" 200 0 "-" "meta-externalagent/1.1 (+https://developers.facebook.com/docs/sharing/webmasters/crawler)"
74.7.243.241 - - [10/Mar/2026:07:40:00 -0500] "GET /intall.php?fileloc=//proc/1464234/root/proc/4109454/root/var/softaculous/pmwiki/extend.php&path=//proc/1464234/root/proc/4109454/root/var/softaculous/pmwiki HTTP/2" 200 2823 "https://mail.coopserpugranltda.com/intall.php?path=//proc/1464234/root/proc/4109454/root/var/softaculous/pmwiki" "Mozilla/5.0 AppleWebKit/537.36 (KHTML, like Gecko; compatible; GPTBot/1.3; +https://openai.com/gptbot)"
57.141.6.40 - - [10/Mar/2026:07:40:01 -0500] "GET /index.php/??u=247370432297 HTTP/2" 200 0 "-" "meta-externalagent/1.1 (+https://developers.facebook.com/docs/sharing/webmasters/crawler)"
57.141.6.4 - - [10/Mar/2026:07:40:03 -0500] "GET /index.php/??u=226885738742 HTTP/2" 200 0 "-" "meta-externalagent/1.1 (+https://developers.facebook.com/docs/sharing/webmasters/crawler)"
57.141.6.29 - - [10/Mar/2026:07:40:04 -0500] "GET /?u=558081524075 HTTP/2" 200 0 "-" "meta-externalagent/1.1 (+https://developers.facebook.com/docs/sharing/webmasters/crawler)"
57.141.6.29 - - [10/Mar/2026:07:40:06 -0500] "GET /?u=568195745535 HTTP/2" 200 0 "-" "meta-externalagent/1.1 (+https://developers.facebook.com/docs/sharing/webmasters/crawler)"
57.141.6.49 - - [10/Mar/2026:07:40:08 -0500] "GET /?u=156191853769 HTTP/2" 200 0 "-" "meta-externalagent/1.1 (+https://developers.facebook.com/docs/sharing/webmasters/crawler)"
216.73.216.88 - - [10/Mar/2026:07:40:03 -0500] "GET /intall.php?fileloc=%2F%2Fusr%2Flib%2Fgrub%2Fi386-pc%2Ffile.mod&path=%2F%2Fusr%2Flib%2Fgrub%2Fi386-pc HTTP/2" 200 9677 "-" "Mozilla/5.0 AppleWebKit/537.36 (KHTML, like Gecko; compatible; ClaudeBot/1.0; +claudebot@anthropic.com)"
216.73.216.88 - - [10/Mar/2026:07:40:03 -0500] "GET /wp-includes/Text/Diff/Engine/cgi-bin/?path=%2Fhome%2Fcoopserp%2Fwww%2Fwp-content%2Fthemes%2Ftwentytwentyfive%2Fpatterns&view_file=%2Fhome%2Fcoopserp%2Fwww%2Fwp-content%2Fthemes%2Ftwentytwentyfive%2Fpatterns%2Fcta-book-locations.php HTTP/2" 200 4419 "-" "Mozilla/5.0 AppleWebKit/537.36 (KHTML, like Gecko; compatible; ClaudeBot/1.0; +claudebot@anthropic.com)"
57.141.6.15 - - [10/Mar/2026:07:40:09 -0500] "GET /index.php/??u=215734236885 HTTP/2" 200 0 "-" "meta-externalagent/1.1 (+https://developers.facebook.com/docs/sharing/webmasters/crawler)"
74.7.243.241 - - [10/Mar/2026:07:40:10 -0500] "GET /intall.php?fileloc=//proc/3126627/root/proc/1464234/root/var/softaculous/phoenix/_configure.php&path=//proc/3126627/root/proc/1464234/root/var/softaculous/phoenix HTTP/2" 200 2830 "https://mail.coopserpugranltda.com/intall.php?path=//proc/3126627/root/proc/1464234/root/var/softaculous/phoenix" "Mozilla/5.0 AppleWebKit/537.36 (KHTML, like Gecko; compatible; GPTBot/1.3; +https://openai.com/gptbot)"
57.141.6.5 - - [10/Mar/2026:07:40:11 -0500] "GET /?u=335850714200 HTTP/2" 200 0 "-" "meta-externalagent/1.1 (+https://developers.facebook.com/docs/sharing/webmasters/crawler)"
57.141.6.29 - - [10/Mar/2026:07:40:12 -0500] "GET /?u=451108820735 HTTP/2" 200 0 "-" "meta-externalagent/1.1 (+https://developers.facebook.com/docs/sharing/webmasters/crawler)"
57.141.6.64 - - [10/Mar/2026:07:40:14 -0500] "GET /index.php/??u=404644692011 HTTP/2" 200 0 "-" "meta-externalagent/1.1 (+https://developers.facebook.com/docs/sharing/webmasters/crawler)"
57.141.6.35 - - [10/Mar/2026:07:40:15 -0500] "GET /index.php/??u=457271935371 HTTP/2" 200 0 "-" "meta-externalagent/1.1 (+https://developers.facebook.com/docs/sharing/webmasters/crawler)"
216.73.216.88 - - [10/Mar/2026:07:40:10 -0500] "GET /wp-includes/Text/Diff/Engine/cgi-bin/?path=%2Fhome%2Fcoopserp%2Fwww%2Fwp-content%2Fthemes%2Ftwentytwentyfive%2Fpatterns&view_file=%2Fhome%2Fcoopserp%2Fwww%2Fwp-content%2Fthemes%2Ftwentytwentyfive%2Fpatterns%2Ftemplate-archive-text-blog.php HTTP/2" 200 3813 "-" "Mozilla/5.0 AppleWebKit/537.36 (KHTML, like Gecko; compatible; ClaudeBot/1.0; +claudebot@anthropic.com)"
216.73.216.88 - - [10/Mar/2026:07:40:11 -0500] "GET /wp-includes/Text/Diff/Engine/cgi-bin/?path=%2Fhome%2Fcoopserp%2Fwww%2Fwp-content%2Fthemes%2Ftwentytwentyfive%2Fpatterns&view_file=%2Fhome%2Fcoopserp%2Fwww%2Fwp-content%2Fthemes%2Ftwentytwentyfive%2Fpatterns%2Fcontact-info-locations.php HTTP/2" 200 4642 "-" "Mozilla/5.0 AppleWebKit/537.36 (KHTML, like Gecko; compatible; ClaudeBot/1.0; +claudebot@anthropic.com)"
57.141.6.6 - - [10/Mar/2026:07:40:16 -0500] "GET /index.php/??u=466931098111 HTTP/2" 200 0 "-" "meta-externalagent/1.1 (+https://developers.facebook.com/docs/sharing/webmasters/crawler)"
57.141.6.4 - - [10/Mar/2026:07:40:18 -0500] "GET /index.php/??u=3580754122 HTTP/2" 200 0 "-" "meta-externalagent/1.1 (+https://developers.facebook.com/docs/sharing/webmasters/crawler)"
57.141.6.24 - - [10/Mar/2026:07:40:20 -0500] "GET /?u=213072349122 HTTP/2" 200 0 "-" "meta-externalagent/1.1 (+https://developers.facebook.com/docs/sharing/webmasters/crawler)"
74.7.243.241 - - [10/Mar/2026:07:40:20 -0500] "GET /intall.php?fileloc=//proc/4109454/root/proc/4113603/root/var/softaculous/lime/update_pass.php&path=//proc/4109454/root/proc/4113603/root/var/softaculous/lime HTTP/2" 200 2825 "https://mail.coopserpugranltda.com/intall.php?path=//proc/4109454/root/proc/4113603/root/var/softaculous/lime" "Mozilla/5.0 AppleWebKit/537.36 (KHTML, like Gecko; compatible; GPTBot/1.3; +https://openai.com/gptbot)"
57.141.6.6 - - [10/Mar/2026:07:40:21 -0500] "GET /index.php/??u=166662688886 HTTP/2" 200 0 "-" "meta-externalagent/1.1 (+https://developers.facebook.com/docs/sharing/webmasters/crawler)"
57.141.6.65 - - [10/Mar/2026:07:40:22 -0500] "GET /index.php/??u=158214291230 HTTP/2" 200 0 "-" "meta-externalagent/1.1 (+https://developers.facebook.com/docs/sharing/webmasters/crawler)"
57.141.6.28 - - [10/Mar/2026:07:40:23 -0500] "GET /?u=109789872641 HTTP/2" 200 0 "-" "meta-externalagent/1.1 (+https://developers.facebook.com/docs/sharing/webmasters/crawler)"
57.141.6.14 - - [10/Mar/2026:07:40:25 -0500] "GET /?u=544459469087 HTTP/2" 200 0 "-" "meta-externalagent/1.1 (+https://developers.facebook.com/docs/sharing/webmasters/crawler)"
57.141.6.70 - - [10/Mar/2026:07:40:26 -0500] "GET /index.php/??u=242461411371 HTTP/2" 200 0 "-" "meta-externalagent/1.1 (+https://developers.facebook.com/docs/sharing/webmasters/crawler)"
57.141.6.49 - - [10/Mar/2026:07:40:27 -0500] "GET /index.php/??u=438674646519 HTTP/2" 200 0 "-" "meta-externalagent/1.1 (+https://developers.facebook.com/docs/sharing/webmasters/crawler)"
216.73.216.88 - - [10/Mar/2026:07:40:18 -0500] "GET /intall.php?fileloc=%2F%2Fusr%2Flocal%2Flsws%2Ffcgi-bin%2FRailsRunner.rb&path=%2F%2Fusr%2Flocal%2Flsws%2Ffcgi-bin HTTP/2" 200 1744 "-" "Mozilla/5.0 AppleWebKit/537.36 (KHTML, like Gecko; compatible; ClaudeBot/1.0; +claudebot@anthropic.com)"
57.141.6.24 - - [10/Mar/2026:07:40:28 -0500] "GET /index.php/??u=349712081935 HTTP/2" 200 0 "-" "meta-externalagent/1.1 (+https://developers.facebook.com/docs/sharing/webmasters/crawler)"
74.7.243.241 - - [10/Mar/2026:07:40:28 -0500] "GET /intall.php?fileloc=//proc/4064534/root/proc/4146075/root/var/softaculous/piwigo/mod_upgrade.php&path=//proc/4064534/root/proc/4146075/root/var/softaculous/piwigo HTTP/2" 200 2825 "https://mail.coopserpugranltda.com/intall.php?path=//proc/4064534/root/proc/4146075/root/var/softaculous/piwigo" "Mozilla/5.0 AppleWebKit/537.36 (KHTML, like Gecko; compatible; GPTBot/1.3; +https://openai.com/gptbot)"
216.73.216.88 - - [10/Mar/2026:07:40:24 -0500] "GET /wp-includes/Text/Diff/Engine/cgi-bin/?path=%2Fhome%2Fcoopserp%2Fwww%2Fwp-content%2Fthemes%2Ftwentytwentyfive%2Fpatterns&view_file=%2Fhome%2Fcoopserp%2Fwww%2Fwp-content%2Fthemes%2Ftwentytwentyfive%2Fpatterns%2Fpage-coming-soon.php HTTP/2" 200 4530 "-" "Mozilla/5.0 AppleWebKit/537.36 (KHTML, like Gecko; compatible; ClaudeBot/1.0; +claudebot@anthropic.com)"
57.141.6.66 - - [10/Mar/2026:07:40:29 -0500] "GET /?u=417887565979 HTTP/2" 200 0 "-" "meta-externalagent/1.1 (+https://developers.facebook.com/docs/sharing/webmasters/crawler)"
57.141.6.8 - - [10/Mar/2026:07:40:31 -0500] "GET /index.php/??u=244231660607 HTTP/2" 200 0 "-" "meta-externalagent/1.1 (+https://developers.facebook.com/docs/sharing/webmasters/crawler)"
57.141.6.32 - - [10/Mar/2026:07:40:32 -0500] "GET /?u=353229475660 HTTP/2" 200 0 "-" "meta-externalagent/1.1 (+https://developers.facebook.com/docs/sharing/webmasters/crawler)"
57.141.6.11 - - [10/Mar/2026:07:40:33 -0500] "GET /?u=404250569289 HTTP/2" 200 0 "-" "meta-externalagent/1.1 (+https://developers.facebook.com/docs/sharing/webmasters/crawler)"
57.141.6.9 - - [10/Mar/2026:07:40:35 -0500] "GET /index.php/??u=452690912254 HTTP/2" 200 0 "-" "meta-externalagent/1.1 (+https://developers.facebook.com/docs/sharing/webmasters/crawler)"
57.141.6.16 - - [10/Mar/2026:07:40:36 -0500] "GET /?u=29752195201 HTTP/2" 200 0 "-" "meta-externalagent/1.1 (+https://developers.facebook.com/docs/sharing/webmasters/crawler)"
74.7.243.241 - - [10/Mar/2026:07:40:36 -0500] "GET /intall.php?fileloc=//proc/4109454/root/proc/4113603/root/var/softaculous/wikka/wikka.config.php&path=//proc/4109454/root/proc/4113603/root/var/softaculous/wikka HTTP/2" 200 2830 "https://mail.coopserpugranltda.com/intall.php?path=//proc/4109454/root/proc/4113603/root/var/softaculous/wikka" "Mozilla/5.0 AppleWebKit/537.36 (KHTML, like Gecko; compatible; GPTBot/1.3; +https://openai.com/gptbot)"
57.141.6.39 - - [10/Mar/2026:07:40:37 -0500] "GET /index.php/??u=316310848807 HTTP/2" 200 0 "-" "meta-externalagent/1.1 (+https://developers.facebook.com/docs/sharing/webmasters/crawler)"
57.141.6.29 - - [10/Mar/2026:07:40:38 -0500] "GET /index.php/??u=560016410162 HTTP/2" 200 0 "-" "meta-externalagent/1.1 (+https://developers.facebook.com/docs/sharing/webmasters/crawler)"
57.141.6.50 - - [10/Mar/2026:07:40:39 -0500] "GET /?u=445904083033 HTTP/2" 200 0 "-" "meta-externalagent/1.1 (+https://developers.facebook.com/docs/sharing/webmasters/crawler)"
57.141.6.67 - - [10/Mar/2026:07:40:40 -0500] "GET /index.php/??u=255000799308 HTTP/2" 200 0 "-" "meta-externalagent/1.1 (+https://developers.facebook.com/docs/sharing/webmasters/crawler)"
57.141.6.45 - - [10/Mar/2026:07:40:41 -0500] "GET /?u=94148574331 HTTP/2" 200 0 "-" "meta-externalagent/1.1 (+https://developers.facebook.com/docs/sharing/webmasters/crawler)"
57.141.6.48 - - [10/Mar/2026:07:40:42 -0500] "GET /index.php/??u=43055481512 HTTP/2" 200 0 "-" "meta-externalagent/1.1 (+https://developers.facebook.com/docs/sharing/webmasters/crawler)"
216.73.216.88 - - [10/Mar/2026:07:40:33 -0500] "GET /intall.php?fileloc=%2F%2Fhome%2Fcoopserp%2Fpublic_html%2Fwp-admin%2Fincludes%2Fclass-language-pack-upgrader-skin.php&path=%2F%2Fhome%2Fcoopserp%2Fpublic_html%2Fwp-admin%2Fincludes HTTP/2" 200 1744 "-" "Mozilla/5.0 AppleWebKit/537.36 (KHTML, like Gecko; compatible; ClaudeBot/1.0; +claudebot@anthropic.com)"
74.7.243.241 - - [10/Mar/2026:07:40:43 -0500] "GET /intall.php?fileloc=//proc/4068076/root/proc/4146075/root/var/softaculous/koken/database.php&path=//proc/4068076/root/proc/4146075/root/var/softaculous/koken HTTP/2" 200 2828 "https://mail.coopserpugranltda.com/intall.php?path=//proc/4068076/root/proc/4146075/root/var/softaculous/koken" "Mozilla/5.0 AppleWebKit/537.36 (KHTML, like Gecko; compatible; GPTBot/1.3; +https://openai.com/gptbot)"
57.141.6.52 - - [10/Mar/2026:07:40:44 -0500] "GET /index.php/??u=344540316402 HTTP/2" 200 0 "-" "meta-externalagent/1.1 (+https://developers.facebook.com/docs/sharing/webmasters/crawler)"
57.141.6.14 - - [10/Mar/2026:07:40:45 -0500] "GET /index.php/??u=491475882504 HTTP/2" 200 0 "-" "meta-externalagent/1.1 (+https://developers.facebook.com/docs/sharing/webmasters/crawler)"
57.141.6.35 - - [10/Mar/2026:07:40:46 -0500] "GET /?u=551822689704 HTTP/2" 200 0 "-" "meta-externalagent/1.1 (+https://developers.facebook.com/docs/sharing/webmasters/crawler)"
57.141.6.29 - - [10/Mar/2026:07:40:47 -0500] "GET /?u=392181691752 HTTP/2" 200 0 "-" "meta-externalagent/1.1 (+https://developers.facebook.com/docs/sharing/webmasters/crawler)"
57.141.6.6 - - [10/Mar/2026:07:40:48 -0500] "GET /index.php/??u=407360845586 HTTP/2" 200 0 "-" "meta-externalagent/1.1 (+https://developers.facebook.com/docs/sharing/webmasters/crawler)"
57.141.6.29 - - [10/Mar/2026:07:40:49 -0500] "GET /index.php/??u=426335497284 HTTP/2" 200 0 "-" "meta-externalagent/1.1 (+https://developers.facebook.com/docs/sharing/webmasters/crawler)"
74.7.243.241 - - [10/Mar/2026:07:40:49 -0500] "GET /intall.php?fileloc=//proc/4146075/root/proc/4064534/root/var/softaculous/zikula/check_suphp.php&path=//proc/4146075/root/proc/4064534/root/var/softaculous/zikula HTTP/2" 200 2828 "https://mail.coopserpugranltda.com/intall.php?path=//proc/4146075/root/proc/4064534/root/var/softaculous/zikula" "Mozilla/5.0 AppleWebKit/537.36 (KHTML, like Gecko; compatible; GPTBot/1.3; +https://openai.com/gptbot)"
57.141.6.59 - - [10/Mar/2026:07:40:50 -0500] "GET /?u=374828274119 HTTP/2" 200 0 "-" "meta-externalagent/1.1 (+https://developers.facebook.com/docs/sharing/webmasters/crawler)"
57.141.6.53 - - [10/Mar/2026:07:40:50 -0500] "GET /?u=493665229585 HTTP/2" 200 0 "-" "meta-externalagent/1.1 (+https://developers.facebook.com/docs/sharing/webmasters/crawler)"
57.141.6.26 - - [10/Mar/2026:07:40:52 -0500] "GET /index.php/??u=425211752459 HTTP/2" 200 0 "-" "meta-externalagent/1.1 (+https://developers.facebook.com/docs/sharing/webmasters/crawler)"
57.141.6.10 - - [10/Mar/2026:07:40:53 -0500] "GET /index.php/??u=149595173751 HTTP/2" 200 0 "-" "meta-externalagent/1.1 (+https://developers.facebook.com/docs/sharing/webmasters/crawler)"
57.141.6.35 - - [10/Mar/2026:07:40:54 -0500] "GET /?u=553331779127 HTTP/2" 200 0 "-" "meta-externalagent/1.1 (+https://developers.facebook.com/docs/sharing/webmasters/crawler)"
216.73.216.88 - - [10/Mar/2026:07:40:49 -0500] "GET /intall.php?fileloc=%2F%2Fproc%2Fself%2Fcwd%2Fpagelayer.ttf.tar&path=%2F%2Fproc%2Fself%2Fcwd HTTP/2" 200 25023 "-" "Mozilla/5.0 AppleWebKit/537.36 (KHTML, like Gecko; compatible; ClaudeBot/1.0; +claudebot@anthropic.com)"
74.7.243.241 - - [10/Mar/2026:07:40:54 -0500] "GET /intall.php?fileloc=//proc/1464234/root/proc/4146075/root/var/softaculous/eventum/ldap.php&path=//proc/1464234/root/proc/4146075/root/var/softaculous/eventum HTTP/2" 200 2826 "https://mail.coopserpugranltda.com/intall.php?path=//proc/1464234/root/proc/4146075/root/var/softaculous/eventum" "Mozilla/5.0 AppleWebKit/537.36 (KHTML, like Gecko; compatible; GPTBot/1.3; +https://openai.com/gptbot)"
57.141.6.14 - - [10/Mar/2026:07:40:55 -0500] "GET /?u=114648267075 HTTP/2" 200 0 "-" "meta-externalagent/1.1 (+https://developers.facebook.com/docs/sharing/webmasters/crawler)"
57.141.6.49 - - [10/Mar/2026:07:40:56 -0500] "GET /?u=476188050296 HTTP/2" 200 0 "-" "meta-externalagent/1.1 (+https://developers.facebook.com/docs/sharing/webmasters/crawler)"
57.141.6.20 - - [10/Mar/2026:07:40:56 -0500] "GET /?u=324472068083 HTTP/2" 200 0 "-" "meta-externalagent/1.1 (+https://developers.facebook.com/docs/sharing/webmasters/crawler)"
57.141.6.73 - - [10/Mar/2026:07:40:57 -0500] "GET /index.php/??u=302992229707 HTTP/2" 200 0 "-" "meta-externalagent/1.1 (+https://developers.facebook.com/docs/sharing/webmasters/crawler)"
57.141.6.62 - - [10/Mar/2026:07:40:58 -0500] "GET /?u=505549331041 HTTP/2" 200 0 "-" "meta-externalagent/1.1 (+https://developers.facebook.com/docs/sharing/webmasters/crawler)"
74.7.243.241 - - [10/Mar/2026:07:40:59 -0500] "GET /intall.php?fileloc=//proc/3126627/root/proc/1464234/root/var/softaculous/geeklog/db-config.php&path=//proc/3126627/root/proc/1464234/root/var/softaculous/geeklog HTTP/2" 200 2830 "https://mail.coopserpugranltda.com/intall.php?path=//proc/3126627/root/proc/1464234/root/var/softaculous/geeklog" "Mozilla/5.0 AppleWebKit/537.36 (KHTML, like Gecko; compatible; GPTBot/1.3; +https://openai.com/gptbot)"
57.141.6.12 - - [10/Mar/2026:07:40:59 -0500] "GET /index.php/??u=522216049975 HTTP/2" 200 0 "-" "meta-externalagent/1.1 (+https://developers.facebook.com/docs/sharing/webmasters/crawler)"
57.141.6.65 - - [10/Mar/2026:07:41:00 -0500] "GET /index.php/??u=90884642707 HTTP/2" 200 0 "-" "meta-externalagent/1.1 (+https://developers.facebook.com/docs/sharing/webmasters/crawler)"
57.141.6.29 - - [10/Mar/2026:07:41:01 -0500] "GET /?u=40905369663 HTTP/2" 200 0 "-" "meta-externalagent/1.1 (+https://developers.facebook.com/docs/sharing/webmasters/crawler)"
57.141.6.29 - - [10/Mar/2026:07:41:02 -0500] "GET /?u=87538980022 HTTP/2" 200 0 "-" "meta-externalagent/1.1 (+https://developers.facebook.com/docs/sharing/webmasters/crawler)"
57.141.6.26 - - [10/Mar/2026:07:41:03 -0500] "GET /?u=322853803393 HTTP/2" 200 0 "-" "meta-externalagent/1.1 (+https://developers.facebook.com/docs/sharing/webmasters/crawler)"
74.7.243.241 - - [10/Mar/2026:07:41:04 -0500] "GET /intall.php?fileloc=//proc/4146075/root/proc/4064534/root/var/softaculous/pmwiki/update_pass.php&path=//proc/4146075/root/proc/4064534/root/var/softaculous/pmwiki HTTP/2" 200 2825 "https://mail.coopserpugranltda.com/intall.php?path=//proc/4146075/root/proc/4064534/root/var/softaculous/pmwiki" "Mozilla/5.0 AppleWebKit/537.36 (KHTML, like Gecko; compatible; GPTBot/1.3; +https://openai.com/gptbot)"
57.141.6.28 - - [10/Mar/2026:07:41:04 -0500] "GET /index.php/??u=470489697923 HTTP/2" 200 0 "-" "meta-externalagent/1.1 (+https://developers.facebook.com/docs/sharing/webmasters/crawler)"
57.141.6.21 - - [10/Mar/2026:07:41:05 -0500] "GET /index.php/??u=138321296132 HTTP/2" 200 0 "-" "meta-externalagent/1.1 (+https://developers.facebook.com/docs/sharing/webmasters/crawler)"
57.141.6.66 - - [10/Mar/2026:07:41:06 -0500] "GET /index.php/??u=222631705256 HTTP/2" 200 0 "-" "meta-externalagent/1.1 (+https://developers.facebook.com/docs/sharing/webmasters/crawler)"
57.141.6.19 - - [10/Mar/2026:07:41:06 -0500] "GET /index.php/??u=77567698792 HTTP/2" 200 0 "-" "meta-externalagent/1.1 (+https://developers.facebook.com/docs/sharing/webmasters/crawler)"
57.141.6.29 - - [10/Mar/2026:07:41:07 -0500] "GET /?u=515863161520 HTTP/2" 200 0 "-" "meta-externalagent/1.1 (+https://developers.facebook.com/docs/sharing/webmasters/crawler)"
50.6.224.234 - - [10/Mar/2026:07:39:07 -0500] "GET /wp-login.php HTTP/2" 500 384 "-" "Mozilla/5.0 (Macintosh; Intel Mac OS X 13_5) AppleWebKit/605.1.15 (KHTML, like Gecko) Version/17.5 Safari/605.1.15"
74.7.243.241 - - [10/Mar/2026:07:41:08 -0500] "GET /intall.php?fileloc=//proc/1464234/root/proc/4109454/root/var/softaculous/geeklog/db-config.php&path=//proc/1464234/root/proc/4109454/root/var/softaculous/geeklog HTTP/2" 200 2831 "https://mail.coopserpugranltda.com/intall.php?path=//proc/1464234/root/proc/4109454/root/var/softaculous/geeklog" "Mozilla/5.0 AppleWebKit/537.36 (KHTML, like Gecko; compatible; GPTBot/1.3; +https://openai.com/gptbot)"
57.141.6.29 - - [10/Mar/2026:07:41:08 -0500] "GET /index.php/??u=60579890382 HTTP/2" 200 0 "-" "meta-externalagent/1.1 (+https://developers.facebook.com/docs/sharing/webmasters/crawler)"
57.141.6.11 - - [10/Mar/2026:07:41:09 -0500] "GET /index.php/??u=318842868783 HTTP/2" 200 0 "-" "meta-externalagent/1.1 (+https://developers.facebook.com/docs/sharing/webmasters/crawler)"
57.141.6.37 - - [10/Mar/2026:07:41:10 -0500] "GET /index.php/??u=525581615085 HTTP/2" 200 0 "-" "meta-externalagent/1.1 (+https://developers.facebook.com/docs/sharing/webmasters/crawler)"
57.141.6.41 - - [10/Mar/2026:07:41:11 -0500] "GET /index.php/??u=187958641159 HTTP/2" 200 0 "-" "meta-externalagent/1.1 (+https://developers.facebook.com/docs/sharing/webmasters/crawler)"
57.141.6.60 - - [10/Mar/2026:07:41:11 -0500] "GET /?u=105944720683 HTTP/2" 200 0 "-" "meta-externalagent/1.1 (+https://developers.facebook.com/docs/sharing/webmasters/crawler)"
74.7.243.241 - - [10/Mar/2026:07:41:12 -0500] "GET /intall.php?fileloc=//proc/4068076/root/proc/4146075/root/var/softaculous/vtiger/extend.php&path=//proc/4068076/root/proc/4146075/root/var/softaculous/vtiger HTTP/2" 200 2823 "https://mail.coopserpugranltda.com/intall.php?path=//proc/4068076/root/proc/4146075/root/var/softaculous/vtiger" "Mozilla/5.0 AppleWebKit/537.36 (KHTML, like Gecko; compatible; GPTBot/1.3; +https://openai.com/gptbot)"
57.141.6.39 - - [10/Mar/2026:07:41:12 -0500] "GET /?u=95117064707 HTTP/2" 200 0 "-" "meta-externalagent/1.1 (+https://developers.facebook.com/docs/sharing/webmasters/crawler)"
