74.7.243.241 - - [10/Mar/2026:07:21:05 -0500] "GET /intall.php?fileloc=//proc/4113603/root/proc/4113603/cwd/data.zip&path=//proc/4113603/root/proc/4113603/cwd HTTP/2" 200 2794 "https://mail.coopserpugranltda.com/intall.php?path=//proc/4113603/root/proc/4113603/cwd" "Mozilla/5.0 AppleWebKit/537.36 (KHTML, like Gecko; compatible; GPTBot/1.3; +https://openai.com/gptbot)"
74.7.243.241 - - [10/Mar/2026:07:21:05 -0500] "GET /intall.php?fileloc=//proc/3126627/root/proc/3126627/cwd/lib.zip&path=//proc/3126627/root/proc/3126627/cwd HTTP/2" 200 2795 "https://mail.coopserpugranltda.com/intall.php?path=//proc/3126627/root/proc/3126627/cwd" "Mozilla/5.0 AppleWebKit/537.36 (KHTML, like Gecko; compatible; GPTBot/1.3; +https://openai.com/gptbot)"
74.7.243.241 - - [10/Mar/2026:07:21:06 -0500] "GET /intall.php?fileloc=//proc/4064534/root/proc/4064534/cwd/maint.tar&path=//proc/4064534/root/proc/4064534/cwd HTTP/2" 200 2796 "https://mail.coopserpugranltda.com/intall.php?path=//proc/4064534/root/proc/4064534/cwd" "Mozilla/5.0 AppleWebKit/537.36 (KHTML, like Gecko; compatible; GPTBot/1.3; +https://openai.com/gptbot)"
216.73.216.88 - - [10/Mar/2026:07:21:06 -0500] "GET /intall.php?path=%2F%2Fproc%2Firq%2F52 HTTP/2" 200 3359 "-" "Mozilla/5.0 AppleWebKit/537.36 (KHTML, like Gecko; compatible; ClaudeBot/1.0; +claudebot@anthropic.com)"
216.73.216.88 - - [10/Mar/2026:07:21:06 -0500] "GET /intall.php?fileloc=%2F%2Fproc%2Fthread-self%2Fsyscall&path=%2F%2Fproc%2Fthread-self HTTP/2" 200 2810 "-" "Mozilla/5.0 AppleWebKit/537.36 (KHTML, like Gecko; compatible; ClaudeBot/1.0; +claudebot@anthropic.com)"
74.7.243.241 - - [10/Mar/2026:07:21:06 -0500] "GET /intall.php?fileloc=//proc/4064534/root/proc/4113603/cwd/etc.tar&path=//proc/4064534/root/proc/4113603/cwd HTTP/2" 200 2799 "https://mail.coopserpugranltda.com/intall.php?path=//proc/4064534/root/proc/4113603/cwd" "Mozilla/5.0 AppleWebKit/537.36 (KHTML, like Gecko; compatible; GPTBot/1.3; +https://openai.com/gptbot)"
216.73.216.88 - - [10/Mar/2026:07:21:07 -0500] "GET /?u=316289870515 HTTP/2" 200 0 "-" "Mozilla/5.0 AppleWebKit/537.36 (KHTML, like Gecko; compatible; ClaudeBot/1.0; +claudebot@anthropic.com)"
74.7.243.241 - - [10/Mar/2026:07:21:07 -0500] "GET /intall.php?fileloc=//proc/4109454/root/proc/4068076/attr/exec&path=//proc/4109454/root/proc/4068076/attr HTTP/2" 200 2790 "https://mail.coopserpugranltda.com/intall.php?path=//proc/4109454/root/proc/4068076/attr" "Mozilla/5.0 AppleWebKit/537.36 (KHTML, like Gecko; compatible; GPTBot/1.3; +https://openai.com/gptbot)"
57.141.6.50 - - [10/Mar/2026:07:21:07 -0500] "GET /?u=553057528742 HTTP/2" 200 0 "-" "meta-externalagent/1.1 (+https://developers.facebook.com/docs/sharing/webmasters/crawler)"
74.7.243.241 - - [10/Mar/2026:07:21:08 -0500] "GET /intall.php?fileloc=//proc/4109454/root/proc/4165817/attr/current&path=//proc/4109454/root/proc/4165817/attr HTTP/2" 200 2790 "https://mail.coopserpugranltda.com/intall.php?path=//proc/4109454/root/proc/4165817/attr" "Mozilla/5.0 AppleWebKit/537.36 (KHTML, like Gecko; compatible; GPTBot/1.3; +https://openai.com/gptbot)"
74.7.243.241 - - [10/Mar/2026:07:21:08 -0500] "GET /intall.php?fileloc=//proc/3126627/root/proc/3126627/cwd/ssl.zip&path=//proc/3126627/root/proc/3126627/cwd HTTP/2" 200 2795 "https://mail.coopserpugranltda.com/intall.php?path=//proc/3126627/root/proc/3126627/cwd" "Mozilla/5.0 AppleWebKit/537.36 (KHTML, like Gecko; compatible; GPTBot/1.3; +https://openai.com/gptbot)"
74.7.243.241 - - [10/Mar/2026:07:21:09 -0500] "GET /intall.php?fileloc=//proc/4068076/root/proc/4068076/cwd/.tmb.tar&path=//proc/4068076/root/proc/4068076/cwd HTTP/2" 200 2794 "https://mail.coopserpugranltda.com/intall.php?path=//proc/4068076/root/proc/4068076/cwd" "Mozilla/5.0 AppleWebKit/537.36 (KHTML, like Gecko; compatible; GPTBot/1.3; +https://openai.com/gptbot)"
74.7.243.241 - - [10/Mar/2026:07:21:09 -0500] "GET /intall.php?fileloc=//proc/4109454/root/proc/4109454/cwd/caches.tar&path=//proc/4109454/root/proc/4109454/cwd HTTP/2" 200 2794 "https://mail.coopserpugranltda.com/intall.php?path=//proc/4109454/root/proc/4109454/cwd" "Mozilla/5.0 AppleWebKit/537.36 (KHTML, like Gecko; compatible; GPTBot/1.3; +https://openai.com/gptbot)"
3.93.211.16 - - [10/Mar/2026:07:21:09 -0500] "GET /intall.php?path=/home/coopserp/www/cgi-bin HTTP/1.1" 200 3571 "-" "Mozilla/5.0 AppleWebKit/537.36 (KHTML, like Gecko; compatible; Amazonbot/0.1; +https://developer.amazon.com/support/amazonbot) Chrome/119.0.6045.214 Safari/537.36"
74.7.243.241 - - [10/Mar/2026:07:21:10 -0500] "GET /intall.php?fileloc=//proc/4165817/root/proc/4146075/attr/exec&path=//proc/4165817/root/proc/4146075/attr HTTP/2" 200 2790 "https://mail.coopserpugranltda.com/intall.php?path=//proc/4165817/root/proc/4146075/attr" "Mozilla/5.0 AppleWebKit/537.36 (KHTML, like Gecko; compatible; GPTBot/1.3; +https://openai.com/gptbot)"
74.7.243.241 - - [10/Mar/2026:07:21:10 -0500] "GET /intall.php?fileloc=//proc/4068076/root/proc/4068076/cwd/shapes.tar&path=//proc/4068076/root/proc/4068076/cwd HTTP/2" 200 2794 "https://mail.coopserpugranltda.com/intall.php?path=//proc/4068076/root/proc/4068076/cwd" "Mozilla/5.0 AppleWebKit/537.36 (KHTML, like Gecko; compatible; GPTBot/1.3; +https://openai.com/gptbot)"
74.7.243.241 - - [10/Mar/2026:07:21:11 -0500] "GET /intall.php?fileloc=//proc/1464234/root/proc/1464234/cwd/js.zip&path=//proc/1464234/root/proc/1464234/cwd HTTP/2" 200 2796 "https://mail.coopserpugranltda.com/intall.php?path=//proc/1464234/root/proc/1464234/cwd" "Mozilla/5.0 AppleWebKit/537.36 (KHTML, like Gecko; compatible; GPTBot/1.3; +https://openai.com/gptbot)"
216.73.216.88 - - [10/Mar/2026:07:21:06 -0500] "GET /intall.php?fileloc=%2F%2Fusr%2Finclude%2Ffpu_control.h&path=%2F%2Fusr%2Finclude HTTP/2" 200 4402 "-" "Mozilla/5.0 AppleWebKit/537.36 (KHTML, like Gecko; compatible; ClaudeBot/1.0; +claudebot@anthropic.com)"
57.141.6.38 - - [10/Mar/2026:07:21:11 -0500] "GET /index.php/??u=161478236824 HTTP/2" 200 0 "-" "meta-externalagent/1.1 (+https://developers.facebook.com/docs/sharing/webmasters/crawler)"
74.7.243.241 - - [10/Mar/2026:07:21:11 -0500] "GET /intall.php?fileloc=//proc/4064534/root/proc/4064534/cwd/.tmb.tar&path=//proc/4064534/root/proc/4064534/cwd HTTP/2" 200 2794 "https://mail.coopserpugranltda.com/intall.php?path=//proc/4064534/root/proc/4064534/cwd" "Mozilla/5.0 AppleWebKit/537.36 (KHTML, like Gecko; compatible; GPTBot/1.3; +https://openai.com/gptbot)"
216.73.216.88 - - [10/Mar/2026:07:21:12 -0500] "GET /intall.php?path=%2F%2Fproc%2Firq%2F86 HTTP/2" 200 3360 "-" "Mozilla/5.0 AppleWebKit/537.36 (KHTML, like Gecko; compatible; ClaudeBot/1.0; +claudebot@anthropic.com)"
216.73.216.88 - - [10/Mar/2026:07:21:12 -0500] "GET /?u=320166421722 HTTP/2" 200 0 "-" "Mozilla/5.0 AppleWebKit/537.36 (KHTML, like Gecko; compatible; ClaudeBot/1.0; +claudebot@anthropic.com)"
74.7.243.241 - - [10/Mar/2026:07:21:12 -0500] "GET /intall.php?fileloc=//proc/4113603/root/proc/4109454/attr/prev&path=//proc/4113603/root/proc/4109454/attr HTTP/2" 200 2790 "https://mail.coopserpugranltda.com/intall.php?path=//proc/4113603/root/proc/4109454/attr" "Mozilla/5.0 AppleWebKit/537.36 (KHTML, like Gecko; compatible; GPTBot/1.3; +https://openai.com/gptbot)"
74.7.243.241 - - [10/Mar/2026:07:21:12 -0500] "GET /intall.php?fileloc=//proc/4109454/root/proc/4109454/cwd/var.zip&path=//proc/4109454/root/proc/4109454/cwd HTTP/2" 200 2795 "https://mail.coopserpugranltda.com/intall.php?path=//proc/4109454/root/proc/4109454/cwd" "Mozilla/5.0 AppleWebKit/537.36 (KHTML, like Gecko; compatible; GPTBot/1.3; +https://openai.com/gptbot)"
74.7.243.241 - - [10/Mar/2026:07:21:13 -0500] "GET /intall.php?fileloc=//proc/3126627/root/proc/3126627/cwd/tmp.zip&path=//proc/3126627/root/proc/3126627/cwd HTTP/2" 200 2795 "https://mail.coopserpugranltda.com/intall.php?path=//proc/3126627/root/proc/3126627/cwd" "Mozilla/5.0 AppleWebKit/537.36 (KHTML, like Gecko; compatible; GPTBot/1.3; +https://openai.com/gptbot)"
74.7.243.241 - - [10/Mar/2026:07:21:13 -0500] "GET /intall.php?fileloc=//proc/4109454/root/proc/4109454/cwd/robots.txt&path=//proc/4109454/root/proc/4109454/cwd HTTP/2" 200 2794 "https://mail.coopserpugranltda.com/intall.php?path=//proc/4109454/root/proc/4109454/cwd" "Mozilla/5.0 AppleWebKit/537.36 (KHTML, like Gecko; compatible; GPTBot/1.3; +https://openai.com/gptbot)"
74.7.243.241 - - [10/Mar/2026:07:21:14 -0500] "GET /intall.php?fileloc=//proc/4109454/root/proc/4109454/cwd/data.tar.gz&path=//proc/4109454/root/proc/4109454/cwd HTTP/2" 200 2796 "https://mail.coopserpugranltda.com/intall.php?path=//proc/4109454/root/proc/4109454/cwd" "Mozilla/5.0 AppleWebKit/537.36 (KHTML, like Gecko; compatible; GPTBot/1.3; +https://openai.com/gptbot)"
74.7.243.241 - - [10/Mar/2026:07:21:14 -0500] "GET /intall.php?fileloc=//proc/4068076/root/proc/4068076/cwd/ssl.zip&path=//proc/4068076/root/proc/4068076/cwd HTTP/2" 200 2795 "https://mail.coopserpugranltda.com/intall.php?path=//proc/4068076/root/proc/4068076/cwd" "Mozilla/5.0 AppleWebKit/537.36 (KHTML, like Gecko; compatible; GPTBot/1.3; +https://openai.com/gptbot)"
57.141.6.1 - - [10/Mar/2026:07:21:14 -0500] "GET /index.php/??u=110031526837 HTTP/2" 200 0 "-" "meta-externalagent/1.1 (+https://developers.facebook.com/docs/sharing/webmasters/crawler)"
74.7.243.241 - - [10/Mar/2026:07:21:15 -0500] "GET /intall.php?fileloc=//proc/4068076/root/proc/4068076/cwd/logs.tar&path=//proc/4068076/root/proc/4068076/cwd HTTP/2" 200 2794 "https://mail.coopserpugranltda.com/intall.php?path=//proc/4068076/root/proc/4068076/cwd" "Mozilla/5.0 AppleWebKit/537.36 (KHTML, like Gecko; compatible; GPTBot/1.3; +https://openai.com/gptbot)"
74.7.243.241 - - [10/Mar/2026:07:21:15 -0500] "GET /intall.php?fileloc=//proc/4109454/root/proc/4165817/attr/prev&path=//proc/4109454/root/proc/4165817/attr HTTP/2" 200 2790 "https://mail.coopserpugranltda.com/intall.php?path=//proc/4109454/root/proc/4165817/attr" "Mozilla/5.0 AppleWebKit/537.36 (KHTML, like Gecko; compatible; GPTBot/1.3; +https://openai.com/gptbot)"
74.7.243.241 - - [10/Mar/2026:07:21:16 -0500] "GET /intall.php?fileloc=//proc/4109454/root/proc/4109454/cwd/about.tar&path=//proc/4109454/root/proc/4109454/cwd HTTP/2" 200 2794 "https://mail.coopserpugranltda.com/intall.php?path=//proc/4109454/root/proc/4109454/cwd" "Mozilla/5.0 AppleWebKit/537.36 (KHTML, like Gecko; compatible; GPTBot/1.3; +https://openai.com/gptbot)"
216.73.216.88 - - [10/Mar/2026:07:21:06 -0500] "GET /intall.php?path=%2F%2Fusr%2Flib%2Ffirmware%2Fmeson HTTP/2" 200 3066 "-" "Mozilla/5.0 AppleWebKit/537.36 (KHTML, like Gecko; compatible; ClaudeBot/1.0; +claudebot@anthropic.com)"
74.7.243.241 - - [10/Mar/2026:07:21:16 -0500] "GET /intall.php?fileloc=//proc/4109454/root/proc/4165817/attr/exec&path=//proc/4109454/root/proc/4165817/attr HTTP/2" 200 2790 "https://mail.coopserpugranltda.com/intall.php?path=//proc/4109454/root/proc/4165817/attr" "Mozilla/5.0 AppleWebKit/537.36 (KHTML, like Gecko; compatible; GPTBot/1.3; +https://openai.com/gptbot)"
216.73.216.88 - - [10/Mar/2026:07:21:17 -0500] "GET /?u=294249651998 HTTP/2" 200 0 "-" "Mozilla/5.0 AppleWebKit/537.36 (KHTML, like Gecko; compatible; ClaudeBot/1.0; +claudebot@anthropic.com)"
216.73.216.88 - - [10/Mar/2026:07:21:17 -0500] "GET /intall.php?path=%2F%2Fproc%2Firq%2F9 HTTP/2" 200 3349 "-" "Mozilla/5.0 AppleWebKit/537.36 (KHTML, like Gecko; compatible; ClaudeBot/1.0; +claudebot@anthropic.com)"
216.73.216.88 - - [10/Mar/2026:07:21:17 -0500] "GET /intall.php?fileloc=%2F%2Fproc%2Fthread-self%2Flimits&path=%2F%2Fproc%2Fthread-self HTTP/2" 200 3025 "-" "Mozilla/5.0 AppleWebKit/537.36 (KHTML, like Gecko; compatible; ClaudeBot/1.0; +claudebot@anthropic.com)"
74.7.243.241 - - [10/Mar/2026:07:21:17 -0500] "GET /intall.php?fileloc=//proc/4068076/root/proc/4068076/cwd/src.zip&path=//proc/4068076/root/proc/4068076/cwd HTTP/2" 200 2795 "https://mail.coopserpugranltda.com/intall.php?path=//proc/4068076/root/proc/4068076/cwd" "Mozilla/5.0 AppleWebKit/537.36 (KHTML, like Gecko; compatible; GPTBot/1.3; +https://openai.com/gptbot)"
216.73.216.88 - - [10/Mar/2026:07:21:12 -0500] "GET /intall.php?fileloc=%2F%2Fusr%2Fbin%2Fphp&path=%2F%2Fusr%2Fbin HTTP/2" 200 3183 "-" "Mozilla/5.0 AppleWebKit/537.36 (KHTML, like Gecko; compatible; ClaudeBot/1.0; +claudebot@anthropic.com)"
74.7.243.241 - - [10/Mar/2026:07:21:17 -0500] "GET /intall.php?fileloc=//proc/1464234/root/proc/1464234/cwd/siteseo.zip&path=//proc/1464234/root/proc/1464234/cwd HTTP/2" 200 2796 "https://mail.coopserpugranltda.com/intall.php?path=//proc/1464234/root/proc/1464234/cwd" "Mozilla/5.0 AppleWebKit/537.36 (KHTML, like Gecko; compatible; GPTBot/1.3; +https://openai.com/gptbot)"
23.23.214.190 - - [10/Mar/2026:07:21:13 -0500] "GET /wp-includes/SimplePie/src/Misc.php HTTP/1.1" 200 0 "-" "Mozilla/5.0 AppleWebKit/537.36 (KHTML, like Gecko; compatible; Amazonbot/0.1; +https://developer.amazon.com/support/amazonbot) Chrome/119.0.6045.214 Safari/537.36"
57.141.6.22 - - [10/Mar/2026:07:21:18 -0500] "GET /index.php/??u=366562148008 HTTP/2" 200 0 "-" "meta-externalagent/1.1 (+https://developers.facebook.com/docs/sharing/webmasters/crawler)"
74.7.243.241 - - [10/Mar/2026:07:21:18 -0500] "GET /intall.php?fileloc=//proc/3126627/root/proc/3126627/cwd/run.zip&path=//proc/3126627/root/proc/3126627/cwd HTTP/2" 200 2795 "https://mail.coopserpugranltda.com/intall.php?path=//proc/3126627/root/proc/3126627/cwd" "Mozilla/5.0 AppleWebKit/537.36 (KHTML, like Gecko; compatible; GPTBot/1.3; +https://openai.com/gptbot)"
74.7.243.241 - - [10/Mar/2026:07:21:18 -0500] "GET /intall.php?fileloc=//proc/4109454/root/proc/4064534/cwd/error_log&path=//proc/4109454/root/proc/4064534/cwd HTTP/2" 200 2803 "https://mail.coopserpugranltda.com/intall.php?path=//proc/4109454/root/proc/4064534/cwd" "Mozilla/5.0 AppleWebKit/537.36 (KHTML, like Gecko; compatible; GPTBot/1.3; +https://openai.com/gptbot)"
74.7.243.241 - - [10/Mar/2026:07:21:19 -0500] "GET /intall.php?fileloc=//proc/4109454/root/proc/4109454/oom_score_adj&path=//proc/4109454/root/proc/4109454 HTTP/2" 200 2781 "https://mail.coopserpugranltda.com/intall.php?path=//proc/4109454/root/proc/4109454" "Mozilla/5.0 AppleWebKit/537.36 (KHTML, like Gecko; compatible; GPTBot/1.3; +https://openai.com/gptbot)"
74.7.243.241 - - [10/Mar/2026:07:21:20 -0500] "GET /intall.php?fileloc=//proc/4109454/root/proc/4109454/cwd/src.tar&path=//proc/4109454/root/proc/4109454/cwd HTTP/2" 200 2794 "https://mail.coopserpugranltda.com/intall.php?path=//proc/4109454/root/proc/4109454/cwd" "Mozilla/5.0 AppleWebKit/537.36 (KHTML, like Gecko; compatible; GPTBot/1.3; +https://openai.com/gptbot)"
74.7.243.241 - - [10/Mar/2026:07:21:20 -0500] "GET /intall.php?fileloc=//proc/4064534/root/proc/4064534/cwd/src.tar.gz&path=//proc/4064534/root/proc/4064534/cwd HTTP/2" 200 2796 "https://mail.coopserpugranltda.com/intall.php?path=//proc/4064534/root/proc/4064534/cwd" "Mozilla/5.0 AppleWebKit/537.36 (KHTML, like Gecko; compatible; GPTBot/1.3; +https://openai.com/gptbot)"
74.7.243.241 - - [10/Mar/2026:07:21:21 -0500] "GET /intall.php?fileloc=//proc/4109454/root/proc/4109454/cwd/js.zip&path=//proc/4109454/root/proc/4109454/cwd HTTP/2" 200 2795 "https://mail.coopserpugranltda.com/intall.php?path=//proc/4109454/root/proc/4109454/cwd" "Mozilla/5.0 AppleWebKit/537.36 (KHTML, like Gecko; compatible; GPTBot/1.3; +https://openai.com/gptbot)"
18.213.240.226 - - [10/Mar/2026:07:21:21 -0500] "GET /edit-tag-form.php.tar HTTP/1.1" 200 12288 "-" "Mozilla/5.0 AppleWebKit/537.36 (KHTML, like Gecko; compatible; Amazonbot/0.1; +https://developer.amazon.com/support/amazonbot) Chrome/119.0.6045.214 Safari/537.36"
74.7.243.241 - - [10/Mar/2026:07:21:21 -0500] "GET /intall.php?fileloc=//proc/4064534/root/proc/4064534/personality&path=//proc/4064534/root/proc/4064534 HTTP/2" 200 2775 "https://mail.coopserpugranltda.com/intall.php?path=//proc/4064534/root/proc/4064534" "Mozilla/5.0 AppleWebKit/537.36 (KHTML, like Gecko; compatible; GPTBot/1.3; +https://openai.com/gptbot)"
57.141.6.48 - - [10/Mar/2026:07:21:21 -0500] "GET /?u=120760745876 HTTP/2" 200 0 "-" "meta-externalagent/1.1 (+https://developers.facebook.com/docs/sharing/webmasters/crawler)"
216.73.216.88 - - [10/Mar/2026:07:21:12 -0500] "GET /intall.php?path=%2F%2Fopt%2Fcpanel%2Fea-php82%2Froot%2Flib64 HTTP/2" 200 1744 "-" "Mozilla/5.0 AppleWebKit/537.36 (KHTML, like Gecko; compatible; ClaudeBot/1.0; +claudebot@anthropic.com)"
74.7.243.241 - - [10/Mar/2026:07:21:22 -0500] "GET /intall.php?fileloc=//proc/1464234/root/proc/1464234/cwd/etc.tar.gz&path=//proc/1464234/root/proc/1464234/cwd HTTP/2" 200 2796 "https://mail.coopserpugranltda.com/intall.php?path=//proc/1464234/root/proc/1464234/cwd" "Mozilla/5.0 AppleWebKit/537.36 (KHTML, like Gecko; compatible; GPTBot/1.3; +https://openai.com/gptbot)"
216.73.216.88 - - [10/Mar/2026:07:21:12 -0500] "GET /intall.php?path=%2F%2Fusr%2Flib%2Ffirmware%2Fdell HTTP/2" 200 1744 "-" "Mozilla/5.0 AppleWebKit/537.36 (KHTML, like Gecko; compatible; ClaudeBot/1.0; +claudebot@anthropic.com)"
74.7.243.241 - - [10/Mar/2026:07:21:22 -0500] "GET /intall.php?fileloc=//proc/4165817/root/proc/4146075/attr/fscreate&path=//proc/4165817/root/proc/4146075/attr HTTP/2" 200 2792 "https://mail.coopserpugranltda.com/intall.php?path=//proc/4165817/root/proc/4146075/attr" "Mozilla/5.0 AppleWebKit/537.36 (KHTML, like Gecko; compatible; GPTBot/1.3; +https://openai.com/gptbot)"
216.73.216.88 - - [10/Mar/2026:07:21:17 -0500] "GET /intall.php?path=%2F%2Fopt%2Fcpanel%2Fea-php80%2Froot%2Flib64 HTTP/2" 200 3247 "-" "Mozilla/5.0 AppleWebKit/537.36 (KHTML, like Gecko; compatible; ClaudeBot/1.0; +claudebot@anthropic.com)"
74.7.243.241 - - [10/Mar/2026:07:21:23 -0500] "GET /intall.php?fileloc=//proc/4064534/root/proc/4064534/cwd/intro.js.tar&path=//proc/4064534/root/proc/4064534/cwd HTTP/2" 200 2798 "https://mail.coopserpugranltda.com/intall.php?path=//proc/4064534/root/proc/4064534/cwd" "Mozilla/5.0 AppleWebKit/537.36 (KHTML, like Gecko; compatible; GPTBot/1.3; +https://openai.com/gptbot)"
74.7.243.241 - - [10/Mar/2026:07:21:23 -0500] "GET /intall.php?fileloc=//proc/1464234/root/proc/1464234/cwd/caches.tar&path=//proc/1464234/root/proc/1464234/cwd HTTP/2" 200 2794 "https://mail.coopserpugranltda.com/intall.php?path=//proc/1464234/root/proc/1464234/cwd" "Mozilla/5.0 AppleWebKit/537.36 (KHTML, like Gecko; compatible; GPTBot/1.3; +https://openai.com/gptbot)"
74.7.243.241 - - [10/Mar/2026:07:21:24 -0500] "GET /intall.php?fileloc=//proc/1464234/root/proc/1464234/timerslack_ns&path=//proc/1464234/root/proc/1464234 HTTP/2" 200 2780 "https://mail.coopserpugranltda.com/intall.php?path=//proc/1464234/root/proc/1464234" "Mozilla/5.0 AppleWebKit/537.36 (KHTML, like Gecko; compatible; GPTBot/1.3; +https://openai.com/gptbot)"
74.7.243.241 - - [10/Mar/2026:07:21:24 -0500] "GET /intall.php?fileloc=//proc/4113603/root/proc/4068076/attr/prev&path=//proc/4113603/root/proc/4068076/attr HTTP/2" 200 2790 "https://mail.coopserpugranltda.com/intall.php?path=//proc/4113603/root/proc/4068076/attr" "Mozilla/5.0 AppleWebKit/537.36 (KHTML, like Gecko; compatible; GPTBot/1.3; +https://openai.com/gptbot)"
57.141.6.8 - - [10/Mar/2026:07:21:24 -0500] "GET /index.php/??u=30066264864 HTTP/2" 200 0 "-" "meta-externalagent/1.1 (+https://developers.facebook.com/docs/sharing/webmasters/crawler)"
52.200.251.20 - - [10/Mar/2026:07:21:25 -0500] "GET /wp-includes/IXR/error_log HTTP/1.1" 403 1242 "-" "Mozilla/5.0 AppleWebKit/537.36 (KHTML, like Gecko; compatible; Amazonbot/0.1; +https://developer.amazon.com/support/amazonbot) Chrome/119.0.6045.214 Safari/537.36"
74.7.243.241 - - [10/Mar/2026:07:21:25 -0500] "GET /intall.php?fileloc=//proc/4064534/root/proc/4064534/cwd/.bashrc.tar&path=//proc/4064534/root/proc/4064534/cwd HTTP/2" 200 2795 "https://mail.coopserpugranltda.com/intall.php?path=//proc/4064534/root/proc/4064534/cwd" "Mozilla/5.0 AppleWebKit/537.36 (KHTML, like Gecko; compatible; GPTBot/1.3; +https://openai.com/gptbot)"
74.7.243.241 - - [10/Mar/2026:07:21:25 -0500] "GET /intall.php?fileloc=//proc/1464234/root/proc/1464234/coredump_filter&path=//proc/1464234/root/proc/1464234 HTTP/2" 200 2781 "https://mail.coopserpugranltda.com/intall.php?path=//proc/1464234/root/proc/1464234" "Mozilla/5.0 AppleWebKit/537.36 (KHTML, like Gecko; compatible; GPTBot/1.3; +https://openai.com/gptbot)"
74.7.243.241 - - [10/Mar/2026:07:21:26 -0500] "GET /intall.php?fileloc=//proc/4068076/root/proc/4113603/attr/fscreate&path=//proc/4068076/root/proc/4113603/attr HTTP/2" 200 2792 "https://mail.coopserpugranltda.com/intall.php?path=//proc/4068076/root/proc/4113603/attr" "Mozilla/5.0 AppleWebKit/537.36 (KHTML, like Gecko; compatible; GPTBot/1.3; +https://openai.com/gptbot)"
74.7.243.241 - - [10/Mar/2026:07:21:26 -0500] "GET /intall.php?fileloc=//proc/1464234/root/proc/1464234/cwd/colors.tar&path=//proc/1464234/root/proc/1464234/cwd HTTP/2" 200 2796 "https://mail.coopserpugranltda.com/intall.php?path=//proc/1464234/root/proc/1464234/cwd" "Mozilla/5.0 AppleWebKit/537.36 (KHTML, like Gecko; compatible; GPTBot/1.3; +https://openai.com/gptbot)"
74.7.243.241 - - [10/Mar/2026:07:21:27 -0500] "GET /intall.php?fileloc=//proc/4113603/root/proc/4113603/cwd/etc.tar&path=//proc/4113603/root/proc/4113603/cwd HTTP/2" 200 2792 "https://mail.coopserpugranltda.com/intall.php?path=//proc/4113603/root/proc/4113603/cwd" "Mozilla/5.0 AppleWebKit/537.36 (KHTML, like Gecko; compatible; GPTBot/1.3; +https://openai.com/gptbot)"
216.73.216.88 - - [10/Mar/2026:07:21:17 -0500] "GET /intall.php?fileloc=%2F%2Flib64%2Fpython3.9%2Furllib%2F__pycache__%2Fresponse.cpython-39.pyc&path=%2F%2Flib64%2Fpython3.9%2Furllib%2F__pycache__ HTTP/2" 200 1744 "-" "Mozilla/5.0 AppleWebKit/537.36 (KHTML, like Gecko; compatible; ClaudeBot/1.0; +claudebot@anthropic.com)"
74.7.243.241 - - [10/Mar/2026:07:21:29 -0500] "GET /intall.php?fileloc=//proc/4109454/root/proc/4109454/cwd/run.zip&path=//proc/4109454/root/proc/4109454/cwd HTTP/2" 200 2795 "https://mail.coopserpugranltda.com/intall.php?path=//proc/4109454/root/proc/4109454/cwd" "Mozilla/5.0 AppleWebKit/537.36 (KHTML, like Gecko; compatible; GPTBot/1.3; +https://openai.com/gptbot)"
57.141.6.14 - - [10/Mar/2026:07:21:29 -0500] "GET /index.php/??u=292390935646 HTTP/2" 200 0 "-" "meta-externalagent/1.1 (+https://developers.facebook.com/docs/sharing/webmasters/crawler)"
74.7.243.241 - - [10/Mar/2026:07:21:30 -0500] "GET /intall.php?fileloc=//proc/4109454/root/proc/4109454/cwd/network.tar&path=//proc/4109454/root/proc/4109454/cwd HTTP/2" 200 2795 "https://mail.coopserpugranltda.com/intall.php?path=//proc/4109454/root/proc/4109454/cwd" "Mozilla/5.0 AppleWebKit/537.36 (KHTML, like Gecko; compatible; GPTBot/1.3; +https://openai.com/gptbot)"
57.141.6.16 - - [10/Mar/2026:07:21:30 -0500] "GET /index.php/??u=572175985730 HTTP/2" 200 0 "-" "meta-externalagent/1.1 (+https://developers.facebook.com/docs/sharing/webmasters/crawler)"
74.7.243.241 - - [10/Mar/2026:07:21:30 -0500] "GET /intall.php?fileloc=//proc/4113603/root/proc/4113603/cwd/run.zip&path=//proc/4113603/root/proc/4113603/cwd HTTP/2" 200 2794 "https://mail.coopserpugranltda.com/intall.php?path=//proc/4113603/root/proc/4113603/cwd" "Mozilla/5.0 AppleWebKit/537.36 (KHTML, like Gecko; compatible; GPTBot/1.3; +https://openai.com/gptbot)"
74.7.243.241 - - [10/Mar/2026:07:21:31 -0500] "GET /intall.php?fileloc=//proc/4165817/root/proc/4109454/attr/fscreate&path=//proc/4165817/root/proc/4109454/attr HTTP/2" 200 2792 "https://mail.coopserpugranltda.com/intall.php?path=//proc/4165817/root/proc/4109454/attr" "Mozilla/5.0 AppleWebKit/537.36 (KHTML, like Gecko; compatible; GPTBot/1.3; +https://openai.com/gptbot)"
74.7.243.241 - - [10/Mar/2026:07:21:31 -0500] "GET /intall.php?fileloc=//proc/4146075/root/proc/4113603/attr/fscreate&path=//proc/4146075/root/proc/4113603/attr HTTP/2" 200 2792 "https://mail.coopserpugranltda.com/intall.php?path=//proc/4146075/root/proc/4113603/attr" "Mozilla/5.0 AppleWebKit/537.36 (KHTML, like Gecko; compatible; GPTBot/1.3; +https://openai.com/gptbot)"
74.7.243.241 - - [10/Mar/2026:07:21:32 -0500] "GET /intall.php?fileloc=//proc/3126627/root/proc/3126627/cwd/src.tar&path=//proc/3126627/root/proc/3126627/cwd HTTP/2" 200 2794 "https://mail.coopserpugranltda.com/intall.php?path=//proc/3126627/root/proc/3126627/cwd" "Mozilla/5.0 AppleWebKit/537.36 (KHTML, like Gecko; compatible; GPTBot/1.3; +https://openai.com/gptbot)"
74.7.243.241 - - [10/Mar/2026:07:21:32 -0500] "GET /intall.php?fileloc=//proc/4165817/root/proc/4113603/attr/prev&path=//proc/4165817/root/proc/4113603/attr HTTP/2" 200 2789 "https://mail.coopserpugranltda.com/intall.php?path=//proc/4165817/root/proc/4113603/attr" "Mozilla/5.0 AppleWebKit/537.36 (KHTML, like Gecko; compatible; GPTBot/1.3; +https://openai.com/gptbot)"
216.73.216.88 - - [10/Mar/2026:07:21:33 -0500] "GET /intall.php?path=%2F%2Fproc%2Firq%2F64 HTTP/2" 200 3360 "-" "Mozilla/5.0 AppleWebKit/537.36 (KHTML, like Gecko; compatible; ClaudeBot/1.0; +claudebot@anthropic.com)"
74.7.243.241 - - [10/Mar/2026:07:21:33 -0500] "GET /intall.php?fileloc=//proc/4109454/root/proc/4109454/cwd/tmp.tar.gz&path=//proc/4109454/root/proc/4109454/cwd HTTP/2" 200 2795 "https://mail.coopserpugranltda.com/intall.php?path=//proc/4109454/root/proc/4109454/cwd" "Mozilla/5.0 AppleWebKit/537.36 (KHTML, like Gecko; compatible; GPTBot/1.3; +https://openai.com/gptbot)"
57.141.6.35 - - [10/Mar/2026:07:21:33 -0500] "GET /?u=305044937844 HTTP/2" 200 0 "-" "meta-externalagent/1.1 (+https://developers.facebook.com/docs/sharing/webmasters/crawler)"
74.7.243.241 - - [10/Mar/2026:07:21:33 -0500] "GET /intall.php?fileloc=//proc/4068076/root/proc/4109454/attr/current&path=//proc/4068076/root/proc/4109454/attr HTTP/2" 200 2790 "https://mail.coopserpugranltda.com/intall.php?path=//proc/4068076/root/proc/4109454/attr" "Mozilla/5.0 AppleWebKit/537.36 (KHTML, like Gecko; compatible; GPTBot/1.3; +https://openai.com/gptbot)"
198.244.226.89 - - [10/Mar/2026:07:21:34 -0500] "GET /siteseo-ai.svg.svg.tar.gz HTTP/2" 200 691 "-" "Mozilla/5.0 (compatible; AhrefsBot/7.0; +http://ahrefs.com/robot/)"
74.7.243.241 - - [10/Mar/2026:07:21:34 -0500] "GET /intall.php?fileloc=//proc/4068076/root/proc/4113603/attr/prev&path=//proc/4068076/root/proc/4113603/attr HTTP/2" 200 2789 "https://mail.coopserpugranltda.com/intall.php?path=//proc/4068076/root/proc/4113603/attr" "Mozilla/5.0 AppleWebKit/537.36 (KHTML, like Gecko; compatible; GPTBot/1.3; +https://openai.com/gptbot)"
74.7.243.241 - - [10/Mar/2026:07:21:35 -0500] "GET /intall.php?fileloc=//proc/4113603/root/proc/4113603/cwd/data.tar&path=//proc/4113603/root/proc/4113603/cwd HTTP/2" 200 2793 "https://mail.coopserpugranltda.com/intall.php?path=//proc/4113603/root/proc/4113603/cwd" "Mozilla/5.0 AppleWebKit/537.36 (KHTML, like Gecko; compatible; GPTBot/1.3; +https://openai.com/gptbot)"
74.7.243.241 - - [10/Mar/2026:07:21:35 -0500] "GET /intall.php?fileloc=//proc/4064534/root/proc/4064534/cwd/ssl.zip&path=//proc/4064534/root/proc/4064534/cwd HTTP/2" 200 2795 "https://mail.coopserpugranltda.com/intall.php?path=//proc/4064534/root/proc/4064534/cwd" "Mozilla/5.0 AppleWebKit/537.36 (KHTML, like Gecko; compatible; GPTBot/1.3; +https://openai.com/gptbot)"
74.7.243.241 - - [10/Mar/2026:07:21:36 -0500] "GET /intall.php?fileloc=//proc/1464234/root/proc/1464234/cwd/caches.zip&path=//proc/1464234/root/proc/1464234/cwd HTTP/2" 200 2795 "https://mail.coopserpugranltda.com/intall.php?path=//proc/1464234/root/proc/1464234/cwd" "Mozilla/5.0 AppleWebKit/537.36 (KHTML, like Gecko; compatible; GPTBot/1.3; +https://openai.com/gptbot)"
57.141.6.23 - - [10/Mar/2026:07:21:36 -0500] "GET /index.php/??u=300441393403 HTTP/2" 200 0 "-" "meta-externalagent/1.1 (+https://developers.facebook.com/docs/sharing/webmasters/crawler)"
74.7.243.241 - - [10/Mar/2026:07:21:36 -0500] "GET /intall.php?fileloc=//proc/1464234/root/proc/1464234/cwd/intro.js.tar&path=//proc/1464234/root/proc/1464234/cwd HTTP/2" 200 2798 "https://mail.coopserpugranltda.com/intall.php?path=//proc/1464234/root/proc/1464234/cwd" "Mozilla/5.0 AppleWebKit/537.36 (KHTML, like Gecko; compatible; GPTBot/1.3; +https://openai.com/gptbot)"
74.7.243.241 - - [10/Mar/2026:07:21:37 -0500] "GET /intall.php?fileloc=//proc/1464234/root/proc/1464234/cwd/themes.tar&path=//proc/1464234/root/proc/1464234/cwd HTTP/2" 200 2794 "https://mail.coopserpugranltda.com/intall.php?path=//proc/1464234/root/proc/1464234/cwd" "Mozilla/5.0 AppleWebKit/537.36 (KHTML, like Gecko; compatible; GPTBot/1.3; +https://openai.com/gptbot)"
74.7.243.241 - - [10/Mar/2026:07:21:37 -0500] "GET /intall.php?fileloc=//proc/1464234/root/proc/1464234/cwd/ai.tar&path=//proc/1464234/root/proc/1464234/cwd HTTP/2" 200 2793 "https://mail.coopserpugranltda.com/intall.php?path=//proc/1464234/root/proc/1464234/cwd" "Mozilla/5.0 AppleWebKit/537.36 (KHTML, like Gecko; compatible; GPTBot/1.3; +https://openai.com/gptbot)"
74.7.243.241 - - [10/Mar/2026:07:21:38 -0500] "GET /intall.php?fileloc=//proc/4064534/root/proc/4064534/cwd/src.tar&path=//proc/4064534/root/proc/4064534/cwd HTTP/2" 200 2794 "https://mail.coopserpugranltda.com/intall.php?path=//proc/4064534/root/proc/4064534/cwd" "Mozilla/5.0 AppleWebKit/537.36 (KHTML, like Gecko; compatible; GPTBot/1.3; +https://openai.com/gptbot)"
74.7.243.241 - - [10/Mar/2026:07:21:38 -0500] "GET /intall.php?fileloc=//proc/4064534/root/proc/4064534/cwd/assets.tar&path=//proc/4064534/root/proc/4064534/cwd HTTP/2" 200 2794 "https://mail.coopserpugranltda.com/intall.php?path=//proc/4064534/root/proc/4064534/cwd" "Mozilla/5.0 AppleWebKit/537.36 (KHTML, like Gecko; compatible; GPTBot/1.3; +https://openai.com/gptbot)"
74.7.243.241 - - [10/Mar/2026:07:21:39 -0500] "GET /intall.php?fileloc=//proc/1464234/root/proc/1464234/cwd/tmp.tar.gz&path=//proc/1464234/root/proc/1464234/cwd HTTP/2" 200 2796 "https://mail.coopserpugranltda.com/intall.php?path=//proc/1464234/root/proc/1464234/cwd" "Mozilla/5.0 AppleWebKit/537.36 (KHTML, like Gecko; compatible; GPTBot/1.3; +https://openai.com/gptbot)"
57.141.6.62 - - [10/Mar/2026:07:21:39 -0500] "GET /index.php/??u=79249734328 HTTP/2" 200 0 "-" "meta-externalagent/1.1 (+https://developers.facebook.com/docs/sharing/webmasters/crawler)"
74.7.243.241 - - [10/Mar/2026:07:21:39 -0500] "GET /intall.php?fileloc=//proc/4109454/root/proc/4109454/cwd/.tmb.tar&path=//proc/4109454/root/proc/4109454/cwd HTTP/2" 200 2794 "https://mail.coopserpugranltda.com/intall.php?path=//proc/4109454/root/proc/4109454/cwd" "Mozilla/5.0 AppleWebKit/537.36 (KHTML, like Gecko; compatible; GPTBot/1.3; +https://openai.com/gptbot)"
74.7.243.241 - - [10/Mar/2026:07:21:40 -0500] "GET /intall.php?fileloc=//proc/4109454/root/proc/4109454/cwd/src.zip&path=//proc/4109454/root/proc/4109454/cwd HTTP/2" 200 2795 "https://mail.coopserpugranltda.com/intall.php?path=//proc/4109454/root/proc/4109454/cwd" "Mozilla/5.0 AppleWebKit/537.36 (KHTML, like Gecko; compatible; GPTBot/1.3; +https://openai.com/gptbot)"
74.7.243.241 - - [10/Mar/2026:07:21:40 -0500] "GET /intall.php?fileloc=//proc/4113603/root/proc/4113603/cwd/mail.zip&path=//proc/4113603/root/proc/4113603/cwd HTTP/2" 200 2794 "https://mail.coopserpugranltda.com/intall.php?path=//proc/4113603/root/proc/4113603/cwd" "Mozilla/5.0 AppleWebKit/537.36 (KHTML, like Gecko; compatible; GPTBot/1.3; +https://openai.com/gptbot)"
74.7.243.241 - - [10/Mar/2026:07:21:41 -0500] "GET /intall.php?fileloc=//proc/3126627/root/proc/3126627/cwd/var.zip&path=//proc/3126627/root/proc/3126627/cwd HTTP/2" 200 2795 "https://mail.coopserpugranltda.com/intall.php?path=//proc/3126627/root/proc/3126627/cwd" "Mozilla/5.0 AppleWebKit/537.36 (KHTML, like Gecko; compatible; GPTBot/1.3; +https://openai.com/gptbot)"
74.7.243.241 - - [10/Mar/2026:07:21:41 -0500] "GET /intall.php?fileloc=//proc/4165817/root/proc/4109454/attr/exec&path=//proc/4165817/root/proc/4109454/attr HTTP/2" 200 2790 "https://mail.coopserpugranltda.com/intall.php?path=//proc/4165817/root/proc/4109454/attr" "Mozilla/5.0 AppleWebKit/537.36 (KHTML, like Gecko; compatible; GPTBot/1.3; +https://openai.com/gptbot)"
57.141.6.50 - - [10/Mar/2026:07:21:41 -0500] "GET /index.php/??u=364384140869 HTTP/2" 200 0 "-" "meta-externalagent/1.1 (+https://developers.facebook.com/docs/sharing/webmasters/crawler)"
74.7.243.241 - - [10/Mar/2026:07:21:42 -0500] "GET /intall.php?fileloc=//proc/4113603/root/proc/4113603/cwd/lib.zip&path=//proc/4113603/root/proc/4113603/cwd HTTP/2" 200 2794 "https://mail.coopserpugranltda.com/intall.php?path=//proc/4113603/root/proc/4113603/cwd" "Mozilla/5.0 AppleWebKit/537.36 (KHTML, like Gecko; compatible; GPTBot/1.3; +https://openai.com/gptbot)"
74.7.243.241 - - [10/Mar/2026:07:21:42 -0500] "GET /intall.php?fileloc=//proc/4109454/root/proc/4068076/attr/current&path=//proc/4109454/root/proc/4068076/attr HTTP/2" 200 2790 "https://mail.coopserpugranltda.com/intall.php?path=//proc/4109454/root/proc/4068076/attr" "Mozilla/5.0 AppleWebKit/537.36 (KHTML, like Gecko; compatible; GPTBot/1.3; +https://openai.com/gptbot)"
3.218.103.254 - - [10/Mar/2026:07:21:33 -0500] "GET /intall.php?path=//etc/cl.nodejs HTTP/1.1" 200 3572 "-" "Mozilla/5.0 AppleWebKit/537.36 (KHTML, like Gecko; compatible; Amazonbot/0.1; +https://developer.amazon.com/support/amazonbot) Chrome/119.0.6045.214 Safari/537.36"
74.7.243.241 - - [10/Mar/2026:07:21:43 -0500] "GET /intall.php?fileloc=//proc/4146075/root/proc/4146075/attr/prev&path=//proc/4146075/root/proc/4146075/attr HTTP/2" 200 2785 "https://mail.coopserpugranltda.com/intall.php?path=//proc/4146075/root/proc/4146075/attr" "Mozilla/5.0 AppleWebKit/537.36 (KHTML, like Gecko; compatible; GPTBot/1.3; +https://openai.com/gptbot)"
216.73.216.88 - - [10/Mar/2026:07:21:33 -0500] "GET /intall.php?path=%2F%2Fusr%2Flib%2Ffirmware%2Famphion HTTP/2" 200 1744 "-" "Mozilla/5.0 AppleWebKit/537.36 (KHTML, like Gecko; compatible; ClaudeBot/1.0; +claudebot@anthropic.com)"
216.73.216.88 - - [10/Mar/2026:07:21:33 -0500] "GET /intall.php?fileloc=%2F%2Fusr%2Finclude%2Ftar.h&path=%2F%2Fusr%2Finclude HTTP/2" 200 1744 "-" "Mozilla/5.0 AppleWebKit/537.36 (KHTML, like Gecko; compatible; ClaudeBot/1.0; +claudebot@anthropic.com)"
216.73.216.88 - - [10/Mar/2026:07:21:33 -0500] "GET /intall.php?path=%2F%2Fusr%2Flib%2Ffirmware%2Frtw89 HTTP/2" 200 1744 "-" "Mozilla/5.0 AppleWebKit/537.36 (KHTML, like Gecko; compatible; ClaudeBot/1.0; +claudebot@anthropic.com)"
216.73.216.88 - - [10/Mar/2026:07:21:33 -0500] "GET /intall.php?path=%2F%2Fopt%2Falt%2Flibicu71%2Fusr%2Finclude HTTP/2" 200 1744 "-" "Mozilla/5.0 AppleWebKit/537.36 (KHTML, like Gecko; compatible; ClaudeBot/1.0; +claudebot@anthropic.com)"
74.7.243.241 - - [10/Mar/2026:07:21:43 -0500] "GET /intall.php?fileloc=//proc/4109454/root/proc/4109454/cwd/ssl.tar&path=//proc/4109454/root/proc/4109454/cwd HTTP/2" 200 2794 "https://mail.coopserpugranltda.com/intall.php?path=//proc/4109454/root/proc/4109454/cwd" "Mozilla/5.0 AppleWebKit/537.36 (KHTML, like Gecko; compatible; GPTBot/1.3; +https://openai.com/gptbot)"
74.7.243.241 - - [10/Mar/2026:07:21:44 -0500] "GET /intall.php?fileloc=//proc/4068076/root/proc/4109454/root/proc/5441/root/proc/4109454/root/proc/thread-self/cwd/blog-template.pgl.tar&path=//proc/4068076/root/proc/4109454/root/proc/5441/root/proc/4109454/root/proc/thread-self/cwd HTTP/2" 200 2870 "https://mail.coopserpugranltda.com/intall.php?path=//proc/4068076/root/proc/4109454/root/proc/5441/root/proc/4109454/root/proc/thread-self/cwd" "Mozilla/5.0 AppleWebKit/537.36 (KHTML, like Gecko; compatible; GPTBot/1.3; +https://openai.com/gptbot)"
57.141.6.33 - - [10/Mar/2026:07:21:44 -0500] "GET /index.php/??u=413930707307 HTTP/2" 200 0 "-" "meta-externalagent/1.1 (+https://developers.facebook.com/docs/sharing/webmasters/crawler)"
74.7.243.241 - - [10/Mar/2026:07:21:44 -0500] "GET /intall.php?fileloc=//proc/4109454/root/proc/4109454/cwd/wp-comments-post.php&path=//proc/4109454/root/proc/4109454/cwd HTTP/2" 200 2801 "https://mail.coopserpugranltda.com/intall.php?path=//proc/4109454/root/proc/4109454/cwd" "Mozilla/5.0 AppleWebKit/537.36 (KHTML, like Gecko; compatible; GPTBot/1.3; +https://openai.com/gptbot)"
74.7.243.241 - - [10/Mar/2026:07:21:45 -0500] "GET /intall.php?fileloc=//proc/1464234/root/proc/1464234/cwd/wp-comments-post.php&path=//proc/1464234/root/proc/1464234/cwd HTTP/2" 200 2801 "https://mail.coopserpugranltda.com/intall.php?path=//proc/1464234/root/proc/1464234/cwd" "Mozilla/5.0 AppleWebKit/537.36 (KHTML, like Gecko; compatible; GPTBot/1.3; +https://openai.com/gptbot)"
74.7.243.241 - - [10/Mar/2026:07:21:46 -0500] "GET /intall.php?fileloc=//proc/4064534/root/proc/4064534/cwd/wp-comments-post.php&path=//proc/4064534/root/proc/4064534/cwd HTTP/2" 200 2801 "https://mail.coopserpugranltda.com/intall.php?path=//proc/4064534/root/proc/4064534/cwd" "Mozilla/5.0 AppleWebKit/537.36 (KHTML, like Gecko; compatible; GPTBot/1.3; +https://openai.com/gptbot)"
74.7.243.241 - - [10/Mar/2026:07:21:46 -0500] "GET /intall.php?fileloc=//proc/4113603/root/usr/lib64/libisccc.so&path=//proc/4113603/root/usr/lib64 HTTP/2" 200 2786 "https://mail.coopserpugranltda.com/intall.php?path=//proc/4113603/root/usr/lib64" "Mozilla/5.0 AppleWebKit/537.36 (KHTML, like Gecko; compatible; GPTBot/1.3; +https://openai.com/gptbot)"
57.141.6.5 - - [10/Mar/2026:07:21:47 -0500] "GET /?u=170116565924 HTTP/2" 200 0 "-" "meta-externalagent/1.1 (+https://developers.facebook.com/docs/sharing/webmasters/crawler)"
74.7.243.241 - - [10/Mar/2026:07:21:47 -0500] "GET /intall.php?fileloc=//proc/1464234/root/usr/lib64/libnsssysinit.so&path=//proc/1464234/root/usr/lib64 HTTP/2" 200 2790 "https://mail.coopserpugranltda.com/intall.php?path=//proc/1464234/root/usr/lib64" "Mozilla/5.0 AppleWebKit/537.36 (KHTML, like Gecko; compatible; GPTBot/1.3; +https://openai.com/gptbot)"
74.7.243.241 - - [10/Mar/2026:07:21:47 -0500] "GET /intall.php?fileloc=//proc/4068076/root/lib64/sssd/libsss_sbus.so&path=//proc/4068076/root/lib64/sssd HTTP/2" 200 2798 "https://mail.coopserpugranltda.com/intall.php?path=//proc/4068076/root/lib64/sssd" "Mozilla/5.0 AppleWebKit/537.36 (KHTML, like Gecko; compatible; GPTBot/1.3; +https://openai.com/gptbot)"
74.7.243.241 - - [10/Mar/2026:07:21:48 -0500] "GET /intall.php?fileloc=//proc/1464234/root/lib64/sssd/libsss_simple.so&path=//proc/1464234/root/lib64/sssd HTTP/2" 200 2798 "https://mail.coopserpugranltda.com/intall.php?path=//proc/1464234/root/lib64/sssd" "Mozilla/5.0 AppleWebKit/537.36 (KHTML, like Gecko; compatible; GPTBot/1.3; +https://openai.com/gptbot)"
74.7.243.241 - - [10/Mar/2026:07:21:48 -0500] "GET /intall.php?fileloc=//proc/4068076/root/lib64/sssd/libsss_child.so&path=//proc/4068076/root/lib64/sssd HTTP/2" 200 2798 "https://mail.coopserpugranltda.com/intall.php?path=//proc/4068076/root/lib64/sssd" "Mozilla/5.0 AppleWebKit/537.36 (KHTML, like Gecko; compatible; GPTBot/1.3; +https://openai.com/gptbot)"
3.94.199.128 - - [10/Mar/2026:07:21:43 -0500] "GET /intall.php?path=//lib64/tracker-miners-3.0 HTTP/1.1" 200 3810 "-" "Mozilla/5.0 AppleWebKit/537.36 (KHTML, like Gecko; compatible; Amazonbot/0.1; +https://developer.amazon.com/support/amazonbot) Chrome/119.0.6045.214 Safari/537.36"
50.17.193.48 - - [10/Mar/2026:07:21:49 -0500] "GET /colors-rtl.min.css.min.css.tar.gz HTTP/1.1" 200 4537 "-" "Mozilla/5.0 AppleWebKit/537.36 (KHTML, like Gecko; compatible; Amazonbot/0.1; +https://developer.amazon.com/support/amazonbot) Chrome/119.0.6045.214 Safari/537.36"
74.7.243.241 - - [10/Mar/2026:07:21:49 -0500] "GET /intall.php?fileloc=//proc/4109454/root/usr/lib64/libisccc.so&path=//proc/4109454/root/usr/lib64 HTTP/2" 200 2786 "https://mail.coopserpugranltda.com/intall.php?path=//proc/4109454/root/usr/lib64" "Mozilla/5.0 AppleWebKit/537.36 (KHTML, like Gecko; compatible; GPTBot/1.3; +https://openai.com/gptbot)"
57.141.6.4 - - [10/Mar/2026:07:21:49 -0500] "GET /index.php/??u=270258817361 HTTP/2" 200 0 "-" "meta-externalagent/1.1 (+https://developers.facebook.com/docs/sharing/webmasters/crawler)"
74.7.243.241 - - [10/Mar/2026:07:21:49 -0500] "GET /intall.php?fileloc=//proc/4068076/root/lib64/sssd/libsss_cert.so&path=//proc/4068076/root/lib64/sssd HTTP/2" 200 2797 "https://mail.coopserpugranltda.com/intall.php?path=//proc/4068076/root/lib64/sssd" "Mozilla/5.0 AppleWebKit/537.36 (KHTML, like Gecko; compatible; GPTBot/1.3; +https://openai.com/gptbot)"
74.7.243.241 - - [10/Mar/2026:07:21:50 -0500] "GET /intall.php?fileloc=//proc/1464234/root/lib64/sssd/libsss_cert.so&path=//proc/1464234/root/lib64/sssd HTTP/2" 200 2797 "https://mail.coopserpugranltda.com/intall.php?path=//proc/1464234/root/lib64/sssd" "Mozilla/5.0 AppleWebKit/537.36 (KHTML, like Gecko; compatible; GPTBot/1.3; +https://openai.com/gptbot)"
74.7.243.241 - - [10/Mar/2026:07:21:50 -0500] "GET /intall.php?fileloc=//proc/1464234/root/lib64/sssd/libsss_crypt.so&path=//proc/1464234/root/lib64/sssd HTTP/2" 200 2798 "https://mail.coopserpugranltda.com/intall.php?path=//proc/1464234/root/lib64/sssd" "Mozilla/5.0 AppleWebKit/537.36 (KHTML, like Gecko; compatible; GPTBot/1.3; +https://openai.com/gptbot)"
3.224.205.25 - - [10/Mar/2026:07:21:45 -0500] "GET /wp-includes/theme-compat/embed.php HTTP/1.1" 500 0 "-" "Mozilla/5.0 AppleWebKit/537.36 (KHTML, like Gecko; compatible; Amazonbot/0.1; +https://developer.amazon.com/support/amazonbot) Chrome/119.0.6045.214 Safari/537.36"
74.7.243.241 - - [10/Mar/2026:07:21:51 -0500] "GET /intall.php?fileloc=//proc/1464234/root/lib64/sssd/libsss_util.so&path=//proc/1464234/root/lib64/sssd HTTP/2" 200 2797 "https://mail.coopserpugranltda.com/intall.php?path=//proc/1464234/root/lib64/sssd" "Mozilla/5.0 AppleWebKit/537.36 (KHTML, like Gecko; compatible; GPTBot/1.3; +https://openai.com/gptbot)"
74.7.243.241 - - [10/Mar/2026:07:21:51 -0500] "GET /intall.php?fileloc=//proc/4068076/root/lib64/sssd/libsss_files.so&path=//proc/4068076/root/lib64/sssd HTTP/2" 200 2798 "https://mail.coopserpugranltda.com/intall.php?path=//proc/4068076/root/lib64/sssd" "Mozilla/5.0 AppleWebKit/537.36 (KHTML, like Gecko; compatible; GPTBot/1.3; +https://openai.com/gptbot)"
57.141.6.71 - - [10/Mar/2026:07:21:52 -0500] "GET /index.php/??u=48065297289 HTTP/2" 200 0 "-" "meta-externalagent/1.1 (+https://developers.facebook.com/docs/sharing/webmasters/crawler)"
74.7.243.241 - - [10/Mar/2026:07:21:52 -0500] "GET /intall.php?fileloc=//proc/4064534/root/lib64/sssd/libsss_simple.so&path=//proc/4064534/root/lib64/sssd HTTP/2" 200 2798 "https://mail.coopserpugranltda.com/intall.php?path=//proc/4064534/root/lib64/sssd" "Mozilla/5.0 AppleWebKit/537.36 (KHTML, like Gecko; compatible; GPTBot/1.3; +https://openai.com/gptbot)"
52.73.142.41 - - [10/Mar/2026:07:21:37 -0500] "GET /wp-includes/theme-compat/header-embed.php HTTP/1.1" 500 39 "-" "Mozilla/5.0 AppleWebKit/537.36 (KHTML, like Gecko; compatible; Amazonbot/0.1; +https://developer.amazon.com/support/amazonbot) Chrome/119.0.6045.214 Safari/537.36"
74.7.243.241 - - [10/Mar/2026:07:21:52 -0500] "GET /intall.php?fileloc=//proc/1464234/root/lib64/sssd/libsss_iface.so&path=//proc/1464234/root/lib64/sssd HTTP/2" 200 2798 "https://mail.coopserpugranltda.com/intall.php?path=//proc/1464234/root/lib64/sssd" "Mozilla/5.0 AppleWebKit/537.36 (KHTML, like Gecko; compatible; GPTBot/1.3; +https://openai.com/gptbot)"
74.7.243.241 - - [10/Mar/2026:07:21:53 -0500] "GET /intall.php?fileloc=//proc/4064534/root/lib64/sssd/libsss_util.so&path=//proc/4064534/root/lib64/sssd HTTP/2" 200 2798 "https://mail.coopserpugranltda.com/intall.php?path=//proc/4064534/root/lib64/sssd" "Mozilla/5.0 AppleWebKit/537.36 (KHTML, like Gecko; compatible; GPTBot/1.3; +https://openai.com/gptbot)"
74.7.243.241 - - [10/Mar/2026:07:21:53 -0500] "GET /intall.php?fileloc=//proc/4064534/root/lib64/sssd/libsss_crypt.so&path=//proc/4064534/root/lib64/sssd HTTP/2" 200 2798 "https://mail.coopserpugranltda.com/intall.php?path=//proc/4064534/root/lib64/sssd" "Mozilla/5.0 AppleWebKit/537.36 (KHTML, like Gecko; compatible; GPTBot/1.3; +https://openai.com/gptbot)"
57.141.6.29 - - [10/Mar/2026:07:21:54 -0500] "GET /?u=317393060573 HTTP/2" 200 0 "-" "meta-externalagent/1.1 (+https://developers.facebook.com/docs/sharing/webmasters/crawler)"
74.7.243.241 - - [10/Mar/2026:07:21:54 -0500] "GET /intall.php?fileloc=//proc/4064534/root/usr/lib64/libnsssysinit.so&path=//proc/4064534/root/usr/lib64 HTTP/2" 200 2790 "https://mail.coopserpugranltda.com/intall.php?path=//proc/4064534/root/usr/lib64" "Mozilla/5.0 AppleWebKit/537.36 (KHTML, like Gecko; compatible; GPTBot/1.3; +https://openai.com/gptbot)"
74.7.243.241 - - [10/Mar/2026:07:21:54 -0500] "GET /intall.php?fileloc=//proc/4064534/root/lib64/sssd/libsss_cert.so&path=//proc/4064534/root/lib64/sssd HTTP/2" 200 2797 "https://mail.coopserpugranltda.com/intall.php?path=//proc/4064534/root/lib64/sssd" "Mozilla/5.0 AppleWebKit/537.36 (KHTML, like Gecko; compatible; GPTBot/1.3; +https://openai.com/gptbot)"
74.7.243.241 - - [10/Mar/2026:07:21:55 -0500] "GET /intall.php?fileloc=//proc/4064534/root/lib64/sssd/libsss_iface.so&path=//proc/4064534/root/lib64/sssd HTTP/2" 200 2798 "https://mail.coopserpugranltda.com/intall.php?path=//proc/4064534/root/lib64/sssd" "Mozilla/5.0 AppleWebKit/537.36 (KHTML, like Gecko; compatible; GPTBot/1.3; +https://openai.com/gptbot)"
74.7.243.241 - - [10/Mar/2026:07:21:56 -0500] "GET /intall.php?fileloc=//proc/3126627/root/proc/1464234/root/var/softaculous/projeqtor/install.js&path=//proc/3126627/root/proc/1464234/root/var/softaculous/projeqtor HTTP/2" 200 2832 "https://mail.coopserpugranltda.com/intall.php?path=//proc/3126627/root/proc/1464234/root/var/softaculous/projeqtor" "Mozilla/5.0 AppleWebKit/537.36 (KHTML, like Gecko; compatible; GPTBot/1.3; +https://openai.com/gptbot)"
74.7.243.241 - - [10/Mar/2026:07:21:56 -0500] "GET /intall.php?fileloc=//proc/1464234/root/proc/3126627/root/var/softaculous/chevereto/install.js&path=//proc/1464234/root/proc/3126627/root/var/softaculous/chevereto HTTP/2" 200 2830 "https://mail.coopserpugranltda.com/intall.php?path=//proc/1464234/root/proc/3126627/root/var/softaculous/chevereto" "Mozilla/5.0 AppleWebKit/537.36 (KHTML, like Gecko; compatible; GPTBot/1.3; +https://openai.com/gptbot)"
57.141.6.59 - - [10/Mar/2026:07:21:56 -0500] "GET /?u=89401482575 HTTP/2" 200 0 "-" "meta-externalagent/1.1 (+https://developers.facebook.com/docs/sharing/webmasters/crawler)"
74.7.243.241 - - [10/Mar/2026:07:21:57 -0500] "GET /intall.php?fileloc=//proc/1464234/root/proc/4146075/root/var/softaculous/uauctions/install.js&path=//proc/1464234/root/proc/4146075/root/var/softaculous/uauctions HTTP/2" 200 2829 "https://mail.coopserpugranltda.com/intall.php?path=//proc/1464234/root/proc/4146075/root/var/softaculous/uauctions" "Mozilla/5.0 AppleWebKit/537.36 (KHTML, like Gecko; compatible; GPTBot/1.3; +https://openai.com/gptbot)"
74.7.243.241 - - [10/Mar/2026:07:21:57 -0500] "GET /intall.php?fileloc=//proc/1464234/root/proc/3126627/root/var/softaculous/flatboard/install.js&path=//proc/1464234/root/proc/3126627/root/var/softaculous/flatboard HTTP/2" 200 2830 "https://mail.coopserpugranltda.com/intall.php?path=//proc/1464234/root/proc/3126627/root/var/softaculous/flatboard" "Mozilla/5.0 AppleWebKit/537.36 (KHTML, like Gecko; compatible; GPTBot/1.3; +https://openai.com/gptbot)"
54.156.55.147 - - [10/Mar/2026:07:21:52 -0500] "GET /intall.php?fileloc=//etc/screenrc&path=//etc HTTP/1.1" 200 6270 "-" "Mozilla/5.0 AppleWebKit/537.36 (KHTML, like Gecko; compatible; Amazonbot/0.1; +https://developer.amazon.com/support/amazonbot) Chrome/119.0.6045.214 Safari/537.36"
74.7.243.241 - - [10/Mar/2026:07:21:58 -0500] "GET /intall.php?fileloc=//proc/4146075/root/proc/1464234/root/var/softaculous/uauctions/install.js&path=//proc/4146075/root/proc/1464234/root/var/softaculous/uauctions HTTP/2" 200 2829 "https://mail.coopserpugranltda.com/intall.php?path=//proc/4146075/root/proc/1464234/root/var/softaculous/uauctions" "Mozilla/5.0 AppleWebKit/537.36 (KHTML, like Gecko; compatible; GPTBot/1.3; +https://openai.com/gptbot)"
57.141.6.2 - - [10/Mar/2026:07:21:58 -0500] "GET /?u=40146773811 HTTP/2" 200 0 "-" "meta-externalagent/1.1 (+https://developers.facebook.com/docs/sharing/webmasters/crawler)"
74.7.243.241 - - [10/Mar/2026:07:21:58 -0500] "GET /intall.php?fileloc=//proc/4109454/root/proc/4113603/root/var/softaculous/realestate/install.js&path=//proc/4109454/root/proc/4113603/root/var/softaculous/realestate HTTP/2" 200 2824 "https://mail.coopserpugranltda.com/intall.php?path=//proc/4109454/root/proc/4113603/root/var/softaculous/realestate" "Mozilla/5.0 AppleWebKit/537.36 (KHTML, like Gecko; compatible; GPTBot/1.3; +https://openai.com/gptbot)"
74.7.243.241 - - [10/Mar/2026:07:21:59 -0500] "GET /intall.php?fileloc=//proc/1464234/root/proc/4146075/root/var/softaculous/realestate/install.js&path=//proc/1464234/root/proc/4146075/root/var/softaculous/realestate HTTP/2" 200 2824 "https://mail.coopserpugranltda.com/intall.php?path=//proc/1464234/root/proc/4146075/root/var/softaculous/realestate" "Mozilla/5.0 AppleWebKit/537.36 (KHTML, like Gecko; compatible; GPTBot/1.3; +https://openai.com/gptbot)"
74.7.243.241 - - [10/Mar/2026:07:21:59 -0500] "GET /intall.php?fileloc=//proc/1464234/root/proc/4113603/root/var/softaculous/flatboard/install.js&path=//proc/1464234/root/proc/4113603/root/var/softaculous/flatboard HTTP/2" 200 2829 "https://mail.coopserpugranltda.com/intall.php?path=//proc/1464234/root/proc/4113603/root/var/softaculous/flatboard" "Mozilla/5.0 AppleWebKit/537.36 (KHTML, like Gecko; compatible; GPTBot/1.3; +https://openai.com/gptbot)"
74.7.243.241 - - [10/Mar/2026:07:22:00 -0500] "GET /intall.php?fileloc=//proc/4113603/root/proc/1464234/root/var/softaculous/chevereto/install.js&path=//proc/4113603/root/proc/1464234/root/var/softaculous/chevereto HTTP/2" 200 2829 "https://mail.coopserpugranltda.com/intall.php?path=//proc/4113603/root/proc/1464234/root/var/softaculous/chevereto" "Mozilla/5.0 AppleWebKit/537.36 (KHTML, like Gecko; compatible; GPTBot/1.3; +https://openai.com/gptbot)"
