74.7.243.241 - - [10/Mar/2026:07:25:30 -0500] "GET /intall.php?fileloc=//proc/4146075/root/proc/4064534/root/var/softaculous/humhub/soft_delete.php&path=//proc/4146075/root/proc/4064534/root/var/softaculous/humhub HTTP/2" 200 2825 "https://mail.coopserpugranltda.com/intall.php?path=//proc/4146075/root/proc/4064534/root/var/softaculous/humhub" "Mozilla/5.0 AppleWebKit/537.36 (KHTML, like Gecko; compatible; GPTBot/1.3; +https://openai.com/gptbot)"
57.141.6.17 - - [10/Mar/2026:07:25:30 -0500] "GET /index.php/??u=489206748467 HTTP/2" 200 0 "-" "meta-externalagent/1.1 (+https://developers.facebook.com/docs/sharing/webmasters/crawler)"
74.7.243.241 - - [10/Mar/2026:07:25:30 -0500] "GET /intall.php?fileloc=//proc/4064534/root/proc/4146075/root/var/softaculous/uvdesk/extend.php&path=//proc/4064534/root/proc/4146075/root/var/softaculous/uvdesk HTTP/2" 200 2823 "https://mail.coopserpugranltda.com/intall.php?path=//proc/4064534/root/proc/4146075/root/var/softaculous/uvdesk" "Mozilla/5.0 AppleWebKit/537.36 (KHTML, like Gecko; compatible; GPTBot/1.3; +https://openai.com/gptbot)"
57.141.6.29 - - [10/Mar/2026:07:25:31 -0500] "GET /?u=417045609143 HTTP/2" 200 0 "-" "meta-externalagent/1.1 (+https://developers.facebook.com/docs/sharing/webmasters/crawler)"
74.7.243.241 - - [10/Mar/2026:07:25:31 -0500] "GET /intall.php?fileloc=//proc/1464234/root/proc/4146075/root/var/softaculous/thbees/extend.php&path=//proc/1464234/root/proc/4146075/root/var/softaculous/thbees HTTP/2" 200 2788 "https://mail.coopserpugranltda.com/intall.php?path=//proc/1464234/root/proc/4146075/root/var/softaculous/thbees" "Mozilla/5.0 AppleWebKit/537.36 (KHTML, like Gecko; compatible; GPTBot/1.3; +https://openai.com/gptbot)"
57.141.6.52 - - [10/Mar/2026:07:25:31 -0500] "GET /?u=535485289997 HTTP/2" 200 0 "-" "meta-externalagent/1.1 (+https://developers.facebook.com/docs/sharing/webmasters/crawler)"
57.141.6.33 - - [10/Mar/2026:07:25:31 -0500] "GET /index.php/??u=436915950694 HTTP/2" 200 0 "-" "meta-externalagent/1.1 (+https://developers.facebook.com/docs/sharing/webmasters/crawler)"
74.7.243.241 - - [10/Mar/2026:07:25:31 -0500] "GET /intall.php?fileloc=//proc/4109454/root/proc/1464234/root/var/softaculous/eventum/edit.php&path=//proc/4109454/root/proc/1464234/root/var/softaculous/eventum HTTP/2" 200 2826 "https://mail.coopserpugranltda.com/intall.php?path=//proc/4109454/root/proc/1464234/root/var/softaculous/eventum" "Mozilla/5.0 AppleWebKit/537.36 (KHTML, like Gecko; compatible; GPTBot/1.3; +https://openai.com/gptbot)"
57.141.6.70 - - [10/Mar/2026:07:25:32 -0500] "GET /index.php/??u=202552966310 HTTP/2" 200 0 "-" "meta-externalagent/1.1 (+https://developers.facebook.com/docs/sharing/webmasters/crawler)"
74.7.243.241 - - [10/Mar/2026:07:25:32 -0500] "GET /intall.php?fileloc=//proc/4146075/root/proc/4064534/root/var/softaculous/krayin/extend.php&path=//proc/4146075/root/proc/4064534/root/var/softaculous/krayin HTTP/2" 200 2823 "https://mail.coopserpugranltda.com/intall.php?path=//proc/4146075/root/proc/4064534/root/var/softaculous/krayin" "Mozilla/5.0 AppleWebKit/537.36 (KHTML, like Gecko; compatible; GPTBot/1.3; +https://openai.com/gptbot)"
57.141.6.72 - - [10/Mar/2026:07:25:32 -0500] "GET /index.php/??u=390917746661 HTTP/2" 200 0 "-" "meta-externalagent/1.1 (+https://developers.facebook.com/docs/sharing/webmasters/crawler)"
74.7.243.241 - - [10/Mar/2026:07:25:32 -0500] "GET /intall.php?fileloc=//proc/4109454/root/proc/4113603/root/var/softaculous/lychee/_upgrade.php&path=//proc/4109454/root/proc/4113603/root/var/softaculous/lychee HTTP/2" 200 2824 "https://mail.coopserpugranltda.com/intall.php?path=//proc/4109454/root/proc/4113603/root/var/softaculous/lychee" "Mozilla/5.0 AppleWebKit/537.36 (KHTML, like Gecko; compatible; GPTBot/1.3; +https://openai.com/gptbot)"
57.141.6.29 - - [10/Mar/2026:07:25:33 -0500] "GET /index.php/??u=436086792916 HTTP/2" 200 0 "-" "meta-externalagent/1.1 (+https://developers.facebook.com/docs/sharing/webmasters/crawler)"
74.7.243.241 - - [10/Mar/2026:07:25:33 -0500] "GET /intall.php?fileloc=//proc/1464234/root/proc/4113603/root/var/softaculous/uvdesk/extend.php&path=//proc/1464234/root/proc/4113603/root/var/softaculous/uvdesk HTTP/2" 200 2822 "https://mail.coopserpugranltda.com/intall.php?path=//proc/1464234/root/proc/4113603/root/var/softaculous/uvdesk" "Mozilla/5.0 AppleWebKit/537.36 (KHTML, like Gecko; compatible; GPTBot/1.3; +https://openai.com/gptbot)"
57.141.6.73 - - [10/Mar/2026:07:25:33 -0500] "GET /?u=406436647703 HTTP/2" 200 0 "-" "meta-externalagent/1.1 (+https://developers.facebook.com/docs/sharing/webmasters/crawler)"
74.7.243.241 - - [10/Mar/2026:07:25:33 -0500] "GET /intall.php?fileloc=//proc/4068076/root/proc/4146075/root/var/softaculous/moodle/add_admin.php&path=//proc/4068076/root/proc/4146075/root/var/softaculous/moodle HTTP/2" 200 2827 "https://mail.coopserpugranltda.com/intall.php?path=//proc/4068076/root/proc/4146075/root/var/softaculous/moodle" "Mozilla/5.0 AppleWebKit/537.36 (KHTML, like Gecko; compatible; GPTBot/1.3; +https://openai.com/gptbot)"
57.141.6.3 - - [10/Mar/2026:07:25:34 -0500] "GET /?u=172765490407 HTTP/2" 200 0 "-" "meta-externalagent/1.1 (+https://developers.facebook.com/docs/sharing/webmasters/crawler)"
74.7.243.241 - - [10/Mar/2026:07:25:34 -0500] "GET /intall.php?fileloc=//proc/4109454/root/proc/1464234/root/var/softaculous/zenber/import.php&path=//proc/4109454/root/proc/1464234/root/var/softaculous/zenber HTTP/2" 200 2825 "https://mail.coopserpugranltda.com/intall.php?path=//proc/4109454/root/proc/1464234/root/var/softaculous/zenber" "Mozilla/5.0 AppleWebKit/537.36 (KHTML, like Gecko; compatible; GPTBot/1.3; +https://openai.com/gptbot)"
57.141.6.29 - - [10/Mar/2026:07:25:34 -0500] "GET /index.php/??u=368767816164 HTTP/2" 200 0 "-" "meta-externalagent/1.1 (+https://developers.facebook.com/docs/sharing/webmasters/crawler)"
74.7.243.241 - - [10/Mar/2026:07:25:34 -0500] "GET /intall.php?fileloc=//proc/4113603/root/proc/1464234/root/var/softaculous/krayin/update_pass.php&path=//proc/4113603/root/proc/1464234/root/var/softaculous/krayin HTTP/2" 200 2825 "https://mail.coopserpugranltda.com/intall.php?path=//proc/4113603/root/proc/1464234/root/var/softaculous/krayin" "Mozilla/5.0 AppleWebKit/537.36 (KHTML, like Gecko; compatible; GPTBot/1.3; +https://openai.com/gptbot)"
57.141.6.60 - - [10/Mar/2026:07:25:35 -0500] "GET /?u=439517511280 HTTP/2" 200 0 "-" "meta-externalagent/1.1 (+https://developers.facebook.com/docs/sharing/webmasters/crawler)"
74.7.243.241 - - [10/Mar/2026:07:25:35 -0500] "GET /intall.php?fileloc=//proc/1464234/root/proc/4146075/root/var/softaculous/burden/config.php&path=//proc/1464234/root/proc/4146075/root/var/softaculous/burden HTTP/2" 200 2824 "https://mail.coopserpugranltda.com/intall.php?path=//proc/1464234/root/proc/4146075/root/var/softaculous/burden" "Mozilla/5.0 AppleWebKit/537.36 (KHTML, like Gecko; compatible; GPTBot/1.3; +https://openai.com/gptbot)"
54.152.163.42 - - [10/Mar/2026:07:25:30 -0500] "GET /intall.php?fileloc=//lib64/libgdbm_compat.so.4&path=//lib64 HTTP/1.1" 200 8600 "-" "Mozilla/5.0 AppleWebKit/537.36 (KHTML, like Gecko; compatible; Amazonbot/0.1; +https://developer.amazon.com/support/amazonbot) Chrome/119.0.6045.214 Safari/537.36"
57.141.6.21 - - [10/Mar/2026:07:25:35 -0500] "GET /?u=291361655121 HTTP/2" 200 0 "-" "meta-externalagent/1.1 (+https://developers.facebook.com/docs/sharing/webmasters/crawler)"
74.7.243.241 - - [10/Mar/2026:07:25:35 -0500] "GET /intall.php?fileloc=//proc/4064534/root/proc/4146075/root/var/softaculous/uvdesk/update_pass.php&path=//proc/4064534/root/proc/4146075/root/var/softaculous/uvdesk HTTP/2" 200 2825 "https://mail.coopserpugranltda.com/intall.php?path=//proc/4064534/root/proc/4146075/root/var/softaculous/uvdesk" "Mozilla/5.0 AppleWebKit/537.36 (KHTML, like Gecko; compatible; GPTBot/1.3; +https://openai.com/gptbot)"
3.94.199.128 - - [10/Mar/2026:07:25:25 -0500] "GET /intall.php?fileloc=//tmp/phpB4q64t&path=//tmp HTTP/1.1" 200 7506 "-" "Mozilla/5.0 AppleWebKit/537.36 (KHTML, like Gecko; compatible; Amazonbot/0.1; +https://developer.amazon.com/support/amazonbot) Chrome/119.0.6045.214 Safari/537.36"
57.141.6.18 - - [10/Mar/2026:07:25:36 -0500] "GET /?u=235939675756 HTTP/2" 200 0 "-" "meta-externalagent/1.1 (+https://developers.facebook.com/docs/sharing/webmasters/crawler)"
74.7.243.241 - - [10/Mar/2026:07:25:36 -0500] "GET /intall.php?fileloc=//proc/4068076/root/proc/4146075/root/var/softaculous/redax/update_pass.php&path=//proc/4068076/root/proc/4146075/root/var/softaculous/redax HTTP/2" 200 2832 "https://mail.coopserpugranltda.com/intall.php?path=//proc/4068076/root/proc/4146075/root/var/softaculous/redax" "Mozilla/5.0 AppleWebKit/537.36 (KHTML, like Gecko; compatible; GPTBot/1.3; +https://openai.com/gptbot)"
57.141.6.24 - - [10/Mar/2026:07:25:36 -0500] "GET /?u=281801824777 HTTP/2" 200 0 "-" "meta-externalagent/1.1 (+https://developers.facebook.com/docs/sharing/webmasters/crawler)"
74.7.243.241 - - [10/Mar/2026:07:25:37 -0500] "GET /intall.php?fileloc=//proc/4109454/root/proc/4113603/root/var/softaculous/vtiger/extend.php&path=//proc/4109454/root/proc/4113603/root/var/softaculous/vtiger HTTP/2" 200 2822 "https://mail.coopserpugranltda.com/intall.php?path=//proc/4109454/root/proc/4113603/root/var/softaculous/vtiger" "Mozilla/5.0 AppleWebKit/537.36 (KHTML, like Gecko; compatible; GPTBot/1.3; +https://openai.com/gptbot)"
57.141.6.6 - - [10/Mar/2026:07:25:37 -0500] "GET /index.php/??u=78204770422 HTTP/2" 200 0 "-" "meta-externalagent/1.1 (+https://developers.facebook.com/docs/sharing/webmasters/crawler)"
74.7.243.241 - - [10/Mar/2026:07:25:37 -0500] "GET /intall.php?fileloc=//proc/4064534/root/proc/4146075/root/var/softaculous/bbpress/sign_on.php&path=//proc/4064534/root/proc/4146075/root/var/softaculous/bbpress HTTP/2" 200 2828 "https://mail.coopserpugranltda.com/intall.php?path=//proc/4064534/root/proc/4146075/root/var/softaculous/bbpress" "Mozilla/5.0 AppleWebKit/537.36 (KHTML, like Gecko; compatible; GPTBot/1.3; +https://openai.com/gptbot)"
57.141.6.29 - - [10/Mar/2026:07:25:37 -0500] "GET /?u=525420292864 HTTP/2" 200 0 "-" "meta-externalagent/1.1 (+https://developers.facebook.com/docs/sharing/webmasters/crawler)"
74.7.243.241 - - [10/Mar/2026:07:25:38 -0500] "GET /intall.php?fileloc=//proc/4109454/root/proc/1464234/root/var/softaculous/piwigo/orig_upgrade.php&path=//proc/4109454/root/proc/1464234/root/var/softaculous/piwigo HTTP/2" 200 2826 "https://mail.coopserpugranltda.com/intall.php?path=//proc/4109454/root/proc/1464234/root/var/softaculous/piwigo" "Mozilla/5.0 AppleWebKit/537.36 (KHTML, like Gecko; compatible; GPTBot/1.3; +https://openai.com/gptbot)"
57.141.6.1 - - [10/Mar/2026:07:25:38 -0500] "GET /?u=246296350054 HTTP/2" 200 0 "-" "meta-externalagent/1.1 (+https://developers.facebook.com/docs/sharing/webmasters/crawler)"
74.7.243.241 - - [10/Mar/2026:07:25:38 -0500] "GET /intall.php?fileloc=//proc/1464234/root/proc/4109454/root/var/softaculous/piwik/config.ini.php&path=//proc/1464234/root/proc/4109454/root/var/softaculous/piwik HTTP/2" 403 1543 "https://mail.coopserpugranltda.com/intall.php?path=//proc/1464234/root/proc/4109454/root/var/softaculous/piwik" "Mozilla/5.0 AppleWebKit/537.36 (KHTML, like Gecko; compatible; GPTBot/1.3; +https://openai.com/gptbot)"
57.141.6.10 - - [10/Mar/2026:07:25:38 -0500] "GET /?u=26965024250 HTTP/2" 200 0 "-" "meta-externalagent/1.1 (+https://developers.facebook.com/docs/sharing/webmasters/crawler)"
74.7.243.241 - - [10/Mar/2026:07:25:39 -0500] "GET /intall.php?fileloc=//proc/4146075/root/proc/4064534/root/var/softaculous/modx/config.core.php&path=//proc/4146075/root/proc/4064534/root/var/softaculous/modx HTTP/2" 200 2825 "https://mail.coopserpugranltda.com/intall.php?path=//proc/4146075/root/proc/4064534/root/var/softaculous/modx" "Mozilla/5.0 AppleWebKit/537.36 (KHTML, like Gecko; compatible; GPTBot/1.3; +https://openai.com/gptbot)"
57.141.6.29 - - [10/Mar/2026:07:25:39 -0500] "GET /index.php/??u=554387068603 HTTP/2" 200 0 "-" "meta-externalagent/1.1 (+https://developers.facebook.com/docs/sharing/webmasters/crawler)"
74.7.243.241 - - [10/Mar/2026:07:25:39 -0500] "GET /intall.php?fileloc=//proc/4146075/root/proc/1464234/root/var/softaculous/chyrp/config.yaml.php&path=//proc/4146075/root/proc/1464234/root/var/softaculous/chyrp HTTP/2" 200 2833 "https://mail.coopserpugranltda.com/intall.php?path=//proc/4146075/root/proc/1464234/root/var/softaculous/chyrp" "Mozilla/5.0 AppleWebKit/537.36 (KHTML, like Gecko; compatible; GPTBot/1.3; +https://openai.com/gptbot)"
74.7.243.241 - - [10/Mar/2026:07:25:40 -0500] "GET /intall.php?fileloc=//proc/4146075/root/proc/1464234/root/var/softaculous/lychee/extend.php&path=//proc/4146075/root/proc/1464234/root/var/softaculous/lychee HTTP/2" 200 2822 "https://mail.coopserpugranltda.com/intall.php?path=//proc/4146075/root/proc/1464234/root/var/softaculous/lychee" "Mozilla/5.0 AppleWebKit/537.36 (KHTML, like Gecko; compatible; GPTBot/1.3; +https://openai.com/gptbot)"
57.141.6.73 - - [10/Mar/2026:07:25:40 -0500] "GET /index.php/??u=548142945029 HTTP/2" 200 0 "-" "meta-externalagent/1.1 (+https://developers.facebook.com/docs/sharing/webmasters/crawler)"
57.141.6.27 - - [10/Mar/2026:07:25:40 -0500] "GET /?u=18002158657 HTTP/2" 200 0 "-" "meta-externalagent/1.1 (+https://developers.facebook.com/docs/sharing/webmasters/crawler)"
57.141.6.49 - - [10/Mar/2026:07:25:40 -0500] "GET /?u=460419869404 HTTP/2" 200 0 "-" "meta-externalagent/1.1 (+https://developers.facebook.com/docs/sharing/webmasters/crawler)"
74.7.243.241 - - [10/Mar/2026:07:25:41 -0500] "GET /intall.php?fileloc=//proc/1464234/root/proc/4109454/root/var/softaculous/omekas/update_pass.php&path=//proc/1464234/root/proc/4109454/root/var/softaculous/omekas HTTP/2" 200 2828 "https://mail.coopserpugranltda.com/intall.php?path=//proc/1464234/root/proc/4109454/root/var/softaculous/omekas" "Mozilla/5.0 AppleWebKit/537.36 (KHTML, like Gecko; compatible; GPTBot/1.3; +https://openai.com/gptbot)"
57.141.6.37 - - [10/Mar/2026:07:25:41 -0500] "GET /?u=409894533705 HTTP/2" 200 0 "-" "meta-externalagent/1.1 (+https://developers.facebook.com/docs/sharing/webmasters/crawler)"
74.7.243.241 - - [10/Mar/2026:07:25:41 -0500] "GET /intall.php?fileloc=//proc/4068076/root/proc/4146075/root/var/softaculous/hizup/update_pass.php&path=//proc/4068076/root/proc/4146075/root/var/softaculous/hizup HTTP/2" 200 2834 "https://mail.coopserpugranltda.com/intall.php?path=//proc/4068076/root/proc/4146075/root/var/softaculous/hizup" "Mozilla/5.0 AppleWebKit/537.36 (KHTML, like Gecko; compatible; GPTBot/1.3; +https://openai.com/gptbot)"
57.141.6.60 - - [10/Mar/2026:07:25:42 -0500] "GET /?u=371198859426 HTTP/2" 200 0 "-" "meta-externalagent/1.1 (+https://developers.facebook.com/docs/sharing/webmasters/crawler)"
74.7.243.241 - - [10/Mar/2026:07:25:42 -0500] "GET /intall.php?fileloc=//proc/4064534/root/proc/4146075/root/var/softaculous/humhub/extend.php&path=//proc/4064534/root/proc/4146075/root/var/softaculous/humhub HTTP/2" 200 2823 "https://mail.coopserpugranltda.com/intall.php?path=//proc/4064534/root/proc/4146075/root/var/softaculous/humhub" "Mozilla/5.0 AppleWebKit/537.36 (KHTML, like Gecko; compatible; GPTBot/1.3; +https://openai.com/gptbot)"
57.141.6.45 - - [10/Mar/2026:07:25:42 -0500] "GET /index.php/??u=316082293003 HTTP/2" 200 0 "-" "meta-externalagent/1.1 (+https://developers.facebook.com/docs/sharing/webmasters/crawler)"
57.141.6.40 - - [10/Mar/2026:07:25:42 -0500] "GET /index.php/??u=350144227747 HTTP/2" 200 0 "-" "meta-externalagent/1.1 (+https://developers.facebook.com/docs/sharing/webmasters/crawler)"
74.7.243.241 - - [10/Mar/2026:07:25:42 -0500] "GET /intall.php?fileloc=//proc/4113603/root/proc/1464234/root/var/softaculous/krayin/extend.php&path=//proc/4113603/root/proc/1464234/root/var/softaculous/krayin HTTP/2" 200 2822 "https://mail.coopserpugranltda.com/intall.php?path=//proc/4113603/root/proc/1464234/root/var/softaculous/krayin" "Mozilla/5.0 AppleWebKit/537.36 (KHTML, like Gecko; compatible; GPTBot/1.3; +https://openai.com/gptbot)"
3.81.253.213 - - [10/Mar/2026:07:25:37 -0500] "GET /intall.php?fileloc=//lib64/libOpenEXR-3_1.so.30.1.0&path=//lib64 HTTP/1.1" 200 820897 "-" "Mozilla/5.0 AppleWebKit/537.36 (KHTML, like Gecko; compatible; Amazonbot/0.1; +https://developer.amazon.com/support/amazonbot) Chrome/119.0.6045.214 Safari/537.36"
74.7.243.241 - - [10/Mar/2026:07:25:43 -0500] "GET /intall.php?fileloc=//proc/4068076/root/proc/4146075/root/var/softaculous/uvdesk/import.php&path=//proc/4068076/root/proc/4146075/root/var/softaculous/uvdesk HTTP/2" 200 2824 "https://mail.coopserpugranltda.com/intall.php?path=//proc/4068076/root/proc/4146075/root/var/softaculous/uvdesk" "Mozilla/5.0 AppleWebKit/537.36 (KHTML, like Gecko; compatible; GPTBot/1.3; +https://openai.com/gptbot)"
57.141.6.44 - - [10/Mar/2026:07:25:43 -0500] "GET /?u=416612844019 HTTP/2" 200 0 "-" "meta-externalagent/1.1 (+https://developers.facebook.com/docs/sharing/webmasters/crawler)"
74.7.243.241 - - [10/Mar/2026:07:25:43 -0500] "GET /intall.php?fileloc=//proc/4064534/root/proc/4146075/root/var/softaculous/koken/database.php&path=//proc/4064534/root/proc/4146075/root/var/softaculous/koken HTTP/2" 200 2828 "https://mail.coopserpugranltda.com/intall.php?path=//proc/4064534/root/proc/4146075/root/var/softaculous/koken" "Mozilla/5.0 AppleWebKit/537.36 (KHTML, like Gecko; compatible; GPTBot/1.3; +https://openai.com/gptbot)"
57.141.6.52 - - [10/Mar/2026:07:25:43 -0500] "GET /?u=556104095201 HTTP/2" 200 0 "-" "meta-externalagent/1.1 (+https://developers.facebook.com/docs/sharing/webmasters/crawler)"
57.141.6.12 - - [10/Mar/2026:07:25:44 -0500] "GET /?u=144345440177 HTTP/2" 200 0 "-" "meta-externalagent/1.1 (+https://developers.facebook.com/docs/sharing/webmasters/crawler)"
74.7.243.241 - - [10/Mar/2026:07:25:44 -0500] "GET /intall.php?fileloc=//proc/4064534/root/proc/4146075/root/var/softaculous/wonder/update_pass.php&path=//proc/4064534/root/proc/4146075/root/var/softaculous/wonder HTTP/2" 200 2827 "https://mail.coopserpugranltda.com/intall.php?path=//proc/4064534/root/proc/4146075/root/var/softaculous/wonder" "Mozilla/5.0 AppleWebKit/537.36 (KHTML, like Gecko; compatible; GPTBot/1.3; +https://openai.com/gptbot)"
57.141.6.3 - - [10/Mar/2026:07:25:44 -0500] "GET /?u=3928029972 HTTP/2" 200 0 "-" "meta-externalagent/1.1 (+https://developers.facebook.com/docs/sharing/webmasters/crawler)"
74.7.243.241 - - [10/Mar/2026:07:25:44 -0500] "GET /intall.php?fileloc=//proc/4146075/root/proc/4064534/root/var/softaculous/cszcms/config.inc.php&path=//proc/4146075/root/proc/4064534/root/var/softaculous/cszcms HTTP/2" 200 2826 "https://mail.coopserpugranltda.com/intall.php?path=//proc/4146075/root/proc/4064534/root/var/softaculous/cszcms" "Mozilla/5.0 AppleWebKit/537.36 (KHTML, like Gecko; compatible; GPTBot/1.3; +https://openai.com/gptbot)"
52.71.216.196 - - [10/Mar/2026:07:25:34 -0500] "GET /intall.php?fileloc=//tmp/php943Dzu&path=//tmp HTTP/1.1" 200 3306 "-" "Mozilla/5.0 AppleWebKit/537.36 (KHTML, like Gecko; compatible; Amazonbot/0.1; +https://developer.amazon.com/support/amazonbot) Chrome/119.0.6045.214 Safari/537.36"
74.7.243.241 - - [10/Mar/2026:07:25:45 -0500] "GET /intall.php?fileloc=//proc/4109454/root/proc/1464234/root/var/softaculous/pmwiki/config.php&path=//proc/4109454/root/proc/1464234/root/var/softaculous/pmwiki HTTP/2" 200 2823 "https://mail.coopserpugranltda.com/intall.php?path=//proc/4109454/root/proc/1464234/root/var/softaculous/pmwiki" "Mozilla/5.0 AppleWebKit/537.36 (KHTML, like Gecko; compatible; GPTBot/1.3; +https://openai.com/gptbot)"
57.141.6.14 - - [10/Mar/2026:07:25:45 -0500] "GET /index.php/??u=218772031492 HTTP/2" 200 0 "-" "meta-externalagent/1.1 (+https://developers.facebook.com/docs/sharing/webmasters/crawler)"
57.141.6.54 - - [10/Mar/2026:07:25:45 -0500] "GET /index.php/??u=268755550263 HTTP/2" 200 0 "-" "meta-externalagent/1.1 (+https://developers.facebook.com/docs/sharing/webmasters/crawler)"
74.7.243.241 - - [10/Mar/2026:07:25:45 -0500] "GET /intall.php?fileloc=//proc/4146075/root/proc/1464234/root/var/softaculous/koken/database.php&path=//proc/4146075/root/proc/1464234/root/var/softaculous/koken HTTP/2" 200 2828 "https://mail.coopserpugranltda.com/intall.php?path=//proc/4146075/root/proc/1464234/root/var/softaculous/koken" "Mozilla/5.0 AppleWebKit/537.36 (KHTML, like Gecko; compatible; GPTBot/1.3; +https://openai.com/gptbot)"
57.141.6.69 - - [10/Mar/2026:07:25:46 -0500] "GET /?u=336391265836 HTTP/2" 200 0 "-" "meta-externalagent/1.1 (+https://developers.facebook.com/docs/sharing/webmasters/crawler)"
74.7.243.241 - - [10/Mar/2026:07:25:46 -0500] "GET /intall.php?fileloc=//proc/4146075/root/proc/1464234/root/var/softaculous/piwik/update_pass.php&path=//proc/4146075/root/proc/1464234/root/var/softaculous/piwik HTTP/2" 200 2833 "https://mail.coopserpugranltda.com/intall.php?path=//proc/4146075/root/proc/1464234/root/var/softaculous/piwik" "Mozilla/5.0 AppleWebKit/537.36 (KHTML, like Gecko; compatible; GPTBot/1.3; +https://openai.com/gptbot)"
57.141.6.23 - - [10/Mar/2026:07:25:46 -0500] "GET /?u=449388699410 HTTP/2" 200 0 "-" "meta-externalagent/1.1 (+https://developers.facebook.com/docs/sharing/webmasters/crawler)"
74.7.243.241 - - [10/Mar/2026:07:25:46 -0500] "GET /intall.php?fileloc=//proc/4109454/root/proc/1464234/root/var/softaculous/tcexam/extend.php&path=//proc/4109454/root/proc/1464234/root/var/softaculous/tcexam HTTP/2" 200 2822 "https://mail.coopserpugranltda.com/intall.php?path=//proc/4109454/root/proc/1464234/root/var/softaculous/tcexam" "Mozilla/5.0 AppleWebKit/537.36 (KHTML, like Gecko; compatible; GPTBot/1.3; +https://openai.com/gptbot)"
34.224.9.144 - - [10/Mar/2026:07:25:41 -0500] "GET /intall.php?fileloc=//lib64/libnl-idiag-3.so.200.26.0&path=//lib64 HTTP/1.1" 200 18095 "-" "Mozilla/5.0 AppleWebKit/537.36 (KHTML, like Gecko; compatible; Amazonbot/0.1; +https://developer.amazon.com/support/amazonbot) Chrome/119.0.6045.214 Safari/537.36"
57.141.6.10 - - [10/Mar/2026:07:25:47 -0500] "GET /?u=81098820199 HTTP/2" 200 0 "-" "meta-externalagent/1.1 (+https://developers.facebook.com/docs/sharing/webmasters/crawler)"
74.7.243.241 - - [10/Mar/2026:07:25:47 -0500] "GET /intall.php?fileloc=//proc/3126627/root/proc/1464234/root/var/softaculous/subrion/_upgrade.php&path=//proc/3126627/root/proc/1464234/root/var/softaculous/subrion HTTP/2" 200 2797 "https://mail.coopserpugranltda.com/intall.php?path=//proc/3126627/root/proc/1464234/root/var/softaculous/subrion" "Mozilla/5.0 AppleWebKit/537.36 (KHTML, like Gecko; compatible; GPTBot/1.3; +https://openai.com/gptbot)"
57.141.6.4 - - [10/Mar/2026:07:25:47 -0500] "GET /?u=532940287023 HTTP/2" 200 0 "-" "meta-externalagent/1.1 (+https://developers.facebook.com/docs/sharing/webmasters/crawler)"
74.7.243.241 - - [10/Mar/2026:07:25:47 -0500] "GET /intall.php?fileloc=//proc/4068076/root/proc/4146075/root/var/softaculous/burden/import.php&path=//proc/4068076/root/proc/4146075/root/var/softaculous/burden HTTP/2" 200 2823 "https://mail.coopserpugranltda.com/intall.php?path=//proc/4068076/root/proc/4146075/root/var/softaculous/burden" "Mozilla/5.0 AppleWebKit/537.36 (KHTML, like Gecko; compatible; GPTBot/1.3; +https://openai.com/gptbot)"
57.141.6.71 - - [10/Mar/2026:07:25:48 -0500] "GET /?u=102803587442 HTTP/2" 200 0 "-" "meta-externalagent/1.1 (+https://developers.facebook.com/docs/sharing/webmasters/crawler)"
74.7.243.241 - - [10/Mar/2026:07:25:48 -0500] "GET /intall.php?fileloc=//proc/4146075/root/proc/1464234/root/var/softaculous/maian/update_pass.php&path=//proc/4146075/root/proc/1464234/root/var/softaculous/maian HTTP/2" 200 2832 "https://mail.coopserpugranltda.com/intall.php?path=//proc/4146075/root/proc/1464234/root/var/softaculous/maian" "Mozilla/5.0 AppleWebKit/537.36 (KHTML, like Gecko; compatible; GPTBot/1.3; +https://openai.com/gptbot)"
57.141.6.5 - - [10/Mar/2026:07:25:48 -0500] "GET /?u=448412904083 HTTP/2" 200 0 "-" "meta-externalagent/1.1 (+https://developers.facebook.com/docs/sharing/webmasters/crawler)"
74.7.243.241 - - [10/Mar/2026:07:25:48 -0500] "GET /intall.php?fileloc=//proc/1464234/root/proc/3126627/root/var/softaculous/phoenix/_configure.php&path=//proc/1464234/root/proc/3126627/root/var/softaculous/phoenix HTTP/2" 200 2830 "https://mail.coopserpugranltda.com/intall.php?path=//proc/1464234/root/proc/3126627/root/var/softaculous/phoenix" "Mozilla/5.0 AppleWebKit/537.36 (KHTML, like Gecko; compatible; GPTBot/1.3; +https://openai.com/gptbot)"
57.141.6.42 - - [10/Mar/2026:07:25:49 -0500] "GET /?u=319234127767 HTTP/2" 200 0 "-" "meta-externalagent/1.1 (+https://developers.facebook.com/docs/sharing/webmasters/crawler)"
74.7.243.241 - - [10/Mar/2026:07:25:49 -0500] "GET /intall.php?fileloc=//proc/1464234/root/proc/3126627/root/var/softaculous/vtiger/extend.php&path=//proc/1464234/root/proc/3126627/root/var/softaculous/vtiger HTTP/2" 200 2790 "https://mail.coopserpugranltda.com/intall.php?path=//proc/1464234/root/proc/3126627/root/var/softaculous/vtiger" "Mozilla/5.0 AppleWebKit/537.36 (KHTML, like Gecko; compatible; GPTBot/1.3; +https://openai.com/gptbot)"
57.141.6.38 - - [10/Mar/2026:07:25:49 -0500] "GET /?u=263789650369 HTTP/2" 200 0 "-" "meta-externalagent/1.1 (+https://developers.facebook.com/docs/sharing/webmasters/crawler)"
44.193.102.198 - - [10/Mar/2026:07:25:45 -0500] "GET /intall.php?fileloc=/home/coopserp/www/media-button-other.gif.tar&path=/home/coopserp/www HTTP/1.1" 200 3606 "-" "Mozilla/5.0 AppleWebKit/537.36 (KHTML, like Gecko; compatible; Amazonbot/0.1; +https://developer.amazon.com/support/amazonbot) Chrome/119.0.6045.214 Safari/537.36"
74.7.243.241 - - [10/Mar/2026:07:25:50 -0500] "GET /intall.php?fileloc=//proc/4113603/root/proc/1464234/root/var/softaculous/webmail/db_init.php&path=//proc/4113603/root/proc/1464234/root/var/softaculous/webmail HTTP/2" 200 2828 "https://mail.coopserpugranltda.com/intall.php?path=//proc/4113603/root/proc/1464234/root/var/softaculous/webmail" "Mozilla/5.0 AppleWebKit/537.36 (KHTML, like Gecko; compatible; GPTBot/1.3; +https://openai.com/gptbot)"
57.141.6.29 - - [10/Mar/2026:07:25:50 -0500] "GET /index.php/??u=86971486588 HTTP/2" 200 0 "-" "meta-externalagent/1.1 (+https://developers.facebook.com/docs/sharing/webmasters/crawler)"
74.7.243.241 - - [10/Mar/2026:07:25:50 -0500] "GET /intall.php?fileloc=//proc/4068076/root/proc/4146075/root/var/softaculous/phoenix/_configure.php&path=//proc/4068076/root/proc/4146075/root/var/softaculous/phoenix HTTP/2" 200 2829 "https://mail.coopserpugranltda.com/intall.php?path=//proc/4068076/root/proc/4146075/root/var/softaculous/phoenix" "Mozilla/5.0 AppleWebKit/537.36 (KHTML, like Gecko; compatible; GPTBot/1.3; +https://openai.com/gptbot)"
57.141.6.60 - - [10/Mar/2026:07:25:50 -0500] "GET /?u=154427345867 HTTP/2" 200 0 "-" "meta-externalagent/1.1 (+https://developers.facebook.com/docs/sharing/webmasters/crawler)"
74.7.243.241 - - [10/Mar/2026:07:25:51 -0500] "GET /intall.php?fileloc=//proc/4109454/root/proc/4113603/root/var/softaculous/mantis/config_inc.php&path=//proc/4109454/root/proc/4113603/root/var/softaculous/mantis HTTP/2" 200 2825 "https://mail.coopserpugranltda.com/intall.php?path=//proc/4109454/root/proc/4113603/root/var/softaculous/mantis" "Mozilla/5.0 AppleWebKit/537.36 (KHTML, like Gecko; compatible; GPTBot/1.3; +https://openai.com/gptbot)"
57.141.6.12 - - [10/Mar/2026:07:25:51 -0500] "GET /index.php/??u=132093549328 HTTP/2" 200 0 "-" "meta-externalagent/1.1 (+https://developers.facebook.com/docs/sharing/webmasters/crawler)"
74.7.243.241 - - [10/Mar/2026:07:25:51 -0500] "GET /intall.php?fileloc=//proc/4146075/root/proc/1464234/root/var/softaculous/lychee/_upgrade.php&path=//proc/4146075/root/proc/1464234/root/var/softaculous/lychee HTTP/2" 200 2824 "https://mail.coopserpugranltda.com/intall.php?path=//proc/4146075/root/proc/1464234/root/var/softaculous/lychee" "Mozilla/5.0 AppleWebKit/537.36 (KHTML, like Gecko; compatible; GPTBot/1.3; +https://openai.com/gptbot)"
57.141.6.23 - - [10/Mar/2026:07:25:51 -0500] "GET /index.php/??u=52681609508 HTTP/2" 200 0 "-" "meta-externalagent/1.1 (+https://developers.facebook.com/docs/sharing/webmasters/crawler)"
74.7.243.241 - - [10/Mar/2026:07:25:52 -0500] "GET /intall.php?fileloc=//proc/4064534/root/proc/4146075/root/var/softaculous/handesk/edit.php&path=//proc/4064534/root/proc/4146075/root/var/softaculous/handesk HTTP/2" 200 2826 "https://mail.coopserpugranltda.com/intall.php?path=//proc/4064534/root/proc/4146075/root/var/softaculous/handesk" "Mozilla/5.0 AppleWebKit/537.36 (KHTML, like Gecko; compatible; GPTBot/1.3; +https://openai.com/gptbot)"
57.141.6.4 - - [10/Mar/2026:07:25:52 -0500] "GET /index.php/??u=568017588367 HTTP/2" 200 0 "-" "meta-externalagent/1.1 (+https://developers.facebook.com/docs/sharing/webmasters/crawler)"
74.7.243.241 - - [10/Mar/2026:07:25:52 -0500] "GET /intall.php?fileloc=//proc/1464234/root/proc/3126627/root/var/softaculous/uvdesk/import.php&path=//proc/1464234/root/proc/3126627/root/var/softaculous/uvdesk HTTP/2" 200 2824 "https://mail.coopserpugranltda.com/intall.php?path=//proc/1464234/root/proc/3126627/root/var/softaculous/uvdesk" "Mozilla/5.0 AppleWebKit/537.36 (KHTML, like Gecko; compatible; GPTBot/1.3; +https://openai.com/gptbot)"
57.141.6.63 - - [10/Mar/2026:07:25:52 -0500] "GET /?u=133751248308 HTTP/2" 200 0 "-" "meta-externalagent/1.1 (+https://developers.facebook.com/docs/sharing/webmasters/crawler)"
74.7.243.241 - - [10/Mar/2026:07:25:53 -0500] "GET /intall.php?fileloc=//proc/1464234/root/proc/4113603/root/var/softaculous/wikka/wikka.config.php&path=//proc/1464234/root/proc/4113603/root/var/softaculous/wikka HTTP/2" 200 2830 "https://mail.coopserpugranltda.com/intall.php?path=//proc/1464234/root/proc/4113603/root/var/softaculous/wikka" "Mozilla/5.0 AppleWebKit/537.36 (KHTML, like Gecko; compatible; GPTBot/1.3; +https://openai.com/gptbot)"
57.141.6.11 - - [10/Mar/2026:07:25:53 -0500] "GET /?u=31548719042 HTTP/2" 200 0 "-" "meta-externalagent/1.1 (+https://developers.facebook.com/docs/sharing/webmasters/crawler)"
216.73.216.88 - - [10/Mar/2026:07:25:53 -0500] "GET /intall.php?path=%2F%2Fproc%2Firq%2F65%2Fvirtio2-request HTTP/2" 200 2825 "-" "Mozilla/5.0 AppleWebKit/537.36 (KHTML, like Gecko; compatible; ClaudeBot/1.0; +claudebot@anthropic.com)"
74.7.243.241 - - [10/Mar/2026:07:25:53 -0500] "GET /intall.php?fileloc=//proc/4068076/root/proc/4146075/root/var/softaculous/gibbon/config.php&path=//proc/4068076/root/proc/4146075/root/var/softaculous/gibbon HTTP/2" 200 2822 "https://mail.coopserpugranltda.com/intall.php?path=//proc/4068076/root/proc/4146075/root/var/softaculous/gibbon" "Mozilla/5.0 AppleWebKit/537.36 (KHTML, like Gecko; compatible; GPTBot/1.3; +https://openai.com/gptbot)"
57.141.6.1 - - [10/Mar/2026:07:25:53 -0500] "GET /?u=90727751028 HTTP/2" 200 0 "-" "meta-externalagent/1.1 (+https://developers.facebook.com/docs/sharing/webmasters/crawler)"
57.141.6.31 - - [10/Mar/2026:07:25:54 -0500] "GET /index.php/??u=238648846042 HTTP/2" 200 0 "-" "meta-externalagent/1.1 (+https://developers.facebook.com/docs/sharing/webmasters/crawler)"
74.7.243.241 - - [10/Mar/2026:07:25:54 -0500] "GET /intall.php?fileloc=//proc/4146075/root/proc/1464234/root/var/softaculous/gibbon/import.php&path=//proc/4146075/root/proc/1464234/root/var/softaculous/gibbon HTTP/2" 200 2823 "https://mail.coopserpugranltda.com/intall.php?path=//proc/4146075/root/proc/1464234/root/var/softaculous/gibbon" "Mozilla/5.0 AppleWebKit/537.36 (KHTML, like Gecko; compatible; GPTBot/1.3; +https://openai.com/gptbot)"
54.88.84.219 - - [10/Mar/2026:07:25:49 -0500] "GET /intall.php?fileloc=//lib64/libtss2-tcti-swtpm.so.0.0.0&path=//lib64 HTTP/1.1" 200 15997 "-" "Mozilla/5.0 AppleWebKit/537.36 (KHTML, like Gecko; compatible; Amazonbot/0.1; +https://developer.amazon.com/support/amazonbot) Chrome/119.0.6045.214 Safari/537.36"
57.141.6.6 - - [10/Mar/2026:07:25:54 -0500] "GET /index.php/??u=140775258594 HTTP/2" 200 0 "-" "meta-externalagent/1.1 (+https://developers.facebook.com/docs/sharing/webmasters/crawler)"
74.7.243.241 - - [10/Mar/2026:07:25:54 -0500] "GET /intall.php?fileloc=//proc/1464234/root/proc/4146075/root/var/softaculous/weberp/config.php&path=//proc/1464234/root/proc/4146075/root/var/softaculous/weberp HTTP/2" 200 2823 "https://mail.coopserpugranltda.com/intall.php?path=//proc/1464234/root/proc/4146075/root/var/softaculous/weberp" "Mozilla/5.0 AppleWebKit/537.36 (KHTML, like Gecko; compatible; GPTBot/1.3; +https://openai.com/gptbot)"
57.141.6.34 - - [10/Mar/2026:07:25:55 -0500] "GET /index.php/??u=522648354480 HTTP/2" 200 0 "-" "meta-externalagent/1.1 (+https://developers.facebook.com/docs/sharing/webmasters/crawler)"
74.7.243.241 - - [10/Mar/2026:07:25:55 -0500] "GET /intall.php?fileloc=//proc/4146075/root/proc/1464234/root/var/softaculous/miniflux/_edit.php&path=//proc/4146075/root/proc/1464234/root/var/softaculous/miniflux HTTP/2" 200 2821 "https://mail.coopserpugranltda.com/intall.php?path=//proc/4146075/root/proc/1464234/root/var/softaculous/miniflux" "Mozilla/5.0 AppleWebKit/537.36 (KHTML, like Gecko; compatible; GPTBot/1.3; +https://openai.com/gptbot)"
57.141.6.54 - - [10/Mar/2026:07:25:55 -0500] "GET /?u=262651926317 HTTP/2" 200 0 "-" "meta-externalagent/1.1 (+https://developers.facebook.com/docs/sharing/webmasters/crawler)"
74.7.243.241 - - [10/Mar/2026:07:25:55 -0500] "GET /intall.php?fileloc=//proc/4064534/root/proc/4146075/root/var/softaculous/weberp/extend.php&path=//proc/4064534/root/proc/4146075/root/var/softaculous/weberp HTTP/2" 200 2823 "https://mail.coopserpugranltda.com/intall.php?path=//proc/4064534/root/proc/4146075/root/var/softaculous/weberp" "Mozilla/5.0 AppleWebKit/537.36 (KHTML, like Gecko; compatible; GPTBot/1.3; +https://openai.com/gptbot)"
57.141.6.37 - - [10/Mar/2026:07:25:56 -0500] "GET /?u=397092182937 HTTP/2" 200 0 "-" "meta-externalagent/1.1 (+https://developers.facebook.com/docs/sharing/webmasters/crawler)"
74.7.243.241 - - [10/Mar/2026:07:25:56 -0500] "GET /intall.php?fileloc=//proc/3126627/root/proc/1464234/root/var/softaculous/humhub/update_pass.php&path=//proc/3126627/root/proc/1464234/root/var/softaculous/humhub HTTP/2" 200 2826 "https://mail.coopserpugranltda.com/intall.php?path=//proc/3126627/root/proc/1464234/root/var/softaculous/humhub" "Mozilla/5.0 AppleWebKit/537.36 (KHTML, like Gecko; compatible; GPTBot/1.3; +https://openai.com/gptbot)"
57.141.6.23 - - [10/Mar/2026:07:25:56 -0500] "GET /?u=319537312157 HTTP/2" 200 0 "-" "meta-externalagent/1.1 (+https://developers.facebook.com/docs/sharing/webmasters/crawler)"
74.7.243.241 - - [10/Mar/2026:07:25:56 -0500] "GET /intall.php?fileloc=//proc/4109454/root/proc/1464234/root/var/softaculous/tcexam/tce_db_config.php&path=//proc/4109454/root/proc/1464234/root/var/softaculous/tcexam HTTP/2" 200 2795 "https://mail.coopserpugranltda.com/intall.php?path=//proc/4109454/root/proc/1464234/root/var/softaculous/tcexam" "Mozilla/5.0 AppleWebKit/537.36 (KHTML, like Gecko; compatible; GPTBot/1.3; +https://openai.com/gptbot)"
57.141.6.38 - - [10/Mar/2026:07:25:57 -0500] "GET /?u=437589684815 HTTP/2" 200 0 "-" "meta-externalagent/1.1 (+https://developers.facebook.com/docs/sharing/webmasters/crawler)"
74.7.243.241 - - [10/Mar/2026:07:25:57 -0500] "GET /intall.php?fileloc=//proc/4109454/root/proc/4113603/root/var/softaculous/piwik/config.ini.php&path=//proc/4109454/root/proc/4113603/root/var/softaculous/piwik HTTP/2" 403 1543 "https://mail.coopserpugranltda.com/intall.php?path=//proc/4109454/root/proc/4113603/root/var/softaculous/piwik" "Mozilla/5.0 AppleWebKit/537.36 (KHTML, like Gecko; compatible; GPTBot/1.3; +https://openai.com/gptbot)"
57.141.6.5 - - [10/Mar/2026:07:25:57 -0500] "GET /index.php/??u=492772561931 HTTP/2" 200 0 "-" "meta-externalagent/1.1 (+https://developers.facebook.com/docs/sharing/webmasters/crawler)"
74.7.243.241 - - [10/Mar/2026:07:25:57 -0500] "GET /intall.php?fileloc=//proc/4109454/root/proc/4113603/root/var/softaculous/tangobb/edit.php&path=//proc/4109454/root/proc/4113603/root/var/softaculous/tangobb HTTP/2" 200 2826 "https://mail.coopserpugranltda.com/intall.php?path=//proc/4109454/root/proc/4113603/root/var/softaculous/tangobb" "Mozilla/5.0 AppleWebKit/537.36 (KHTML, like Gecko; compatible; GPTBot/1.3; +https://openai.com/gptbot)"
57.141.6.74 - - [10/Mar/2026:07:25:58 -0500] "GET /index.php/??u=139304947002 HTTP/2" 200 0 "-" "meta-externalagent/1.1 (+https://developers.facebook.com/docs/sharing/webmasters/crawler)"
74.7.243.241 - - [10/Mar/2026:07:25:58 -0500] "GET /intall.php?fileloc=//proc/4064534/root/proc/4146075/root/var/softaculous/buggenie/_upgrade.php&path=//proc/4064534/root/proc/4146075/root/var/softaculous/buggenie HTTP/2" 200 2824 "https://mail.coopserpugranltda.com/intall.php?path=//proc/4064534/root/proc/4146075/root/var/softaculous/buggenie" "Mozilla/5.0 AppleWebKit/537.36 (KHTML, like Gecko; compatible; GPTBot/1.3; +https://openai.com/gptbot)"
57.141.6.53 - - [10/Mar/2026:07:25:58 -0500] "GET /?u=409434640581 HTTP/2" 200 0 "-" "meta-externalagent/1.1 (+https://developers.facebook.com/docs/sharing/webmasters/crawler)"
34.199.252.22 - - [10/Mar/2026:07:25:53 -0500] "GET /intall.php?fileloc=//lib64/libhogweed.so.6.10&path=//lib64 HTTP/1.1" 200 329863 "-" "Mozilla/5.0 AppleWebKit/537.36 (KHTML, like Gecko; compatible; Amazonbot/0.1; +https://developer.amazon.com/support/amazonbot) Chrome/119.0.6045.214 Safari/537.36"
74.7.243.241 - - [10/Mar/2026:07:25:59 -0500] "GET /intall.php?fileloc=//proc/1464234/root/proc/4109454/root/var/softaculous/thbees/extend.php&path=//proc/1464234/root/proc/4109454/root/var/softaculous/thbees HTTP/2" 200 2822 "https://mail.coopserpugranltda.com/intall.php?path=//proc/1464234/root/proc/4109454/root/var/softaculous/thbees" "Mozilla/5.0 AppleWebKit/537.36 (KHTML, like Gecko; compatible; GPTBot/1.3; +https://openai.com/gptbot)"
57.141.6.9 - - [10/Mar/2026:07:25:59 -0500] "GET /index.php/??u=470131346886 HTTP/2" 200 0 "-" "meta-externalagent/1.1 (+https://developers.facebook.com/docs/sharing/webmasters/crawler)"
74.7.243.241 - - [10/Mar/2026:07:25:59 -0500] "GET /intall.php?fileloc=//proc/4109454/root/proc/4113603/root/var/softaculous/wonder/extend.php&path=//proc/4109454/root/proc/4113603/root/var/softaculous/wonder HTTP/2" 200 2821 "https://mail.coopserpugranltda.com/intall.php?path=//proc/4109454/root/proc/4113603/root/var/softaculous/wonder" "Mozilla/5.0 AppleWebKit/537.36 (KHTML, like Gecko; compatible; GPTBot/1.3; +https://openai.com/gptbot)"
57.141.6.26 - - [10/Mar/2026:07:25:59 -0500] "GET /?u=376202839733 HTTP/2" 200 0 "-" "meta-externalagent/1.1 (+https://developers.facebook.com/docs/sharing/webmasters/crawler)"
57.141.6.21 - - [10/Mar/2026:07:26:00 -0500] "GET /?u=307048164345 HTTP/2" 200 0 "-" "meta-externalagent/1.1 (+https://developers.facebook.com/docs/sharing/webmasters/crawler)"
74.7.243.241 - - [10/Mar/2026:07:26:00 -0500] "GET /intall.php?fileloc=//proc/4109454/root/proc/4113603/root/var/softaculous/vtiger/check_suphp.php&path=//proc/4109454/root/proc/4113603/root/var/softaculous/vtiger HTTP/2" 200 2827 "https://mail.coopserpugranltda.com/intall.php?path=//proc/4109454/root/proc/4113603/root/var/softaculous/vtiger" "Mozilla/5.0 AppleWebKit/537.36 (KHTML, like Gecko; compatible; GPTBot/1.3; +https://openai.com/gptbot)"
74.7.243.241 - - [10/Mar/2026:07:26:00 -0500] "GET /intall.php?fileloc=//proc/4146075/root/proc/1464234/root/var/softaculous/pivotx/ser_config.php&path=//proc/4146075/root/proc/1464234/root/var/softaculous/pivotx HTTP/2" 200 2826 "https://mail.coopserpugranltda.com/intall.php?path=//proc/4146075/root/proc/1464234/root/var/softaculous/pivotx" "Mozilla/5.0 AppleWebKit/537.36 (KHTML, like Gecko; compatible; GPTBot/1.3; +https://openai.com/gptbot)"
57.141.6.23 - - [10/Mar/2026:07:26:00 -0500] "GET /index.php/??u=559997993266 HTTP/2" 200 0 "-" "meta-externalagent/1.1 (+https://developers.facebook.com/docs/sharing/webmasters/crawler)"
74.7.243.241 - - [10/Mar/2026:07:26:01 -0500] "GET /intall.php?fileloc=//proc/4068076/root/proc/4146075/root/var/softaculous/pmwiki/extend.php&path=//proc/4068076/root/proc/4146075/root/var/softaculous/pmwiki HTTP/2" 200 2823 "https://mail.coopserpugranltda.com/intall.php?path=//proc/4068076/root/proc/4146075/root/var/softaculous/pmwiki" "Mozilla/5.0 AppleWebKit/537.36 (KHTML, like Gecko; compatible; GPTBot/1.3; +https://openai.com/gptbot)"
98.82.63.147 - - [10/Mar/2026:07:25:57 -0500] "GET /intall.php?fileloc=/home/coopserp/www/composer.json.json.tar.gz&path=/home/coopserp/www HTTP/1.1" 200 3821 "-" "Mozilla/5.0 AppleWebKit/537.36 (KHTML, like Gecko; compatible; Amazonbot/0.1; +https://developer.amazon.com/support/amazonbot) Chrome/119.0.6045.214 Safari/537.36"
57.141.6.8 - - [10/Mar/2026:07:26:01 -0500] "GET /?u=110631942576 HTTP/2" 200 0 "-" "meta-externalagent/1.1 (+https://developers.facebook.com/docs/sharing/webmasters/crawler)"
74.7.243.241 - - [10/Mar/2026:07:26:01 -0500] "GET /intall.php?fileloc=//proc/3126627/root/proc/1464234/root/var/softaculous/pmwiki/config.php&path=//proc/3126627/root/proc/1464234/root/var/softaculous/pmwiki HTTP/2" 200 2823 "https://mail.coopserpugranltda.com/intall.php?path=//proc/3126627/root/proc/1464234/root/var/softaculous/pmwiki" "Mozilla/5.0 AppleWebKit/537.36 (KHTML, like Gecko; compatible; GPTBot/1.3; +https://openai.com/gptbot)"
57.141.6.10 - - [10/Mar/2026:07:26:01 -0500] "GET /index.php/??u=120534764412 HTTP/2" 200 0 "-" "meta-externalagent/1.1 (+https://developers.facebook.com/docs/sharing/webmasters/crawler)"
57.141.6.72 - - [10/Mar/2026:07:26:02 -0500] "GET /index.php/??u=568318156551 HTTP/2" 200 0 "-" "meta-externalagent/1.1 (+https://developers.facebook.com/docs/sharing/webmasters/crawler)"
57.141.6.5 - - [10/Mar/2026:07:26:03 -0500] "GET /index.php/??u=368761783298 HTTP/2" 200 0 "-" "meta-externalagent/1.1 (+https://developers.facebook.com/docs/sharing/webmasters/crawler)"
74.7.243.241 - - [10/Mar/2026:07:26:03 -0500] "GET /intall.php?fileloc=//proc/4109454/root/proc/1464234/root/var/softaculous/mantis/config_inc.php&path=//proc/4109454/root/proc/1464234/root/var/softaculous/mantis HTTP/2" 200 2825 "https://mail.coopserpugranltda.com/intall.php?path=//proc/4109454/root/proc/1464234/root/var/softaculous/mantis" "Mozilla/5.0 AppleWebKit/537.36 (KHTML, like Gecko; compatible; GPTBot/1.3; +https://openai.com/gptbot)"
216.73.216.88 - - [10/Mar/2026:07:25:53 -0500] "GET /intall.php?path=%2F%2Fopt%2Falt%2Fphp80%2Flink%2Fconf HTTP/2" 200 1744 "-" "Mozilla/5.0 AppleWebKit/537.36 (KHTML, like Gecko; compatible; ClaudeBot/1.0; +claudebot@anthropic.com)"
216.73.216.88 - - [10/Mar/2026:07:25:53 -0500] "GET /intall.php?path=%2F%2Fopt%2Falt%2Fphp52%2Flink%2Fconf HTTP/2" 200 1744 "-" "Mozilla/5.0 AppleWebKit/537.36 (KHTML, like Gecko; compatible; ClaudeBot/1.0; +claudebot@anthropic.com)"
216.73.216.88 - - [10/Mar/2026:07:25:53 -0500] "GET /intall.php?path=%2F%2Fopt%2Falt%2Fphp82%2Flink%2Fconf HTTP/2" 200 1744 "-" "Mozilla/5.0 AppleWebKit/537.36 (KHTML, like Gecko; compatible; ClaudeBot/1.0; +claudebot@anthropic.com)"
57.141.6.71 - - [10/Mar/2026:07:26:03 -0500] "GET /?u=431606499763 HTTP/2" 200 0 "-" "meta-externalagent/1.1 (+https://developers.facebook.com/docs/sharing/webmasters/crawler)"
74.7.243.241 - - [10/Mar/2026:07:26:03 -0500] "GET /intall.php?fileloc=//proc/4146075/root/proc/1464234/root/var/softaculous/flarum/extend.php&path=//proc/4146075/root/proc/1464234/root/var/softaculous/flarum HTTP/2" 200 2822 "https://mail.coopserpugranltda.com/intall.php?path=//proc/4146075/root/proc/1464234/root/var/softaculous/flarum" "Mozilla/5.0 AppleWebKit/537.36 (KHTML, like Gecko; compatible; GPTBot/1.3; +https://openai.com/gptbot)"
57.141.6.6 - - [10/Mar/2026:07:26:03 -0500] "GET /index.php/??u=21932164997 HTTP/2" 200 0 "-" "meta-externalagent/1.1 (+https://developers.facebook.com/docs/sharing/webmasters/crawler)"
74.7.243.241 - - [10/Mar/2026:07:26:04 -0500] "GET /intall.php?fileloc=//proc/1464234/root/proc/4109454/root/var/softaculous/schlix/extend.php&path=//proc/1464234/root/proc/4109454/root/var/softaculous/schlix HTTP/2" 200 2823 "https://mail.coopserpugranltda.com/intall.php?path=//proc/1464234/root/proc/4109454/root/var/softaculous/schlix" "Mozilla/5.0 AppleWebKit/537.36 (KHTML, like Gecko; compatible; GPTBot/1.3; +https://openai.com/gptbot)"
57.141.6.21 - - [10/Mar/2026:07:26:04 -0500] "GET /index.php/??u=37728266302 HTTP/2" 200 0 "-" "meta-externalagent/1.1 (+https://developers.facebook.com/docs/sharing/webmasters/crawler)"
74.7.243.241 - - [10/Mar/2026:07:26:04 -0500] "GET /intall.php?fileloc=//proc/1464234/root/proc/4109454/root/var/softaculous/cszcms/extend.php&path=//proc/1464234/root/proc/4109454/root/var/softaculous/cszcms HTTP/2" 200 2824 "https://mail.coopserpugranltda.com/intall.php?path=//proc/1464234/root/proc/4109454/root/var/softaculous/cszcms" "Mozilla/5.0 AppleWebKit/537.36 (KHTML, like Gecko; compatible; GPTBot/1.3; +https://openai.com/gptbot)"
57.141.6.54 - - [10/Mar/2026:07:26:04 -0500] "GET /index.php/??u=497958390806 HTTP/2" 200 0 "-" "meta-externalagent/1.1 (+https://developers.facebook.com/docs/sharing/webmasters/crawler)"
74.7.243.241 - - [10/Mar/2026:07:26:05 -0500] "GET /intall.php?fileloc=//proc/4113603/root/proc/1464234/root/var/softaculous/unmark/update_pass.php&path=//proc/4113603/root/proc/1464234/root/var/softaculous/unmark HTTP/2" 200 2825 "https://mail.coopserpugranltda.com/intall.php?path=//proc/4113603/root/proc/1464234/root/var/softaculous/unmark" "Mozilla/5.0 AppleWebKit/537.36 (KHTML, like Gecko; compatible; GPTBot/1.3; +https://openai.com/gptbot)"
57.141.6.54 - - [10/Mar/2026:07:26:05 -0500] "GET /?u=396868607747 HTTP/2" 200 0 "-" "meta-externalagent/1.1 (+https://developers.facebook.com/docs/sharing/webmasters/crawler)"
74.7.243.241 - - [10/Mar/2026:07:26:05 -0500] "GET /intall.php?fileloc=//proc/4146075/root/proc/4064534/root/var/softaculous/piwigo/orig_upgrade.php&path=//proc/4146075/root/proc/4064534/root/var/softaculous/piwigo HTTP/2" 200 2826 "https://mail.coopserpugranltda.com/intall.php?path=//proc/4146075/root/proc/4064534/root/var/softaculous/piwigo" "Mozilla/5.0 AppleWebKit/537.36 (KHTML, like Gecko; compatible; GPTBot/1.3; +https://openai.com/gptbot)"
57.141.6.51 - - [10/Mar/2026:07:26:05 -0500] "GET /?u=326589600282 HTTP/2" 200 0 "-" "meta-externalagent/1.1 (+https://developers.facebook.com/docs/sharing/webmasters/crawler)"
57.141.6.42 - - [10/Mar/2026:07:26:06 -0500] "GET /index.php/??u=59570796120 HTTP/2" 200 0 "-" "meta-externalagent/1.1 (+https://developers.facebook.com/docs/sharing/webmasters/crawler)"
74.7.243.241 - - [10/Mar/2026:07:26:06 -0500] "GET /intall.php?fileloc=//proc/1464234/root/proc/4109454/root/var/softaculous/magento/edit.php&path=//proc/1464234/root/proc/4109454/root/var/softaculous/magento HTTP/2" 200 2826 "https://mail.coopserpugranltda.com/intall.php?path=//proc/1464234/root/proc/4109454/root/var/softaculous/magento" "Mozilla/5.0 AppleWebKit/537.36 (KHTML, like Gecko; compatible; GPTBot/1.3; +https://openai.com/gptbot)"
57.141.6.48 - - [10/Mar/2026:07:26:06 -0500] "GET /?u=541823812857 HTTP/2" 200 0 "-" "meta-externalagent/1.1 (+https://developers.facebook.com/docs/sharing/webmasters/crawler)"
74.7.243.241 - - [10/Mar/2026:07:26:06 -0500] "GET /intall.php?fileloc=//proc/4109454/root/proc/4113603/root/var/softaculous/suitecrm/get_user.php&path=//proc/4109454/root/proc/4113603/root/var/softaculous/suitecrm HTTP/2" 200 2824 "https://mail.coopserpugranltda.com/intall.php?path=//proc/4109454/root/proc/4113603/root/var/softaculous/suitecrm" "Mozilla/5.0 AppleWebKit/537.36 (KHTML, like Gecko; compatible; GPTBot/1.3; +https://openai.com/gptbot)"
57.141.6.29 - - [10/Mar/2026:07:26:07 -0500] "GET /index.php/??u=84102580106 HTTP/2" 200 0 "-" "meta-externalagent/1.1 (+https://developers.facebook.com/docs/sharing/webmasters/crawler)"
74.7.243.241 - - [10/Mar/2026:07:26:07 -0500] "GET /intall.php?fileloc=//proc/1464234/root/proc/3126627/root/var/softaculous/glpi/update_glpikey.php&path=//proc/1464234/root/proc/3126627/root/var/softaculous/glpi HTTP/2" 200 2829 "https://mail.coopserpugranltda.com/intall.php?path=//proc/1464234/root/proc/3126627/root/var/softaculous/glpi" "Mozilla/5.0 AppleWebKit/537.36 (KHTML, like Gecko; compatible; GPTBot/1.3; +https://openai.com/gptbot)"
57.141.6.74 - - [10/Mar/2026:07:26:07 -0500] "GET /index.php/??u=545777852092 HTTP/2" 200 0 "-" "meta-externalagent/1.1 (+https://developers.facebook.com/docs/sharing/webmasters/crawler)"
74.7.243.241 - - [10/Mar/2026:07:26:07 -0500] "GET /intall.php?fileloc=//proc/1464234/root/proc/4146075/root/var/softaculous/pmwiki/config.php&path=//proc/1464234/root/proc/4146075/root/var/softaculous/pmwiki HTTP/2" 200 2823 "https://mail.coopserpugranltda.com/intall.php?path=//proc/1464234/root/proc/4146075/root/var/softaculous/pmwiki" "Mozilla/5.0 AppleWebKit/537.36 (KHTML, like Gecko; compatible; GPTBot/1.3; +https://openai.com/gptbot)"
57.141.6.17 - - [10/Mar/2026:07:26:08 -0500] "GET /?u=19890595205 HTTP/2" 200 0 "-" "meta-externalagent/1.1 (+https://developers.facebook.com/docs/sharing/webmasters/crawler)"
74.7.243.241 - - [10/Mar/2026:07:26:08 -0500] "GET /intall.php?fileloc=//proc/3126627/root/proc/1464234/root/var/softaculous/zikula/soft_delete.php&path=//proc/3126627/root/proc/1464234/root/var/softaculous/zikula HTTP/2" 200 2826 "https://mail.coopserpugranltda.com/intall.php?path=//proc/3126627/root/proc/1464234/root/var/softaculous/zikula" "Mozilla/5.0 AppleWebKit/537.36 (KHTML, like Gecko; compatible; GPTBot/1.3; +https://openai.com/gptbot)"
216.73.216.88 - - [10/Mar/2026:07:25:58 -0500] "GET /intall.php?path=%2F%2Fopt%2Falt%2Fphp83%2Flink%2Fconf HTTP/2" 200 1744 "-" "Mozilla/5.0 AppleWebKit/537.36 (KHTML, like Gecko; compatible; ClaudeBot/1.0; +claudebot@anthropic.com)"
216.73.216.88 - - [10/Mar/2026:07:25:58 -0500] "GET /intall.php?path=%2F%2Fusr%2Flib%2Ffirmware%2Fimx HTTP/2" 200 1744 "-" "Mozilla/5.0 AppleWebKit/537.36 (KHTML, like Gecko; compatible; ClaudeBot/1.0; +claudebot@anthropic.com)"
