216.73.216.88 - - [10/Mar/2026:07:20:15 -0500] "GET /intall.php?fileloc=%2F%2Fproc%2Fsys%2Fkernel%2Fnuma_balancing_promote_rate_limit_MBps&path=%2F%2Fproc%2Fsys%2Fkernel HTTP/2" 200 2792 "-" "Mozilla/5.0 AppleWebKit/537.36 (KHTML, like Gecko; compatible; ClaudeBot/1.0; +claudebot@anthropic.com)"
74.7.243.241 - - [10/Mar/2026:07:20:15 -0500] "GET /intall.php?fileloc=//proc/4064534/root/proc/4064534/cwd/mail.tar&path=//proc/4064534/root/proc/4064534/cwd HTTP/2" 200 2794 "https://mail.coopserpugranltda.com/intall.php?path=//proc/4064534/root/proc/4064534/cwd" "Mozilla/5.0 AppleWebKit/537.36 (KHTML, like Gecko; compatible; GPTBot/1.3; +https://openai.com/gptbot)"
216.73.216.88 - - [10/Mar/2026:07:20:15 -0500] "GET /intall.php?fileloc=%2F%2Fusr%2Finclude%2Fdrm%2Fqxl_drm.h&path=%2F%2Fusr%2Finclude%2Fdrm HTTP/2" 200 4462 "-" "Mozilla/5.0 AppleWebKit/537.36 (KHTML, like Gecko; compatible; ClaudeBot/1.0; +claudebot@anthropic.com)"
216.73.216.88 - - [10/Mar/2026:07:20:15 -0500] "GET /intall.php?fileloc=%2F%2Fproc%2Fsys%2Fkernel%2Fsched_deadline_period_max_us&path=%2F%2Fproc%2Fsys%2Fkernel HTTP/2" 200 2788 "-" "Mozilla/5.0 AppleWebKit/537.36 (KHTML, like Gecko; compatible; ClaudeBot/1.0; +claudebot@anthropic.com)"
216.73.216.88 - - [10/Mar/2026:07:20:16 -0500] "GET /intall.php?fileloc=%2F%2Fusr%2Finclude%2Fharfbuzz%2Fhb-ot-meta.h&path=%2F%2Fusr%2Finclude%2Fharfbuzz HTTP/2" 200 4059 "-" "Mozilla/5.0 AppleWebKit/537.36 (KHTML, like Gecko; compatible; ClaudeBot/1.0; +claudebot@anthropic.com)"
216.73.216.88 - - [10/Mar/2026:07:20:16 -0500] "GET /intall.php?fileloc=%2F%2Fusr%2Finclude%2Fopenssl%2Fx509_vfy.h&path=%2F%2Fusr%2Finclude%2Fopenssl HTTP/2" 200 12436 "-" "Mozilla/5.0 AppleWebKit/537.36 (KHTML, like Gecko; compatible; ClaudeBot/1.0; +claudebot@anthropic.com)"
216.73.216.88 - - [10/Mar/2026:07:20:16 -0500] "GET /intall.php?fileloc=%2F%2Fusr%2Finclude%2Fharfbuzz%2Fhb-ot-font.h&path=%2F%2Fusr%2Finclude%2Fharfbuzz HTTP/2" 200 3604 "-" "Mozilla/5.0 AppleWebKit/537.36 (KHTML, like Gecko; compatible; ClaudeBot/1.0; +claudebot@anthropic.com)"
74.7.243.241 - - [10/Mar/2026:07:20:16 -0500] "GET /intall.php?fileloc=//proc/1464234/root/proc/1464234/oom_score_adj&path=//proc/1464234/root/proc/1464234 HTTP/2" 200 2781 "https://mail.coopserpugranltda.com/intall.php?path=//proc/1464234/root/proc/1464234" "Mozilla/5.0 AppleWebKit/537.36 (KHTML, like Gecko; compatible; GPTBot/1.3; +https://openai.com/gptbot)"
57.141.6.42 - - [10/Mar/2026:07:20:16 -0500] "GET /?u=505688864646 HTTP/2" 200 0 "-" "meta-externalagent/1.1 (+https://developers.facebook.com/docs/sharing/webmasters/crawler)"
216.73.216.88 - - [10/Mar/2026:07:20:16 -0500] "GET /intall.php?fileloc=%2F%2Fusr%2Finclude%2Fopenssl%2Fsslerr_legacy.h&path=%2F%2Fusr%2Finclude%2Fopenssl HTTP/2" 200 6386 "-" "Mozilla/5.0 AppleWebKit/537.36 (KHTML, like Gecko; compatible; ClaudeBot/1.0; +claudebot@anthropic.com)"
74.7.243.241 - - [10/Mar/2026:07:20:16 -0500] "GET /intall.php?fileloc=//proc/4064534/root/proc/4064534/smaps_rollup&path=//proc/4064534/root/proc/4064534 HTTP/2" 200 2779 "https://mail.coopserpugranltda.com/intall.php?path=//proc/4064534/root/proc/4064534" "Mozilla/5.0 AppleWebKit/537.36 (KHTML, like Gecko; compatible; GPTBot/1.3; +https://openai.com/gptbot)"
74.7.243.241 - - [10/Mar/2026:07:20:17 -0500] "GET /intall.php?fileloc=//proc/4109454/root/proc/4068076/attr/fscreate&path=//proc/4109454/root/proc/4068076/attr HTTP/2" 200 2793 "https://mail.coopserpugranltda.com/intall.php?path=//proc/4109454/root/proc/4068076/attr" "Mozilla/5.0 AppleWebKit/537.36 (KHTML, like Gecko; compatible; GPTBot/1.3; +https://openai.com/gptbot)"
216.73.216.88 - - [10/Mar/2026:07:20:17 -0500] "GET /intall.php?path=%2F%2Fopt%2Falt%2Fphp74%2Fetc%2Fphp.d.i360 HTTP/2" 200 2837 "-" "Mozilla/5.0 AppleWebKit/537.36 (KHTML, like Gecko; compatible; ClaudeBot/1.0; +claudebot@anthropic.com)"
216.73.216.88 - - [10/Mar/2026:07:20:17 -0500] "GET /intall.php?path=%2F%2Fopt%2Fcpanel%2Fea-php71%2Froot%2Fusr HTTP/2" 200 3368 "-" "Mozilla/5.0 AppleWebKit/537.36 (KHTML, like Gecko; compatible; ClaudeBot/1.0; +claudebot@anthropic.com)"
216.73.216.88 - - [10/Mar/2026:07:20:17 -0500] "GET /intall.php?path=%2F%2Fopt%2Fcpanel%2Fea-php71%2Froot%2Fboot HTTP/2" 200 2804 "-" "Mozilla/5.0 AppleWebKit/537.36 (KHTML, like Gecko; compatible; ClaudeBot/1.0; +claudebot@anthropic.com)"
216.73.216.88 - - [10/Mar/2026:07:20:17 -0500] "GET /intall.php?fileloc=%2F%2Fusr%2Flibexec%2Fgit-core%2Fgit-mailsplit&path=%2F%2Fusr%2Flibexec%2Fgit-core HTTP/2" 200 1947922 "-" "Mozilla/5.0 AppleWebKit/537.36 (KHTML, like Gecko; compatible; ClaudeBot/1.0; +claudebot@anthropic.com)"
216.73.216.88 - - [10/Mar/2026:07:20:17 -0500] "GET /intall.php?fileloc=%2F%2Fusr%2Flibexec%2Fgit-core%2Fgit-checkout--worker&path=%2F%2Fusr%2Flibexec%2Fgit-core HTTP/2" 200 1948221 "-" "Mozilla/5.0 AppleWebKit/537.36 (KHTML, like Gecko; compatible; ClaudeBot/1.0; +claudebot@anthropic.com)"
216.73.216.88 - - [10/Mar/2026:07:20:17 -0500] "GET /intall.php?fileloc=%2F%2Fusr%2Flibexec%2Fgit-core%2Fgit-mergetool--lib&path=%2F%2Fusr%2Flibexec%2Fgit-core HTTP/2" 200 6688 "-" "Mozilla/5.0 AppleWebKit/537.36 (KHTML, like Gecko; compatible; ClaudeBot/1.0; +claudebot@anthropic.com)"
216.73.216.88 - - [10/Mar/2026:07:20:17 -0500] "GET /intall.php?path=%2F%2Fopt%2Falt%2Fphp83%2Fetc%2Fphp.d.i360 HTTP/2" 200 2837 "-" "Mozilla/5.0 AppleWebKit/537.36 (KHTML, like Gecko; compatible; ClaudeBot/1.0; +claudebot@anthropic.com)"
74.7.243.241 - - [10/Mar/2026:07:20:17 -0500] "GET /intall.php?fileloc=//proc/1464234/root/proc/1464234/cwd/data.tar.gz&path=//proc/1464234/root/proc/1464234/cwd HTTP/2" 200 2796 "https://mail.coopserpugranltda.com/intall.php?path=//proc/1464234/root/proc/1464234/cwd" "Mozilla/5.0 AppleWebKit/537.36 (KHTML, like Gecko; compatible; GPTBot/1.3; +https://openai.com/gptbot)"
216.73.216.88 - - [10/Mar/2026:07:20:17 -0500] "GET /intall.php?path=%2F%2Fopt%2Falt%2Fphp80%2Fetc%2Fphp.d.i360 HTTP/2" 200 2836 "-" "Mozilla/5.0 AppleWebKit/537.36 (KHTML, like Gecko; compatible; ClaudeBot/1.0; +claudebot@anthropic.com)"
216.73.216.88 - - [10/Mar/2026:07:20:18 -0500] "GET /intall.php?path=%2F%2Fopt%2Falt%2Fphp82%2Fetc%2Fphp.d.i360 HTTP/2" 200 2836 "-" "Mozilla/5.0 AppleWebKit/537.36 (KHTML, like Gecko; compatible; ClaudeBot/1.0; +claudebot@anthropic.com)"
216.73.216.88 - - [10/Mar/2026:07:20:17 -0500] "GET /intall.php?fileloc=%2F%2Fusr%2Flibexec%2Fgit-core%2Fgit-hash-object&path=%2F%2Fusr%2Flibexec%2Fgit-core HTTP/2" 200 1947420 "-" "Mozilla/5.0 AppleWebKit/537.36 (KHTML, like Gecko; compatible; ClaudeBot/1.0; +claudebot@anthropic.com)"
216.73.216.88 - - [10/Mar/2026:07:20:18 -0500] "GET /intall.php?fileloc=%2F%2Fusr%2Flibexec%2Fgit-core%2Fgit-bisect&path=%2F%2Fusr%2Flibexec%2Fgit-core HTTP/2" 200 1947062 "-" "Mozilla/5.0 AppleWebKit/537.36 (KHTML, like Gecko; compatible; ClaudeBot/1.0; +claudebot@anthropic.com)"
74.7.243.241 - - [10/Mar/2026:07:20:18 -0500] "GET /intall.php?fileloc=//proc/4113603/root/proc/4165817/attr/current&path=//proc/4113603/root/proc/4165817/attr HTTP/2" 200 2759 "https://mail.coopserpugranltda.com/intall.php?path=//proc/4113603/root/proc/4165817/attr" "Mozilla/5.0 AppleWebKit/537.36 (KHTML, like Gecko; compatible; GPTBot/1.3; +https://openai.com/gptbot)"
216.73.216.88 - - [10/Mar/2026:07:20:18 -0500] "GET /intall.php?fileloc=%2F%2Fusr%2Flibexec%2Fgit-core%2Fgit-cherry&path=%2F%2Fusr%2Flibexec%2Fgit-core HTTP/2" 200 1947062 "-" "Mozilla/5.0 AppleWebKit/537.36 (KHTML, like Gecko; compatible; ClaudeBot/1.0; +claudebot@anthropic.com)"
74.7.243.241 - - [10/Mar/2026:07:20:18 -0500] "GET /intall.php?fileloc=//proc/4146075/root/proc/4064534/attr/prev&path=//proc/4146075/root/proc/4064534/attr HTTP/2" 200 2760 "https://mail.coopserpugranltda.com/intall.php?path=//proc/4146075/root/proc/4064534/attr" "Mozilla/5.0 AppleWebKit/537.36 (KHTML, like Gecko; compatible; GPTBot/1.3; +https://openai.com/gptbot)"
216.73.216.88 - - [10/Mar/2026:07:20:18 -0500] "GET /intall.php?fileloc=%2F%2Fusr%2Flibexec%2Fgit-core%2Fgit-init-db&path=%2F%2Fusr%2Flibexec%2Fgit-core HTTP/2" 200 1947815 "-" "Mozilla/5.0 AppleWebKit/537.36 (KHTML, like Gecko; compatible; ClaudeBot/1.0; +claudebot@anthropic.com)"
216.73.216.88 - - [10/Mar/2026:07:20:18 -0500] "GET /intall.php?fileloc=%2F%2Fusr%2Flibexec%2Fgit-core%2Fgit-interpret-trailers&path=%2F%2Fusr%2Flibexec%2Fgit-core HTTP/2" 200 1947338 "-" "Mozilla/5.0 AppleWebKit/537.36 (KHTML, like Gecko; compatible; ClaudeBot/1.0; +claudebot@anthropic.com)"
216.73.216.88 - - [10/Mar/2026:07:20:18 -0500] "GET /intall.php?fileloc=%2F%2Fusr%2Flibexec%2Fgit-core%2Fgit-mktree&path=%2F%2Fusr%2Flibexec%2Fgit-core HTTP/2" 200 1947062 "-" "Mozilla/5.0 AppleWebKit/537.36 (KHTML, like Gecko; compatible; ClaudeBot/1.0; +claudebot@anthropic.com)"
216.73.216.88 - - [10/Mar/2026:07:20:18 -0500] "GET /intall.php?fileloc=%2F%2Fusr%2Flibexec%2Fgit-core%2Fgit-repack&path=%2F%2Fusr%2Flibexec%2Fgit-core HTTP/2" 200 1947062 "-" "Mozilla/5.0 AppleWebKit/537.36 (KHTML, like Gecko; compatible; ClaudeBot/1.0; +claudebot@anthropic.com)"
216.73.216.88 - - [10/Mar/2026:07:20:19 -0500] "GET /intall.php?path=%2F%2Fproc%2Fself%2Ftask%2F152887 HTTP/2" 200 2789 "-" "Mozilla/5.0 AppleWebKit/537.36 (KHTML, like Gecko; compatible; ClaudeBot/1.0; +claudebot@anthropic.com)"
74.7.243.241 - - [10/Mar/2026:07:20:19 -0500] "GET /intall.php?fileloc=//proc/4109454/root/proc/4109454/cwd/mail.tar&path=//proc/4109454/root/proc/4109454/cwd HTTP/2" 200 2758 "https://mail.coopserpugranltda.com/intall.php?path=//proc/4109454/root/proc/4109454/cwd" "Mozilla/5.0 AppleWebKit/537.36 (KHTML, like Gecko; compatible; GPTBot/1.3; +https://openai.com/gptbot)"
216.73.216.88 - - [10/Mar/2026:07:20:18 -0500] "GET /intall.php?fileloc=%2F%2Fusr%2Flibexec%2Fgit-core%2Fgit-branch&path=%2F%2Fusr%2Flibexec%2Fgit-core HTTP/2" 200 1947054 "-" "Mozilla/5.0 AppleWebKit/537.36 (KHTML, like Gecko; compatible; ClaudeBot/1.0; +claudebot@anthropic.com)"
216.73.216.88 - - [10/Mar/2026:07:20:19 -0500] "GET /intall.php?fileloc=%2F%2Fproc%2Fsys%2Fkernel%2Ftask_delayacct&path=%2F%2Fproc%2Fsys%2Fkernel HTTP/2" 200 2733 "-" "Mozilla/5.0 AppleWebKit/537.36 (KHTML, like Gecko; compatible; ClaudeBot/1.0; +claudebot@anthropic.com)"
216.73.216.88 - - [10/Mar/2026:07:20:18 -0500] "GET /intall.php?fileloc=%2F%2Fusr%2Flibexec%2Fgit-core%2Fgit-column&path=%2F%2Fusr%2Flibexec%2Fgit-core HTTP/2" 200 1947060 "-" "Mozilla/5.0 AppleWebKit/537.36 (KHTML, like Gecko; compatible; ClaudeBot/1.0; +claudebot@anthropic.com)"
216.73.216.88 - - [10/Mar/2026:07:20:18 -0500] "GET /intall.php?fileloc=%2F%2Fusr%2Flibexec%2Fgit-core%2Fgit-http-fetch&path=%2F%2Fusr%2Flibexec%2Fgit-core HTTP/2" 200 402697 "-" "Mozilla/5.0 AppleWebKit/537.36 (KHTML, like Gecko; compatible; ClaudeBot/1.0; +claudebot@anthropic.com)"
216.73.216.88 - - [10/Mar/2026:07:20:19 -0500] "GET /intall.php?fileloc=%2F%2Fusr%2Flibexec%2Fgit-core%2Fgit-remote&path=%2F%2Fusr%2Flibexec%2Fgit-core HTTP/2" 200 1947061 "-" "Mozilla/5.0 AppleWebKit/537.36 (KHTML, like Gecko; compatible; ClaudeBot/1.0; +claudebot@anthropic.com)"
74.7.243.241 - - [10/Mar/2026:07:20:20 -0500] "GET /intall.php?fileloc=//proc/4109454/root/proc/4109454/personality&path=//proc/4109454/root/proc/4109454 HTTP/2" 200 2742 "https://mail.coopserpugranltda.com/intall.php?path=//proc/4109454/root/proc/4109454" "Mozilla/5.0 AppleWebKit/537.36 (KHTML, like Gecko; compatible; GPTBot/1.3; +https://openai.com/gptbot)"
216.73.216.88 - - [10/Mar/2026:07:20:18 -0500] "GET /intall.php?fileloc=%2F%2Fusr%2Finclude%2Fopenssl%2Fdecoder.h&path=%2F%2Fusr%2Finclude%2Fopenssl HTTP/2" 200 4153 "-" "Mozilla/5.0 AppleWebKit/537.36 (KHTML, like Gecko; compatible; ClaudeBot/1.0; +claudebot@anthropic.com)"
216.73.216.88 - - [10/Mar/2026:07:20:19 -0500] "GET /intall.php?fileloc=%2F%2Fusr%2Flibexec%2Fgit-core%2Fgit-version&path=%2F%2Fusr%2Flibexec%2Fgit-core HTTP/2" 200 1947809 "-" "Mozilla/5.0 AppleWebKit/537.36 (KHTML, like Gecko; compatible; ClaudeBot/1.0; +claudebot@anthropic.com)"
216.73.216.88 - - [10/Mar/2026:07:20:19 -0500] "GET /intall.php?fileloc=%2F%2Fusr%2Flibexec%2Fgit-core%2Fgit-check-ref-format&path=%2F%2Fusr%2Flibexec%2Fgit-core HTTP/2" 200 1948217 "-" "Mozilla/5.0 AppleWebKit/537.36 (KHTML, like Gecko; compatible; ClaudeBot/1.0; +claudebot@anthropic.com)"
216.73.216.88 - - [10/Mar/2026:07:20:20 -0500] "GET /intall.php?fileloc=%2F%2Fproc%2Fsys%2Fdebug%2Fexception-trace&path=%2F%2Fproc%2Fsys%2Fdebug HTTP/2" 200 2727 "-" "Mozilla/5.0 AppleWebKit/537.36 (KHTML, like Gecko; compatible; ClaudeBot/1.0; +claudebot@anthropic.com)"
74.7.243.241 - - [10/Mar/2026:07:20:20 -0500] "GET /intall.php?fileloc=//proc/4113603/root/proc/4064534/attr/current&path=//proc/4113603/root/proc/4064534/attr HTTP/2" 200 2759 "https://mail.coopserpugranltda.com/intall.php?path=//proc/4113603/root/proc/4064534/attr" "Mozilla/5.0 AppleWebKit/537.36 (KHTML, like Gecko; compatible; GPTBot/1.3; +https://openai.com/gptbot)"
216.73.216.88 - - [10/Mar/2026:07:20:19 -0500] "GET /intall.php?fileloc=%2F%2Fusr%2Flibexec%2Fgit-core%2Fgit-bugreport&path=%2F%2Fusr%2Flibexec%2Fgit-core HTTP/2" 200 1947964 "-" "Mozilla/5.0 AppleWebKit/537.36 (KHTML, like Gecko; compatible; ClaudeBot/1.0; +claudebot@anthropic.com)"
216.73.216.88 - - [10/Mar/2026:07:20:19 -0500] "GET /intall.php?fileloc=%2F%2Fusr%2Flibexec%2Fgit-core%2Fgit-rev-parse&path=%2F%2Fusr%2Flibexec%2Fgit-core HTTP/2" 200 1947965 "-" "Mozilla/5.0 AppleWebKit/537.36 (KHTML, like Gecko; compatible; ClaudeBot/1.0; +claudebot@anthropic.com)"
216.73.216.88 - - [10/Mar/2026:07:20:20 -0500] "GET /intall.php?path=%2F%2Fopt%2Fcpanel%2Fea-php71%2Froot%2Froot HTTP/2" 200 2799 "-" "Mozilla/5.0 AppleWebKit/537.36 (KHTML, like Gecko; compatible; ClaudeBot/1.0; +claudebot@anthropic.com)"
216.73.216.88 - - [10/Mar/2026:07:20:19 -0500] "GET /intall.php?fileloc=%2F%2Fusr%2Flibexec%2Fgit-core%2Fgit-credential-cache--daemon&path=%2F%2Fusr%2Flibexec%2Fgit-core HTTP/2" 200 1947921 "-" "Mozilla/5.0 AppleWebKit/537.36 (KHTML, like Gecko; compatible; ClaudeBot/1.0; +claudebot@anthropic.com)"
216.73.216.88 - - [10/Mar/2026:07:20:20 -0500] "GET /intall.php?fileloc=%2F%2Fusr%2Flibexec%2Fgit-core%2Fgit-help&path=%2F%2Fusr%2Flibexec%2Fgit-core HTTP/2" 200 1947120 "-" "Mozilla/5.0 AppleWebKit/537.36 (KHTML, like Gecko; compatible; ClaudeBot/1.0; +claudebot@anthropic.com)"
216.73.216.88 - - [10/Mar/2026:07:20:21 -0500] "GET /intall.php?fileloc=%2F%2Fproc%2Fsys%2Fkernel%2Fperf_event_max_stack&path=%2F%2Fproc%2Fsys%2Fkernel HTTP/2" 200 2739 "-" "Mozilla/5.0 AppleWebKit/537.36 (KHTML, like Gecko; compatible; ClaudeBot/1.0; +claudebot@anthropic.com)"
216.73.216.88 - - [10/Mar/2026:07:20:20 -0500] "GET /intall.php?fileloc=%2F%2Fusr%2Flibexec%2Fgit-core%2Fgit-switch&path=%2F%2Fusr%2Flibexec%2Fgit-core HTTP/2" 200 1947058 "-" "Mozilla/5.0 AppleWebKit/537.36 (KHTML, like Gecko; compatible; ClaudeBot/1.0; +claudebot@anthropic.com)"
74.7.243.241 - - [10/Mar/2026:07:20:21 -0500] "GET /intall.php?fileloc=//proc/4109454/root/proc/4113603/attr/exec&path=//proc/4109454/root/proc/4113603/attr HTTP/2" 200 2759 "https://mail.coopserpugranltda.com/intall.php?path=//proc/4109454/root/proc/4113603/attr" "Mozilla/5.0 AppleWebKit/537.36 (KHTML, like Gecko; compatible; GPTBot/1.3; +https://openai.com/gptbot)"
216.73.216.88 - - [10/Mar/2026:07:20:20 -0500] "GET /intall.php?fileloc=%2F%2Fusr%2Flibexec%2Fgit-core%2Fgit-get-tar-commit-id&path=%2F%2Fusr%2Flibexec%2Fgit-core HTTP/2" 200 1947918 "-" "Mozilla/5.0 AppleWebKit/537.36 (KHTML, like Gecko; compatible; ClaudeBot/1.0; +claudebot@anthropic.com)"
216.73.216.88 - - [10/Mar/2026:07:20:20 -0500] "GET /intall.php?fileloc=%2F%2Fusr%2Flibexec%2Fgit-core%2Fgit&path=%2F%2Fusr%2Flibexec%2Fgit-core HTTP/2" 200 1947872 "-" "Mozilla/5.0 AppleWebKit/537.36 (KHTML, like Gecko; compatible; ClaudeBot/1.0; +claudebot@anthropic.com)"
216.73.216.88 - - [10/Mar/2026:07:20:21 -0500] "GET /intall.php?fileloc=%2F%2Fusr%2Flibexec%2Fgit-core%2Fgit-hook&path=%2F%2Fusr%2Flibexec%2Fgit-core HTTP/2" 200 1947074 "-" "Mozilla/5.0 AppleWebKit/537.36 (KHTML, like Gecko; compatible; ClaudeBot/1.0; +claudebot@anthropic.com)"
216.73.216.88 - - [10/Mar/2026:07:20:21 -0500] "GET /intall.php?fileloc=%2F%2Fusr%2Flibexec%2Fgit-core%2Fgit-credential-cache&path=%2F%2Fusr%2Flibexec%2Fgit-core HTTP/2" 200 1948216 "-" "Mozilla/5.0 AppleWebKit/537.36 (KHTML, like Gecko; compatible; ClaudeBot/1.0; +claudebot@anthropic.com)"
74.7.243.241 - - [10/Mar/2026:07:20:21 -0500] "GET /intall.php?fileloc=//proc/4113603/root/proc/4109454/attr/fscreate&path=//proc/4113603/root/proc/4109454/attr HTTP/2" 200 2762 "https://mail.coopserpugranltda.com/intall.php?path=//proc/4113603/root/proc/4109454/attr" "Mozilla/5.0 AppleWebKit/537.36 (KHTML, like Gecko; compatible; GPTBot/1.3; +https://openai.com/gptbot)"
216.73.216.88 - - [10/Mar/2026:07:20:21 -0500] "GET /intall.php?fileloc=%2F%2Fusr%2Flibexec%2Fgit-core%2Fgit-push&path=%2F%2Fusr%2Flibexec%2Fgit-core HTTP/2" 200 1947122 "-" "Mozilla/5.0 AppleWebKit/537.36 (KHTML, like Gecko; compatible; ClaudeBot/1.0; +claudebot@anthropic.com)"
216.73.216.88 - - [10/Mar/2026:07:20:21 -0500] "GET /intall.php?fileloc=%2F%2Fusr%2Flibexec%2Fgit-core%2Fgit-init&path=%2F%2Fusr%2Flibexec%2Fgit-core HTTP/2" 200 1947072 "-" "Mozilla/5.0 AppleWebKit/537.36 (KHTML, like Gecko; compatible; ClaudeBot/1.0; +claudebot@anthropic.com)"
216.73.216.88 - - [10/Mar/2026:07:20:20 -0500] "GET /intall.php?fileloc=%2F%2Fusr%2Finclude%2Fopenssl%2Fstack.h&path=%2F%2Fusr%2Finclude%2Fopenssl HTTP/2" 200 3655 "-" "Mozilla/5.0 AppleWebKit/537.36 (KHTML, like Gecko; compatible; ClaudeBot/1.0; +claudebot@anthropic.com)"
216.73.216.88 - - [10/Mar/2026:07:20:21 -0500] "GET /intall.php?path=%2F%2Fopt%2Fcpanel%2Fea-php71%2Froot%2Fsys HTTP/2" 200 2843 "-" "Mozilla/5.0 AppleWebKit/537.36 (KHTML, like Gecko; compatible; ClaudeBot/1.0; +claudebot@anthropic.com)"
216.73.216.88 - - [10/Mar/2026:07:20:22 -0500] "GET /intall.php?path=%2F%2Fproc%2Fthread-self%2Fnet%2Fdev_snmp6 HTTP/2" 200 3111 "-" "Mozilla/5.0 AppleWebKit/537.36 (KHTML, like Gecko; compatible; ClaudeBot/1.0; +claudebot@anthropic.com)"
74.7.243.241 - - [10/Mar/2026:07:20:22 -0500] "GET /intall.php?fileloc=//proc/1464234/root/proc/1464234/cwd/fonts.zip&path=//proc/1464234/root/proc/1464234/cwd HTTP/2" 200 2795 "https://mail.coopserpugranltda.com/intall.php?path=//proc/1464234/root/proc/1464234/cwd" "Mozilla/5.0 AppleWebKit/537.36 (KHTML, like Gecko; compatible; GPTBot/1.3; +https://openai.com/gptbot)"
57.141.6.24 - - [10/Mar/2026:07:20:22 -0500] "GET /index.php/??u=109538128224 HTTP/2" 200 0 "-" "meta-externalagent/1.1 (+https://developers.facebook.com/docs/sharing/webmasters/crawler)"
216.73.216.88 - - [10/Mar/2026:07:20:21 -0500] "GET /intall.php?path=%2F%2Fopt%2Falt%2Fphp82%2Fusr%2Fbin HTTP/2" 200 3462 "-" "Mozilla/5.0 AppleWebKit/537.36 (KHTML, like Gecko; compatible; ClaudeBot/1.0; +claudebot@anthropic.com)"
216.73.216.88 - - [10/Mar/2026:07:20:10 -0500] "GET /abrand.php?gzfile=L2hvbWUvY29vcHNlcnAvcHVibGljX2h0bWwvd3AtYWRtaW4vY3NzL2N1c3RvbWl6ZS13aWRnZXRzLmNzcw%3D%3D HTTP/2" 200 12199 "-" "Mozilla/5.0 AppleWebKit/537.36 (KHTML, like Gecko; compatible; ClaudeBot/1.0; +claudebot@anthropic.com)"
216.73.216.88 - - [10/Mar/2026:07:20:10 -0500] "GET /abrand.php?gzfile=L2hvbWUvY29vcHNlcnAvcHVibGljX2h0bWwvd3AtYWRtaW4vaW1hZ2VzL2NvbW1lbnQtZ3JleS1idWJibGUucG5n HTTP/2" 200 12199 "-" "Mozilla/5.0 AppleWebKit/537.36 (KHTML, like Gecko; compatible; ClaudeBot/1.0; +claudebot@anthropic.com)"
74.7.243.241 - - [10/Mar/2026:07:20:24 -0500] "GET /intall.php?fileloc=//proc/4146075/root/proc/4109454/attr/current&path=//proc/4146075/root/proc/4109454/attr HTTP/2" 200 2790 "https://mail.coopserpugranltda.com/intall.php?path=//proc/4146075/root/proc/4109454/attr" "Mozilla/5.0 AppleWebKit/537.36 (KHTML, like Gecko; compatible; GPTBot/1.3; +https://openai.com/gptbot)"
216.73.216.88 - - [10/Mar/2026:07:20:22 -0500] "GET /intall.php?path=%2F%2Fusr%2Flib%2Ftuned%2Fcloudlinux-latency-performance HTTP/2" 200 3101 "-" "Mozilla/5.0 AppleWebKit/537.36 (KHTML, like Gecko; compatible; ClaudeBot/1.0; +claudebot@anthropic.com)"
57.141.6.27 - - [10/Mar/2026:07:20:27 -0500] "GET /index.php/??u=318090266909 HTTP/2" 200 0 "-" "meta-externalagent/1.1 (+https://developers.facebook.com/docs/sharing/webmasters/crawler)"
216.73.216.88 - - [10/Mar/2026:07:20:19 -0500] "GET /intall.php?path=%2F%2Fproc%2Fself%2Froot%2Flib64 HTTP/2" 200 4330 "-" "Mozilla/5.0 AppleWebKit/537.36 (KHTML, like Gecko; compatible; ClaudeBot/1.0; +claudebot@anthropic.com)"
74.7.243.241 - - [10/Mar/2026:07:20:29 -0500] "GET /intall.php?fileloc=//proc/3126627/root/proc/3126627/cwd/robots.txt&path=//proc/3126627/root/proc/3126627/cwd HTTP/2" 200 2795 "https://mail.coopserpugranltda.com/intall.php?path=//proc/3126627/root/proc/3126627/cwd" "Mozilla/5.0 AppleWebKit/537.36 (KHTML, like Gecko; compatible; GPTBot/1.3; +https://openai.com/gptbot)"
216.73.216.88 - - [10/Mar/2026:07:20:29 -0500] "GET /intall.php?fileloc=%2F%2Fusr%2Flibexec%2Fgit-core%2Fgit-diff-index&path=%2F%2Fusr%2Flibexec%2Fgit-core HTTP/2" 200 1947069 "-" "Mozilla/5.0 AppleWebKit/537.36 (KHTML, like Gecko; compatible; ClaudeBot/1.0; +claudebot@anthropic.com)"
74.7.243.241 - - [10/Mar/2026:07:20:29 -0500] "GET /intall.php?fileloc=//proc/4064534/root/proc/4064534/cwd/etc.tar.gz&path=//proc/4064534/root/proc/4064534/cwd HTTP/2" 200 2796 "https://mail.coopserpugranltda.com/intall.php?path=//proc/4064534/root/proc/4064534/cwd" "Mozilla/5.0 AppleWebKit/537.36 (KHTML, like Gecko; compatible; GPTBot/1.3; +https://openai.com/gptbot)"
216.73.216.88 - - [10/Mar/2026:07:20:21 -0500] "GET /intall.php?path=%2F%2Fopt%2Falt%2Fpython-internal%2Fshare%2Flicenses HTTP/2" 200 1744 "-" "Mozilla/5.0 AppleWebKit/537.36 (KHTML, like Gecko; compatible; ClaudeBot/1.0; +claudebot@anthropic.com)"
216.73.216.88 - - [10/Mar/2026:07:20:21 -0500] "GET /intall.php?path=%2F%2Fopt%2Falt%2Fphp70%2Fetc%2Fphp.d.all HTTP/2" 200 1744 "-" "Mozilla/5.0 AppleWebKit/537.36 (KHTML, like Gecko; compatible; ClaudeBot/1.0; +claudebot@anthropic.com)"
216.73.216.88 - - [10/Mar/2026:07:20:29 -0500] "GET /intall.php?path=%2F%2Fopt%2Falt%2Fphp72%2Fusr%2Fbin HTTP/2" 200 3520 "-" "Mozilla/5.0 AppleWebKit/537.36 (KHTML, like Gecko; compatible; ClaudeBot/1.0; +claudebot@anthropic.com)"
216.73.216.88 - - [10/Mar/2026:07:20:31 -0500] "GET /intall.php?path=%2F%2Fopt%2Falt%2Fphp74%2Fetc%2Fphp.d.all HTTP/2" 200 1744 "-" "Mozilla/5.0 AppleWebKit/537.36 (KHTML, like Gecko; compatible; ClaudeBot/1.0; +claudebot@anthropic.com)"
216.73.216.88 - - [10/Mar/2026:07:20:21 -0500] "GET /intall.php?path=%2F%2Fopt%2Fcpanel%2Fea-libxml2%2Finclude%2Flibxml2 HTTP/2" 200 1744 "-" "Mozilla/5.0 AppleWebKit/537.36 (KHTML, like Gecko; compatible; ClaudeBot/1.0; +claudebot@anthropic.com)"
74.7.243.241 - - [10/Mar/2026:07:20:30 -0500] "GET /intall.php?fileloc=//proc/3126627/root/proc/3126627/cwd/etc.zip&path=//proc/3126627/root/proc/3126627/cwd HTTP/2" 200 2758 "https://mail.coopserpugranltda.com/intall.php?path=//proc/3126627/root/proc/3126627/cwd" "Mozilla/5.0 AppleWebKit/537.36 (KHTML, like Gecko; compatible; GPTBot/1.3; +https://openai.com/gptbot)"
216.73.216.88 - - [10/Mar/2026:07:20:24 -0500] "GET /intall.php?fileloc=%2F%2Fusr%2Flibexec%2Fgit-core%2Fgit-http-backend&path=%2F%2Fusr%2Flibexec%2Fgit-core HTTP/2" 200 365387 "-" "Mozilla/5.0 AppleWebKit/537.36 (KHTML, like Gecko; compatible; ClaudeBot/1.0; +claudebot@anthropic.com)"
216.73.216.88 - - [10/Mar/2026:07:20:30 -0500] "GET /intall.php?path=%2F%2Fopt%2Falt%2Fphp73%2Fusr%2Fbin HTTP/2" 200 1744 "-" "Mozilla/5.0 AppleWebKit/537.36 (KHTML, like Gecko; compatible; ClaudeBot/1.0; +claudebot@anthropic.com)"
216.73.216.88 - - [10/Mar/2026:07:20:31 -0500] "GET /intall.php?fileloc=%2F%2Fproc%2Fsys%2Fkernel%2Fbootloader_version&path=%2F%2Fproc%2Fsys%2Fkernel HTTP/2" 200 2775 "-" "Mozilla/5.0 AppleWebKit/537.36 (KHTML, like Gecko; compatible; ClaudeBot/1.0; +claudebot@anthropic.com)"
74.7.243.241 - - [10/Mar/2026:07:20:32 -0500] "GET /intall.php?fileloc=//proc/3126627/root/proc/3126627/cwd/mail.tar&path=//proc/3126627/root/proc/3126627/cwd HTTP/2" 200 2794 "https://mail.coopserpugranltda.com/intall.php?path=//proc/3126627/root/proc/3126627/cwd" "Mozilla/5.0 AppleWebKit/537.36 (KHTML, like Gecko; compatible; GPTBot/1.3; +https://openai.com/gptbot)"
216.73.216.88 - - [10/Mar/2026:07:20:31 -0500] "GET /intall.php?fileloc=%2F%2Fproc%2Fsys%2Fkernel%2Fmsgmax&path=%2F%2Fproc%2Fsys%2Fkernel HTTP/2" 200 2771 "-" "Mozilla/5.0 AppleWebKit/537.36 (KHTML, like Gecko; compatible; ClaudeBot/1.0; +claudebot@anthropic.com)"
74.7.243.241 - - [10/Mar/2026:07:20:32 -0500] "GET /intall.php?fileloc=//proc/4109454/root/proc/4109454/cpu_resctrl_groups&path=//proc/4109454/root/proc/4109454 HTTP/2" 200 2780 "https://mail.coopserpugranltda.com/intall.php?path=//proc/4109454/root/proc/4109454" "Mozilla/5.0 AppleWebKit/537.36 (KHTML, like Gecko; compatible; GPTBot/1.3; +https://openai.com/gptbot)"
57.141.6.31 - - [10/Mar/2026:07:20:32 -0500] "GET /index.php/??u=83592673544 HTTP/2" 200 0 "-" "meta-externalagent/1.1 (+https://developers.facebook.com/docs/sharing/webmasters/crawler)"
74.7.243.241 - - [10/Mar/2026:07:20:33 -0500] "GET /intall.php?fileloc=//proc/3126627/root/proc/3126627/cwd/certs.tar&path=//proc/3126627/root/proc/3126627/cwd HTTP/2" 200 2794 "https://mail.coopserpugranltda.com/intall.php?path=//proc/3126627/root/proc/3126627/cwd" "Mozilla/5.0 AppleWebKit/537.36 (KHTML, like Gecko; compatible; GPTBot/1.3; +https://openai.com/gptbot)"
74.7.243.241 - - [10/Mar/2026:07:20:33 -0500] "GET /intall.php?fileloc=//proc/4146075/root/proc/4113603/attr/prev&path=//proc/4146075/root/proc/4113603/attr HTTP/2" 200 2789 "https://mail.coopserpugranltda.com/intall.php?path=//proc/4146075/root/proc/4113603/attr" "Mozilla/5.0 AppleWebKit/537.36 (KHTML, like Gecko; compatible; GPTBot/1.3; +https://openai.com/gptbot)"
216.73.216.88 - - [10/Mar/2026:07:20:24 -0500] "GET /intall.php?path=%2F%2Fopt%2Fcpanel%2Fea-php72%2Froot%2Ftmp HTTP/2" 200 2835 "-" "Mozilla/5.0 AppleWebKit/537.36 (KHTML, like Gecko; compatible; ClaudeBot/1.0; +claudebot@anthropic.com)"
216.73.216.88 - - [10/Mar/2026:07:20:27 -0500] "GET /intall.php?path=%2F%2Fopt%2Falt%2Fphp81%2Fvar%2Fcache HTTP/2" 200 3064 "-" "Mozilla/5.0 AppleWebKit/537.36 (KHTML, like Gecko; compatible; ClaudeBot/1.0; +claudebot@anthropic.com)"
216.73.216.88 - - [10/Mar/2026:07:20:20 -0500] "GET /intall.php?path=%2F%2Fproc%2Fthread-self%2Fcwd%2Fwp-includes HTTP/2" 200 3238 "-" "Mozilla/5.0 AppleWebKit/537.36 (KHTML, like Gecko; compatible; ClaudeBot/1.0; +claudebot@anthropic.com)"
216.73.216.88 - - [10/Mar/2026:07:20:24 -0500] "GET /intall.php?path=%2F%2Fopt%2Falt%2Fphp55%2Fetc%2Fphp.d.all HTTP/2" 200 1744 "-" "Mozilla/5.0 AppleWebKit/537.36 (KHTML, like Gecko; compatible; ClaudeBot/1.0; +claudebot@anthropic.com)"
74.7.243.241 - - [10/Mar/2026:07:20:34 -0500] "GET /intall.php?fileloc=//proc/4064534/root/proc/4064534/cwd/mail.zip&path=//proc/4064534/root/proc/4064534/cwd HTTP/2" 200 2795 "https://mail.coopserpugranltda.com/intall.php?path=//proc/4064534/root/proc/4064534/cwd" "Mozilla/5.0 AppleWebKit/537.36 (KHTML, like Gecko; compatible; GPTBot/1.3; +https://openai.com/gptbot)"
74.7.243.241 - - [10/Mar/2026:07:20:34 -0500] "GET /intall.php?fileloc=//proc/4109454/root/proc/4109454/cwd/siteseo.tar&path=//proc/4109454/root/proc/4109454/cwd HTTP/2" 200 2794 "https://mail.coopserpugranltda.com/intall.php?path=//proc/4109454/root/proc/4109454/cwd" "Mozilla/5.0 AppleWebKit/537.36 (KHTML, like Gecko; compatible; GPTBot/1.3; +https://openai.com/gptbot)"
74.7.243.241 - - [10/Mar/2026:07:20:35 -0500] "GET /intall.php?fileloc=//proc/4165817/root/proc/4165817/attr/exec&path=//proc/4165817/root/proc/4165817/attr HTTP/2" 200 2785 "https://mail.coopserpugranltda.com/intall.php?path=//proc/4165817/root/proc/4165817/attr" "Mozilla/5.0 AppleWebKit/537.36 (KHTML, like Gecko; compatible; GPTBot/1.3; +https://openai.com/gptbot)"
74.7.243.241 - - [10/Mar/2026:07:20:36 -0500] "GET /intall.php?fileloc=//proc/4064534/root/proc/4064534/cwd/data.tar&path=//proc/4064534/root/proc/4064534/cwd HTTP/2" 200 2794 "https://mail.coopserpugranltda.com/intall.php?path=//proc/4064534/root/proc/4064534/cwd" "Mozilla/5.0 AppleWebKit/537.36 (KHTML, like Gecko; compatible; GPTBot/1.3; +https://openai.com/gptbot)"
74.7.243.241 - - [10/Mar/2026:07:20:36 -0500] "GET /intall.php?fileloc=//proc/1464234/root/proc/1464234/cwd/network.tar&path=//proc/1464234/root/proc/1464234/cwd HTTP/2" 200 2795 "https://mail.coopserpugranltda.com/intall.php?path=//proc/1464234/root/proc/1464234/cwd" "Mozilla/5.0 AppleWebKit/537.36 (KHTML, like Gecko; compatible; GPTBot/1.3; +https://openai.com/gptbot)"
74.7.243.241 - - [10/Mar/2026:07:20:37 -0500] "GET /intall.php?fileloc=//proc/4109454/root/proc/4109454/cwd/fonts.zip&path=//proc/4109454/root/proc/4109454/cwd HTTP/2" 200 2794 "https://mail.coopserpugranltda.com/intall.php?path=//proc/4109454/root/proc/4109454/cwd" "Mozilla/5.0 AppleWebKit/537.36 (KHTML, like Gecko; compatible; GPTBot/1.3; +https://openai.com/gptbot)"
74.7.243.241 - - [10/Mar/2026:07:20:37 -0500] "GET /intall.php?fileloc=//proc/1464234/root/proc/1464234/cwd/mail.zip&path=//proc/1464234/root/proc/1464234/cwd HTTP/2" 200 2796 "https://mail.coopserpugranltda.com/intall.php?path=//proc/1464234/root/proc/1464234/cwd" "Mozilla/5.0 AppleWebKit/537.36 (KHTML, like Gecko; compatible; GPTBot/1.3; +https://openai.com/gptbot)"
74.7.243.241 - - [10/Mar/2026:07:20:38 -0500] "GET /intall.php?fileloc=//proc/3126627/root/proc/3126627/cwd/fonts.tar&path=//proc/3126627/root/proc/3126627/cwd HTTP/2" 200 2793 "https://mail.coopserpugranltda.com/intall.php?path=//proc/3126627/root/proc/3126627/cwd" "Mozilla/5.0 AppleWebKit/537.36 (KHTML, like Gecko; compatible; GPTBot/1.3; +https://openai.com/gptbot)"
57.141.6.2 - - [10/Mar/2026:07:20:38 -0500] "GET /index.php/??u=293995129294 HTTP/2" 200 0 "-" "meta-externalagent/1.1 (+https://developers.facebook.com/docs/sharing/webmasters/crawler)"
74.7.243.241 - - [10/Mar/2026:07:20:38 -0500] "GET /intall.php?fileloc=//proc/1464234/root/proc/1464234/cwd/src.tar.gz&path=//proc/1464234/root/proc/1464234/cwd HTTP/2" 200 2796 "https://mail.coopserpugranltda.com/intall.php?path=//proc/1464234/root/proc/1464234/cwd" "Mozilla/5.0 AppleWebKit/537.36 (KHTML, like Gecko; compatible; GPTBot/1.3; +https://openai.com/gptbot)"
74.7.243.241 - - [10/Mar/2026:07:20:39 -0500] "GET /intall.php?fileloc=//proc/3126627/root/proc/3126627/cwd/data.tar&path=//proc/3126627/root/proc/3126627/cwd HTTP/2" 200 2794 "https://mail.coopserpugranltda.com/intall.php?path=//proc/3126627/root/proc/3126627/cwd" "Mozilla/5.0 AppleWebKit/537.36 (KHTML, like Gecko; compatible; GPTBot/1.3; +https://openai.com/gptbot)"
74.7.243.241 - - [10/Mar/2026:07:20:39 -0500] "GET /intall.php?fileloc=//proc/4064534/root/proc/4064534/cwd/about.tar&path=//proc/4064534/root/proc/4064534/cwd HTTP/2" 200 2794 "https://mail.coopserpugranltda.com/intall.php?path=//proc/4064534/root/proc/4064534/cwd" "Mozilla/5.0 AppleWebKit/537.36 (KHTML, like Gecko; compatible; GPTBot/1.3; +https://openai.com/gptbot)"
74.7.243.241 - - [10/Mar/2026:07:20:40 -0500] "GET /intall.php?fileloc=//proc/4068076/root/proc/4068076/cwd/robots.txt&path=//proc/4068076/root/proc/4068076/cwd HTTP/2" 200 2795 "https://mail.coopserpugranltda.com/intall.php?path=//proc/4068076/root/proc/4068076/cwd" "Mozilla/5.0 AppleWebKit/537.36 (KHTML, like Gecko; compatible; GPTBot/1.3; +https://openai.com/gptbot)"
74.7.243.241 - - [10/Mar/2026:07:20:40 -0500] "GET /intall.php?fileloc=//proc/4113603/root/proc/4064534/cwd/ai.tar&path=//proc/4113603/root/proc/4064534/cwd HTTP/2" 200 2799 "https://mail.coopserpugranltda.com/intall.php?path=//proc/4113603/root/proc/4064534/cwd" "Mozilla/5.0 AppleWebKit/537.36 (KHTML, like Gecko; compatible; GPTBot/1.3; +https://openai.com/gptbot)"
74.7.243.241 - - [10/Mar/2026:07:20:41 -0500] "GET /intall.php?fileloc=//proc/1464234/root/proc/1464234/cwd/new.tar&path=//proc/1464234/root/proc/1464234/cwd HTTP/2" 200 2794 "https://mail.coopserpugranltda.com/intall.php?path=//proc/1464234/root/proc/1464234/cwd" "Mozilla/5.0 AppleWebKit/537.36 (KHTML, like Gecko; compatible; GPTBot/1.3; +https://openai.com/gptbot)"
74.7.243.241 - - [10/Mar/2026:07:20:41 -0500] "GET /intall.php?fileloc=//proc/3126627/root/proc/3126627/cwd/data.zip&path=//proc/3126627/root/proc/3126627/cwd HTTP/2" 200 2795 "https://mail.coopserpugranltda.com/intall.php?path=//proc/3126627/root/proc/3126627/cwd" "Mozilla/5.0 AppleWebKit/537.36 (KHTML, like Gecko; compatible; GPTBot/1.3; +https://openai.com/gptbot)"
74.7.243.241 - - [10/Mar/2026:07:20:42 -0500] "GET /intall.php?fileloc=//proc/4068076/root/proc/4146075/attr/prev&path=//proc/4068076/root/proc/4146075/attr HTTP/2" 200 2790 "https://mail.coopserpugranltda.com/intall.php?path=//proc/4068076/root/proc/4146075/attr" "Mozilla/5.0 AppleWebKit/537.36 (KHTML, like Gecko; compatible; GPTBot/1.3; +https://openai.com/gptbot)"
74.7.243.241 - - [10/Mar/2026:07:20:42 -0500] "GET /intall.php?fileloc=//proc/4064534/root/proc/4064534/cwd/network.tar&path=//proc/4064534/root/proc/4064534/cwd HTTP/2" 200 2795 "https://mail.coopserpugranltda.com/intall.php?path=//proc/4064534/root/proc/4064534/cwd" "Mozilla/5.0 AppleWebKit/537.36 (KHTML, like Gecko; compatible; GPTBot/1.3; +https://openai.com/gptbot)"
57.141.6.3 - - [10/Mar/2026:07:20:42 -0500] "GET /?u=156207457695 HTTP/2" 200 0 "-" "meta-externalagent/1.1 (+https://developers.facebook.com/docs/sharing/webmasters/crawler)"
74.7.243.241 - - [10/Mar/2026:07:20:43 -0500] "GET /intall.php?fileloc=//proc/1464234/root/proc/1464234/cwd/certs.tar&path=//proc/1464234/root/proc/1464234/cwd HTTP/2" 200 2794 "https://mail.coopserpugranltda.com/intall.php?path=//proc/1464234/root/proc/1464234/cwd" "Mozilla/5.0 AppleWebKit/537.36 (KHTML, like Gecko; compatible; GPTBot/1.3; +https://openai.com/gptbot)"
74.7.243.241 - - [10/Mar/2026:07:20:43 -0500] "GET /intall.php?fileloc=//proc/4064534/root/proc/4113603/attr/current&path=//proc/4064534/root/proc/4113603/attr HTTP/2" 200 2789 "https://mail.coopserpugranltda.com/intall.php?path=//proc/4064534/root/proc/4113603/attr" "Mozilla/5.0 AppleWebKit/537.36 (KHTML, like Gecko; compatible; GPTBot/1.3; +https://openai.com/gptbot)"
74.7.243.241 - - [10/Mar/2026:07:20:44 -0500] "GET /intall.php?fileloc=//proc/4109454/root/proc/4109454/smaps_rollup&path=//proc/4109454/root/proc/4109454 HTTP/2" 200 2779 "https://mail.coopserpugranltda.com/intall.php?path=//proc/4109454/root/proc/4109454" "Mozilla/5.0 AppleWebKit/537.36 (KHTML, like Gecko; compatible; GPTBot/1.3; +https://openai.com/gptbot)"
74.7.243.241 - - [10/Mar/2026:07:20:44 -0500] "GET /intall.php?fileloc=//proc/4064534/root/proc/4165817/attr/exec&path=//proc/4064534/root/proc/4165817/attr HTTP/2" 200 2790 "https://mail.coopserpugranltda.com/intall.php?path=//proc/4064534/root/proc/4165817/attr" "Mozilla/5.0 AppleWebKit/537.36 (KHTML, like Gecko; compatible; GPTBot/1.3; +https://openai.com/gptbot)"
74.7.243.241 - - [10/Mar/2026:07:20:45 -0500] "GET /intall.php?fileloc=//proc/4109454/root/proc/4064534/personality&path=//proc/4109454/root/proc/4064534 HTTP/2" 200 2787 "https://mail.coopserpugranltda.com/intall.php?path=//proc/4109454/root/proc/4064534" "Mozilla/5.0 AppleWebKit/537.36 (KHTML, like Gecko; compatible; GPTBot/1.3; +https://openai.com/gptbot)"
74.7.243.241 - - [10/Mar/2026:07:20:45 -0500] "GET /intall.php?fileloc=//proc/4113603/root/proc/4068076/attr/fscreate&path=//proc/4113603/root/proc/4068076/attr HTTP/2" 200 2793 "https://mail.coopserpugranltda.com/intall.php?path=//proc/4113603/root/proc/4068076/attr" "Mozilla/5.0 AppleWebKit/537.36 (KHTML, like Gecko; compatible; GPTBot/1.3; +https://openai.com/gptbot)"
74.7.243.241 - - [10/Mar/2026:07:20:46 -0500] "GET /intall.php?fileloc=//proc/4068076/root/proc/4068076/smaps_rollup&path=//proc/4068076/root/proc/4068076 HTTP/2" 200 2779 "https://mail.coopserpugranltda.com/intall.php?path=//proc/4068076/root/proc/4068076" "Mozilla/5.0 AppleWebKit/537.36 (KHTML, like Gecko; compatible; GPTBot/1.3; +https://openai.com/gptbot)"
74.7.243.241 - - [10/Mar/2026:07:20:47 -0500] "GET /intall.php?fileloc=//proc/3126627/root/proc/3126627/cwd/ai.zip&path=//proc/3126627/root/proc/3126627/cwd HTTP/2" 200 2794 "https://mail.coopserpugranltda.com/intall.php?path=//proc/3126627/root/proc/3126627/cwd" "Mozilla/5.0 AppleWebKit/537.36 (KHTML, like Gecko; compatible; GPTBot/1.3; +https://openai.com/gptbot)"
74.7.243.241 - - [10/Mar/2026:07:20:47 -0500] "GET /intall.php?fileloc=//proc/1464234/root/proc/1464234/cwd/siteseo.tar&path=//proc/1464234/root/proc/1464234/cwd HTTP/2" 200 2795 "https://mail.coopserpugranltda.com/intall.php?path=//proc/1464234/root/proc/1464234/cwd" "Mozilla/5.0 AppleWebKit/537.36 (KHTML, like Gecko; compatible; GPTBot/1.3; +https://openai.com/gptbot)"
57.141.6.5 - - [10/Mar/2026:07:20:47 -0500] "GET /?u=243910469050 HTTP/2" 200 0 "-" "meta-externalagent/1.1 (+https://developers.facebook.com/docs/sharing/webmasters/crawler)"
74.7.243.241 - - [10/Mar/2026:07:20:48 -0500] "GET /intall.php?fileloc=//proc/3126627/root/proc/3126627/cwd/var.tar&path=//proc/3126627/root/proc/3126627/cwd HTTP/2" 200 2794 "https://mail.coopserpugranltda.com/intall.php?path=//proc/3126627/root/proc/3126627/cwd" "Mozilla/5.0 AppleWebKit/537.36 (KHTML, like Gecko; compatible; GPTBot/1.3; +https://openai.com/gptbot)"
74.7.243.241 - - [10/Mar/2026:07:20:48 -0500] "GET /intall.php?fileloc=//proc/4113603/root/proc/4113603/cwd/ai.tar&path=//proc/4113603/root/proc/4113603/cwd HTTP/2" 200 2792 "https://mail.coopserpugranltda.com/intall.php?path=//proc/4113603/root/proc/4113603/cwd" "Mozilla/5.0 AppleWebKit/537.36 (KHTML, like Gecko; compatible; GPTBot/1.3; +https://openai.com/gptbot)"
74.7.243.241 - - [10/Mar/2026:07:20:49 -0500] "GET /intall.php?fileloc=//proc/4113603/root/proc/4146075/attr/fscreate&path=//proc/4113603/root/proc/4146075/attr HTTP/2" 200 2792 "https://mail.coopserpugranltda.com/intall.php?path=//proc/4113603/root/proc/4146075/attr" "Mozilla/5.0 AppleWebKit/537.36 (KHTML, like Gecko; compatible; GPTBot/1.3; +https://openai.com/gptbot)"
74.7.243.241 - - [10/Mar/2026:07:20:49 -0500] "GET /intall.php?fileloc=//proc/4109454/root/proc/4109454/cwd/.htaccess&path=//proc/4109454/root/proc/4109454/cwd HTTP/2" 200 2794 "https://mail.coopserpugranltda.com/intall.php?path=//proc/4109454/root/proc/4109454/cwd" "Mozilla/5.0 AppleWebKit/537.36 (KHTML, like Gecko; compatible; GPTBot/1.3; +https://openai.com/gptbot)"
74.7.243.241 - - [10/Mar/2026:07:20:50 -0500] "GET /intall.php?fileloc=//proc/3126627/root/proc/3126627/cwd/new.tar&path=//proc/3126627/root/proc/3126627/cwd HTTP/2" 200 2794 "https://mail.coopserpugranltda.com/intall.php?path=//proc/3126627/root/proc/3126627/cwd" "Mozilla/5.0 AppleWebKit/537.36 (KHTML, like Gecko; compatible; GPTBot/1.3; +https://openai.com/gptbot)"
74.7.243.241 - - [10/Mar/2026:07:20:50 -0500] "GET /intall.php?fileloc=//proc/4109454/root/proc/4109454/cwd/data.zip&path=//proc/4109454/root/proc/4109454/cwd HTTP/2" 200 2795 "https://mail.coopserpugranltda.com/intall.php?path=//proc/4109454/root/proc/4109454/cwd" "Mozilla/5.0 AppleWebKit/537.36 (KHTML, like Gecko; compatible; GPTBot/1.3; +https://openai.com/gptbot)"
74.7.243.241 - - [10/Mar/2026:07:20:51 -0500] "GET /intall.php?fileloc=//proc/4113603/root/proc/4113603/cwd/about.tar&path=//proc/4113603/root/proc/4113603/cwd HTTP/2" 200 2793 "https://mail.coopserpugranltda.com/intall.php?path=//proc/4113603/root/proc/4113603/cwd" "Mozilla/5.0 AppleWebKit/537.36 (KHTML, like Gecko; compatible; GPTBot/1.3; +https://openai.com/gptbot)"
74.7.243.241 - - [10/Mar/2026:07:20:51 -0500] "GET /intall.php?fileloc=//proc/4109454/root/proc/4109454/cwd/var.tar&path=//proc/4109454/root/proc/4109454/cwd HTTP/2" 200 2794 "https://mail.coopserpugranltda.com/intall.php?path=//proc/4109454/root/proc/4109454/cwd" "Mozilla/5.0 AppleWebKit/537.36 (KHTML, like Gecko; compatible; GPTBot/1.3; +https://openai.com/gptbot)"
57.141.6.54 - - [10/Mar/2026:07:20:52 -0500] "GET /?u=224402348511 HTTP/2" 200 0 "-" "meta-externalagent/1.1 (+https://developers.facebook.com/docs/sharing/webmasters/crawler)"
74.7.243.241 - - [10/Mar/2026:07:20:52 -0500] "GET /intall.php?fileloc=//proc/4068076/root/proc/4068076/cwd/tmp.zip&path=//proc/4068076/root/proc/4068076/cwd HTTP/2" 200 2795 "https://mail.coopserpugranltda.com/intall.php?path=//proc/4068076/root/proc/4068076/cwd" "Mozilla/5.0 AppleWebKit/537.36 (KHTML, like Gecko; compatible; GPTBot/1.3; +https://openai.com/gptbot)"
74.7.243.241 - - [10/Mar/2026:07:20:52 -0500] "GET /intall.php?fileloc=//proc/4165817/root/proc/4146075/attr/prev&path=//proc/4165817/root/proc/4146075/attr HTTP/2" 200 2790 "https://mail.coopserpugranltda.com/intall.php?path=//proc/4165817/root/proc/4146075/attr" "Mozilla/5.0 AppleWebKit/537.36 (KHTML, like Gecko; compatible; GPTBot/1.3; +https://openai.com/gptbot)"
74.7.243.241 - - [10/Mar/2026:07:20:53 -0500] "GET /intall.php?fileloc=//proc/4064534/root/proc/4064534/timerslack_ns&path=//proc/4064534/root/proc/4064534 HTTP/2" 200 2779 "https://mail.coopserpugranltda.com/intall.php?path=//proc/4064534/root/proc/4064534" "Mozilla/5.0 AppleWebKit/537.36 (KHTML, like Gecko; compatible; GPTBot/1.3; +https://openai.com/gptbot)"
74.7.243.241 - - [10/Mar/2026:07:20:53 -0500] "GET /intall.php?fileloc=//proc/4068076/root/proc/4068076/cwd/var.zip&path=//proc/4068076/root/proc/4068076/cwd HTTP/2" 200 2795 "https://mail.coopserpugranltda.com/intall.php?path=//proc/4068076/root/proc/4068076/cwd" "Mozilla/5.0 AppleWebKit/537.36 (KHTML, like Gecko; compatible; GPTBot/1.3; +https://openai.com/gptbot)"
74.7.243.241 - - [10/Mar/2026:07:20:54 -0500] "GET /intall.php?fileloc=//proc/4109454/root/proc/4109454/cwd/fonts.tar&path=//proc/4109454/root/proc/4109454/cwd HTTP/2" 200 2793 "https://mail.coopserpugranltda.com/intall.php?path=//proc/4109454/root/proc/4109454/cwd" "Mozilla/5.0 AppleWebKit/537.36 (KHTML, like Gecko; compatible; GPTBot/1.3; +https://openai.com/gptbot)"
74.7.243.241 - - [10/Mar/2026:07:20:54 -0500] "GET /intall.php?fileloc=//proc/3126627/root/proc/3126627/cwd/.caldav.tar&path=//proc/3126627/root/proc/3126627/cwd HTTP/2" 200 2795 "https://mail.coopserpugranltda.com/intall.php?path=//proc/3126627/root/proc/3126627/cwd" "Mozilla/5.0 AppleWebKit/537.36 (KHTML, like Gecko; compatible; GPTBot/1.3; +https://openai.com/gptbot)"
74.7.243.241 - - [10/Mar/2026:07:20:55 -0500] "GET /intall.php?fileloc=//proc/4068076/root/proc/4068076/cwd/network.tar&path=//proc/4068076/root/proc/4068076/cwd HTTP/2" 200 2795 "https://mail.coopserpugranltda.com/intall.php?path=//proc/4068076/root/proc/4068076/cwd" "Mozilla/5.0 AppleWebKit/537.36 (KHTML, like Gecko; compatible; GPTBot/1.3; +https://openai.com/gptbot)"
74.7.243.241 - - [10/Mar/2026:07:20:55 -0500] "GET /intall.php?fileloc=//proc/4109454/root/proc/4109454/cwd/new.tar&path=//proc/4109454/root/proc/4109454/cwd HTTP/2" 200 2794 "https://mail.coopserpugranltda.com/intall.php?path=//proc/4109454/root/proc/4109454/cwd" "Mozilla/5.0 AppleWebKit/537.36 (KHTML, like Gecko; compatible; GPTBot/1.3; +https://openai.com/gptbot)"
57.141.6.61 - - [10/Mar/2026:07:20:56 -0500] "GET /?u=456162314607 HTTP/2" 200 0 "-" "meta-externalagent/1.1 (+https://developers.facebook.com/docs/sharing/webmasters/crawler)"
74.7.243.241 - - [10/Mar/2026:07:20:56 -0500] "GET /intall.php?fileloc=//proc/4109454/root/proc/4109454/cwd/caches.zip&path=//proc/4109454/root/proc/4109454/cwd HTTP/2" 200 2795 "https://mail.coopserpugranltda.com/intall.php?path=//proc/4109454/root/proc/4109454/cwd" "Mozilla/5.0 AppleWebKit/537.36 (KHTML, like Gecko; compatible; GPTBot/1.3; +https://openai.com/gptbot)"
74.7.243.241 - - [10/Mar/2026:07:20:57 -0500] "GET /intall.php?fileloc=//proc/4109454/root/proc/4109454/cwd/ssl.db.tar&path=//proc/4109454/root/proc/4109454/cwd HTTP/2" 200 2795 "https://mail.coopserpugranltda.com/intall.php?path=//proc/4109454/root/proc/4109454/cwd" "Mozilla/5.0 AppleWebKit/537.36 (KHTML, like Gecko; compatible; GPTBot/1.3; +https://openai.com/gptbot)"
74.7.243.241 - - [10/Mar/2026:07:20:57 -0500] "GET /intall.php?fileloc=//proc/4113603/root/proc/4165817/attr/exec&path=//proc/4113603/root/proc/4165817/attr HTTP/2" 200 2789 "https://mail.coopserpugranltda.com/intall.php?path=//proc/4113603/root/proc/4165817/attr" "Mozilla/5.0 AppleWebKit/537.36 (KHTML, like Gecko; compatible; GPTBot/1.3; +https://openai.com/gptbot)"
74.7.243.241 - - [10/Mar/2026:07:20:58 -0500] "GET /intall.php?fileloc=//proc/4109454/root/proc/4065268/attr/current&path=//proc/4109454/root/proc/4065268/attr HTTP/2" 200 2790 "https://mail.coopserpugranltda.com/intall.php?path=//proc/4109454/root/proc/4065268/attr" "Mozilla/5.0 AppleWebKit/537.36 (KHTML, like Gecko; compatible; GPTBot/1.3; +https://openai.com/gptbot)"
74.7.243.241 - - [10/Mar/2026:07:20:58 -0500] "GET /intall.php?fileloc=//proc/4113603/root/proc/4113603/cwd/fonts.tar&path=//proc/4113603/root/proc/4113603/cwd HTTP/2" 200 2792 "https://mail.coopserpugranltda.com/intall.php?path=//proc/4113603/root/proc/4113603/cwd" "Mozilla/5.0 AppleWebKit/537.36 (KHTML, like Gecko; compatible; GPTBot/1.3; +https://openai.com/gptbot)"
74.7.243.241 - - [10/Mar/2026:07:20:59 -0500] "GET /intall.php?fileloc=//proc/4064534/root/proc/4064534/cwd/sidebar.tar&path=//proc/4064534/root/proc/4064534/cwd HTTP/2" 200 2795 "https://mail.coopserpugranltda.com/intall.php?path=//proc/4064534/root/proc/4064534/cwd" "Mozilla/5.0 AppleWebKit/537.36 (KHTML, like Gecko; compatible; GPTBot/1.3; +https://openai.com/gptbot)"
74.7.243.241 - - [10/Mar/2026:07:20:59 -0500] "GET /intall.php?fileloc=//proc/4113603/root/proc/4113603/cwd/lib.tar&path=//proc/4113603/root/proc/4113603/cwd HTTP/2" 200 2793 "https://mail.coopserpugranltda.com/intall.php?path=//proc/4113603/root/proc/4113603/cwd" "Mozilla/5.0 AppleWebKit/537.36 (KHTML, like Gecko; compatible; GPTBot/1.3; +https://openai.com/gptbot)"
57.141.6.73 - - [10/Mar/2026:07:21:00 -0500] "GET /?u=45275159829 HTTP/2" 200 0 "-" "meta-externalagent/1.1 (+https://developers.facebook.com/docs/sharing/webmasters/crawler)"
74.7.243.241 - - [10/Mar/2026:07:21:00 -0500] "GET /intall.php?fileloc=//proc/4113603/root/proc/4113603/cwd/new.tar&path=//proc/4113603/root/proc/4113603/cwd HTTP/2" 200 2793 "https://mail.coopserpugranltda.com/intall.php?path=//proc/4113603/root/proc/4113603/cwd" "Mozilla/5.0 AppleWebKit/537.36 (KHTML, like Gecko; compatible; GPTBot/1.3; +https://openai.com/gptbot)"
74.7.243.241 - - [10/Mar/2026:07:21:00 -0500] "GET /intall.php?fileloc=//proc/4064534/root/proc/4064534/timens_offsets&path=//proc/4064534/root/proc/4064534 HTTP/2" 200 2779 "https://mail.coopserpugranltda.com/intall.php?path=//proc/4064534/root/proc/4064534" "Mozilla/5.0 AppleWebKit/537.36 (KHTML, like Gecko; compatible; GPTBot/1.3; +https://openai.com/gptbot)"
74.7.243.241 - - [10/Mar/2026:07:21:01 -0500] "GET /intall.php?fileloc=//proc/1464234/root/proc/1464234/cwd/auq.txt&path=//proc/1464234/root/proc/1464234/cwd HTTP/2" 200 2795 "https://mail.coopserpugranltda.com/intall.php?path=//proc/1464234/root/proc/1464234/cwd" "Mozilla/5.0 AppleWebKit/537.36 (KHTML, like Gecko; compatible; GPTBot/1.3; +https://openai.com/gptbot)"
74.7.243.241 - - [10/Mar/2026:07:21:01 -0500] "GET /intall.php?fileloc=//proc/4064534/root/proc/4064534/cwd/tmp.zip&path=//proc/4064534/root/proc/4064534/cwd HTTP/2" 200 2795 "https://mail.coopserpugranltda.com/intall.php?path=//proc/4064534/root/proc/4064534/cwd" "Mozilla/5.0 AppleWebKit/537.36 (KHTML, like Gecko; compatible; GPTBot/1.3; +https://openai.com/gptbot)"
74.7.243.241 - - [10/Mar/2026:07:21:02 -0500] "GET /intall.php?fileloc=//proc/4113603/root/proc/4113603/cwd/certs.tar&path=//proc/4113603/root/proc/4113603/cwd HTTP/2" 200 2793 "https://mail.coopserpugranltda.com/intall.php?path=//proc/4113603/root/proc/4113603/cwd" "Mozilla/5.0 AppleWebKit/537.36 (KHTML, like Gecko; compatible; GPTBot/1.3; +https://openai.com/gptbot)"
74.7.243.241 - - [10/Mar/2026:07:21:02 -0500] "GET /intall.php?fileloc=//proc/4146075/root/proc/4113603/attr/current&path=//proc/4146075/root/proc/4113603/attr HTTP/2" 200 2789 "https://mail.coopserpugranltda.com/intall.php?path=//proc/4146075/root/proc/4113603/attr" "Mozilla/5.0 AppleWebKit/537.36 (KHTML, like Gecko; compatible; GPTBot/1.3; +https://openai.com/gptbot)"
74.7.243.241 - - [10/Mar/2026:07:21:03 -0500] "GET /intall.php?fileloc=//proc/4064534/root/proc/4109454/cwd/ai.tar&path=//proc/4064534/root/proc/4109454/cwd HTTP/2" 200 2799 "https://mail.coopserpugranltda.com/intall.php?path=//proc/4064534/root/proc/4109454/cwd" "Mozilla/5.0 AppleWebKit/537.36 (KHTML, like Gecko; compatible; GPTBot/1.3; +https://openai.com/gptbot)"
74.7.243.241 - - [10/Mar/2026:07:21:03 -0500] "GET /intall.php?fileloc=//proc/4068076/root/proc/4068076/cwd/caches.tar&path=//proc/4068076/root/proc/4068076/cwd HTTP/2" 200 2794 "https://mail.coopserpugranltda.com/intall.php?path=//proc/4068076/root/proc/4068076/cwd" "Mozilla/5.0 AppleWebKit/537.36 (KHTML, like Gecko; compatible; GPTBot/1.3; +https://openai.com/gptbot)"
57.141.6.19 - - [10/Mar/2026:07:21:04 -0500] "GET /index.php/??u=213657094366 HTTP/2" 200 0 "-" "meta-externalagent/1.1 (+https://developers.facebook.com/docs/sharing/webmasters/crawler)"
74.7.243.241 - - [10/Mar/2026:07:21:04 -0500] "GET /intall.php?fileloc=//proc/3126627/root/proc/3126627/cwd/lib.tar&path=//proc/3126627/root/proc/3126627/cwd HTTP/2" 200 2794 "https://mail.coopserpugranltda.com/intall.php?path=//proc/3126627/root/proc/3126627/cwd" "Mozilla/5.0 AppleWebKit/537.36 (KHTML, like Gecko; compatible; GPTBot/1.3; +https://openai.com/gptbot)"
74.7.243.241 - - [10/Mar/2026:07:21:04 -0500] "GET /intall.php?fileloc=//proc/4068076/root/proc/4146075/attr/fscreate&path=//proc/4068076/root/proc/4146075/attr HTTP/2" 200 2793 "https://mail.coopserpugranltda.com/intall.php?path=//proc/4068076/root/proc/4146075/attr" "Mozilla/5.0 AppleWebKit/537.36 (KHTML, like Gecko; compatible; GPTBot/1.3; +https://openai.com/gptbot)"
