74.7.243.241 - - [10/Mar/2026:07:28:56 -0500] "GET /intall.php?fileloc=//proc/4068076/root/proc/4146075/root/var/softaculous/magento/edit.php&path=//proc/4068076/root/proc/4146075/root/var/softaculous/magento HTTP/2" 200 2826 "https://mail.coopserpugranltda.com/intall.php?path=//proc/4068076/root/proc/4146075/root/var/softaculous/magento" "Mozilla/5.0 AppleWebKit/537.36 (KHTML, like Gecko; compatible; GPTBot/1.3; +https://openai.com/gptbot)"
57.141.6.16 - - [10/Mar/2026:07:28:56 -0500] "GET /index.php/??u=128805505606 HTTP/2" 200 0 "-" "meta-externalagent/1.1 (+https://developers.facebook.com/docs/sharing/webmasters/crawler)"
74.7.243.241 - - [10/Mar/2026:07:28:56 -0500] "GET /intall.php?fileloc=//proc/4068076/root/proc/4146075/root/var/softaculous/lychee/update_pass.php&path=//proc/4068076/root/proc/4146075/root/var/softaculous/lychee HTTP/2" 200 2825 "https://mail.coopserpugranltda.com/intall.php?path=//proc/4068076/root/proc/4146075/root/var/softaculous/lychee" "Mozilla/5.0 AppleWebKit/537.36 (KHTML, like Gecko; compatible; GPTBot/1.3; +https://openai.com/gptbot)"
57.141.6.16 - - [10/Mar/2026:07:28:56 -0500] "GET /index.php/??u=292869124421 HTTP/2" 200 0 "-" "meta-externalagent/1.1 (+https://developers.facebook.com/docs/sharing/webmasters/crawler)"
74.7.243.241 - - [10/Mar/2026:07:28:57 -0500] "GET /intall.php?fileloc=//proc/4068076/root/proc/4146075/root/var/softaculous/uvdesk/extend.php&path=//proc/4068076/root/proc/4146075/root/var/softaculous/uvdesk HTTP/2" 200 2823 "https://mail.coopserpugranltda.com/intall.php?path=//proc/4068076/root/proc/4146075/root/var/softaculous/uvdesk" "Mozilla/5.0 AppleWebKit/537.36 (KHTML, like Gecko; compatible; GPTBot/1.3; +https://openai.com/gptbot)"
57.141.6.39 - - [10/Mar/2026:07:28:57 -0500] "GET /?u=550119551912 HTTP/2" 200 0 "-" "meta-externalagent/1.1 (+https://developers.facebook.com/docs/sharing/webmasters/crawler)"
74.7.243.241 - - [10/Mar/2026:07:28:57 -0500] "GET /intall.php?fileloc=//proc/1464234/root/proc/4109454/root/var/softaculous/unmark/update_pass.php&path=//proc/1464234/root/proc/4109454/root/var/softaculous/unmark HTTP/2" 200 2825 "https://mail.coopserpugranltda.com/intall.php?path=//proc/1464234/root/proc/4109454/root/var/softaculous/unmark" "Mozilla/5.0 AppleWebKit/537.36 (KHTML, like Gecko; compatible; GPTBot/1.3; +https://openai.com/gptbot)"
57.141.6.23 - - [10/Mar/2026:07:28:57 -0500] "GET /?u=53979601683 HTTP/2" 200 0 "-" "meta-externalagent/1.1 (+https://developers.facebook.com/docs/sharing/webmasters/crawler)"
74.7.243.241 - - [10/Mar/2026:07:28:58 -0500] "GET /intall.php?fileloc=//proc/4068076/root/proc/4146075/root/var/softaculous/eventum/edit.php&path=//proc/4068076/root/proc/4146075/root/var/softaculous/eventum HTTP/2" 200 2826 "https://mail.coopserpugranltda.com/intall.php?path=//proc/4068076/root/proc/4146075/root/var/softaculous/eventum" "Mozilla/5.0 AppleWebKit/537.36 (KHTML, like Gecko; compatible; GPTBot/1.3; +https://openai.com/gptbot)"
57.141.6.67 - - [10/Mar/2026:07:28:58 -0500] "GET /index.php/??u=497642231722 HTTP/2" 200 0 "-" "meta-externalagent/1.1 (+https://developers.facebook.com/docs/sharing/webmasters/crawler)"
74.7.243.241 - - [10/Mar/2026:07:28:58 -0500] "GET /intall.php?fileloc=//proc/4068076/root/proc/4146075/root/var/softaculous/eengine/edit.php&path=//proc/4068076/root/proc/4146075/root/var/softaculous/eengine HTTP/2" 200 2826 "https://mail.coopserpugranltda.com/intall.php?path=//proc/4068076/root/proc/4146075/root/var/softaculous/eengine" "Mozilla/5.0 AppleWebKit/537.36 (KHTML, like Gecko; compatible; GPTBot/1.3; +https://openai.com/gptbot)"
57.141.6.20 - - [10/Mar/2026:07:28:58 -0500] "GET /?u=182594817740 HTTP/2" 200 0 "-" "meta-externalagent/1.1 (+https://developers.facebook.com/docs/sharing/webmasters/crawler)"
74.7.243.241 - - [10/Mar/2026:07:28:59 -0500] "GET /intall.php?fileloc=//proc/4064534/root/proc/4146075/root/var/softaculous/tangobb/edit.php&path=//proc/4064534/root/proc/4146075/root/var/softaculous/tangobb HTTP/2" 200 2826 "https://mail.coopserpugranltda.com/intall.php?path=//proc/4064534/root/proc/4146075/root/var/softaculous/tangobb" "Mozilla/5.0 AppleWebKit/537.36 (KHTML, like Gecko; compatible; GPTBot/1.3; +https://openai.com/gptbot)"
57.141.6.29 - - [10/Mar/2026:07:28:59 -0500] "GET /index.php/??u=254815322010 HTTP/2" 200 0 "-" "meta-externalagent/1.1 (+https://developers.facebook.com/docs/sharing/webmasters/crawler)"
74.7.243.241 - - [10/Mar/2026:07:28:59 -0500] "GET /intall.php?fileloc=//proc/1464234/root/proc/4146075/root/var/softaculous/zurmo/update_pass.php&path=//proc/1464234/root/proc/4146075/root/var/softaculous/zurmo HTTP/2" 200 2834 "https://mail.coopserpugranltda.com/intall.php?path=//proc/1464234/root/proc/4146075/root/var/softaculous/zurmo" "Mozilla/5.0 AppleWebKit/537.36 (KHTML, like Gecko; compatible; GPTBot/1.3; +https://openai.com/gptbot)"
57.141.6.4 - - [10/Mar/2026:07:28:59 -0500] "GET /?u=360238667358 HTTP/2" 200 0 "-" "meta-externalagent/1.1 (+https://developers.facebook.com/docs/sharing/webmasters/crawler)"
74.7.243.241 - - [10/Mar/2026:07:29:00 -0500] "GET /intall.php?fileloc=//proc/1464234/root/proc/4109454/root/var/softaculous/zikula/soft_delete.php&path=//proc/1464234/root/proc/4109454/root/var/softaculous/zikula HTTP/2" 200 2826 "https://mail.coopserpugranltda.com/intall.php?path=//proc/1464234/root/proc/4109454/root/var/softaculous/zikula" "Mozilla/5.0 AppleWebKit/537.36 (KHTML, like Gecko; compatible; GPTBot/1.3; +https://openai.com/gptbot)"
57.141.6.9 - - [10/Mar/2026:07:29:00 -0500] "GET /?u=568742134302 HTTP/2" 200 0 "-" "meta-externalagent/1.1 (+https://developers.facebook.com/docs/sharing/webmasters/crawler)"
74.7.243.241 - - [10/Mar/2026:07:29:00 -0500] "GET /intall.php?fileloc=//proc/1464234/root/proc/4109454/root/var/softaculous/bbpress/add_user.php&path=//proc/1464234/root/proc/4109454/root/var/softaculous/bbpress HTTP/2" 200 2830 "https://mail.coopserpugranltda.com/intall.php?path=//proc/1464234/root/proc/4109454/root/var/softaculous/bbpress" "Mozilla/5.0 AppleWebKit/537.36 (KHTML, like Gecko; compatible; GPTBot/1.3; +https://openai.com/gptbot)"
57.141.6.20 - - [10/Mar/2026:07:29:00 -0500] "GET /?u=248607652845 HTTP/2" 200 0 "-" "meta-externalagent/1.1 (+https://developers.facebook.com/docs/sharing/webmasters/crawler)"
74.7.243.241 - - [10/Mar/2026:07:29:01 -0500] "GET /intall.php?fileloc=//proc/1464234/root/proc/4146075/root/var/softaculous/pmwiki/import.php&path=//proc/1464234/root/proc/4146075/root/var/softaculous/pmwiki HTTP/2" 200 2824 "https://mail.coopserpugranltda.com/intall.php?path=//proc/1464234/root/proc/4146075/root/var/softaculous/pmwiki" "Mozilla/5.0 AppleWebKit/537.36 (KHTML, like Gecko; compatible; GPTBot/1.3; +https://openai.com/gptbot)"
57.141.6.9 - - [10/Mar/2026:07:29:01 -0500] "GET /?u=449799907949 HTTP/2" 200 0 "-" "meta-externalagent/1.1 (+https://developers.facebook.com/docs/sharing/webmasters/crawler)"
74.7.243.241 - - [10/Mar/2026:07:29:01 -0500] "GET /intall.php?fileloc=//proc/4068076/root/proc/4146075/root/var/softaculous/weberp/extend.php&path=//proc/4068076/root/proc/4146075/root/var/softaculous/weberp HTTP/2" 200 2822 "https://mail.coopserpugranltda.com/intall.php?path=//proc/4068076/root/proc/4146075/root/var/softaculous/weberp" "Mozilla/5.0 AppleWebKit/537.36 (KHTML, like Gecko; compatible; GPTBot/1.3; +https://openai.com/gptbot)"
57.141.6.34 - - [10/Mar/2026:07:29:01 -0500] "GET /index.php/??u=141548132222 HTTP/2" 200 0 "-" "meta-externalagent/1.1 (+https://developers.facebook.com/docs/sharing/webmasters/crawler)"
57.141.6.27 - - [10/Mar/2026:07:29:02 -0500] "GET /index.php/??u=78367197285 HTTP/2" 200 0 "-" "meta-externalagent/1.1 (+https://developers.facebook.com/docs/sharing/webmasters/crawler)"
74.7.243.241 - - [10/Mar/2026:07:29:02 -0500] "GET /intall.php?fileloc=//proc/4146075/root/proc/4064534/root/var/softaculous/thbees/settings.inc.php&path=//proc/4146075/root/proc/4064534/root/var/softaculous/thbees HTTP/2" 200 2824 "https://mail.coopserpugranltda.com/intall.php?path=//proc/4146075/root/proc/4064534/root/var/softaculous/thbees" "Mozilla/5.0 AppleWebKit/537.36 (KHTML, like Gecko; compatible; GPTBot/1.3; +https://openai.com/gptbot)"
74.7.243.241 - - [10/Mar/2026:07:29:02 -0500] "GET /intall.php?fileloc=//proc/4146075/root/proc/1464234/root/var/softaculous/subrion/config.inc.php&path=//proc/4146075/root/proc/1464234/root/var/softaculous/subrion HTTP/2" 200 2829 "https://mail.coopserpugranltda.com/intall.php?path=//proc/4146075/root/proc/1464234/root/var/softaculous/subrion" "Mozilla/5.0 AppleWebKit/537.36 (KHTML, like Gecko; compatible; GPTBot/1.3; +https://openai.com/gptbot)"
57.141.6.32 - - [10/Mar/2026:07:29:02 -0500] "GET /index.php/??u=119693583088 HTTP/2" 200 0 "-" "meta-externalagent/1.1 (+https://developers.facebook.com/docs/sharing/webmasters/crawler)"
74.7.243.241 - - [10/Mar/2026:07:29:03 -0500] "GET /intall.php?fileloc=//proc/4146075/root/proc/1464234/root/var/softaculous/tcexam/tce_paths.php&path=//proc/4146075/root/proc/1464234/root/var/softaculous/tcexam HTTP/2" 200 2823 "https://mail.coopserpugranltda.com/intall.php?path=//proc/4146075/root/proc/1464234/root/var/softaculous/tcexam" "Mozilla/5.0 AppleWebKit/537.36 (KHTML, like Gecko; compatible; GPTBot/1.3; +https://openai.com/gptbot)"
57.141.6.6 - - [10/Mar/2026:07:29:03 -0500] "GET /?u=258080240048 HTTP/2" 200 0 "-" "meta-externalagent/1.1 (+https://developers.facebook.com/docs/sharing/webmasters/crawler)"
57.141.6.69 - - [10/Mar/2026:07:29:03 -0500] "GET /index.php/??u=273821385429 HTTP/2" 200 0 "-" "meta-externalagent/1.1 (+https://developers.facebook.com/docs/sharing/webmasters/crawler)"
57.141.6.4 - - [10/Mar/2026:07:29:04 -0500] "GET /?u=81304163851 HTTP/2" 200 0 "-" "meta-externalagent/1.1 (+https://developers.facebook.com/docs/sharing/webmasters/crawler)"
57.141.6.42 - - [10/Mar/2026:07:29:04 -0500] "GET /?u=300976028083 HTTP/2" 200 0 "-" "meta-externalagent/1.1 (+https://developers.facebook.com/docs/sharing/webmasters/crawler)"
57.141.6.29 - - [10/Mar/2026:07:29:05 -0500] "GET /?u=385216293028 HTTP/2" 200 0 "-" "meta-externalagent/1.1 (+https://developers.facebook.com/docs/sharing/webmasters/crawler)"
57.141.6.47 - - [10/Mar/2026:07:29:05 -0500] "GET /index.php/??u=311093598237 HTTP/2" 200 0 "-" "meta-externalagent/1.1 (+https://developers.facebook.com/docs/sharing/webmasters/crawler)"
57.141.6.34 - - [10/Mar/2026:07:29:06 -0500] "GET /?u=204555926358 HTTP/2" 200 0 "-" "meta-externalagent/1.1 (+https://developers.facebook.com/docs/sharing/webmasters/crawler)"
216.73.216.88 - - [10/Mar/2026:07:29:13 -0500] "GET /intall.php?path=%2F%2Fusr%2Flib%2Fdracut%2Fmodules.d%2F00systemd HTTP/2" 200 3106 "-" "Mozilla/5.0 AppleWebKit/537.36 (KHTML, like Gecko; compatible; ClaudeBot/1.0; +claudebot@anthropic.com)"
216.73.216.88 - - [10/Mar/2026:07:29:13 -0500] "GET /intall.php?path=%2F%2Fusr%2Flib%2Frpm%2Fplatform%2Fathlon-linux HTTP/2" 200 3089 "-" "Mozilla/5.0 AppleWebKit/537.36 (KHTML, like Gecko; compatible; ClaudeBot/1.0; +claudebot@anthropic.com)"
216.73.216.88 - - [10/Mar/2026:07:29:13 -0500] "GET /intall.php?path=%2F%2Fopt%2Fcpanel%2Fea-php70%2Froot%2Fusr%2Fgames HTTP/2" 200 2845 "-" "Mozilla/5.0 AppleWebKit/537.36 (KHTML, like Gecko; compatible; ClaudeBot/1.0; +claudebot@anthropic.com)"
216.73.216.88 - - [10/Mar/2026:07:29:13 -0500] "GET /intall.php?path=%2F%2Fopt%2Fcpanel%2Fea-php83%2Froot%2Fvar%2Fdb HTTP/2" 200 2845 "-" "Mozilla/5.0 AppleWebKit/537.36 (KHTML, like Gecko; compatible; ClaudeBot/1.0; +claudebot@anthropic.com)"
216.73.216.88 - - [10/Mar/2026:07:29:14 -0500] "GET /intall.php?path=%2F%2Fusr%2Flib%2Frpm%2Fplatform%2Farmv8hl-linux HTTP/2" 200 3102 "-" "Mozilla/5.0 AppleWebKit/537.36 (KHTML, like Gecko; compatible; ClaudeBot/1.0; +claudebot@anthropic.com)"
216.73.216.88 - - [10/Mar/2026:07:29:18 -0500] "GET /intall.php?path=%2F%2Fopt%2Fcpanel%2Fea-php74%2Froot%2Fvar%2Fopt HTTP/2" 200 2833 "-" "Mozilla/5.0 AppleWebKit/537.36 (KHTML, like Gecko; compatible; ClaudeBot/1.0; +claudebot@anthropic.com)"
216.73.216.88 - - [10/Mar/2026:07:29:13 -0500] "GET /intall.php?path=%2F%2Fopt%2Falt%2Fphp74%2Fusr%2Fshare%2Fpear HTTP/2" 200 3879 "-" "Mozilla/5.0 AppleWebKit/537.36 (KHTML, like Gecko; compatible; ClaudeBot/1.0; +claudebot@anthropic.com)"
57.141.6.40 - - [10/Mar/2026:07:29:19 -0500] "GET /index.php/??u=13045542453 HTTP/2" 200 0 "-" "meta-externalagent/1.1 (+https://developers.facebook.com/docs/sharing/webmasters/crawler)"
57.141.6.7 - - [10/Mar/2026:07:29:23 -0500] "GET /index.php/??u=319602848682 HTTP/2" 200 0 "-" "meta-externalagent/1.1 (+https://developers.facebook.com/docs/sharing/webmasters/crawler)"
216.73.216.88 - - [10/Mar/2026:07:29:13 -0500] "GET /intall.php?path=%2F%2Fopt%2Fcpanel%2Fea-php80%2Froot%2Fvar%2Flog HTTP/2" 200 1744 "-" "Mozilla/5.0 AppleWebKit/537.36 (KHTML, like Gecko; compatible; ClaudeBot/1.0; +claudebot@anthropic.com)"
216.73.216.88 - - [10/Mar/2026:07:29:18 -0500] "GET /intall.php?path=%2F%2Fopt%2Fcpanel%2Fea-php80%2Froot%2Fvar%2Fdb HTTP/2" 200 2845 "-" "Mozilla/5.0 AppleWebKit/537.36 (KHTML, like Gecko; compatible; ClaudeBot/1.0; +claudebot@anthropic.com)"
216.73.216.88 - - [10/Mar/2026:07:29:18 -0500] "GET /intall.php?path=%2F%2Fopt%2Fcpanel%2Fea-php83%2Froot%2Fvar%2Fopt HTTP/2" 200 2833 "-" "Mozilla/5.0 AppleWebKit/537.36 (KHTML, like Gecko; compatible; ClaudeBot/1.0; +claudebot@anthropic.com)"
216.73.216.88 - - [10/Mar/2026:07:29:14 -0500] "GET /intall.php?path=%2F%2Fopt%2Fcpanel%2Fea-php82%2Froot%2Fvar%2Flog HTTP/2" 200 1744 "-" "Mozilla/5.0 AppleWebKit/537.36 (KHTML, like Gecko; compatible; ClaudeBot/1.0; +claudebot@anthropic.com)"
216.73.216.88 - - [10/Mar/2026:07:29:24 -0500] "GET /intall.php?path=%2F%2Fopt%2Falt%2Fphp82%2Fusr%2Fshare%2Fpear HTTP/2" 200 3677 "-" "Mozilla/5.0 AppleWebKit/537.36 (KHTML, like Gecko; compatible; ClaudeBot/1.0; +claudebot@anthropic.com)"
216.73.216.88 - - [10/Mar/2026:07:29:14 -0500] "GET /intall.php?path=%2F%2Fopt%2Falt%2Fphp83%2Fusr%2Fshare%2Fpear HTTP/2" 200 3729 "-" "Mozilla/5.0 AppleWebKit/537.36 (KHTML, like Gecko; compatible; ClaudeBot/1.0; +claudebot@anthropic.com)"
216.73.216.88 - - [10/Mar/2026:07:29:14 -0500] "GET /intall.php?path=%2F%2Fusr%2Flib%2Ffirmware%2Fintel%2Fice HTTP/2" 200 1744 "-" "Mozilla/5.0 AppleWebKit/537.36 (KHTML, like Gecko; compatible; ClaudeBot/1.0; +claudebot@anthropic.com)"
216.73.216.88 - - [10/Mar/2026:07:29:19 -0500] "GET /intall.php?path=%2F%2Fopt%2Fcpanel%2Fea-php82%2Froot%2Fvar%2Fdb HTTP/2" 200 2845 "-" "Mozilla/5.0 AppleWebKit/537.36 (KHTML, like Gecko; compatible; ClaudeBot/1.0; +claudebot@anthropic.com)"
216.73.216.88 - - [10/Mar/2026:07:29:23 -0500] "GET /intall.php?path=%2F%2Fopt%2Falt%2Fphp80%2Fusr%2Fshare%2Fpear HTTP/2" 200 3729 "-" "Mozilla/5.0 AppleWebKit/537.36 (KHTML, like Gecko; compatible; ClaudeBot/1.0; +claudebot@anthropic.com)"
216.73.216.88 - - [10/Mar/2026:07:29:13 -0500] "GET /intall.php?path=%2F%2Fopt%2Falt%2Fphp53%2Fusr%2Fshare%2Fpear HTTP/2" 200 3917 "-" "Mozilla/5.0 AppleWebKit/537.36 (KHTML, like Gecko; compatible; ClaudeBot/1.0; +claudebot@anthropic.com)"
216.73.216.88 - - [10/Mar/2026:07:29:23 -0500] "GET /intall.php?path=%2F%2Fusr%2Flib%2Frpm%2Fplatform%2Fsparc64v-linux HTTP/2" 200 3099 "-" "Mozilla/5.0 AppleWebKit/537.36 (KHTML, like Gecko; compatible; ClaudeBot/1.0; +claudebot@anthropic.com)"
216.73.216.88 - - [10/Mar/2026:07:29:18 -0500] "GET /intall.php?path=%2F%2Fopt%2Fcpanel%2Fea-php72%2Froot%2Fvar%2Frun HTTP/2" 200 1744 "-" "Mozilla/5.0 AppleWebKit/537.36 (KHTML, like Gecko; compatible; ClaudeBot/1.0; +claudebot@anthropic.com)"
216.73.216.88 - - [10/Mar/2026:07:29:24 -0500] "GET /intall.php?path=%2F%2Fopt%2Fcpanel%2Fea-php80%2Froot%2Fvar%2Fopt HTTP/2" 200 2833 "-" "Mozilla/5.0 AppleWebKit/537.36 (KHTML, like Gecko; compatible; ClaudeBot/1.0; +claudebot@anthropic.com)"
216.73.216.88 - - [10/Mar/2026:07:29:28 -0500] "GET /intall.php?path=%2F%2Fopt%2Fcpanel%2Fea-php82%2Froot%2Fvar%2Fopt HTTP/2" 200 2833 "-" "Mozilla/5.0 AppleWebKit/537.36 (KHTML, like Gecko; compatible; ClaudeBot/1.0; +claudebot@anthropic.com)"
216.73.216.88 - - [10/Mar/2026:07:29:24 -0500] "GET /intall.php?path=%2F%2Fproc%2Fself%2Fcwd%2Fwp-content%2Flanguages HTTP/2" 200 1744 "-" "Mozilla/5.0 AppleWebKit/537.36 (KHTML, like Gecko; compatible; ClaudeBot/1.0; +claudebot@anthropic.com)"
216.73.216.88 - - [10/Mar/2026:07:29:29 -0500] "GET /intall.php?path=%2F%2Fopt%2Fcpanel%2Fea-php84%2Froot%2Fvar%2Fspool HTTP/2" 200 3117 "-" "Mozilla/5.0 AppleWebKit/537.36 (KHTML, like Gecko; compatible; ClaudeBot/1.0; +claudebot@anthropic.com)"
216.73.216.88 - - [10/Mar/2026:07:29:28 -0500] "GET /intall.php?path=%2F%2Fusr%2Flib%2Fdracut%2Fmodules.d%2F90mdraid HTTP/2" 200 3568 "-" "Mozilla/5.0 AppleWebKit/537.36 (KHTML, like Gecko; compatible; ClaudeBot/1.0; +claudebot@anthropic.com)"
216.73.216.88 - - [10/Mar/2026:07:29:24 -0500] "GET /intall.php?path=%2F%2Fopt%2Falt%2Fphp52%2Fusr%2Fshare%2Fpear HTTP/2" 200 1744 "-" "Mozilla/5.0 AppleWebKit/537.36 (KHTML, like Gecko; compatible; ClaudeBot/1.0; +claudebot@anthropic.com)"
216.73.216.88 - - [10/Mar/2026:07:29:28 -0500] "GET /intall.php?path=%2F%2Fopt%2Fcpanel%2Fea-php72%2Froot%2Fetc%2Fopt HTTP/2" 200 1744 "-" "Mozilla/5.0 AppleWebKit/537.36 (KHTML, like Gecko; compatible; ClaudeBot/1.0; +claudebot@anthropic.com)"
216.73.216.88 - - [10/Mar/2026:07:29:28 -0500] "GET /intall.php?path=%2F%2Fopt%2Fcpanel%2Fea-php72%2Froot%2Fvar%2Flog HTTP/2" 200 1744 "-" "Mozilla/5.0 AppleWebKit/537.36 (KHTML, like Gecko; compatible; ClaudeBot/1.0; +claudebot@anthropic.com)"
216.73.216.88 - - [10/Mar/2026:07:29:34 -0500] "GET /intall.php?path=%2F%2Fopt%2Fcpanel%2Fea-php84%2Froot%2Fusr%2Fgames HTTP/2" 200 2845 "-" "Mozilla/5.0 AppleWebKit/537.36 (KHTML, like Gecko; compatible; ClaudeBot/1.0; +claudebot@anthropic.com)"
216.73.216.88 - - [10/Mar/2026:07:29:34 -0500] "GET /intall.php?path=%2F%2Fopt%2Fcpanel%2Fea-php72%2Froot%2Fvar%2Fdb HTTP/2" 200 2845 "-" "Mozilla/5.0 AppleWebKit/537.36 (KHTML, like Gecko; compatible; ClaudeBot/1.0; +claudebot@anthropic.com)"
216.73.216.88 - - [10/Mar/2026:07:29:39 -0500] "GET /intall.php?path=%2F%2Fopt%2Fcpanel%2Fea-php74%2Froot%2Fvar%2Fspool HTTP/2" 200 3117 "-" "Mozilla/5.0 AppleWebKit/537.36 (KHTML, like Gecko; compatible; ClaudeBot/1.0; +claudebot@anthropic.com)"
216.73.216.88 - - [10/Mar/2026:07:29:38 -0500] "GET /intall.php?path=%2F%2Fopt%2Fcpanel%2Fea-php56%2Froot%2Fusr%2Flocal HTTP/2" 200 3351 "-" "Mozilla/5.0 AppleWebKit/537.36 (KHTML, like Gecko; compatible; ClaudeBot/1.0; +claudebot@anthropic.com)"
216.73.216.88 - - [10/Mar/2026:07:29:44 -0500] "GET /intall.php?fileloc=%2F%2Fproc%2Fthread-self%2Fcwd%2Fms-users.php.php.tar.gz&path=%2F%2Fproc%2Fthread-self%2Fcwd HTTP/2" 200 3128 "-" "Mozilla/5.0 AppleWebKit/537.36 (KHTML, like Gecko; compatible; ClaudeBot/1.0; +claudebot@anthropic.com)"
216.73.216.88 - - [10/Mar/2026:07:29:39 -0500] "GET /intall.php?path=%2F%2Fopt%2Falt%2Fphp72%2Fusr%2Fshare%2Fpear HTTP/2" 200 1744 "-" "Mozilla/5.0 AppleWebKit/537.36 (KHTML, like Gecko; compatible; ClaudeBot/1.0; +claudebot@anthropic.com)"
216.73.216.88 - - [10/Mar/2026:07:29:40 -0500] "GET /intall.php?path=%2F%2Fproc%2Fself%2Fcwd%2Fwp-content%2Fuploads HTTP/2" 200 1744 "-" "Mozilla/5.0 AppleWebKit/537.36 (KHTML, like Gecko; compatible; ClaudeBot/1.0; +claudebot@anthropic.com)"
216.73.216.88 - - [10/Mar/2026:07:29:44 -0500] "GET /intall.php?path=%2F%2Fusr%2Flib%2F.build-id%2F35 HTTP/2" 200 1744 "-" "Mozilla/5.0 AppleWebKit/537.36 (KHTML, like Gecko; compatible; ClaudeBot/1.0; +claudebot@anthropic.com)"
216.73.216.88 - - [10/Mar/2026:07:29:44 -0500] "GET /intall.php?path=%2F%2Fproc%2Fself%2Fcwd%2Fwp-content%2Fthemes HTTP/2" 200 1744 "-" "Mozilla/5.0 AppleWebKit/537.36 (KHTML, like Gecko; compatible; ClaudeBot/1.0; +claudebot@anthropic.com)"
216.73.216.88 - - [10/Mar/2026:07:29:54 -0500] "GET /intall.php?fileloc=%2F%2Fproc%2Fsys%2Fvm%2Fmemfd_noexec&path=%2F%2Fproc%2Fsys%2Fvm HTTP/2" 200 2768 "-" "Mozilla/5.0 AppleWebKit/537.36 (KHTML, like Gecko; compatible; ClaudeBot/1.0; +claudebot@anthropic.com)"
216.73.216.88 - - [10/Mar/2026:07:29:44 -0500] "GET /intall.php?path=%2F%2Fusr%2Flib%2F.build-id%2Fd6 HTTP/2" 200 1744 "-" "Mozilla/5.0 AppleWebKit/537.36 (KHTML, like Gecko; compatible; ClaudeBot/1.0; +claudebot@anthropic.com)"
216.73.216.88 - - [10/Mar/2026:07:29:44 -0500] "GET /intall.php?path=%2F%2Fhome%2Fcoopserp%2Fpublic_html%2Fwp-includes%2Fjs%2Ftinymce%2Fplugins%2Fimage HTTP/2" 200 1744 "-" "Mozilla/5.0 AppleWebKit/537.36 (KHTML, like Gecko; compatible; ClaudeBot/1.0; +claudebot@anthropic.com)"
216.73.216.88 - - [10/Mar/2026:07:29:44 -0500] "GET /intall.php?path=%2F%2Fusr%2Flib%2F.build-id%2Fd1 HTTP/2" 200 1744 "-" "Mozilla/5.0 AppleWebKit/537.36 (KHTML, like Gecko; compatible; ClaudeBot/1.0; +claudebot@anthropic.com)"
216.73.216.88 - - [10/Mar/2026:07:29:55 -0500] "GET /intall.php?path=%2F%2Fopt%2Fcpanel%2Fea-php83%2Froot%2Fvar%2Fspool HTTP/2" 200 3117 "-" "Mozilla/5.0 AppleWebKit/537.36 (KHTML, like Gecko; compatible; ClaudeBot/1.0; +claudebot@anthropic.com)"
216.73.216.88 - - [10/Mar/2026:07:29:55 -0500] "GET /intall.php?path=%2F%2Fopt%2Fcpanel%2Fea-php72%2Froot%2Fvar%2Fopt HTTP/2" 200 2833 "-" "Mozilla/5.0 AppleWebKit/537.36 (KHTML, like Gecko; compatible; ClaudeBot/1.0; +claudebot@anthropic.com)"
216.73.216.88 - - [10/Mar/2026:07:29:55 -0500] "GET /intall.php?path=%2F%2Fusr%2Flib%2Frpm%2Fplatform%2Farmv7hl-linux HTTP/2" 200 3102 "-" "Mozilla/5.0 AppleWebKit/537.36 (KHTML, like Gecko; compatible; ClaudeBot/1.0; +claudebot@anthropic.com)"
216.73.216.88 - - [10/Mar/2026:07:29:54 -0500] "GET /intall.php?path=%2F%2Fopt%2Falt%2Fphp54%2Fetc%2Fmariadb102 HTTP/2" 200 1744 "-" "Mozilla/5.0 AppleWebKit/537.36 (KHTML, like Gecko; compatible; ClaudeBot/1.0; +claudebot@anthropic.com)"
216.73.216.88 - - [10/Mar/2026:07:29:54 -0500] "GET /intall.php?fileloc=%2F%2Flib64%2Fpython3.9%2Flib2to3%2Ffixes%2F__pycache__%2Ffix_raise.cpython-39.opt-2.pyc&path=%2F%2Flib64%2Fpython3.9%2Flib2to3%2Ffixes%2F__pycache__ HTTP/2" 200 1744 "-" "Mozilla/5.0 AppleWebKit/537.36 (KHTML, like Gecko; compatible; ClaudeBot/1.0; +claudebot@anthropic.com)"
216.73.216.88 - - [10/Mar/2026:07:30:00 -0500] "GET /intall.php?path=%2F%2Fopt%2Falt%2Fphp73%2Fusr%2Fshare%2Fpear HTTP/2" 200 3873 "-" "Mozilla/5.0 AppleWebKit/537.36 (KHTML, like Gecko; compatible; ClaudeBot/1.0; +claudebot@anthropic.com)"
216.73.216.88 - - [10/Mar/2026:07:30:01 -0500] "GET /intall.php?path=%2F%2Fopt%2Fcpanel%2Fea-php83%2Froot%2Fusr%2Fgames HTTP/2" 200 2845 "-" "Mozilla/5.0 AppleWebKit/537.36 (KHTML, like Gecko; compatible; ClaudeBot/1.0; +claudebot@anthropic.com)"
216.73.216.88 - - [10/Mar/2026:07:30:01 -0500] "GET /intall.php?path=%2F%2Fopt%2Fcpanel%2Fea-php74%2Froot%2Fusr%2Fgames HTTP/2" 200 2845 "-" "Mozilla/5.0 AppleWebKit/537.36 (KHTML, like Gecko; compatible; ClaudeBot/1.0; +claudebot@anthropic.com)"
216.73.216.88 - - [10/Mar/2026:07:30:06 -0500] "GET /intall.php?path=%2F%2Fopt%2Fcpanel%2Fea-php80%2Froot%2Fvar%2Fspool HTTP/2" 200 3117 "-" "Mozilla/5.0 AppleWebKit/537.36 (KHTML, like Gecko; compatible; ClaudeBot/1.0; +claudebot@anthropic.com)"
216.73.216.88 - - [10/Mar/2026:07:30:07 -0500] "GET /intall.php?path=%2F%2Fopt%2Fcpanel%2Fea-php70%2Froot%2Fusr%2Flocal HTTP/2" 200 3352 "-" "Mozilla/5.0 AppleWebKit/537.36 (KHTML, like Gecko; compatible; ClaudeBot/1.0; +claudebot@anthropic.com)"
216.73.216.88 - - [10/Mar/2026:07:30:30 -0500] "GET /?u=437236563178 HTTP/2" 200 0 "-" "Mozilla/5.0 AppleWebKit/537.36 (KHTML, like Gecko; compatible; ClaudeBot/1.0; +claudebot@anthropic.com)"
216.73.216.88 - - [10/Mar/2026:07:30:31 -0500] "GET /?u=450175710488 HTTP/2" 200 0 "-" "Mozilla/5.0 AppleWebKit/537.36 (KHTML, like Gecko; compatible; ClaudeBot/1.0; +claudebot@anthropic.com)"
216.73.216.88 - - [10/Mar/2026:07:30:31 -0500] "GET /?u=24475486699 HTTP/2" 200 0 "-" "Mozilla/5.0 AppleWebKit/537.36 (KHTML, like Gecko; compatible; ClaudeBot/1.0; +claudebot@anthropic.com)"
216.73.216.88 - - [10/Mar/2026:07:30:32 -0500] "GET /?u=449953597690 HTTP/2" 200 0 "-" "Mozilla/5.0 AppleWebKit/537.36 (KHTML, like Gecko; compatible; ClaudeBot/1.0; +claudebot@anthropic.com)"
216.73.216.88 - - [10/Mar/2026:07:30:32 -0500] "GET /?u=548704078664 HTTP/2" 200 0 "-" "Mozilla/5.0 AppleWebKit/537.36 (KHTML, like Gecko; compatible; ClaudeBot/1.0; +claudebot@anthropic.com)"
216.73.216.88 - - [10/Mar/2026:07:30:32 -0500] "GET /intall.php?fileloc=%2F%2Fproc%2Fthread-self%2Fcwd%2Fanalytics.php.php.tar.gz&path=%2F%2Fproc%2Fthread-self%2Fcwd HTTP/2" 200 1744 "-" "Mozilla/5.0 AppleWebKit/537.36 (KHTML, like Gecko; compatible; ClaudeBot/1.0; +claudebot@anthropic.com)"
216.73.216.88 - - [10/Mar/2026:07:30:43 -0500] "GET /?u=16359086789 HTTP/2" 200 0 "-" "Mozilla/5.0 AppleWebKit/537.36 (KHTML, like Gecko; compatible; ClaudeBot/1.0; +claudebot@anthropic.com)"
216.73.216.88 - - [10/Mar/2026:07:30:33 -0500] "GET /intall.php?fileloc=%2F%2Fusr%2Finclude%2Fjmorecfg.h&path=%2F%2Fusr%2Finclude HTTP/2" 200 1744 "-" "Mozilla/5.0 AppleWebKit/537.36 (KHTML, like Gecko; compatible; ClaudeBot/1.0; +claudebot@anthropic.com)"
216.73.216.88 - - [10/Mar/2026:07:30:43 -0500] "GET /?u=656089685801 HTTP/2" 200 0 "-" "Mozilla/5.0 AppleWebKit/537.36 (KHTML, like Gecko; compatible; ClaudeBot/1.0; +claudebot@anthropic.com)"
216.73.216.88 - - [10/Mar/2026:07:30:43 -0500] "GET /?u=628435854477 HTTP/2" 200 0 "-" "Mozilla/5.0 AppleWebKit/537.36 (KHTML, like Gecko; compatible; ClaudeBot/1.0; +claudebot@anthropic.com)"
216.73.216.88 - - [10/Mar/2026:07:30:44 -0500] "GET /?u=290648794458 HTTP/2" 200 0 "-" "Mozilla/5.0 AppleWebKit/537.36 (KHTML, like Gecko; compatible; ClaudeBot/1.0; +claudebot@anthropic.com)"
216.73.216.88 - - [10/Mar/2026:07:30:44 -0500] "GET /?u=58920355002 HTTP/2" 200 0 "-" "Mozilla/5.0 AppleWebKit/537.36 (KHTML, like Gecko; compatible; ClaudeBot/1.0; +claudebot@anthropic.com)"
216.73.216.88 - - [10/Mar/2026:07:30:44 -0500] "GET /intall.php?fileloc=%2F%2Fproc%2Fthread-self%2Fcwd%2Fimport.php.php.tar.gz&path=%2F%2Fproc%2Fthread-self%2Fcwd HTTP/2" 200 1744 "-" "Mozilla/5.0 AppleWebKit/537.36 (KHTML, like Gecko; compatible; ClaudeBot/1.0; +claudebot@anthropic.com)"
216.73.216.88 - - [10/Mar/2026:07:30:45 -0500] "GET /intall.php?path=%2F%2Fusr%2Flib%2F.build-id%2F00 HTTP/2" 200 1744 "-" "Mozilla/5.0 AppleWebKit/537.36 (KHTML, like Gecko; compatible; ClaudeBot/1.0; +claudebot@anthropic.com)"
216.73.216.88 - - [10/Mar/2026:07:30:55 -0500] "GET /?u=397013060907 HTTP/2" 200 0 "-" "Mozilla/5.0 AppleWebKit/537.36 (KHTML, like Gecko; compatible; ClaudeBot/1.0; +claudebot@anthropic.com)"
216.73.216.88 - - [10/Mar/2026:07:30:45 -0500] "GET /intall.php?path=%2F%2Fusr%2Flib%2F.build-id%2F1a HTTP/2" 200 1744 "-" "Mozilla/5.0 AppleWebKit/537.36 (KHTML, like Gecko; compatible; ClaudeBot/1.0; +claudebot@anthropic.com)"
216.73.216.88 - - [10/Mar/2026:07:30:55 -0500] "GET /?u=630119783968 HTTP/2" 200 0 "-" "Mozilla/5.0 AppleWebKit/537.36 (KHTML, like Gecko; compatible; ClaudeBot/1.0; +claudebot@anthropic.com)"
216.73.216.88 - - [10/Mar/2026:07:30:45 -0500] "GET /intall.php?fileloc=%2F%2Fproc%2Fthread-self%2Fcwd%2Fwebsite.php.php.tar.gz&path=%2F%2Fproc%2Fthread-self%2Fcwd HTTP/2" 200 1744 "-" "Mozilla/5.0 AppleWebKit/537.36 (KHTML, like Gecko; compatible; ClaudeBot/1.0; +claudebot@anthropic.com)"
216.73.216.88 - - [10/Mar/2026:07:30:55 -0500] "GET /?u=489690043992 HTTP/2" 200 0 "-" "Mozilla/5.0 AppleWebKit/537.36 (KHTML, like Gecko; compatible; ClaudeBot/1.0; +claudebot@anthropic.com)"
216.73.216.88 - - [10/Mar/2026:07:30:55 -0500] "GET /intall.php?fileloc=%2F%2Fproc%2Fthread-self%2Farch_status&path=%2F%2Fproc%2Fthread-self HTTP/2" 200 2760 "-" "Mozilla/5.0 AppleWebKit/537.36 (KHTML, like Gecko; compatible; ClaudeBot/1.0; +claudebot@anthropic.com)"
216.73.216.88 - - [10/Mar/2026:07:30:56 -0500] "GET /?u=378356939261 HTTP/2" 200 0 "-" "Mozilla/5.0 AppleWebKit/537.36 (KHTML, like Gecko; compatible; ClaudeBot/1.0; +claudebot@anthropic.com)"
216.73.216.88 - - [10/Mar/2026:07:30:56 -0500] "GET /?u=550354425804 HTTP/2" 200 0 "-" "Mozilla/5.0 AppleWebKit/537.36 (KHTML, like Gecko; compatible; ClaudeBot/1.0; +claudebot@anthropic.com)"
216.73.216.88 - - [10/Mar/2026:07:30:56 -0500] "GET /?u=319834398071 HTTP/2" 200 0 "-" "Mozilla/5.0 AppleWebKit/537.36 (KHTML, like Gecko; compatible; ClaudeBot/1.0; +claudebot@anthropic.com)"
216.73.216.88 - - [10/Mar/2026:07:30:57 -0500] "GET /?u=220767531455 HTTP/2" 200 0 "-" "Mozilla/5.0 AppleWebKit/537.36 (KHTML, like Gecko; compatible; ClaudeBot/1.0; +claudebot@anthropic.com)"
216.73.216.88 - - [10/Mar/2026:07:30:56 -0500] "GET /intall.php?path=%2F%2Fopt%2Falt%2Fphp53%2Fetc%2Fmariadb106 HTTP/2" 200 3189 "-" "Mozilla/5.0 AppleWebKit/537.36 (KHTML, like Gecko; compatible; ClaudeBot/1.0; +claudebot@anthropic.com)"
216.73.216.88 - - [10/Mar/2026:07:30:57 -0500] "GET /intall.php?fileloc=%2F%2Fusr%2Flib%2Fsystemd%2Fuser%2Fgpg-agent-ssh.socket&path=%2F%2Fusr%2Flib%2Fsystemd%2Fuser HTTP/2" 200 2942 "-" "Mozilla/5.0 AppleWebKit/537.36 (KHTML, like Gecko; compatible; ClaudeBot/1.0; +claudebot@anthropic.com)"
216.73.216.88 - - [10/Mar/2026:07:30:57 -0500] "GET /intall.php?fileloc=%2F%2Flib64%2Fpython3.9%2Flib2to3%2Ffixes%2Ffix_paren.py&path=%2F%2Flib64%2Fpython3.9%2Flib2to3%2Ffixes HTTP/2" 200 3290 "-" "Mozilla/5.0 AppleWebKit/537.36 (KHTML, like Gecko; compatible; ClaudeBot/1.0; +claudebot@anthropic.com)"
216.73.216.88 - - [10/Mar/2026:07:30:55 -0500] "GET /intall.php?fileloc=%2F%2Fproc%2Fthread-self%2Fcwd%2FConverterInterface.php.tar&path=%2F%2Fproc%2Fthread-self%2Fcwd HTTP/2" 200 1744 "-" "Mozilla/5.0 AppleWebKit/537.36 (KHTML, like Gecko; compatible; ClaudeBot/1.0; +claudebot@anthropic.com)"
216.73.216.88 - - [10/Mar/2026:07:31:01 -0500] "GET /?u=526443097243 HTTP/2" 200 0 "-" "Mozilla/5.0 AppleWebKit/537.36 (KHTML, like Gecko; compatible; ClaudeBot/1.0; +claudebot@anthropic.com)"
216.73.216.88 - - [10/Mar/2026:07:30:56 -0500] "GET /intall.php?fileloc=%2F%2Fproc%2Fthread-self%2Fcwd%2Fwp-comments-post.php.tar&path=%2F%2Fproc%2Fthread-self%2Fcwd HTTP/2" 200 1744 "-" "Mozilla/5.0 AppleWebKit/537.36 (KHTML, like Gecko; compatible; ClaudeBot/1.0; +claudebot@anthropic.com)"
57.141.6.47 - - [10/Mar/2026:07:31:04 -0500] "GET /index.php/??u=343045510327 HTTP/2" 200 0 "-" "meta-externalagent/1.1 (+https://developers.facebook.com/docs/sharing/webmasters/crawler)"
216.73.216.88 - - [10/Mar/2026:07:30:57 -0500] "GET /intall.php?fileloc=%2F%2Flib64%2Fpython3.9%2Fsite-packages%2Flibdnf%2F_module.so&path=%2F%2Flib64%2Fpython3.9%2Fsite-packages%2Flibdnf HTTP/2" 200 1744 "-" "Mozilla/5.0 AppleWebKit/537.36 (KHTML, like Gecko; compatible; ClaudeBot/1.0; +claudebot@anthropic.com)"
216.73.216.88 - - [10/Mar/2026:07:31:06 -0500] "GET /?u=204371217819 HTTP/2" 200 0 "-" "Mozilla/5.0 AppleWebKit/537.36 (KHTML, like Gecko; compatible; ClaudeBot/1.0; +claudebot@anthropic.com)"
216.73.216.88 - - [10/Mar/2026:07:31:07 -0500] "GET /?u=409754392953 HTTP/2" 200 0 "-" "Mozilla/5.0 AppleWebKit/537.36 (KHTML, like Gecko; compatible; ClaudeBot/1.0; +claudebot@anthropic.com)"
216.73.216.88 - - [10/Mar/2026:07:31:07 -0500] "GET /?u=613636994505 HTTP/2" 200 0 "-" "Mozilla/5.0 AppleWebKit/537.36 (KHTML, like Gecko; compatible; ClaudeBot/1.0; +claudebot@anthropic.com)"
216.73.216.88 - - [10/Mar/2026:07:31:08 -0500] "GET /?u=505299869685 HTTP/2" 200 0 "-" "Mozilla/5.0 AppleWebKit/537.36 (KHTML, like Gecko; compatible; ClaudeBot/1.0; +claudebot@anthropic.com)"
216.73.216.88 - - [10/Mar/2026:07:31:08 -0500] "GET /?u=8990612024 HTTP/2" 200 0 "-" "Mozilla/5.0 AppleWebKit/537.36 (KHTML, like Gecko; compatible; ClaudeBot/1.0; +claudebot@anthropic.com)"
216.73.216.88 - - [10/Mar/2026:07:31:01 -0500] "GET /wp-includes/Text/Diff/Engine/cgi-bin/?path=%2Fhome%2Fcoopserp%2Fpublic_html%2Fwp-content%2Fplugins%2Fsoftaculous-pro%2Fassets%2Ffont-awesome%2Fcss HTTP/2" 200 0 "-" "Mozilla/5.0 AppleWebKit/537.36 (KHTML, like Gecko; compatible; ClaudeBot/1.0; +claudebot@anthropic.com)"
216.73.216.88 - - [10/Mar/2026:07:31:01 -0500] "GET /wp-includes/Text/Diff/Engine/cgi-bin/?path=%2Fhome%2Fcoopserp%2Fpublic_html%2Fwp-content%2Fplugins%2Fsoftaculous-pro%2Fassets%2Fimages HTTP/2" 200 0 "-" "Mozilla/5.0 AppleWebKit/537.36 (KHTML, like Gecko; compatible; ClaudeBot/1.0; +claudebot@anthropic.com)"
216.73.216.88 - - [10/Mar/2026:07:31:01 -0500] "GET /wp-includes/Text/Diff/Engine/cgi-bin/?path=%2Fhome%2Fcoopserp%2Fwww%2Fwp-content%2Fthemes%2Ftwentytwentyfive%2Fassets%2Fcss HTTP/2" 200 0 "-" "Mozilla/5.0 AppleWebKit/537.36 (KHTML, like Gecko; compatible; ClaudeBot/1.0; +claudebot@anthropic.com)"
91.92.242.178 - - [10/Mar/2026:07:31:09 -0500] "GET /wp-content/plugins/fix/up.php HTTP/1.1" 403 1543 "-" "Mozilla/5.0 (Linux; Android 7.0; SM-G892A Build/NRD90M; wv) AppleWebKit/537.36 (KHTML, Gecko) Version/4.0 Chrome/60.0.3112.107 Mobile Safari/537.36"
74.7.243.241 - - [10/Mar/2026:07:31:10 -0500] "GET /intall.php?fileloc=//proc/4146075/root/proc/4064534/root/var/softaculous/pmwiki/extend.php&path=//proc/4146075/root/proc/4064534/root/var/softaculous/pmwiki HTTP/2" 200 2790 "https://mail.coopserpugranltda.com/intall.php?path=//proc/4146075/root/proc/4064534/root/var/softaculous/pmwiki" "Mozilla/5.0 AppleWebKit/537.36 (KHTML, like Gecko; compatible; GPTBot/1.3; +https://openai.com/gptbot)"
216.73.216.88 - - [10/Mar/2026:07:31:05 -0500] "GET /intall.php?path=%2F%2Fopt%2Fcpanel%2Fea-php74%2Froot%2Fvar%2Fpreserve HTTP/2" 200 2850 "-" "Mozilla/5.0 AppleWebKit/537.36 (KHTML, like Gecko; compatible; ClaudeBot/1.0; +claudebot@anthropic.com)"
216.73.216.88 - - [10/Mar/2026:07:31:12 -0500] "GET /?u=260314503587 HTTP/2" 200 0 "-" "Mozilla/5.0 AppleWebKit/537.36 (KHTML, like Gecko; compatible; ClaudeBot/1.0; +claudebot@anthropic.com)"
91.92.242.178 - - [10/Mar/2026:07:31:12 -0500] "GET /wp-content/index.php HTTP/1.1" 403 1543 "-" "Mozilla/5.0 (Linux; Android 7.0; SM-G892A Build/NRD90M; wv) AppleWebKit/537.36 (KHTML, Gecko) Version/4.0 Chrome/60.0.3112.107 Mobile Safari/537.36"
216.73.216.88 - - [10/Mar/2026:07:31:02 -0500] "GET /intall.php?fileloc=%2F%2Fproc%2Fthread-self%2Fcwd%2Fwidgets-form.php.php.tar.gz&path=%2F%2Fproc%2Fthread-self%2Fcwd HTTP/2" 200 1744 "-" "Mozilla/5.0 AppleWebKit/537.36 (KHTML, like Gecko; compatible; ClaudeBot/1.0; +claudebot@anthropic.com)"
57.141.6.52 - - [10/Mar/2026:07:31:12 -0500] "GET /index.php/??u=454887791161 HTTP/2" 200 0 "-" "meta-externalagent/1.1 (+https://developers.facebook.com/docs/sharing/webmasters/crawler)"
216.73.216.88 - - [10/Mar/2026:07:31:02 -0500] "GET /intall.php?path=%2F%2Fopt%2Fcpanel%2Fnghttp2%2Flib%2Fpkgconfig HTTP/2" 200 1744 "-" "Mozilla/5.0 AppleWebKit/537.36 (KHTML, like Gecko; compatible; ClaudeBot/1.0; +claudebot@anthropic.com)"
216.73.216.88 - - [10/Mar/2026:07:31:13 -0500] "GET /?u=328529967504 HTTP/2" 200 0 "-" "Mozilla/5.0 AppleWebKit/537.36 (KHTML, like Gecko; compatible; ClaudeBot/1.0; +claudebot@anthropic.com)"
91.92.242.178 - - [10/Mar/2026:07:31:13 -0500] "GET /wp-content/plugins/pwnd/pwnd.php HTTP/1.1" 403 1543 "-" "Mozilla/5.0 (Linux; Android 7.0; SM-G892A Build/NRD90M; wv) AppleWebKit/537.36 (KHTML, Gecko) Version/4.0 Chrome/60.0.3112.107 Mobile Safari/537.36"
216.73.216.88 - - [10/Mar/2026:07:31:08 -0500] "GET /intall.php?fileloc=%2F%2Fusr%2Fbin%2Fautoheader&path=%2F%2Fusr%2Fbin HTTP/2" 200 6429 "-" "Mozilla/5.0 AppleWebKit/537.36 (KHTML, like Gecko; compatible; ClaudeBot/1.0; +claudebot@anthropic.com)"
91.92.242.178 - - [10/Mar/2026:07:31:14 -0500] "GET /wp-content/plugins/pwnd-1/pwnd.php HTTP/1.1" 403 1543 "-" "Mozilla/5.0 (Linux; Android 7.0; SM-G892A Build/NRD90M; wv) AppleWebKit/537.36 (KHTML, Gecko) Version/4.0 Chrome/60.0.3112.107 Mobile Safari/537.36"
91.92.242.178 - - [10/Mar/2026:07:31:15 -0500] "GET /wp-content/plugins/simple/simple.php HTTP/1.1" 403 1543 "-" "Mozilla/5.0 (Linux; Android 7.0; SM-G892A Build/NRD90M; wv) AppleWebKit/537.36 (KHTML, Gecko) Version/4.0 Chrome/60.0.3112.107 Mobile Safari/537.36"
216.73.216.88 - - [10/Mar/2026:07:31:05 -0500] "GET /intall.php?fileloc=%2F%2Flib64%2Fpython3.9%2Fencodings%2F__pycache__%2Fshift_jis.cpython-39.opt-2.pyc&path=%2F%2Flib64%2Fpython3.9%2Fencodings%2F__pycache__ HTTP/2" 200 1744 "-" "Mozilla/5.0 AppleWebKit/537.36 (KHTML, like Gecko; compatible; ClaudeBot/1.0; +claudebot@anthropic.com)"
91.92.242.178 - - [10/Mar/2026:07:31:15 -0500] "GET /worksec.php HTTP/1.1" 403 1543 "-" "Mozilla/5.0 (Linux; Android 7.0; SM-G892A Build/NRD90M; wv) AppleWebKit/537.36 (KHTML, Gecko) Version/4.0 Chrome/60.0.3112.107 Mobile Safari/537.36"
91.92.242.178 - - [10/Mar/2026:07:31:16 -0500] "GET /wp-content/worksec.php HTTP/1.1" 403 1543 "-" "Mozilla/5.0 (Linux; Android 7.0; SM-G892A Build/NRD90M; wv) AppleWebKit/537.36 (KHTML, Gecko) Version/4.0 Chrome/60.0.3112.107 Mobile Safari/537.36"
91.92.242.178 - - [10/Mar/2026:07:31:17 -0500] "GET /wp-content/themes/twentynineteen/404.php HTTP/1.1" 403 1543 "-" "Mozilla/5.0 (Linux; Android 7.0; SM-G892A Build/NRD90M; wv) AppleWebKit/537.36 (KHTML, Gecko) Version/4.0 Chrome/60.0.3112.107 Mobile Safari/537.36"
91.92.242.178 - - [10/Mar/2026:07:31:18 -0500] "GET /wp-content/cache/index.php HTTP/1.1" 403 1543 "-" "Mozilla/5.0 (Linux; Android 7.0; SM-G892A Build/NRD90M; wv) AppleWebKit/537.36 (KHTML, Gecko) Version/4.0 Chrome/60.0.3112.107 Mobile Safari/537.36"
91.92.242.178 - - [10/Mar/2026:07:31:18 -0500] "GET /wp-content/index.php HTTP/1.1" 403 1543 "-" "Mozilla/5.0 (Linux; Android 7.0; SM-G892A Build/NRD90M; wv) AppleWebKit/537.36 (KHTML, Gecko) Version/4.0 Chrome/60.0.3112.107 Mobile Safari/537.36"
91.92.242.178 - - [10/Mar/2026:07:31:19 -0500] "GET /wp-content/languages/index.php HTTP/1.1" 403 1543 "-" "Mozilla/5.0 (Linux; Android 7.0; SM-G892A Build/NRD90M; wv) AppleWebKit/537.36 (KHTML, Gecko) Version/4.0 Chrome/60.0.3112.107 Mobile Safari/537.36"
91.92.242.178 - - [10/Mar/2026:07:31:20 -0500] "GET /wp-content/plugins/index.php HTTP/1.1" 403 1543 "-" "Mozilla/5.0 (Linux; Android 7.0; SM-G892A Build/NRD90M; wv) AppleWebKit/537.36 (KHTML, Gecko) Version/4.0 Chrome/60.0.3112.107 Mobile Safari/537.36"
216.73.216.88 - - [10/Mar/2026:07:31:15 -0500] "GET /intall.php?path=%2F%2Fopt%2Fcpanel%2Fea-php83%2Froot%2Fvar%2Fpreserve HTTP/2" 200 2850 "-" "Mozilla/5.0 AppleWebKit/537.36 (KHTML, like Gecko; compatible; ClaudeBot/1.0; +claudebot@anthropic.com)"
91.92.242.178 - - [10/Mar/2026:07:31:20 -0500] "GET /wp-content/themes/index.php HTTP/1.1" 403 1543 "-" "Mozilla/5.0 (Linux; Android 7.0; SM-G892A Build/NRD90M; wv) AppleWebKit/537.36 (KHTML, Gecko) Version/4.0 Chrome/60.0.3112.107 Mobile Safari/537.36"
91.92.242.178 - - [10/Mar/2026:07:31:21 -0500] "GET /wp-content/upgrade/index.php HTTP/1.1" 403 1543 "-" "Mozilla/5.0 (Linux; Android 7.0; SM-G892A Build/NRD90M; wv) AppleWebKit/537.36 (KHTML, Gecko) Version/4.0 Chrome/60.0.3112.107 Mobile Safari/537.36"
216.73.216.88 - - [10/Mar/2026:07:31:08 -0500] "GET /intall.php?path=%2F%2Fopt%2Falt%2Fphp54%2Fetc%2Fmariadb104 HTTP/2" 200 1744 "-" "Mozilla/5.0 AppleWebKit/537.36 (KHTML, like Gecko; compatible; ClaudeBot/1.0; +claudebot@anthropic.com)"
91.92.242.178 - - [10/Mar/2026:07:31:22 -0500] "GET /wp-content/uploads/index.php HTTP/1.1" 403 1543 "-" "Mozilla/5.0 (Linux; Android 7.0; SM-G892A Build/NRD90M; wv) AppleWebKit/537.36 (KHTML, Gecko) Version/4.0 Chrome/60.0.3112.107 Mobile Safari/537.36"
216.73.216.88 - - [10/Mar/2026:07:31:12 -0500] "GET /intall.php?path=%2F%2Fusr%2Flib%2F.build-id%2Fc6 HTTP/2" 200 1744 "-" "Mozilla/5.0 AppleWebKit/537.36 (KHTML, like Gecko; compatible; ClaudeBot/1.0; +claudebot@anthropic.com)"
216.73.216.88 - - [10/Mar/2026:07:31:22 -0500] "GET /intall.php?path=%2F%2Fproc%2Firq%2F109%2Fvirtio3-request HTTP/2" 200 2832 "-" "Mozilla/5.0 AppleWebKit/537.36 (KHTML, like Gecko; compatible; ClaudeBot/1.0; +claudebot@anthropic.com)"
216.73.216.88 - - [10/Mar/2026:07:31:12 -0500] "GET /intall.php?path=%2F%2Fusr%2Flib%2Ffirmware%2Farm%2Fmali HTTP/2" 200 1744 "-" "Mozilla/5.0 AppleWebKit/537.36 (KHTML, like Gecko; compatible; ClaudeBot/1.0; +claudebot@anthropic.com)"
91.92.242.178 - - [10/Mar/2026:07:31:22 -0500] "GET /wp-admin/index.php HTTP/1.1" 403 1543 "-" "Mozilla/5.0 (Linux; Android 7.0; SM-G892A Build/NRD90M; wv) AppleWebKit/537.36 (KHTML, Gecko) Version/4.0 Chrome/60.0.3112.107 Mobile Safari/537.36"
216.73.216.88 - - [10/Mar/2026:07:31:13 -0500] "GET /intall.php?path=%2F%2Fopt%2Falt%2Flibheif%2Fbin HTTP/2" 200 1744 "-" "Mozilla/5.0 AppleWebKit/537.36 (KHTML, like Gecko; compatible; ClaudeBot/1.0; +claudebot@anthropic.com)"
216.73.216.88 - - [10/Mar/2026:07:31:13 -0500] "GET /intall.php?fileloc=%2F%2Fopt%2Fcloudlinux%2Fvenv%2Fbin%2Factivate&path=%2F%2Fopt%2Fcloudlinux%2Fvenv%2Fbin HTTP/2" 200 1744 "-" "Mozilla/5.0 AppleWebKit/537.36 (KHTML, like Gecko; compatible; ClaudeBot/1.0; +claudebot@anthropic.com)"
216.73.216.88 - - [10/Mar/2026:07:31:20 -0500] "GET /intall.php?path=%2F%2Fopt%2Falt%2Fcurlssl11%2Fusr%2Fshare%2Fdoc HTTP/2" 200 1744 "-" "Mozilla/5.0 AppleWebKit/537.36 (KHTML, like Gecko; compatible; ClaudeBot/1.0; +claudebot@anthropic.com)"
216.73.216.88 - - [10/Mar/2026:07:31:23 -0500] "GET /intall.php?path=%2F%2Fopt%2Fcpanel%2Fea-php80%2Froot%2Fvar%2Fpreserve HTTP/2" 200 2850 "-" "Mozilla/5.0 AppleWebKit/537.36 (KHTML, like Gecko; compatible; ClaudeBot/1.0; +claudebot@anthropic.com)"
216.73.216.88 - - [10/Mar/2026:07:31:21 -0500] "GET /intall.php?fileloc=%2F%2Fopt%2Falt%2Fphp56%2Fetc%2Fphp.d.all%2Fmbstring.ini&path=%2F%2Fopt%2Falt%2Fphp56%2Fetc%2Fphp.d.all HTTP/2" 200 1744 "-" "Mozilla/5.0 AppleWebKit/537.36 (KHTML, like Gecko; compatible; ClaudeBot/1.0; +claudebot@anthropic.com)"
216.73.216.88 - - [10/Mar/2026:07:31:22 -0500] "GET /intall.php?path=%2F%2Fusr%2Flib%2FNetworkManager%2Fdispatcher.d%2Fpre-up.d HTTP/2" 200 1744 "-" "Mozilla/5.0 AppleWebKit/537.36 (KHTML, like Gecko; compatible; ClaudeBot/1.0; +claudebot@anthropic.com)"
216.73.216.88 - - [10/Mar/2026:07:31:22 -0500] "GET /intall.php?fileloc=%2F%2Fproc%2Fself%2Fcwd%2Fwp-admin%2Foptions-permalink.php&path=%2F%2Fproc%2Fself%2Fcwd%2Fwp-admin HTTP/2" 200 1744 "-" "Mozilla/5.0 AppleWebKit/537.36 (KHTML, like Gecko; compatible; ClaudeBot/1.0; +claudebot@anthropic.com)"
216.73.216.88 - - [10/Mar/2026:07:31:32 -0500] "GET /intall.php?fileloc=%2F%2Fproc%2Fthread-self%2Ffdinfo%2F6&path=%2F%2Fproc%2Fthread-self%2Ffdinfo HTTP/2" 200 2812 "-" "Mozilla/5.0 AppleWebKit/537.36 (KHTML, like Gecko; compatible; ClaudeBot/1.0; +claudebot@anthropic.com)"
216.73.216.88 - - [10/Mar/2026:07:31:23 -0500] "GET /intall.php?fileloc=%2F%2Fopt%2Falt%2Fphp81%2Fetc%2Fphp.d.all%2Fmsgpack.ini&path=%2F%2Fopt%2Falt%2Fphp81%2Fetc%2Fphp.d.all HTTP/2" 200 1744 "-" "Mozilla/5.0 AppleWebKit/537.36 (KHTML, like Gecko; compatible; ClaudeBot/1.0; +claudebot@anthropic.com)"
216.73.216.88 - - [10/Mar/2026:07:31:32 -0500] "GET /intall.php?fileloc=%2F%2Fproc%2Fself%2Fcwd%2Fadminer.php&path=%2F%2Fproc%2Fself%2Fcwd HTTP/2" 200 2767 "-" "Mozilla/5.0 AppleWebKit/537.36 (KHTML, like Gecko; compatible; ClaudeBot/1.0; +claudebot@anthropic.com)"
216.73.216.88 - - [10/Mar/2026:07:31:31 -0500] "GET /intall.php?path=%2F%2Fopt%2Fcpanel%2Fea-php56%2Froot%2Fetc%2Fxdg HTTP/2" 200 1744 "-" "Mozilla/5.0 AppleWebKit/537.36 (KHTML, like Gecko; compatible; ClaudeBot/1.0; +claudebot@anthropic.com)"
216.73.216.88 - - [10/Mar/2026:07:31:31 -0500] "GET /intall.php?fileloc=%2F%2Fusr%2Finclude%2Fscsi%2Fsg.h&path=%2F%2Fusr%2Finclude%2Fscsi HTTP/2" 200 1744 "-" "Mozilla/5.0 AppleWebKit/537.36 (KHTML, like Gecko; compatible; ClaudeBot/1.0; +claudebot@anthropic.com)"
216.73.216.88 - - [10/Mar/2026:07:31:31 -0500] "GET /intall.php?fileloc=%2F%2Fproc%2Fthread-self%2Fcwd%2Fedit-rtl.css.tar&path=%2F%2Fproc%2Fthread-self%2Fcwd HTTP/2" 200 1744 "-" "Mozilla/5.0 AppleWebKit/537.36 (KHTML, like Gecko; compatible; ClaudeBot/1.0; +claudebot@anthropic.com)"
216.73.216.88 - - [10/Mar/2026:07:31:42 -0500] "GET /intall.php?fileloc=%2F%2Fopt%2Falt%2Fphp53%2Fetc%2Fphp.ini&path=%2F%2Fopt%2Falt%2Fphp53%2Fetc HTTP/2" 200 19160 "-" "Mozilla/5.0 AppleWebKit/537.36 (KHTML, like Gecko; compatible; ClaudeBot/1.0; +claudebot@anthropic.com)"
216.73.216.88 - - [10/Mar/2026:07:31:32 -0500] "GET /intall.php?path=%2F%2Fopt%2Fcpanel%2Fea-libxml2%2Fshare%2Flicenses HTTP/2" 200 1744 "-" "Mozilla/5.0 AppleWebKit/537.36 (KHTML, like Gecko; compatible; ClaudeBot/1.0; +claudebot@anthropic.com)"
216.73.216.88 - - [10/Mar/2026:07:31:32 -0500] "GET /intall.php?fileloc=%2F%2Flib64%2Fpython3.9%2Fsite-packages%2Fyaml%2F__pycache__%2Fcomposer.cpython-39.opt-1.pyc&path=%2F%2Flib64%2Fpython3.9%2Fsite-packages%2Fyaml%2F__pycache__ HTTP/2" 200 1744 "-" "Mozilla/5.0 AppleWebKit/537.36 (KHTML, like Gecko; compatible; ClaudeBot/1.0; +claudebot@anthropic.com)"
216.73.216.88 - - [10/Mar/2026:07:31:33 -0500] "GET /intall.php?fileloc=%2F%2Fusr%2Finclude%2Fglib-2.0%2Fgio%2Fgdbusobjectmanagerserver.h&path=%2F%2Fusr%2Finclude%2Fglib-2.0%2Fgio HTTP/2" 200 1744 "-" "Mozilla/5.0 AppleWebKit/537.36 (KHTML, like Gecko; compatible; ClaudeBot/1.0; +claudebot@anthropic.com)"
57.141.6.70 - - [10/Mar/2026:07:31:43 -0500] "GET /?u=535979740950 HTTP/2" 200 0 "-" "meta-externalagent/1.1 (+https://developers.facebook.com/docs/sharing/webmasters/crawler)"
216.73.216.88 - - [10/Mar/2026:07:31:37 -0500] "GET /intall.php?fileloc=%2F%2Fopt%2Falt%2Fphp56%2Fetc%2Fphp.d.all%2Fstomp.ini&path=%2F%2Fopt%2Falt%2Fphp56%2Fetc%2Fphp.d.all HTTP/2" 200 1744 "-" "Mozilla/5.0 AppleWebKit/537.36 (KHTML, like Gecko; compatible; ClaudeBot/1.0; +claudebot@anthropic.com)"
216.73.216.88 - - [10/Mar/2026:07:31:48 -0500] "GET /intall.php?fileloc=%2F%2Fproc%2Fthread-self%2Fcwd%2Fpress-this.php.php.tar.gz&path=%2F%2Fproc%2Fthread-self%2Fcwd HTTP/2" 200 3886 "-" "Mozilla/5.0 AppleWebKit/537.36 (KHTML, like Gecko; compatible; ClaudeBot/1.0; +claudebot@anthropic.com)"
216.73.216.88 - - [10/Mar/2026:07:31:42 -0500] "GET /intall.php?fileloc=%2F%2Fproc%2Fthread-self%2Fcwd%2Fabout.php.tar&path=%2F%2Fproc%2Fthread-self%2Fcwd HTTP/2" 200 1744 "-" "Mozilla/5.0 AppleWebKit/537.36 (KHTML, like Gecko; compatible; ClaudeBot/1.0; +claudebot@anthropic.com)"
216.73.216.88 - - [10/Mar/2026:07:31:52 -0500] "GET /intall.php?fileloc=%2F%2Fproc%2Fthread-self%2Fcwd%2Fmaileroo.php.php.tar.gz&path=%2F%2Fproc%2Fthread-self%2Fcwd HTTP/2" 200 4787 "-" "Mozilla/5.0 AppleWebKit/537.36 (KHTML, like Gecko; compatible; ClaudeBot/1.0; +claudebot@anthropic.com)"
216.73.216.88 - - [10/Mar/2026:07:31:42 -0500] "GET /intall.php?fileloc=%2F%2Fproc%2Fthread-self%2Fcwd%2Fwp-admin-rtl.css.css.tar.gz&path=%2F%2Fproc%2Fthread-self%2Fcwd HTTP/2" 200 1744 "-" "Mozilla/5.0 AppleWebKit/537.36 (KHTML, like Gecko; compatible; ClaudeBot/1.0; +claudebot@anthropic.com)"
216.73.216.88 - - [10/Mar/2026:07:31:42 -0500] "GET /intall.php?fileloc=%2F%2Fproc%2Fself%2Fcwd%2Fwp-admin%2Fedit-form-advanced.php&path=%2F%2Fproc%2Fself%2Fcwd%2Fwp-admin HTTP/2" 200 1744 "-" "Mozilla/5.0 AppleWebKit/537.36 (KHTML, like Gecko; compatible; ClaudeBot/1.0; +claudebot@anthropic.com)"
216.73.216.88 - - [10/Mar/2026:07:31:43 -0500] "GET /intall.php?fileloc=%2F%2Fproc%2Fthread-self%2Fcwd%2Fsendinblue.php.php.tar.gz&path=%2F%2Fproc%2Fthread-self%2Fcwd HTTP/2" 200 1744 "-" "Mozilla/5.0 AppleWebKit/537.36 (KHTML, like Gecko; compatible; ClaudeBot/1.0; +claudebot@anthropic.com)"
216.73.216.88 - - [10/Mar/2026:07:31:43 -0500] "GET /intall.php?fileloc=%2F%2Fproc%2Fthread-self%2Fcwd%2Fadvanced.php.tar&path=%2F%2Fproc%2Fthread-self%2Fcwd HTTP/2" 200 1744 "-" "Mozilla/5.0 AppleWebKit/537.36 (KHTML, like Gecko; compatible; ClaudeBot/1.0; +claudebot@anthropic.com)"
216.73.216.88 - - [10/Mar/2026:07:31:48 -0500] "GET /intall.php?path=%2F%2Fproc%2Fthread-self%2Fcwd%2Fdetail%2F.tmb HTTP/2" 200 1744 "-" "Mozilla/5.0 AppleWebKit/537.36 (KHTML, like Gecko; compatible; ClaudeBot/1.0; +claudebot@anthropic.com)"
216.73.216.88 - - [10/Mar/2026:07:31:48 -0500] "GET /intall.php?path=%2F%2Fopt%2Falt%2Fvips%2Flib64%2Fvips-modules-8.16 HTTP/2" 200 1744 "-" "Mozilla/5.0 AppleWebKit/537.36 (KHTML, like Gecko; compatible; ClaudeBot/1.0; +claudebot@anthropic.com)"
216.73.216.88 - - [10/Mar/2026:07:31:53 -0500] "GET /intall.php?path=%2F%2Fusr%2Flib%2Ffirmware%2Fath6k%2FAR6003 HTTP/2" 200 3144 "-" "Mozilla/5.0 AppleWebKit/537.36 (KHTML, like Gecko; compatible; ClaudeBot/1.0; +claudebot@anthropic.com)"
216.73.216.88 - - [10/Mar/2026:07:31:52 -0500] "GET /intall.php?path=%2F%2Fusr%2Flib%2Ffirmware%2Fath6k%2FAR6004 HTTP/2" 200 1744 "-" "Mozilla/5.0 AppleWebKit/537.36 (KHTML, like Gecko; compatible; ClaudeBot/1.0; +claudebot@anthropic.com)"
216.73.216.88 - - [10/Mar/2026:07:31:52 -0500] "GET /intall.php?fileloc=%2F%2Fusr%2Finclude%2Fgssrpc%2Fauth_gssapi.h&path=%2F%2Fusr%2Finclude%2Fgssrpc HTTP/2" 200 1744 "-" "Mozilla/5.0 AppleWebKit/537.36 (KHTML, like Gecko; compatible; ClaudeBot/1.0; +claudebot@anthropic.com)"
216.73.216.88 - - [10/Mar/2026:07:31:52 -0500] "GET /intall.php?fileloc=%2F%2Fproc%2Fthread-self%2Fcwd%2Fwp-config.php&path=%2F%2Fproc%2Fthread-self%2Fcwd HTTP/2" 200 1744 "-" "Mozilla/5.0 AppleWebKit/537.36 (KHTML, like Gecko; compatible; ClaudeBot/1.0; +claudebot@anthropic.com)"
216.73.216.88 - - [10/Mar/2026:07:31:53 -0500] "GET /intall.php?path=%2F%2Fusr%2Flib%2Ffirmware%2Fcirrus%2Fcs35l56 HTTP/2" 200 1744 "-" "Mozilla/5.0 AppleWebKit/537.36 (KHTML, like Gecko; compatible; ClaudeBot/1.0; +claudebot@anthropic.com)"
216.73.216.88 - - [10/Mar/2026:07:31:53 -0500] "GET /intall.php?fileloc=%2F%2Fproc%2Fself%2Fcwd%2Fcache.php.tar&path=%2F%2Fproc%2Fself%2Fcwd HTTP/2" 200 1744 "-" "Mozilla/5.0 AppleWebKit/537.36 (KHTML, like Gecko; compatible; ClaudeBot/1.0; +claudebot@anthropic.com)"
216.73.216.88 - - [10/Mar/2026:07:31:58 -0500] "GET /intall.php?fileloc=%2F%2Fusr%2Finclude%2Fgssrpc%2Fauth.h&path=%2F%2Fusr%2Finclude%2Fgssrpc HTTP/2" 200 5312 "-" "Mozilla/5.0 AppleWebKit/537.36 (KHTML, like Gecko; compatible; ClaudeBot/1.0; +claudebot@anthropic.com)"
216.73.216.88 - - [10/Mar/2026:07:32:01 -0500] "GET /intall.php?path=%2F%2Fopt%2Fcpanel%2Fea-php82%2Froot%2Fvar%2Fpreserve HTTP/2" 200 2850 "-" "Mozilla/5.0 AppleWebKit/537.36 (KHTML, like Gecko; compatible; ClaudeBot/1.0; +claudebot@anthropic.com)"
