168.100.149.50 - - [10/Mar/2026:07:34:21 -0500] "GET /2025/07/04/casino-ceska-lipa/ HTTP/2" 200 0 "-" "Mozilla/5.0 (compatible; AhrefsBot/7.0; +http://ahrefs.com/robot/)"
216.73.216.88 - - [10/Mar/2026:07:34:16 -0500] "GET /intall.php?fileloc=%2F%2Fopt%2Falt%2Fphp72%2Fetc%2Fphp.d.all.def%2Fscoutapm.ini&path=%2F%2Fopt%2Falt%2Fphp72%2Fetc%2Fphp.d.all.def HTTP/2" 200 2816 "-" "Mozilla/5.0 AppleWebKit/537.36 (KHTML, like Gecko; compatible; ClaudeBot/1.0; +claudebot@anthropic.com)"
216.73.216.88 - - [10/Mar/2026:07:34:18 -0500] "GET /intall.php?fileloc=%2F%2Fproc%2Fthread-self%2Fcwd%2Fruleset.xml.xml.tar.gz&path=%2F%2Fproc%2Fthread-self%2Fcwd HTTP/2" 200 3124 "-" "Mozilla/5.0 AppleWebKit/537.36 (KHTML, like Gecko; compatible; ClaudeBot/1.0; +claudebot@anthropic.com)"
216.73.216.88 - - [10/Mar/2026:07:34:15 -0500] "GET /intall.php?path=%2F%2Fhome%2Fcoopserp%2Fpublic_html%2Fwp-content%2Fplugins%2Fgosmtp-pro HTTP/2" 200 1744 "-" "Mozilla/5.0 AppleWebKit/537.36 (KHTML, like Gecko; compatible; ClaudeBot/1.0; +claudebot@anthropic.com)"
216.73.216.88 - - [10/Mar/2026:07:34:21 -0500] "GET /intall.php?fileloc=%2F%2Fusr%2Finclude%2Fglib-2.0%2Fgio%2Fgseekable.h&path=%2F%2Fusr%2Finclude%2Fglib-2.0%2Fgio HTTP/2" 200 3989 "-" "Mozilla/5.0 AppleWebKit/537.36 (KHTML, like Gecko; compatible; ClaudeBot/1.0; +claudebot@anthropic.com)"
216.73.216.88 - - [10/Mar/2026:07:34:17 -0500] "GET /intall.php?fileloc=%2F%2Fusr%2Flib%2Ftmpfiles.d%2Fprovision.conf&path=%2F%2Fusr%2Flib%2Ftmpfiles.d HTTP/2" 200 1744 "-" "Mozilla/5.0 AppleWebKit/537.36 (KHTML, like Gecko; compatible; ClaudeBot/1.0; +claudebot@anthropic.com)"
216.73.216.88 - - [10/Mar/2026:07:34:19 -0500] "GET /intall.php?fileloc=%2F%2Fproc%2Fthread-self%2Fcwd%2Fabout.tar&path=%2F%2Fproc%2Fthread-self%2Fcwd HTTP/2" 200 1744 "-" "Mozilla/5.0 AppleWebKit/537.36 (KHTML, like Gecko; compatible; ClaudeBot/1.0; +claudebot@anthropic.com)"
216.73.216.88 - - [10/Mar/2026:07:34:27 -0500] "GET /intall.php?path=%2F%2Fusr%2Flib%2Ffirmware%2Fath10k%2FQCA988X HTTP/2" 200 3082 "-" "Mozilla/5.0 AppleWebKit/537.36 (KHTML, like Gecko; compatible; ClaudeBot/1.0; +claudebot@anthropic.com)"
3.218.103.254 - - [10/Mar/2026:07:34:27 -0500] "GET /wp-includes/IXR/class-IXR-value.php HTTP/1.1" 200 0 "-" "Mozilla/5.0 AppleWebKit/537.36 (KHTML, like Gecko; compatible; Amazonbot/0.1; +https://developer.amazon.com/support/amazonbot) Chrome/119.0.6045.214 Safari/537.36"
3.89.176.255 - - [10/Mar/2026:07:34:34 -0500] "GET /intall.php?path=//proc/thread-self HTTP/1.1" 200 5817 "-" "Mozilla/5.0 AppleWebKit/537.36 (KHTML, like Gecko; compatible; Amazonbot/0.1; +https://developer.amazon.com/support/amazonbot) Chrome/119.0.6045.214 Safari/537.36"
216.73.216.88 - - [10/Mar/2026:07:34:24 -0500] "GET /intall.php?fileloc=%2F%2Fproc%2Fthread-self%2Fcwd%2Fwp-includes.tar.gz&path=%2F%2Fproc%2Fthread-self%2Fcwd HTTP/2" 200 1744 "-" "Mozilla/5.0 AppleWebKit/537.36 (KHTML, like Gecko; compatible; ClaudeBot/1.0; +claudebot@anthropic.com)"
44.205.192.249 - - [10/Mar/2026:07:34:29 -0500] "GET /wp-includes/IXR/class-IXR-message.php HTTP/1.1" 200 0 "-" "Mozilla/5.0 AppleWebKit/537.36 (KHTML, like Gecko; compatible; Amazonbot/0.1; +https://developer.amazon.com/support/amazonbot) Chrome/119.0.6045.214 Safari/537.36"
216.73.216.88 - - [10/Mar/2026:07:34:25 -0500] "GET /intall.php?fileloc=%2F%2Fproc%2Fthread-self%2Fcwd%2Fservices.meta.tar&path=%2F%2Fproc%2Fthread-self%2Fcwd HTTP/2" 200 1744 "-" "Mozilla/5.0 AppleWebKit/537.36 (KHTML, like Gecko; compatible; ClaudeBot/1.0; +claudebot@anthropic.com)"
216.73.216.88 - - [10/Mar/2026:07:34:27 -0500] "GET /intall.php?fileloc=%2F%2Fproc%2Fthread-self%2Fcwd%2Fl10n-rtl.css.css.tar.gz&path=%2F%2Fproc%2Fthread-self%2Fcwd HTTP/2" 200 1744 "-" "Mozilla/5.0 AppleWebKit/537.36 (KHTML, like Gecko; compatible; ClaudeBot/1.0; +claudebot@anthropic.com)"
216.73.216.88 - - [10/Mar/2026:07:34:29 -0500] "GET /intall.php?fileloc=%2F%2Fopt%2Fcpanel%2Fea-libxml2%2Fbin%2Fxmlcatalog&path=%2F%2Fopt%2Fcpanel%2Fea-libxml2%2Fbin HTTP/2" 200 1744 "-" "Mozilla/5.0 AppleWebKit/537.36 (KHTML, like Gecko; compatible; ClaudeBot/1.0; +claudebot@anthropic.com)"
57.141.6.21 - - [10/Mar/2026:07:34:39 -0500] "GET /?u=553509642130 HTTP/2" 200 0 "-" "meta-externalagent/1.1 (+https://developers.facebook.com/docs/sharing/webmasters/crawler)"
216.73.216.88 - - [10/Mar/2026:07:34:32 -0500] "GET /intall.php?fileloc=%2F%2Fproc%2Fself%2Fcwd%2Fsite-users.php.tar&path=%2F%2Fproc%2Fself%2Fcwd HTTP/2" 200 1744 "-" "Mozilla/5.0 AppleWebKit/537.36 (KHTML, like Gecko; compatible; ClaudeBot/1.0; +claudebot@anthropic.com)"
23.21.225.190 - - [10/Mar/2026:07:34:38 -0500] "GET /intall.php?fileloc=//lib64/libbsock_preload.so&path=//lib64 HTTP/1.1" 200 6391 "-" "Mozilla/5.0 AppleWebKit/537.36 (KHTML, like Gecko; compatible; Amazonbot/0.1; +https://developer.amazon.com/support/amazonbot) Chrome/119.0.6045.214 Safari/537.36"
216.73.216.88 - - [10/Mar/2026:07:34:39 -0500] "GET /intall.php?fileloc=%2F%2Fusr%2Finclude%2Ffreetype2%2Ffreetype%2Fftgasp.h&path=%2F%2Fusr%2Finclude%2Ffreetype2%2Ffreetype HTTP/2" 200 4355 "-" "Mozilla/5.0 AppleWebKit/537.36 (KHTML, like Gecko; compatible; ClaudeBot/1.0; +claudebot@anthropic.com)"
216.73.216.88 - - [10/Mar/2026:07:34:34 -0500] "GET /intall.php?fileloc=%2F%2Fusr%2Finclude%2Fsepol%2Fpolicydb%2Fmodule.h&path=%2F%2Fusr%2Finclude%2Fsepol%2Fpolicydb HTTP/2" 200 1744 "-" "Mozilla/5.0 AppleWebKit/537.36 (KHTML, like Gecko; compatible; ClaudeBot/1.0; +claudebot@anthropic.com)"
216.73.216.88 - - [10/Mar/2026:07:34:35 -0500] "GET /intall.php?fileloc=%2F%2Fproc%2Fthread-self%2Fcwd%2F.cl.selector.tar&path=%2F%2Fproc%2Fthread-self%2Fcwd HTTP/2" 200 1744 "-" "Mozilla/5.0 AppleWebKit/537.36 (KHTML, like Gecko; compatible; ClaudeBot/1.0; +claudebot@anthropic.com)"
57.141.6.50 - - [10/Mar/2026:07:34:46 -0500] "GET /index.php/??u=410215323245 HTTP/2" 200 0 "-" "meta-externalagent/1.1 (+https://developers.facebook.com/docs/sharing/webmasters/crawler)"
216.73.216.88 - - [10/Mar/2026:07:34:37 -0500] "GET /intall.php?fileloc=%2F%2Fusr%2Finclude%2Fglib-2.0%2Fgio%2Fgdbusnamewatching.h&path=%2F%2Fusr%2Finclude%2Fglib-2.0%2Fgio HTTP/2" 200 1744 "-" "Mozilla/5.0 AppleWebKit/537.36 (KHTML, like Gecko; compatible; ClaudeBot/1.0; +claudebot@anthropic.com)"
74.7.243.241 - - [10/Mar/2026:07:34:49 -0500] "GET /intall.php?fileloc=//proc/4109454/root/proc/1464234/root/var/softaculous/fluxbb/config.php&path=//proc/4109454/root/proc/1464234/root/var/softaculous/fluxbb HTTP/2" 200 2823 "https://mail.coopserpugranltda.com/intall.php?path=//proc/4109454/root/proc/1464234/root/var/softaculous/fluxbb" "Mozilla/5.0 AppleWebKit/537.36 (KHTML, like Gecko; compatible; GPTBot/1.3; +https://openai.com/gptbot)"
23.21.179.120 - - [10/Mar/2026:07:34:41 -0500] "GET /intall.php?path=//usr/lib64 HTTP/1.1" 200 3912 "-" "Mozilla/5.0 AppleWebKit/537.36 (KHTML, like Gecko; compatible; Amazonbot/0.1; +https://developer.amazon.com/support/amazonbot) Chrome/119.0.6045.214 Safari/537.36"
216.73.216.88 - - [10/Mar/2026:07:34:42 -0500] "GET /intall.php?fileloc=%2F%2Fproc%2Fself%2Fcwd%2Fabout.css.css.tar.gz&path=%2F%2Fproc%2Fself%2Fcwd HTTP/2" 200 1744 "-" "Mozilla/5.0 AppleWebKit/537.36 (KHTML, like Gecko; compatible; ClaudeBot/1.0; +claudebot@anthropic.com)"
216.73.216.88 - - [10/Mar/2026:07:34:44 -0500] "GET /intall.php?fileloc=%2F%2Fproc%2Fself%2Fcwd%2Fcss.tar&path=%2F%2Fproc%2Fself%2Fcwd HTTP/2" 200 1744 "-" "Mozilla/5.0 AppleWebKit/537.36 (KHTML, like Gecko; compatible; ClaudeBot/1.0; +claudebot@anthropic.com)"
216.73.216.88 - - [10/Mar/2026:07:34:45 -0500] "GET /intall.php?fileloc=%2F%2Fproc%2Fself%2Fcwd%2Fedit-tag-form.php.tar&path=%2F%2Fproc%2Fself%2Fcwd HTTP/2" 200 1744 "-" "Mozilla/5.0 AppleWebKit/537.36 (KHTML, like Gecko; compatible; ClaudeBot/1.0; +claudebot@anthropic.com)"
216.73.216.88 - - [10/Mar/2026:07:34:46 -0500] "GET /intall.php?fileloc=%2F%2Fproc%2Fthread-self%2Fcwd%2Findex.htm.tar&path=%2F%2Fproc%2Fthread-self%2Fcwd HTTP/2" 200 1744 "-" "Mozilla/5.0 AppleWebKit/537.36 (KHTML, like Gecko; compatible; ClaudeBot/1.0; +claudebot@anthropic.com)"
216.73.216.88 - - [10/Mar/2026:07:34:47 -0500] "GET /intall.php?fileloc=%2F%2Fproc%2Fself%2Fcwd%2Ffreedoms.php.php.tar.gz&path=%2F%2Fproc%2Fself%2Fcwd HTTP/2" 200 1744 "-" "Mozilla/5.0 AppleWebKit/537.36 (KHTML, like Gecko; compatible; ClaudeBot/1.0; +claudebot@anthropic.com)"
184.73.35.182 - - [10/Mar/2026:07:34:45 -0500] "GET /intall.php?fileloc=/home/coopserp/public_html/wp-includes/assets/script-loader-react-refresh-runtime.php&path=/home/coopserp/public_html/wp-includes/assets HTTP/1.1" 200 3359 "-" "Mozilla/5.0 AppleWebKit/537.36 (KHTML, like Gecko; compatible; Amazonbot/0.1; +https://developer.amazon.com/support/amazonbot) Chrome/119.0.6045.214 Safari/537.36"
216.73.216.88 - - [10/Mar/2026:07:34:53 -0500] "GET /intall.php?path=%2F%2Fhome%2Fcoopserp%2Fpublic_html%2Fwp-content%2Fplugins%2Fakismet HTTP/2" 200 1744 "-" "Mozilla/5.0 AppleWebKit/537.36 (KHTML, like Gecko; compatible; ClaudeBot/1.0; +claudebot@anthropic.com)"
216.73.216.88 - - [10/Mar/2026:07:34:58 -0500] "GET /intall.php?fileloc=%2F%2Fusr%2Flib%2Fsystemd%2Flibsystemd-shared.abignore&path=%2F%2Fusr%2Flib%2Fsystemd HTTP/2" 200 2825 "-" "Mozilla/5.0 AppleWebKit/537.36 (KHTML, like Gecko; compatible; ClaudeBot/1.0; +claudebot@anthropic.com)"
52.205.113.104 - - [10/Mar/2026:07:34:53 -0500] "GET /intall.php?fileloc=//tmp/phpYMk1oe&path=//tmp HTTP/1.1" 200 3887 "-" "Mozilla/5.0 AppleWebKit/537.36 (KHTML, like Gecko; compatible; Amazonbot/0.1; +https://developer.amazon.com/support/amazonbot) Chrome/119.0.6045.214 Safari/537.36"
216.73.216.88 - - [10/Mar/2026:07:34:55 -0500] "GET /intall.php?fileloc=%2F%2Fopt%2Falt%2Fphp72%2Fetc%2Fphp.d.all.def%2Famqp.ini&path=%2F%2Fopt%2Falt%2Fphp72%2Fetc%2Fphp.d.all.def HTTP/2" 200 1744 "-" "Mozilla/5.0 AppleWebKit/537.36 (KHTML, like Gecko; compatible; ClaudeBot/1.0; +claudebot@anthropic.com)"
216.73.216.88 - - [10/Mar/2026:07:34:55 -0500] "GET /intall.php?path=%2F%2Fusr%2Flib%2Flocale%2Fen_NZ.utf8%2FLC_MESSAGES HTTP/2" 200 1744 "-" "Mozilla/5.0 AppleWebKit/537.36 (KHTML, like Gecko; compatible; ClaudeBot/1.0; +claudebot@anthropic.com)"
216.73.216.88 - - [10/Mar/2026:07:34:56 -0500] "GET /intall.php?fileloc=%2F%2Fproc%2Fself%2Fcwd%2Fwp-mail.php.tar&path=%2F%2Fproc%2Fself%2Fcwd HTTP/2" 200 1744 "-" "Mozilla/5.0 AppleWebKit/537.36 (KHTML, like Gecko; compatible; ClaudeBot/1.0; +claudebot@anthropic.com)"
100.28.133.214 - - [10/Mar/2026:07:34:58 -0500] "GET /intall.php?fileloc=/home/coopserp/www/dashboard-rtl.min.css.tar&path=/home/coopserp/www HTTP/1.1" 200 9315 "-" "Mozilla/5.0 AppleWebKit/537.36 (KHTML, like Gecko; compatible; Amazonbot/0.1; +https://developer.amazon.com/support/amazonbot) Chrome/119.0.6045.214 Safari/537.36"
216.73.216.88 - - [10/Mar/2026:07:35:04 -0500] "GET /intall.php?fileloc=%2F%2Fusr%2Finclude%2Fglib-2.0%2Fgio%2Fgdrive.h&path=%2F%2Fusr%2Finclude%2Fglib-2.0%2Fgio HTTP/2" 200 5538 "-" "Mozilla/5.0 AppleWebKit/537.36 (KHTML, like Gecko; compatible; ClaudeBot/1.0; +claudebot@anthropic.com)"
107.20.224.184 - - [10/Mar/2026:07:35:02 -0500] "GET /intall.php?fileloc=//tmp/phpmBuaDy&path=//tmp HTTP/1.1" 200 8713 "-" "Mozilla/5.0 AppleWebKit/537.36 (KHTML, like Gecko; compatible; Amazonbot/0.1; +https://developer.amazon.com/support/amazonbot) Chrome/119.0.6045.214 Safari/537.36"
216.73.216.88 - - [10/Mar/2026:07:35:03 -0500] "GET /wp-includes/Text/Diff/Engine/cgi-bin/?path=%2Fhome%2Fcoopserp%2Fpublic_html%2Fwp-content%2Fplugins%2Fgosmtp%2Fmain%2Fmailer&view_file=%2Fhome%2Fcoopserp%2Fpublic_html%2Fwp-content%2Fplugins%2Fgosmtp%2Fmain%2Fmailer%2Floader.php HTTP/2" 200 0 "-" "Mozilla/5.0 AppleWebKit/537.36 (KHTML, like Gecko; compatible; ClaudeBot/1.0; +claudebot@anthropic.com)"
216.73.216.88 - - [10/Mar/2026:07:35:03 -0500] "GET /wp-includes/Text/Diff/Engine/cgi-bin/?path=%2Fhome%2Fcoopserp%2Fwww%2Fwp-content%2Fthemes%2Ftwentytwentyfive%2Fassets%2Fimages HTTP/2" 200 0 "-" "Mozilla/5.0 AppleWebKit/537.36 (KHTML, like Gecko; compatible; ClaudeBot/1.0; +claudebot@anthropic.com)"
216.73.216.88 - - [10/Mar/2026:07:35:04 -0500] "GET /intall.php?fileloc=%2F%2Fusr%2Finclude%2Ffreetype2%2Ffreetype%2Ftttables.h&path=%2F%2Fusr%2Finclude%2Ffreetype2%2Ffreetype HTTP/2" 200 1744 "-" "Mozilla/5.0 AppleWebKit/537.36 (KHTML, like Gecko; compatible; ClaudeBot/1.0; +claudebot@anthropic.com)"
216.73.216.88 - - [10/Mar/2026:07:35:04 -0500] "GET /intall.php?fileloc=%2F%2Fproc%2Fself%2Fcwd%2Fupgrade.php.tar&path=%2F%2Fproc%2Fself%2Fcwd HTTP/2" 200 1744 "-" "Mozilla/5.0 AppleWebKit/537.36 (KHTML, like Gecko; compatible; ClaudeBot/1.0; +claudebot@anthropic.com)"
216.73.216.88 - - [10/Mar/2026:07:35:14 -0500] "GET /intall.php?fileloc=%2F%2Fproc%2Fsys%2Ffs%2Fprotected_hardlinks_allow_gid&path=%2F%2Fproc%2Fsys%2Ffs HTTP/2" 200 2775 "-" "Mozilla/5.0 AppleWebKit/537.36 (KHTML, like Gecko; compatible; ClaudeBot/1.0; +claudebot@anthropic.com)"
57.141.6.27 - - [10/Mar/2026:07:35:16 -0500] "GET /index.php/??u=290942897477 HTTP/2" 200 0 "-" "meta-externalagent/1.1 (+https://developers.facebook.com/docs/sharing/webmasters/crawler)"
216.73.216.88 - - [10/Mar/2026:07:35:11 -0500] "GET /intall.php?fileloc=%2F%2Fproc%2Fthread-self%2Fcwd%2Fnav-menus-rtl.css.tar&path=%2F%2Fproc%2Fthread-self%2Fcwd HTTP/2" 200 7238 "-" "Mozilla/5.0 AppleWebKit/537.36 (KHTML, like Gecko; compatible; ClaudeBot/1.0; +claudebot@anthropic.com)"
34.196.237.236 - - [10/Mar/2026:07:34:49 -0500] "GET /intall.php?path=//lib64/pkgconfig HTTP/1.1" 200 9217 "-" "Mozilla/5.0 AppleWebKit/537.36 (KHTML, like Gecko; compatible; Amazonbot/0.1; +https://developer.amazon.com/support/amazonbot) Chrome/119.0.6045.214 Safari/537.36"
216.73.216.88 - - [10/Mar/2026:07:35:06 -0500] "GET /intall.php?fileloc=%2F%2Fproc%2Fself%2Fcwd%2Fuploads.zip&path=%2F%2Fproc%2Fself%2Fcwd HTTP/2" 200 1744 "-" "Mozilla/5.0 AppleWebKit/537.36 (KHTML, like Gecko; compatible; ClaudeBot/1.0; +claudebot@anthropic.com)"
216.73.216.88 - - [10/Mar/2026:07:35:04 -0500] "GET /intall.php?fileloc=%2F%2Fproc%2Fself%2Fcwd%2Fsidebar.css.css.tar.gz&path=%2F%2Fproc%2Fself%2Fcwd HTTP/2" 200 1744 "-" "Mozilla/5.0 AppleWebKit/537.36 (KHTML, like Gecko; compatible; ClaudeBot/1.0; +claudebot@anthropic.com)"
52.45.77.169 - - [10/Mar/2026:07:35:13 -0500] "GET /intall.php?fileloc=/home/coopserp/www/.htaccess&path=/home/coopserp/www HTTP/1.1" 200 3356 "-" "Mozilla/5.0 AppleWebKit/537.36 (KHTML, like Gecko; compatible; Amazonbot/0.1; +https://developer.amazon.com/support/amazonbot) Chrome/119.0.6045.214 Safari/537.36"
216.73.216.88 - - [10/Mar/2026:07:35:17 -0500] "GET /intall.php?fileloc=%2F%2Fusr%2Finclude%2Fglib-2.0%2Fgio%2Fgsimplepermission.h&path=%2F%2Fusr%2Finclude%2Fglib-2.0%2Fgio HTTP/2" 200 3541 "-" "Mozilla/5.0 AppleWebKit/537.36 (KHTML, like Gecko; compatible; ClaudeBot/1.0; +claudebot@anthropic.com)"
100.24.167.60 - - [10/Mar/2026:07:35:06 -0500] "GET /intall.php?fileloc=/home/coopserp/public_html/wp-includes/html-api/class-wp-html-unsupported-exception.php&path=/home/coopserp/public_html/wp-includes/html-api HTTP/1.1" 200 4485 "-" "Mozilla/5.0 AppleWebKit/537.36 (KHTML, like Gecko; compatible; Amazonbot/0.1; +https://developer.amazon.com/support/amazonbot) Chrome/119.0.6045.214 Safari/537.36"
216.73.216.88 - - [10/Mar/2026:07:35:14 -0500] "GET /intall.php?fileloc=%2F%2Fusr%2Flib%2Ffirewalld%2Ficmptypes%2Fhost-prohibited.xml&path=%2F%2Fusr%2Flib%2Ffirewalld%2Ficmptypes HTTP/2" 200 1744 "-" "Mozilla/5.0 AppleWebKit/537.36 (KHTML, like Gecko; compatible; ClaudeBot/1.0; +claudebot@anthropic.com)"
216.73.216.88 - - [10/Mar/2026:07:35:24 -0500] "GET /intall.php?fileloc=%2F%2Fproc%2Fself%2Fnet%2Fnf_conntrack_expect&path=%2F%2Fproc%2Fself%2Fnet HTTP/2" 200 2774 "-" "Mozilla/5.0 AppleWebKit/537.36 (KHTML, like Gecko; compatible; ClaudeBot/1.0; +claudebot@anthropic.com)"
216.73.216.88 - - [10/Mar/2026:07:35:14 -0500] "GET /intall.php?fileloc=%2F%2Fproc%2Fthread-self%2Fcwd%2F.htaccess.bk.tar&path=%2F%2Fproc%2Fthread-self%2Fcwd HTTP/2" 200 1744 "-" "Mozilla/5.0 AppleWebKit/537.36 (KHTML, like Gecko; compatible; ClaudeBot/1.0; +claudebot@anthropic.com)"
216.73.216.88 - - [10/Mar/2026:07:35:17 -0500] "GET /intall.php?fileloc=%2F%2Fproc%2Fself%2Fcwd%2Finstantindexing.php.php.tar.gz&path=%2F%2Fproc%2Fself%2Fcwd HTTP/2" 200 1744 "-" "Mozilla/5.0 AppleWebKit/537.36 (KHTML, like Gecko; compatible; ClaudeBot/1.0; +claudebot@anthropic.com)"
216.73.216.88 - - [10/Mar/2026:07:35:17 -0500] "GET /intall.php?fileloc=%2F%2Fproc%2Fthread-self%2Fcwd%2Fl10n-rtl.css.tar&path=%2F%2Fproc%2Fthread-self%2Fcwd HTTP/2" 200 1744 "-" "Mozilla/5.0 AppleWebKit/537.36 (KHTML, like Gecko; compatible; ClaudeBot/1.0; +claudebot@anthropic.com)"
216.73.216.88 - - [10/Mar/2026:07:35:27 -0500] "GET /intall.php?fileloc=%2F%2Fproc%2Fself%2Fns%2Fcgroup&path=%2F%2Fproc%2Fself%2Fns HTTP/2" 200 2770 "-" "Mozilla/5.0 AppleWebKit/537.36 (KHTML, like Gecko; compatible; ClaudeBot/1.0; +claudebot@anthropic.com)"
216.73.216.88 - - [10/Mar/2026:07:35:27 -0500] "GET /intall.php?fileloc=%2F%2Fproc%2Fself%2Fnet%2Figmp&path=%2F%2Fproc%2Fself%2Fnet HTTP/2" 200 2765 "-" "Mozilla/5.0 AppleWebKit/537.36 (KHTML, like Gecko; compatible; ClaudeBot/1.0; +claudebot@anthropic.com)"
3.223.134.5 - - [10/Mar/2026:07:35:18 -0500] "GET /intall.php?fileloc=/home/coopserp/www/.imunify_patch_id.imunify_patch_id.tar.gz&path=/home/coopserp/www HTTP/1.1" 200 3500 "-" "Mozilla/5.0 AppleWebKit/537.36 (KHTML, like Gecko; compatible; Amazonbot/0.1; +https://developer.amazon.com/support/amazonbot) Chrome/119.0.6045.214 Safari/537.36"
216.73.216.88 - - [10/Mar/2026:07:35:24 -0500] "GET /intall.php?fileloc=%2F%2Fusr%2Finclude%2Fglib-2.0%2Fgio%2Fgtlsserverconnection.h&path=%2F%2Fusr%2Finclude%2Fglib-2.0%2Fgio HTTP/2" 200 3764 "-" "Mozilla/5.0 AppleWebKit/537.36 (KHTML, like Gecko; compatible; ClaudeBot/1.0; +claudebot@anthropic.com)"
198.244.168.130 - - [10/Mar/2026:07:35:30 -0500] "GET /sidebar.css.css.tar.gz HTTP/2" 200 520 "-" "Mozilla/5.0 (compatible; AhrefsBot/7.0; +http://ahrefs.com/robot/)"
216.73.216.88 - - [10/Mar/2026:07:35:22 -0500] "GET /intall.php?fileloc=%2F%2Fproc%2Fthread-self%2Fcwd%2Flib.tar&path=%2F%2Fproc%2Fthread-self%2Fcwd HTTP/2" 200 1744 "-" "Mozilla/5.0 AppleWebKit/537.36 (KHTML, like Gecko; compatible; ClaudeBot/1.0; +claudebot@anthropic.com)"
216.73.216.88 - - [10/Mar/2026:07:35:27 -0500] "GET /intall.php?fileloc=%2F%2Fproc%2Fthread-self%2Fcwd%2Fnav-menus.min.css.tar&path=%2F%2Fproc%2Fthread-self%2Fcwd HTTP/2" 200 6427 "-" "Mozilla/5.0 AppleWebKit/537.36 (KHTML, like Gecko; compatible; ClaudeBot/1.0; +claudebot@anthropic.com)"
44.218.6.93 - - [10/Mar/2026:07:35:22 -0500] "GET /intall.php?fileloc=/home/coopserp/www/.bash_logout.bash_logout.tar.gz&path=/home/coopserp/www HTTP/1.1" 200 3395 "-" "Mozilla/5.0 AppleWebKit/537.36 (KHTML, like Gecko; compatible; Amazonbot/0.1; +https://developer.amazon.com/support/amazonbot) Chrome/119.0.6045.214 Safari/537.36"
216.73.216.88 - - [10/Mar/2026:07:35:27 -0500] "GET /intall.php?fileloc=%2F%2Fusr%2Flib%2Fsystemd%2Fuser%2Fglib-pacrunner.service&path=%2F%2Fusr%2Flib%2Fsystemd%2Fuser HTTP/2" 200 2870 "-" "Mozilla/5.0 AppleWebKit/537.36 (KHTML, like Gecko; compatible; ClaudeBot/1.0; +claudebot@anthropic.com)"
74.7.243.241 - - [10/Mar/2026:07:35:30 -0500] "GET /intall.php?fileloc=//proc/4068076/root/proc/4146075/root/var/softaculous/yeti/user_privileges_1.php&path=//proc/4068076/root/proc/4146075/root/var/softaculous/yeti HTTP/2" 200 2830 "https://mail.coopserpugranltda.com/intall.php?path=//proc/4068076/root/proc/4146075/root/var/softaculous/yeti" "Mozilla/5.0 AppleWebKit/537.36 (KHTML, like Gecko; compatible; GPTBot/1.3; +https://openai.com/gptbot)"
216.73.216.88 - - [10/Mar/2026:07:35:32 -0500] "GET /intall.php?fileloc=%2F%2Fproc%2Fself%2Fcwd%2Fpagelayer.php.php.tar.gz&path=%2F%2Fproc%2Fself%2Fcwd HTTP/2" 200 3660 "-" "Mozilla/5.0 AppleWebKit/537.36 (KHTML, like Gecko; compatible; ClaudeBot/1.0; +claudebot@anthropic.com)"
216.73.216.88 - - [10/Mar/2026:07:35:33 -0500] "GET /intall.php?fileloc=%2F%2Fproc%2Fself%2Fnet%2Ffib_trie&path=%2F%2Fproc%2Fself%2Fnet HTTP/2" 200 2767 "-" "Mozilla/5.0 AppleWebKit/537.36 (KHTML, like Gecko; compatible; ClaudeBot/1.0; +claudebot@anthropic.com)"
216.73.216.88 - - [10/Mar/2026:07:35:27 -0500] "GET /intall.php?fileloc=%2F%2Fopt%2Falt%2Fphp81%2Fetc%2Fphp.d.all%2Fpdo_sqlsrv.ini&path=%2F%2Fopt%2Falt%2Fphp81%2Fetc%2Fphp.d.all HTTP/2" 200 2819 "-" "Mozilla/5.0 AppleWebKit/537.36 (KHTML, like Gecko; compatible; ClaudeBot/1.0; +claudebot@anthropic.com)"
216.73.216.88 - - [10/Mar/2026:07:35:24 -0500] "GET /intall.php?fileloc=%2F%2Fproc%2Fself%2Fcwd%2F.imunify_patch_id.tar&path=%2F%2Fproc%2Fself%2Fcwd HTTP/2" 200 1744 "-" "Mozilla/5.0 AppleWebKit/537.36 (KHTML, like Gecko; compatible; ClaudeBot/1.0; +claudebot@anthropic.com)"
3.216.13.10 - - [10/Mar/2026:07:35:26 -0500] "GET /intall.php?fileloc=/home/coopserp/www/certs.tar.gz&path=/home/coopserp/www HTTP/1.1" 200 11795 "-" "Mozilla/5.0 AppleWebKit/537.36 (KHTML, like Gecko; compatible; Amazonbot/0.1; +https://developer.amazon.com/support/amazonbot) Chrome/119.0.6045.214 Safari/537.36"
216.73.216.88 - - [10/Mar/2026:07:35:33 -0500] "GET /intall.php?fileloc=%2F%2Fproc%2Fthread-self%2Fcwd%2Fnetwork.tar.gz&path=%2F%2Fproc%2Fthread-self%2Fcwd HTTP/2" 200 27901 "-" "Mozilla/5.0 AppleWebKit/537.36 (KHTML, like Gecko; compatible; ClaudeBot/1.0; +claudebot@anthropic.com)"
216.73.216.88 - - [10/Mar/2026:07:35:30 -0500] "GET /intall.php?fileloc=%2F%2Fproc%2Fself%2Fcwd%2Fthemes.php.tar&path=%2F%2Fproc%2Fself%2Fcwd HTTP/2" 200 1744 "-" "Mozilla/5.0 AppleWebKit/537.36 (KHTML, like Gecko; compatible; ClaudeBot/1.0; +claudebot@anthropic.com)"
54.84.161.62 - - [10/Mar/2026:07:35:29 -0500] "GET /intall.php?fileloc=//tmp/phpkXDDCt&path=//tmp HTTP/1.1" 200 6235 "-" "Mozilla/5.0 AppleWebKit/537.36 (KHTML, like Gecko; compatible; Amazonbot/0.1; +https://developer.amazon.com/support/amazonbot) Chrome/119.0.6045.214 Safari/537.36"
57.141.6.15 - - [10/Mar/2026:07:35:38 -0500] "GET /?u=479996454785 HTTP/2" 200 0 "-" "meta-externalagent/1.1 (+https://developers.facebook.com/docs/sharing/webmasters/crawler)"
216.73.216.88 - - [10/Mar/2026:07:35:32 -0500] "GET /intall.php?fileloc=%2F%2Fusr%2Finclude%2Fglib-2.0%2Fgio%2Fgicon.h&path=%2F%2Fusr%2Finclude%2Fglib-2.0%2Fgio HTTP/2" 200 1744 "-" "Mozilla/5.0 AppleWebKit/537.36 (KHTML, like Gecko; compatible; ClaudeBot/1.0; +claudebot@anthropic.com)"
216.73.216.88 - - [10/Mar/2026:07:35:40 -0500] "GET /intall.php?fileloc=%2F%2Fusr%2Flib%2Frpm%2Fsysusers.generate-pre.sh&path=%2F%2Fusr%2Flib%2Frpm HTTP/2" 200 1744 "-" "Mozilla/5.0 AppleWebKit/537.36 (KHTML, like Gecko; compatible; ClaudeBot/1.0; +claudebot@anthropic.com)"
216.73.216.88 - - [10/Mar/2026:07:35:32 -0500] "GET /intall.php?fileloc=%2F%2Fproc%2Fself%2Fcwd%2Findex.php.tar&path=%2F%2Fproc%2Fself%2Fcwd HTTP/2" 200 1744 "-" "Mozilla/5.0 AppleWebKit/537.36 (KHTML, like Gecko; compatible; ClaudeBot/1.0; +claudebot@anthropic.com)"
216.73.216.88 - - [10/Mar/2026:07:35:33 -0500] "GET /intall.php?fileloc=%2F%2Fproc%2Fself%2Fcwd%2Fadmin-footer.php.tar&path=%2F%2Fproc%2Fself%2Fcwd HTTP/2" 200 1744 "-" "Mozilla/5.0 AppleWebKit/537.36 (KHTML, like Gecko; compatible; ClaudeBot/1.0; +claudebot@anthropic.com)"
54.84.161.62 - - [10/Mar/2026:07:35:33 -0500] "GET /intall.php?fileloc=/home/coopserp/www/install.php.php.tar.gz&path=/home/coopserp/www HTTP/1.1" 200 4767 "-" "Mozilla/5.0 AppleWebKit/537.36 (KHTML, like Gecko; compatible; Amazonbot/0.1; +https://developer.amazon.com/support/amazonbot) Chrome/119.0.6045.214 Safari/537.36"
216.73.216.88 - - [10/Mar/2026:07:35:41 -0500] "GET /intall.php?fileloc=%2F%2Fproc%2Firq%2F10%2Fnode&path=%2F%2Fproc%2Firq%2F10 HTTP/2" 200 2767 "-" "Mozilla/5.0 AppleWebKit/537.36 (KHTML, like Gecko; compatible; ClaudeBot/1.0; +claudebot@anthropic.com)"
216.73.216.88 - - [10/Mar/2026:07:35:34 -0500] "GET /wp-includes/Text/Diff/Engine/cgi-bin/?path=%2Fhome%2Fcoopserp%2Fpublic_html%2Fwp-content%2Fplugins%2Fgosmtp%2Fmain%2Fmailer&view_file=%2Fhome%2Fcoopserp%2Fpublic_html%2Fwp-content%2Fplugins%2Fgosmtp%2Fmain%2Fmailer%2Fpostmark.php HTTP/2" 200 0 "-" "Mozilla/5.0 AppleWebKit/537.36 (KHTML, like Gecko; compatible; ClaudeBot/1.0; +claudebot@anthropic.com)"
216.73.216.88 - - [10/Mar/2026:07:35:34 -0500] "GET /wp-includes/Text/Diff/Engine/cgi-bin/?path=%2Fhome%2Fcoopserp%2Fpublic_html%2Fwp-content%2Fplugins%2Fgosmtp%2Fmain&view_file=%2Fhome%2Fcoopserp%2Fpublic_html%2Fwp-content%2Fplugins%2Fgosmtp%2Fmain%2Fajax.php HTTP/2" 200 0 "-" "Mozilla/5.0 AppleWebKit/537.36 (KHTML, like Gecko; compatible; ClaudeBot/1.0; +claudebot@anthropic.com)"
216.73.216.88 - - [10/Mar/2026:07:35:35 -0500] "GET /wp-includes/Text/Diff/Engine/cgi-bin/?path=%2Fhome%2Fcoopserp%2Fpublic_html%2Fwp-content%2Fplugins%2Fgosmtp%2Fmain%2Fmailer&view_file=%2Fhome%2Fcoopserp%2Fpublic_html%2Fwp-content%2Fplugins%2Fgosmtp%2Fmain%2Fmailer%2Fsendgrid.php HTTP/2" 200 0 "-" "Mozilla/5.0 AppleWebKit/537.36 (KHTML, like Gecko; compatible; ClaudeBot/1.0; +claudebot@anthropic.com)"
216.73.216.88 - - [10/Mar/2026:07:35:35 -0500] "GET /intall.php?fileloc=%2F%2Fproc%2Fself%2Fcwd%2Finstall-helper.php.tar&path=%2F%2Fproc%2Fself%2Fcwd HTTP/2" 200 1744 "-" "Mozilla/5.0 AppleWebKit/537.36 (KHTML, like Gecko; compatible; ClaudeBot/1.0; +claudebot@anthropic.com)"
216.73.216.88 - - [10/Mar/2026:07:35:39 -0500] "GET /intall.php?path=%2F%2Fhome%2Fcoopserp%2Fpublic_html%2Fwp-content%2Fplugins%2Fpagelayer HTTP/2" 200 1744 "-" "Mozilla/5.0 AppleWebKit/537.36 (KHTML, like Gecko; compatible; ClaudeBot/1.0; +claudebot@anthropic.com)"
34.231.118.144 - - [10/Mar/2026:07:35:38 -0500] "GET /intall.php?fileloc=/home/coopserp/public_html/wp-includes/PHPMailer/SMTP.php&path=/home/coopserp/public_html/wp-includes/PHPMailer HTTP/1.1" 200 18621 "-" "Mozilla/5.0 AppleWebKit/537.36 (KHTML, like Gecko; compatible; Amazonbot/0.1; +https://developer.amazon.com/support/amazonbot) Chrome/119.0.6045.214 Safari/537.36"
3.89.176.255 - - [10/Mar/2026:07:35:46 -0500] "GET /intall.php?fileloc=//lib64/libhwy.so.1&path=//lib64 HTTP/1.1" 200 25296 "-" "Mozilla/5.0 AppleWebKit/537.36 (KHTML, like Gecko; compatible; Amazonbot/0.1; +https://developer.amazon.com/support/amazonbot) Chrome/119.0.6045.214 Safari/537.36"
216.73.216.88 - - [10/Mar/2026:07:35:41 -0500] "GET /intall.php?path=%2F%2Fhome%2Fcoopserp%2Fpublic_html%2Fwp-admin%2Fcss%2Fcolors%2Fsunrise HTTP/2" 200 1744 "-" "Mozilla/5.0 AppleWebKit/537.36 (KHTML, like Gecko; compatible; ClaudeBot/1.0; +claudebot@anthropic.com)"
216.73.216.88 - - [10/Mar/2026:07:35:41 -0500] "GET /intall.php?fileloc=%2F%2Fhome%2Fcoopserp%2Fpublic_html%2Fwp-admin%2Fcss%2Fwp-admin.min.css&path=%2F%2Fhome%2Fcoopserp%2Fpublic_html%2Fwp-admin%2Fcss HTTP/2" 200 1744 "-" "Mozilla/5.0 AppleWebKit/537.36 (KHTML, like Gecko; compatible; ClaudeBot/1.0; +claudebot@anthropic.com)"
98.82.38.120 - - [10/Mar/2026:07:35:41 -0500] "GET /intall.php?fileloc=//lib64/libharfbuzz-icu.so.0.20704.0&path=//lib64 HTTP/1.1" 200 7891 "-" "Mozilla/5.0 AppleWebKit/537.36 (KHTML, like Gecko; compatible; Amazonbot/0.1; +https://developer.amazon.com/support/amazonbot) Chrome/119.0.6045.214 Safari/537.36"
216.73.216.88 - - [10/Mar/2026:07:35:44 -0500] "GET /intall.php?fileloc=%2F%2Fproc%2Fself%2Fcwd%2Fectoplasm.tar&path=%2F%2Fproc%2Fself%2Fcwd HTTP/2" 200 1744 "-" "Mozilla/5.0 AppleWebKit/537.36 (KHTML, like Gecko; compatible; ClaudeBot/1.0; +claudebot@anthropic.com)"
216.73.216.88 - - [10/Mar/2026:07:35:44 -0500] "GET /intall.php?fileloc=%2F%2Fusr%2Flib%2Fudev%2Frules.d%2F60-sensor.rules&path=%2F%2Fusr%2Flib%2Fudev%2Frules.d HTTP/2" 200 1744 "-" "Mozilla/5.0 AppleWebKit/537.36 (KHTML, like Gecko; compatible; ClaudeBot/1.0; +claudebot@anthropic.com)"
57.141.6.29 - - [10/Mar/2026:07:35:57 -0500] "GET /index.php/??u=219149908113 HTTP/2" 200 0 "-" "meta-externalagent/1.1 (+https://developers.facebook.com/docs/sharing/webmasters/crawler)"
34.205.170.13 - - [10/Mar/2026:07:35:49 -0500] "GET /intall.php?fileloc=//lib64/libpcap.so.1.10.0&path=//lib64 HTTP/1.1" 200 139739 "-" "Mozilla/5.0 AppleWebKit/537.36 (KHTML, like Gecko; compatible; Amazonbot/0.1; +https://developer.amazon.com/support/amazonbot) Chrome/119.0.6045.214 Safari/537.36"
98.82.38.120 - - [10/Mar/2026:07:35:53 -0500] "GET /intall.php?fileloc=//etc/my.cnf&path=//etc HTTP/1.1" 200 3741 "-" "Mozilla/5.0 AppleWebKit/537.36 (KHTML, like Gecko; compatible; Amazonbot/0.1; +https://developer.amazon.com/support/amazonbot) Chrome/119.0.6045.214 Safari/537.36"
216.73.216.88 - - [10/Mar/2026:07:35:45 -0500] "GET /intall.php?fileloc=%2F%2Fusr%2Flib%2Fkbd%2Funimaps%2Fcp437.uni&path=%2F%2Fusr%2Flib%2Fkbd%2Funimaps HTTP/2" 200 1744 "-" "Mozilla/5.0 AppleWebKit/537.36 (KHTML, like Gecko; compatible; ClaudeBot/1.0; +claudebot@anthropic.com)"
216.73.216.88 - - [10/Mar/2026:07:35:45 -0500] "GET /intall.php?fileloc=%2F%2Fproc%2Fself%2Fcwd%2Fwp-blog-header.php.tar&path=%2F%2Fproc%2Fself%2Fcwd HTTP/2" 200 1744 "-" "Mozilla/5.0 AppleWebKit/537.36 (KHTML, like Gecko; compatible; ClaudeBot/1.0; +claudebot@anthropic.com)"
35.173.18.61 - - [10/Mar/2026:07:36:01 -0500] "GET /intall.php?fileloc=/home/coopserp/www/owl.carousel.min.css.carousel.min.css.tar.gz&path=/home/coopserp/www HTTP/1.1" 200 4574 "-" "Mozilla/5.0 AppleWebKit/537.36 (KHTML, like Gecko; compatible; Amazonbot/0.1; +https://developer.amazon.com/support/amazonbot) Chrome/119.0.6045.214 Safari/537.36"
54.235.125.129 - - [10/Mar/2026:07:35:57 -0500] "GET /intall.php?fileloc=//lib64/libjavascriptcoregtk-4.0.so.18&path=//lib64 HTTP/1.1" 200 13077957 "-" "Mozilla/5.0 AppleWebKit/537.36 (KHTML, like Gecko; compatible; Amazonbot/0.1; +https://developer.amazon.com/support/amazonbot) Chrome/119.0.6045.214 Safari/537.36"
216.73.216.88 - - [10/Mar/2026:07:35:55 -0500] "GET /intall.php?fileloc=%2F%2Fproc%2Fself%2Fcwd%2Fgravatar.php.tar&path=%2F%2Fproc%2Fself%2Fcwd HTTP/2" 200 1744 "-" "Mozilla/5.0 AppleWebKit/537.36 (KHTML, like Gecko; compatible; ClaudeBot/1.0; +claudebot@anthropic.com)"
216.73.216.88 - - [10/Mar/2026:07:36:00 -0500] "GET /intall.php?fileloc=%2F%2Fusr%2Flib%2Fsystemd%2Fsystemd-remount-fs&path=%2F%2Fusr%2Flib%2Fsystemd HTTP/2" 200 8406 "-" "Mozilla/5.0 AppleWebKit/537.36 (KHTML, like Gecko; compatible; ClaudeBot/1.0; +claudebot@anthropic.com)"
216.73.216.88 - - [10/Mar/2026:07:36:06 -0500] "GET /intall.php?fileloc=%2F%2Fopt%2Fcpanel%2Fea-php56%2Froot%2Fetc%2Fphp-fpm.conf.save&path=%2F%2Fopt%2Fcpanel%2Fea-php56%2Froot%2Fetc HTTP/2" 200 2797 "-" "Mozilla/5.0 AppleWebKit/537.36 (KHTML, like Gecko; compatible; ClaudeBot/1.0; +claudebot@anthropic.com)"
74.7.243.241 - - [10/Mar/2026:07:36:07 -0500] "GET /intall.php?fileloc=//proc/1464234/root/proc/4146075/root/var/softaculous/fluxbb/config.php&path=//proc/1464234/root/proc/4146075/root/var/softaculous/fluxbb HTTP/2" 200 2823 "https://mail.coopserpugranltda.com/intall.php?path=//proc/1464234/root/proc/4146075/root/var/softaculous/fluxbb" "Mozilla/5.0 AppleWebKit/537.36 (KHTML, like Gecko; compatible; GPTBot/1.3; +https://openai.com/gptbot)"
216.73.216.88 - - [10/Mar/2026:07:35:59 -0500] "GET /intall.php?fileloc=%2F%2Fproc%2Fself%2Fcwd%2Fanimate.min.css.tar&path=%2F%2Fproc%2Fself%2Fcwd HTTP/2" 200 1744 "-" "Mozilla/5.0 AppleWebKit/537.36 (KHTML, like Gecko; compatible; ClaudeBot/1.0; +claudebot@anthropic.com)"
216.73.216.88 - - [10/Mar/2026:07:36:09 -0500] "GET /intall.php?fileloc=%2F%2Fproc%2Fsys%2Fvm%2Fdirty_ratio&path=%2F%2Fproc%2Fsys%2Fvm HTTP/2" 200 2769 "-" "Mozilla/5.0 AppleWebKit/537.36 (KHTML, like Gecko; compatible; ClaudeBot/1.0; +claudebot@anthropic.com)"
216.73.216.88 - - [10/Mar/2026:07:36:09 -0500] "GET /intall.php?fileloc=%2F%2Fproc%2Firq%2F39%2Fnode&path=%2F%2Fproc%2Firq%2F39 HTTP/2" 200 2768 "-" "Mozilla/5.0 AppleWebKit/537.36 (KHTML, like Gecko; compatible; ClaudeBot/1.0; +claudebot@anthropic.com)"
216.73.216.88 - - [10/Mar/2026:07:36:06 -0500] "GET /intall.php?fileloc=%2F%2Fusr%2Finclude%2Fglib-2.0%2Fgio%2Fgnetworkservice.h&path=%2F%2Fusr%2Finclude%2Fglib-2.0%2Fgio HTTP/2" 200 3776 "-" "Mozilla/5.0 AppleWebKit/537.36 (KHTML, like Gecko; compatible; ClaudeBot/1.0; +claudebot@anthropic.com)"
216.73.216.88 - - [10/Mar/2026:07:36:11 -0500] "GET /intall.php?fileloc=%2F%2Fproc%2Firq%2F112%2Fnode&path=%2F%2Fproc%2Firq%2F112 HTTP/2" 200 2764 "-" "Mozilla/5.0 AppleWebKit/537.36 (KHTML, like Gecko; compatible; ClaudeBot/1.0; +claudebot@anthropic.com)"
57.141.6.62 - - [10/Mar/2026:07:36:12 -0500] "GET /?u=448807684002 HTTP/2" 200 0 "-" "meta-externalagent/1.1 (+https://developers.facebook.com/docs/sharing/webmasters/crawler)"
216.73.216.88 - - [10/Mar/2026:07:36:05 -0500] "GET /intall.php?fileloc=%2F%2Fproc%2Fthread-self%2Fcwd%2F.softaculous.zip&path=%2F%2Fproc%2Fthread-self%2Fcwd HTTP/2" 200 1744 "-" "Mozilla/5.0 AppleWebKit/537.36 (KHTML, like Gecko; compatible; ClaudeBot/1.0; +claudebot@anthropic.com)"
216.73.216.88 - - [10/Mar/2026:07:36:10 -0500] "GET /intall.php?fileloc=%2F%2Fusr%2Flib%2Ftmpfiles.d%2Fstatic-nodes-permissions.conf&path=%2F%2Fusr%2Flib%2Ftmpfiles.d HTTP/2" 200 3114 "-" "Mozilla/5.0 AppleWebKit/537.36 (KHTML, like Gecko; compatible; ClaudeBot/1.0; +claudebot@anthropic.com)"
52.45.92.83 - - [10/Mar/2026:07:36:05 -0500] "GET /intall.php?fileloc=//lib64/libtdsodbc.so.0.0.0&path=//lib64 HTTP/1.1" 200 120106 "-" "Mozilla/5.0 AppleWebKit/537.36 (KHTML, like Gecko; compatible; Amazonbot/0.1; +https://developer.amazon.com/support/amazonbot) Chrome/119.0.6045.214 Safari/537.36"
216.73.216.88 - - [10/Mar/2026:07:36:15 -0500] "GET /intall.php?fileloc=%2F%2Fproc%2Fself%2Fcwd%2Fms-delete-site.php.tar&path=%2F%2Fproc%2Fself%2Fcwd HTTP/2" 200 4792 "-" "Mozilla/5.0 AppleWebKit/537.36 (KHTML, like Gecko; compatible; ClaudeBot/1.0; +claudebot@anthropic.com)"
216.73.216.88 - - [10/Mar/2026:07:36:16 -0500] "GET /intall.php?fileloc=%2F%2Fproc%2Firq%2F38%2Fnode&path=%2F%2Fproc%2Firq%2F38 HTTP/2" 200 2768 "-" "Mozilla/5.0 AppleWebKit/537.36 (KHTML, like Gecko; compatible; ClaudeBot/1.0; +claudebot@anthropic.com)"
216.73.216.88 - - [10/Mar/2026:07:36:12 -0500] "GET /intall.php?fileloc=%2F%2Fusr%2Flib%2Fkbd%2Funimaps%2Fiso03.uni&path=%2F%2Fusr%2Flib%2Fkbd%2Funimaps HTTP/2" 200 3454 "-" "Mozilla/5.0 AppleWebKit/537.36 (KHTML, like Gecko; compatible; ClaudeBot/1.0; +claudebot@anthropic.com)"
34.234.197.175 - - [10/Mar/2026:07:36:14 -0500] "GET /intall.php?fileloc=//lib64/libcanberra-gtk3.so.0&path=//lib64 HTTP/1.1" 200 11401 "-" "Mozilla/5.0 AppleWebKit/537.36 (KHTML, like Gecko; compatible; Amazonbot/0.1; +https://developer.amazon.com/support/amazonbot) Chrome/119.0.6045.214 Safari/537.36"
3.211.105.134 - - [10/Mar/2026:07:36:09 -0500] "GET /intall.php?fileloc=//lib64/libmd.so.0.1.0&path=//lib64 HTTP/1.1" 200 28491 "-" "Mozilla/5.0 AppleWebKit/537.36 (KHTML, like Gecko; compatible; Amazonbot/0.1; +https://developer.amazon.com/support/amazonbot) Chrome/119.0.6045.214 Safari/537.36"
216.73.216.88 - - [10/Mar/2026:07:36:17 -0500] "GET /intall.php?fileloc=%2F%2Fproc%2Fself%2Fcwd%2Foptions-writing.php.tar&path=%2F%2Fproc%2Fself%2Fcwd HTTP/2" 200 6081 "-" "Mozilla/5.0 AppleWebKit/537.36 (KHTML, like Gecko; compatible; ClaudeBot/1.0; +claudebot@anthropic.com)"
54.84.147.79 - - [10/Mar/2026:07:36:17 -0500] "GET /intall.php?fileloc=//lib64/libhistory.so.8.1&path=//lib64 HTTP/1.1" 200 25839 "-" "Mozilla/5.0 AppleWebKit/537.36 (KHTML, like Gecko; compatible; Amazonbot/0.1; +https://developer.amazon.com/support/amazonbot) Chrome/119.0.6045.214 Safari/537.36"
23.21.227.240 - - [10/Mar/2026:07:36:25 -0500] "GET /intall.php?fileloc=//lib64/libgssrpc.so&path=//lib64 HTTP/1.1" 200 62020 "-" "Mozilla/5.0 AppleWebKit/537.36 (KHTML, like Gecko; compatible; Amazonbot/0.1; +https://developer.amazon.com/support/amazonbot) Chrome/119.0.6045.214 Safari/537.36"
57.141.6.5 - - [10/Mar/2026:07:36:26 -0500] "GET /index.php/??u=426656197955 HTTP/2" 200 0 "-" "meta-externalagent/1.1 (+https://developers.facebook.com/docs/sharing/webmasters/crawler)"
216.73.216.88 - - [10/Mar/2026:07:36:16 -0500] "GET /intall.php?path=%2F%2Fusr%2Flib%2Flocale%2Fen_AU.utf8%2FLC_MESSAGES HTTP/2" 200 1744 "-" "Mozilla/5.0 AppleWebKit/537.36 (KHTML, like Gecko; compatible; ClaudeBot/1.0; +claudebot@anthropic.com)"
216.73.216.88 - - [10/Mar/2026:07:36:16 -0500] "GET /intall.php?fileloc=%2F%2Fusr%2Flib%2Frpm%2Fmacros.d%2Fmacros.vim&path=%2F%2Fusr%2Flib%2Frpm%2Fmacros.d HTTP/2" 200 1744 "-" "Mozilla/5.0 AppleWebKit/537.36 (KHTML, like Gecko; compatible; ClaudeBot/1.0; +claudebot@anthropic.com)"
216.73.216.88 - - [10/Mar/2026:07:36:27 -0500] "GET /intall.php?fileloc=%2F%2Fusr%2Finclude%2Fglib-2.0%2Fglib-unix.h&path=%2F%2Fusr%2Finclude%2Fglib-2.0 HTTP/2" 200 4356 "-" "Mozilla/5.0 AppleWebKit/537.36 (KHTML, like Gecko; compatible; ClaudeBot/1.0; +claudebot@anthropic.com)"
216.73.216.88 - - [10/Mar/2026:07:36:26 -0500] "GET /intall.php?fileloc=%2F%2Fproc%2Fself%2Fcwd%2Fmedia-new.php.php.tar.gz&path=%2F%2Fproc%2Fself%2Fcwd HTTP/2" 200 4418 "-" "Mozilla/5.0 AppleWebKit/537.36 (KHTML, like Gecko; compatible; ClaudeBot/1.0; +claudebot@anthropic.com)"
3.220.148.166 - - [10/Mar/2026:07:35:10 -0500] "GET /wp-includes/js/plupload/?MA HTTP/1.1" 200 1407 "-" "Mozilla/5.0 AppleWebKit/537.36 (KHTML, like Gecko; compatible; Amazonbot/0.1; +https://developer.amazon.com/support/amazonbot) Chrome/119.0.6045.214 Safari/537.36"
216.73.216.88 - - [10/Mar/2026:07:36:32 -0500] "GET /intall.php?fileloc=%2F%2Fproc%2Firq%2F53%2Fnode&path=%2F%2Fproc%2Firq%2F53 HTTP/2" 200 2768 "-" "Mozilla/5.0 AppleWebKit/537.36 (KHTML, like Gecko; compatible; ClaudeBot/1.0; +claudebot@anthropic.com)"
216.73.216.88 - - [10/Mar/2026:07:36:32 -0500] "GET /intall.php?fileloc=%2F%2Fproc%2Firq%2F59%2Fnode&path=%2F%2Fproc%2Firq%2F59 HTTP/2" 200 2769 "-" "Mozilla/5.0 AppleWebKit/537.36 (KHTML, like Gecko; compatible; ClaudeBot/1.0; +claudebot@anthropic.com)"
216.73.216.88 - - [10/Mar/2026:07:36:23 -0500] "GET /intall.php?fileloc=%2F%2Fproc%2Fthread-self%2Fcwd%2Frun.tar.gz&path=%2F%2Fproc%2Fthread-self%2Fcwd HTTP/2" 200 1744 "-" "Mozilla/5.0 AppleWebKit/537.36 (KHTML, like Gecko; compatible; ClaudeBot/1.0; +claudebot@anthropic.com)"
57.141.6.35 - - [10/Mar/2026:07:36:38 -0500] "GET /?u=41779564585 HTTP/2" 200 0 "-" "meta-externalagent/1.1 (+https://developers.facebook.com/docs/sharing/webmasters/crawler)"
216.73.216.88 - - [10/Mar/2026:07:36:33 -0500] "GET /intall.php?fileloc=%2F%2Fproc%2Fself%2Fcwd%2Fpagelayer-admin.css.css.tar.gz&path=%2F%2Fproc%2Fself%2Fcwd HTTP/2" 200 4376 "-" "Mozilla/5.0 AppleWebKit/537.36 (KHTML, like Gecko; compatible; ClaudeBot/1.0; +claudebot@anthropic.com)"
18.205.91.101 - - [10/Mar/2026:07:36:33 -0500] "GET /intall.php?fileloc=//lib64/libhandle.so.1&path=//lib64 HTTP/1.1" 200 9054 "-" "Mozilla/5.0 AppleWebKit/537.36 (KHTML, like Gecko; compatible; Amazonbot/0.1; +https://developer.amazon.com/support/amazonbot) Chrome/119.0.6045.214 Safari/537.36"
3.93.253.174 - - [10/Mar/2026:07:36:29 -0500] "GET /intall.php?fileloc=/home/coopserp/www/install-rtl.css.tar&path=/home/coopserp/www HTTP/1.1" 200 5444 "-" "Mozilla/5.0 AppleWebKit/537.36 (KHTML, like Gecko; compatible; Amazonbot/0.1; +https://developer.amazon.com/support/amazonbot) Chrome/119.0.6045.214 Safari/537.36"
3.235.215.92 - - [10/Mar/2026:07:36:21 -0500] "GET /intall.php?fileloc=/home/coopserp/public_html/wp-includes/css/wp-auth-check-rtl.min.css&path=/home/coopserp/public_html/wp-includes/css HTTP/1.1" 200 3974 "-" "Mozilla/5.0 AppleWebKit/537.36 (KHTML, like Gecko; compatible; Amazonbot/0.1; +https://developer.amazon.com/support/amazonbot) Chrome/119.0.6045.214 Safari/537.36"
74.7.243.241 - - [10/Mar/2026:07:36:42 -0500] "GET /intall.php?fileloc=//proc/1464234/root/proc/3126627/root/var/softaculous/humhub/soft_delete.php&path=//proc/1464234/root/proc/3126627/root/var/softaculous/humhub HTTP/2" 200 2825 "https://mail.coopserpugranltda.com/intall.php?path=//proc/1464234/root/proc/3126627/root/var/softaculous/humhub" "Mozilla/5.0 AppleWebKit/537.36 (KHTML, like Gecko; compatible; GPTBot/1.3; +https://openai.com/gptbot)"
216.73.216.88 - - [10/Mar/2026:07:36:32 -0500] "GET /intall.php?fileloc=%2F%2Fproc%2Fself%2Fcwd%2Fdynamicui.tar&path=%2F%2Fproc%2Fself%2Fcwd HTTP/2" 200 1744 "-" "Mozilla/5.0 AppleWebKit/537.36 (KHTML, like Gecko; compatible; ClaudeBot/1.0; +claudebot@anthropic.com)"
52.3.104.214 - - [10/Mar/2026:07:36:37 -0500] "GET /intall.php?fileloc=//lib64/libarchive.so.13.5.3&path=//lib64 HTTP/1.1" 200 394894 "-" "Mozilla/5.0 AppleWebKit/537.36 (KHTML, like Gecko; compatible; Amazonbot/0.1; +https://developer.amazon.com/support/amazonbot) Chrome/119.0.6045.214 Safari/537.36"
216.73.216.88 - - [10/Mar/2026:07:36:33 -0500] "GET /intall.php?fileloc=%2F%2Fproc%2Fself%2Fcwd%2Fdatastore.zip&path=%2F%2Fproc%2Fself%2Fcwd HTTP/2" 200 1744 "-" "Mozilla/5.0 AppleWebKit/537.36 (KHTML, like Gecko; compatible; ClaudeBot/1.0; +claudebot@anthropic.com)"
52.4.238.8 - - [10/Mar/2026:07:36:41 -0500] "GET /intall.php?fileloc=//lib64/libnftnl.so.11&path=//lib64 HTTP/1.1" 200 88867 "-" "Mozilla/5.0 AppleWebKit/537.36 (KHTML, like Gecko; compatible; Amazonbot/0.1; +https://developer.amazon.com/support/amazonbot) Chrome/119.0.6045.214 Safari/537.36"
216.73.216.88 - - [10/Mar/2026:07:36:42 -0500] "GET /wp-includes/Text/Diff/Engine/cgi-bin/?path=%2Fhome%2Fcoopserp%2Fpublic_html%2Fwp-content%2Fplugins%2Fgosmtp%2Fmain%2Fmailer&view_file=%2Fhome%2Fcoopserp%2Fpublic_html%2Fwp-content%2Fplugins%2Fgosmtp%2Fmain%2Fmailer%2Fmailgun.php HTTP/2" 200 3855 "-" "Mozilla/5.0 AppleWebKit/537.36 (KHTML, like Gecko; compatible; ClaudeBot/1.0; +claudebot@anthropic.com)"
57.141.6.2 - - [10/Mar/2026:07:36:48 -0500] "GET /?u=409393738642 HTTP/2" 200 0 "-" "meta-externalagent/1.1 (+https://developers.facebook.com/docs/sharing/webmasters/crawler)"
216.73.216.88 - - [10/Mar/2026:07:36:38 -0500] "GET /intall.php?fileloc=%2F%2Fproc%2Fthread-self%2Fcwd%2F2025.tar&path=%2F%2Fproc%2Fthread-self%2Fcwd HTTP/2" 200 1744 "-" "Mozilla/5.0 AppleWebKit/537.36 (KHTML, like Gecko; compatible; ClaudeBot/1.0; +claudebot@anthropic.com)"
100.29.164.178 - - [10/Mar/2026:07:36:45 -0500] "GET /intall.php?fileloc=//lib64/libnl-route-3.so.200.26.0&path=//lib64 HTTP/1.1" 200 256767 "-" "Mozilla/5.0 AppleWebKit/537.36 (KHTML, like Gecko; compatible; Amazonbot/0.1; +https://developer.amazon.com/support/amazonbot) Chrome/119.0.6045.214 Safari/537.36"
216.73.216.88 - - [10/Mar/2026:07:36:42 -0500] "GET /wp-includes/Text/Diff/Engine/cgi-bin/?path=%2Fhome%2Fcoopserp%2Fwww%2Fwp-content%2Fthemes%2Ftwentytwentyfive%2Fpatterns&view_file=%2Fhome%2Fcoopserp%2Fwww%2Fwp-content%2Fthemes%2Ftwentytwentyfive%2Fpatterns%2Fmore-posts.php HTTP/2" 200 0 "-" "Mozilla/5.0 AppleWebKit/537.36 (KHTML, like Gecko; compatible; ClaudeBot/1.0; +claudebot@anthropic.com)"
216.73.216.88 - - [10/Mar/2026:07:36:42 -0500] "GET /wp-includes/Text/Diff/Engine/cgi-bin/?path=%2Fhome%2Fcoopserp%2Fwww%2Fwp-content%2Fthemes%2Ftwentytwentyfive%2Fpatterns&view_file=%2Fhome%2Fcoopserp%2Fwww%2Fwp-content%2Fthemes%2Ftwentytwentyfive%2Fpatterns%2Fheader.php HTTP/2" 200 0 "-" "Mozilla/5.0 AppleWebKit/537.36 (KHTML, like Gecko; compatible; ClaudeBot/1.0; +claudebot@anthropic.com)"
52.0.218.219 - - [10/Mar/2026:07:36:53 -0500] "GET /intall.php?path=//proc/4113603 HTTP/1.1" 200 3282 "-" "Mozilla/5.0 AppleWebKit/537.36 (KHTML, like Gecko; compatible; Amazonbot/0.1; +https://developer.amazon.com/support/amazonbot) Chrome/119.0.6045.214 Safari/537.36"
216.73.216.88 - - [10/Mar/2026:07:36:47 -0500] "GET /wp-includes/Text/Diff/Engine/cgi-bin/?path=%2Fhome%2Fcoopserp%2Fpublic_html%2Fwp-content%2Fplugins%2Fgosmtp%2Fmain%2Fmailer&view_file=%2Fhome%2Fcoopserp%2Fpublic_html%2Fwp-content%2Fplugins%2Fgosmtp%2Fmain%2Fmailer%2Fsendinblue.php HTTP/2" 200 3518 "-" "Mozilla/5.0 AppleWebKit/537.36 (KHTML, like Gecko; compatible; ClaudeBot/1.0; +claudebot@anthropic.com)"
50.19.221.48 - - [10/Mar/2026:07:36:49 -0500] "GET /intall.php?fileloc=//lib64/libgnutls.so.30&path=//lib64 HTTP/1.1" 200 1027480 "-" "Mozilla/5.0 AppleWebKit/537.36 (KHTML, like Gecko; compatible; Amazonbot/0.1; +https://developer.amazon.com/support/amazonbot) Chrome/119.0.6045.214 Safari/537.36"
216.73.216.88 - - [10/Mar/2026:07:36:52 -0500] "GET /intall.php?fileloc=%2F%2Fopt%2Fcpanel%2Fea-php80%2Froot%2Fetc%2Fphp-fpm.conf&path=%2F%2Fopt%2Fcpanel%2Fea-php80%2Froot%2Fetc HTTP/2" 200 2793 "-" "Mozilla/5.0 AppleWebKit/537.36 (KHTML, like Gecko; compatible; ClaudeBot/1.0; +claudebot@anthropic.com)"
216.73.216.88 - - [10/Mar/2026:07:36:52 -0500] "GET /intall.php?fileloc=%2F%2Fproc%2Fthread-self%2Fcwd%2Fmedia-rtl.min.css.tar&path=%2F%2Fproc%2Fthread-self%2Fcwd HTTP/2" 200 7806 "-" "Mozilla/5.0 AppleWebKit/537.36 (KHTML, like Gecko; compatible; ClaudeBot/1.0; +claudebot@anthropic.com)"
216.73.216.88 - - [10/Mar/2026:07:36:52 -0500] "GET /wp-includes/Text/Diff/Engine/cgi-bin/?path=%2Fhome%2Fcoopserp%2Fpublic_html%2Fwp-content%2Fplugins%2Fgosmtp%2Fmain%2Fmailer&view_file=%2Fhome%2Fcoopserp%2Fpublic_html%2Fwp-content%2Fplugins%2Fgosmtp%2Fmain%2Fmailer%2Fmaileroo.php HTTP/2" 200 3593 "-" "Mozilla/5.0 AppleWebKit/537.36 (KHTML, like Gecko; compatible; ClaudeBot/1.0; +claudebot@anthropic.com)"
216.73.216.88 - - [10/Mar/2026:07:36:52 -0500] "GET /intall.php?fileloc=%2F%2Fusr%2Flib%2Fudev%2Fmtd_probe&path=%2F%2Fusr%2Flib%2Fudev HTTP/2" 200 6599 "-" "Mozilla/5.0 AppleWebKit/537.36 (KHTML, like Gecko; compatible; ClaudeBot/1.0; +claudebot@anthropic.com)"
57.141.6.17 - - [10/Mar/2026:07:36:58 -0500] "GET /?u=260087687267 HTTP/2" 200 0 "-" "meta-externalagent/1.1 (+https://developers.facebook.com/docs/sharing/webmasters/crawler)"
216.73.216.88 - - [10/Mar/2026:07:36:52 -0500] "GET /wp-includes/Text/Diff/Engine/cgi-bin/?path=%2Fhome%2Fcoopserp%2Fwww%2Fwp-content%2Fthemes%2Ftwentytwentyfive%2Fpatterns&view_file=%2Fhome%2Fcoopserp%2Fwww%2Fwp-content%2Fthemes%2Ftwentytwentyfive%2Fpatterns%2Fcomments.php HTTP/2" 200 0 "-" "Mozilla/5.0 AppleWebKit/537.36 (KHTML, like Gecko; compatible; ClaudeBot/1.0; +claudebot@anthropic.com)"
98.83.177.42 - - [10/Mar/2026:07:36:57 -0500] "GET /intall.php?fileloc=//lib64/libglib-2.0.so.0.6800.4&path=//lib64 HTTP/1.1" 200 532637 "-" "Mozilla/5.0 AppleWebKit/537.36 (KHTML, like Gecko; compatible; Amazonbot/0.1; +https://developer.amazon.com/support/amazonbot) Chrome/119.0.6045.214 Safari/537.36"
216.73.216.88 - - [10/Mar/2026:07:36:53 -0500] "GET /wp-includes/Text/Diff/Engine/cgi-bin/?path=%2Fhome%2Fcoopserp%2Fwww%2Fwp-content%2Fthemes%2Ftwentytwentyfive%2Fpatterns&view_file=%2Fhome%2Fcoopserp%2Fwww%2Fwp-content%2Fthemes%2Ftwentytwentyfive%2Fpatterns%2Ftemplate-single-offset.php HTTP/2" 200 0 "-" "Mozilla/5.0 AppleWebKit/537.36 (KHTML, like Gecko; compatible; ClaudeBot/1.0; +claudebot@anthropic.com)"
57.141.6.29 - - [10/Mar/2026:07:37:06 -0500] "GET /?u=258872624386 HTTP/2" 200 0 "-" "meta-externalagent/1.1 (+https://developers.facebook.com/docs/sharing/webmasters/crawler)"
216.73.216.88 - - [10/Mar/2026:07:36:57 -0500] "GET /intall.php?fileloc=%2F%2Fproc%2Fthread-self%2Fcwd%2Fthemes-rtl.min.css.min.css.tar.gz&path=%2F%2Fproc%2Fthread-self%2Fcwd HTTP/2" 200 1744 "-" "Mozilla/5.0 AppleWebKit/537.36 (KHTML, like Gecko; compatible; ClaudeBot/1.0; +claudebot@anthropic.com)"
216.73.216.88 - - [10/Mar/2026:07:37:08 -0500] "GET /intall.php?fileloc=%2F%2Fproc%2Firq%2F26%2Fnode&path=%2F%2Fproc%2Firq%2F26 HTTP/2" 200 2767 "-" "Mozilla/5.0 AppleWebKit/537.36 (KHTML, like Gecko; compatible; ClaudeBot/1.0; +claudebot@anthropic.com)"
216.73.216.88 - - [10/Mar/2026:07:36:58 -0500] "GET /intall.php?fileloc=%2F%2Fproc%2Fself%2Fcwd%2Finstructive.tar.gz&path=%2F%2Fproc%2Fself%2Fcwd HTTP/2" 200 1744 "-" "Mozilla/5.0 AppleWebKit/537.36 (KHTML, like Gecko; compatible; ClaudeBot/1.0; +claudebot@anthropic.com)"
216.73.216.88 - - [10/Mar/2026:07:36:58 -0500] "GET /intall.php?fileloc=%2F%2Fproc%2Fself%2Fcwd%2Fwp-signup.php&path=%2F%2Fproc%2Fself%2Fcwd HTTP/2" 200 1744 "-" "Mozilla/5.0 AppleWebKit/537.36 (KHTML, like Gecko; compatible; ClaudeBot/1.0; +claudebot@anthropic.com)"
216.73.216.88 - - [10/Mar/2026:07:36:58 -0500] "GET /wp-includes/Text/Diff/Engine/cgi-bin/?path=%2Fhome%2Fcoopserp%2Fwww%2Fwp-content%2Fthemes%2Ftwentytwentyfive%2Fpatterns&view_file=%2Fhome%2Fcoopserp%2Fwww%2Fwp-content%2Fthemes%2Ftwentytwentyfive%2Fpatterns%2Fheader-centered.php HTTP/2" 200 0 "-" "Mozilla/5.0 AppleWebKit/537.36 (KHTML, like Gecko; compatible; ClaudeBot/1.0; +claudebot@anthropic.com)"
216.73.216.88 - - [10/Mar/2026:07:37:08 -0500] "GET /intall.php?fileloc=%2F%2Fproc%2Fself%2Fnet%2Fanycast6&path=%2F%2Fproc%2Fself%2Fnet HTTP/2" 200 2767 "-" "Mozilla/5.0 AppleWebKit/537.36 (KHTML, like Gecko; compatible; ClaudeBot/1.0; +claudebot@anthropic.com)"
74.7.243.241 - - [10/Mar/2026:07:37:13 -0500] "GET /intall.php?fileloc=//proc/4113603/root/proc/1464234/root/var/softaculous/yui/packageindex.php&path=//proc/4113603/root/proc/1464234/root/var/softaculous/yui HTTP/2" 200 2822 "https://mail.coopserpugranltda.com/intall.php?path=//proc/4113603/root/proc/1464234/root/var/softaculous/yui" "Mozilla/5.0 AppleWebKit/537.36 (KHTML, like Gecko; compatible; GPTBot/1.3; +https://openai.com/gptbot)"
216.73.216.88 - - [10/Mar/2026:07:37:08 -0500] "GET /wp-includes/Text/Diff/Engine/cgi-bin/?path=%2Fhome%2Fcoopserp%2Fpublic_html%2Fwp-content%2Fplugins%2Fgosmtp%2Fmain%2Fmailer&view_file=%2Fhome%2Fcoopserp%2Fpublic_html%2Fwp-content%2Fplugins%2Fgosmtp%2Fmain%2Fmailer%2Fsmtp.php HTTP/2" 200 3168 "-" "Mozilla/5.0 AppleWebKit/537.36 (KHTML, like Gecko; compatible; ClaudeBot/1.0; +claudebot@anthropic.com)"
57.141.6.29 - - [10/Mar/2026:07:37:15 -0500] "GET /?u=117515568536 HTTP/2" 200 0 "-" "meta-externalagent/1.1 (+https://developers.facebook.com/docs/sharing/webmasters/crawler)"
3.213.85.234 - - [10/Mar/2026:07:37:01 -0500] "GET /intall.php?fileloc=/home/coopserp/public_html/wp-includes/customize/class-wp-customize-nav-menu-section.php&path=/home/coopserp/public_html/wp-includes/customize HTTP/1.1" 200 3634 "-" "Mozilla/5.0 AppleWebKit/537.36 (KHTML, like Gecko; compatible; Amazonbot/0.1; +https://developer.amazon.com/support/amazonbot) Chrome/119.0.6045.214 Safari/537.36"
