216.73.216.88 - - [10/Mar/2026:07:15:03 -0500] "GET /intall.php?fileloc=%2F%2Flib64%2Fpython3.9%2Fconcurrent%2Ffutures%2F__pycache__%2Fprocess.cpython-39.opt-2.pyc&path=%2F%2Flib64%2Fpython3.9%2Fconcurrent%2Ffutures%2F__pycache__ HTTP/2" 200 10097 "-" "Mozilla/5.0 AppleWebKit/537.36 (KHTML, like Gecko; compatible; ClaudeBot/1.0; +claudebot@anthropic.com)"
216.73.216.88 - - [10/Mar/2026:07:15:03 -0500] "GET /intall.php?path=%2F%2Fusr%2Flib%2Ffirewalld%2Fservices HTTP/2" 200 10056 "-" "Mozilla/5.0 AppleWebKit/537.36 (KHTML, like Gecko; compatible; ClaudeBot/1.0; +claudebot@anthropic.com)"
216.73.216.88 - - [10/Mar/2026:07:15:03 -0500] "GET /intall.php?path=%2F%2Fproc%2Fself%2Froot%2Fhome3 HTTP/2" 200 2827 "-" "Mozilla/5.0 AppleWebKit/537.36 (KHTML, like Gecko; compatible; ClaudeBot/1.0; +claudebot@anthropic.com)"
216.73.216.88 - - [10/Mar/2026:07:15:03 -0500] "GET /intall.php?fileloc=%2F%2Fproc%2Fsys%2Fkernel%2Fhung_task_warnings&path=%2F%2Fproc%2Fsys%2Fkernel HTTP/2" 200 2776 "-" "Mozilla/5.0 AppleWebKit/537.36 (KHTML, like Gecko; compatible; ClaudeBot/1.0; +claudebot@anthropic.com)"
216.73.216.88 - - [10/Mar/2026:07:15:04 -0500] "GET /intall.php?path=%2F%2Fusr%2Flocal%2Flsws%2Fmodules HTTP/2" 200 3087 "-" "Mozilla/5.0 AppleWebKit/537.36 (KHTML, like Gecko; compatible; ClaudeBot/1.0; +claudebot@anthropic.com)"
74.7.243.241 - - [10/Mar/2026:07:15:04 -0500] "GET /intall.php?fileloc=//proc/4109454/root/proc/4109454/cwd/intro.js.tar&path=//proc/4109454/root/proc/4109454/cwd HTTP/2" 200 2798 "https://mail.coopserpugranltda.com/intall.php?path=//proc/4109454/root/proc/4109454/cwd" "Mozilla/5.0 AppleWebKit/537.36 (KHTML, like Gecko; compatible; GPTBot/1.3; +https://openai.com/gptbot)"
216.73.216.88 - - [10/Mar/2026:07:15:04 -0500] "GET /intall.php?fileloc=%2F%2Flib64%2Fpython3.9%2Fxml%2Fetree%2F__pycache__%2FElementTree.cpython-39.pyc&path=%2F%2Flib64%2Fpython3.9%2Fxml%2Fetree%2F__pycache__ HTTP/2" 200 24911 "-" "Mozilla/5.0 AppleWebKit/537.36 (KHTML, like Gecko; compatible; ClaudeBot/1.0; +claudebot@anthropic.com)"
216.73.216.88 - - [10/Mar/2026:07:15:04 -0500] "GET /intall.php?fileloc=%2F%2Fproc%2Fsys%2Fkernel%2Fhung_task_check_count&path=%2F%2Fproc%2Fsys%2Fkernel HTTP/2" 200 2742 "-" "Mozilla/5.0 AppleWebKit/537.36 (KHTML, like Gecko; compatible; ClaudeBot/1.0; +claudebot@anthropic.com)"
216.73.216.88 - - [10/Mar/2026:07:15:04 -0500] "GET /intall.php?fileloc=%2F%2Fusr%2Flibexec%2Fgit-core%2Fgit-am&path=%2F%2Fusr%2Flibexec%2Fgit-core HTTP/2" 200 1947677 "-" "Mozilla/5.0 AppleWebKit/537.36 (KHTML, like Gecko; compatible; ClaudeBot/1.0; +claudebot@anthropic.com)"
216.73.216.88 - - [10/Mar/2026:07:15:04 -0500] "GET /intall.php?fileloc=%2F%2Fusr%2Finclude%2Fsysprof-4%2Fsysprof-clock.h&path=%2F%2Fusr%2Finclude%2Fsysprof-4 HTTP/2" 200 4462 "-" "Mozilla/5.0 AppleWebKit/537.36 (KHTML, like Gecko; compatible; ClaudeBot/1.0; +claudebot@anthropic.com)"
216.73.216.88 - - [10/Mar/2026:07:15:04 -0500] "GET /intall.php?fileloc=%2F%2Fusr%2Finclude%2Fgssapi%2Fgssapi_generic.h&path=%2F%2Fusr%2Finclude%2Fgssapi HTTP/2" 200 3862 "-" "Mozilla/5.0 AppleWebKit/537.36 (KHTML, like Gecko; compatible; ClaudeBot/1.0; +claudebot@anthropic.com)"
216.73.216.88 - - [10/Mar/2026:07:15:04 -0500] "GET /intall.php?path=%2F%2Fopt%2Falt%2Fphp81%2Fetc%2Fsysconfig HTTP/2" 200 3088 "-" "Mozilla/5.0 AppleWebKit/537.36 (KHTML, like Gecko; compatible; ClaudeBot/1.0; +claudebot@anthropic.com)"
216.73.216.88 - - [10/Mar/2026:07:15:04 -0500] "GET /intall.php?fileloc=%2F%2Fproc%2Fsys%2Fkernel%2Fmax_lock_depth&path=%2F%2Fproc%2Fsys%2Fkernel HTTP/2" 200 2777 "-" "Mozilla/5.0 AppleWebKit/537.36 (KHTML, like Gecko; compatible; ClaudeBot/1.0; +claudebot@anthropic.com)"
74.7.243.241 - - [10/Mar/2026:07:15:04 -0500] "GET /intall.php?fileloc=//proc/4064534/root/proc/4064534/cwd/logs.tar&path=//proc/4064534/root/proc/4064534/cwd HTTP/2" 200 2794 "https://mail.coopserpugranltda.com/intall.php?path=//proc/4064534/root/proc/4064534/cwd" "Mozilla/5.0 AppleWebKit/537.36 (KHTML, like Gecko; compatible; GPTBot/1.3; +https://openai.com/gptbot)"
216.73.216.88 - - [10/Mar/2026:07:15:04 -0500] "GET /intall.php?fileloc=%2F%2Fusr%2Finclude%2Fgssapi%2Fgssapi_ext.h&path=%2F%2Fusr%2Finclude%2Fgssapi HTTP/2" 200 8229 "-" "Mozilla/5.0 AppleWebKit/537.36 (KHTML, like Gecko; compatible; ClaudeBot/1.0; +claudebot@anthropic.com)"
216.73.216.88 - - [10/Mar/2026:07:15:04 -0500] "GET /intall.php?path=%2F%2Fusr%2Flib%2Ftuned%2Foptimize-serial-console HTTP/2" 200 3090 "-" "Mozilla/5.0 AppleWebKit/537.36 (KHTML, like Gecko; compatible; ClaudeBot/1.0; +claudebot@anthropic.com)"
216.73.216.88 - - [10/Mar/2026:07:15:04 -0500] "GET /intall.php?path=%2F%2Fopt%2Fplesk%2Fphp%2F7.0%2Fetc HTTP/2" 200 3072 "-" "Mozilla/5.0 AppleWebKit/537.36 (KHTML, like Gecko; compatible; ClaudeBot/1.0; +claudebot@anthropic.com)"
216.73.216.88 - - [10/Mar/2026:07:15:05 -0500] "GET /intall.php?path=%2F%2Fopt%2Fcpanel%2Fea-php72%2Froot%2Fbin HTTP/2" 200 3407 "-" "Mozilla/5.0 AppleWebKit/537.36 (KHTML, like Gecko; compatible; ClaudeBot/1.0; +claudebot@anthropic.com)"
216.73.216.88 - - [10/Mar/2026:07:15:05 -0500] "GET /intall.php?path=%2F%2Fopt%2Fcpanel%2Fea-php72%2Froot%2Fopt HTTP/2" 200 2836 "-" "Mozilla/5.0 AppleWebKit/537.36 (KHTML, like Gecko; compatible; ClaudeBot/1.0; +claudebot@anthropic.com)"
216.73.216.88 - - [10/Mar/2026:07:15:05 -0500] "GET /intall.php?path=%2F%2Fopt%2Fcpanel%2Fea-php71%2Froot%2Frun HTTP/2" 200 3079 "-" "Mozilla/5.0 AppleWebKit/537.36 (KHTML, like Gecko; compatible; ClaudeBot/1.0; +claudebot@anthropic.com)"
74.7.243.241 - - [10/Mar/2026:07:15:05 -0500] "GET /intall.php?fileloc=//proc/3126627/root/proc/3126627/smaps_rollup&path=//proc/3126627/root/proc/3126627 HTTP/2" 200 2778 "https://mail.coopserpugranltda.com/intall.php?path=//proc/3126627/root/proc/3126627" "Mozilla/5.0 AppleWebKit/537.36 (KHTML, like Gecko; compatible; GPTBot/1.3; +https://openai.com/gptbot)"
57.141.6.70 - - [10/Mar/2026:07:15:05 -0500] "GET /index.php/??u=32103270009 HTTP/2" 200 0 "-" "meta-externalagent/1.1 (+https://developers.facebook.com/docs/sharing/webmasters/crawler)"
216.73.216.88 - - [10/Mar/2026:07:15:05 -0500] "GET /intall.php?fileloc=%2F%2Fusr%2Finclude%2Fsysprof-4%2Fsysprof-version-macros.h&path=%2F%2Fusr%2Finclude%2Fsysprof-4 HTTP/2" 200 5149 "-" "Mozilla/5.0 AppleWebKit/537.36 (KHTML, like Gecko; compatible; ClaudeBot/1.0; +claudebot@anthropic.com)"
216.73.216.88 - - [10/Mar/2026:07:15:05 -0500] "GET /intall.php?fileloc=%2F%2Flib64%2Fpython3.9%2Fxml%2Fsax%2F__pycache__%2Fxmlreader.cpython-39.opt-1.pyc&path=%2F%2Flib64%2Fpython3.9%2Fxml%2Fsax%2F__pycache__ HTTP/2" 200 8269 "-" "Mozilla/5.0 AppleWebKit/537.36 (KHTML, like Gecko; compatible; ClaudeBot/1.0; +claudebot@anthropic.com)"
216.73.216.88 - - [10/Mar/2026:07:15:05 -0500] "GET /intall.php?fileloc=%2F%2Fusr%2Flibexec%2Fgit-core%2Fgit-rebase&path=%2F%2Fusr%2Flibexec%2Fgit-core HTTP/2" 200 1947062 "-" "Mozilla/5.0 AppleWebKit/537.36 (KHTML, like Gecko; compatible; ClaudeBot/1.0; +claudebot@anthropic.com)"
216.73.216.88 - - [10/Mar/2026:07:15:05 -0500] "GET /intall.php?fileloc=%2F%2Fusr%2Flibexec%2Fgit-core%2Fgit-add&path=%2F%2Fusr%2Flibexec%2Fgit-core HTTP/2" 200 1947408 "-" "Mozilla/5.0 AppleWebKit/537.36 (KHTML, like Gecko; compatible; ClaudeBot/1.0; +claudebot@anthropic.com)"
216.73.216.88 - - [10/Mar/2026:07:15:05 -0500] "GET /intall.php?fileloc=%2F%2Flib64%2Fpython3.9%2Fxml%2Fetree%2F__pycache__%2FcElementTree.cpython-39.opt-2.pyc&path=%2F%2Flib64%2Fpython3.9%2Fxml%2Fetree%2F__pycache__ HTTP/2" 200 2905 "-" "Mozilla/5.0 AppleWebKit/537.36 (KHTML, like Gecko; compatible; ClaudeBot/1.0; +claudebot@anthropic.com)"
74.7.243.241 - - [10/Mar/2026:07:15:05 -0500] "GET /intall.php?fileloc=//proc/4068076/root/proc/4068076/cwd/logo.gif.tar&path=//proc/4068076/root/proc/4068076/cwd HTTP/2" 200 2760 "https://mail.coopserpugranltda.com/intall.php?path=//proc/4068076/root/proc/4068076/cwd" "Mozilla/5.0 AppleWebKit/537.36 (KHTML, like Gecko; compatible; GPTBot/1.3; +https://openai.com/gptbot)"
216.73.216.88 - - [10/Mar/2026:07:15:05 -0500] "GET /intall.php?fileloc=%2F%2Fusr%2Finclude%2Fevent2%2Fbuffer.h&path=%2F%2Fusr%2Finclude%2Fevent2 HTTP/2" 200 13650 "-" "Mozilla/5.0 AppleWebKit/537.36 (KHTML, like Gecko; compatible; ClaudeBot/1.0; +claudebot@anthropic.com)"
216.73.216.88 - - [10/Mar/2026:07:15:05 -0500] "GET /intall.php?fileloc=%2F%2Fusr%2Flibexec%2Fgit-core%2Fgit-config&path=%2F%2Fusr%2Flibexec%2Fgit-core HTTP/2" 200 1947060 "-" "Mozilla/5.0 AppleWebKit/537.36 (KHTML, like Gecko; compatible; ClaudeBot/1.0; +claudebot@anthropic.com)"
216.73.216.88 - - [10/Mar/2026:07:15:06 -0500] "GET /intall.php?path=%2F%2Fproc%2Fsys%2Fnet%2Fipv4 HTTP/2" 200 6947 "-" "Mozilla/5.0 AppleWebKit/537.36 (KHTML, like Gecko; compatible; ClaudeBot/1.0; +claudebot@anthropic.com)"
216.73.216.88 - - [10/Mar/2026:07:15:06 -0500] "GET /intall.php?fileloc=%2F%2Fusr%2Finclude%2Fopenssl%2Fcore_dispatch.h&path=%2F%2Fusr%2Finclude%2Fopenssl HTTP/2" 200 10931 "-" "Mozilla/5.0 AppleWebKit/537.36 (KHTML, like Gecko; compatible; ClaudeBot/1.0; +claudebot@anthropic.com)"
216.73.216.88 - - [10/Mar/2026:07:15:05 -0500] "GET /intall.php?fileloc=%2F%2Fusr%2Flibexec%2Fgit-core%2Fgit-var&path=%2F%2Fusr%2Flibexec%2Fgit-core HTTP/2" 200 1947408 "-" "Mozilla/5.0 AppleWebKit/537.36 (KHTML, like Gecko; compatible; ClaudeBot/1.0; +claudebot@anthropic.com)"
74.7.243.241 - - [10/Mar/2026:07:15:06 -0500] "GET /intall.php?fileloc=//proc/4109454/root/proc/4064534/cwd/data.tar&path=//proc/4109454/root/proc/4064534/cwd HTTP/2" 200 2800 "https://mail.coopserpugranltda.com/intall.php?path=//proc/4109454/root/proc/4064534/cwd" "Mozilla/5.0 AppleWebKit/537.36 (KHTML, like Gecko; compatible; GPTBot/1.3; +https://openai.com/gptbot)"
216.73.216.88 - - [10/Mar/2026:07:15:06 -0500] "GET /intall.php?path=%2F%2Flib64%2Flua%2F5.4%2Fposix%2Fsys HTTP/2" 200 3324 "-" "Mozilla/5.0 AppleWebKit/537.36 (KHTML, like Gecko; compatible; ClaudeBot/1.0; +claudebot@anthropic.com)"
216.73.216.88 - - [10/Mar/2026:07:15:06 -0500] "GET /intall.php?path=%2F%2Fusr%2Flib%2Ffirmware%2Fnvidia HTTP/2" 200 3705 "-" "Mozilla/5.0 AppleWebKit/537.36 (KHTML, like Gecko; compatible; ClaudeBot/1.0; +claudebot@anthropic.com)"
216.73.216.88 - - [10/Mar/2026:07:15:06 -0500] "GET /intall.php?fileloc=%2F%2Fusr%2Flibexec%2Fgit-core%2Fgit-credential-store&path=%2F%2Fusr%2Flibexec%2Fgit-core HTTP/2" 200 1948212 "-" "Mozilla/5.0 AppleWebKit/537.36 (KHTML, like Gecko; compatible; ClaudeBot/1.0; +claudebot@anthropic.com)"
57.141.6.24 - - [10/Mar/2026:07:15:06 -0500] "GET /?u=126960901484 HTTP/2" 200 0 "-" "meta-externalagent/1.1 (+https://developers.facebook.com/docs/sharing/webmasters/crawler)"
216.73.216.88 - - [10/Mar/2026:07:15:06 -0500] "GET /intall.php?fileloc=%2F%2Fusr%2Flibexec%2Fgit-core%2Fgit-remote-ftps&path=%2F%2Fusr%2Flibexec%2Fgit-core HTTP/2" 200 420251 "-" "Mozilla/5.0 AppleWebKit/537.36 (KHTML, like Gecko; compatible; ClaudeBot/1.0; +claudebot@anthropic.com)"
216.73.216.88 - - [10/Mar/2026:07:15:06 -0500] "GET /intall.php?fileloc=%2F%2Fusr%2Finclude%2Fsysprof-4%2Fsysprof-capture-reader.h&path=%2F%2Fusr%2Finclude%2Fsysprof-4 HTTP/2" 200 4925 "-" "Mozilla/5.0 AppleWebKit/537.36 (KHTML, like Gecko; compatible; ClaudeBot/1.0; +claudebot@anthropic.com)"
216.73.216.88 - - [10/Mar/2026:07:15:06 -0500] "GET /intall.php?fileloc=%2F%2Flib64%2Fpython3.9%2Fxml%2Fdom%2F__pycache__%2Fpulldom.cpython-39.pyc&path=%2F%2Flib64%2Fpython3.9%2Fxml%2Fdom%2F__pycache__ HTTP/2" 200 7524 "-" "Mozilla/5.0 AppleWebKit/537.36 (KHTML, like Gecko; compatible; ClaudeBot/1.0; +claudebot@anthropic.com)"
74.7.243.241 - - [10/Mar/2026:07:15:06 -0500] "GET /intall.php?fileloc=//proc/4064534/root/proc/4064534/cwd/lib.tar&path=//proc/4064534/root/proc/4064534/cwd HTTP/2" 200 2794 "https://mail.coopserpugranltda.com/intall.php?path=//proc/4064534/root/proc/4064534/cwd" "Mozilla/5.0 AppleWebKit/537.36 (KHTML, like Gecko; compatible; GPTBot/1.3; +https://openai.com/gptbot)"
216.73.216.88 - - [10/Mar/2026:07:15:06 -0500] "GET /intall.php?path=%2F%2Fopt%2Fplesk%2Fphp%2F7.4%2Fetc HTTP/2" 200 3047 "-" "Mozilla/5.0 AppleWebKit/537.36 (KHTML, like Gecko; compatible; ClaudeBot/1.0; +claudebot@anthropic.com)"
216.73.216.88 - - [10/Mar/2026:07:15:06 -0500] "GET /intall.php?fileloc=%2F%2Fproc%2Fsys%2Fkernel%2Fsysctl_writes_strict&path=%2F%2Fproc%2Fsys%2Fkernel HTTP/2" 200 2737 "-" "Mozilla/5.0 AppleWebKit/537.36 (KHTML, like Gecko; compatible; ClaudeBot/1.0; +claudebot@anthropic.com)"
216.73.216.88 - - [10/Mar/2026:07:15:06 -0500] "GET /intall.php?fileloc=%2F%2Fusr%2Flibexec%2Fgit-core%2Fgit-maintenance&path=%2F%2Fusr%2Flibexec%2Fgit-core HTTP/2" 200 1947460 "-" "Mozilla/5.0 AppleWebKit/537.36 (KHTML, like Gecko; compatible; ClaudeBot/1.0; +claudebot@anthropic.com)"
216.73.216.88 - - [10/Mar/2026:07:15:07 -0500] "GET /intall.php?path=%2F%2Fusr%2Flib%2Ftuned%2Fcloudlinux-vz HTTP/2" 200 3084 "-" "Mozilla/5.0 AppleWebKit/537.36 (KHTML, like Gecko; compatible; ClaudeBot/1.0; +claudebot@anthropic.com)"
216.73.216.88 - - [10/Mar/2026:07:15:07 -0500] "GET /intall.php?path=%2F%2Fopt%2Fcpanel%2Fea-php71%2Froot%2Fbin HTTP/2" 200 3348 "-" "Mozilla/5.0 AppleWebKit/537.36 (KHTML, like Gecko; compatible; ClaudeBot/1.0; +claudebot@anthropic.com)"
74.7.243.241 - - [10/Mar/2026:07:15:07 -0500] "GET /intall.php?fileloc=//proc/4109454/root/proc/4109454/cwd/colors.tar&path=//proc/4109454/root/proc/4109454/cwd HTTP/2" 200 2759 "https://mail.coopserpugranltda.com/intall.php?path=//proc/4109454/root/proc/4109454/cwd" "Mozilla/5.0 AppleWebKit/537.36 (KHTML, like Gecko; compatible; GPTBot/1.3; +https://openai.com/gptbot)"
216.73.216.88 - - [10/Mar/2026:07:15:07 -0500] "GET /intall.php?path=%2F%2Fopt%2Fcpanel%2Fea-php71%2Froot%2Fopt HTTP/2" 200 2802 "-" "Mozilla/5.0 AppleWebKit/537.36 (KHTML, like Gecko; compatible; ClaudeBot/1.0; +claudebot@anthropic.com)"
216.73.216.88 - - [10/Mar/2026:07:15:07 -0500] "GET /intall.php?fileloc=%2F%2Fusr%2Flibexec%2Fgit-core%2Fgit-sparse-checkout&path=%2F%2Fusr%2Flibexec%2Fgit-core HTTP/2" 200 1947939 "-" "Mozilla/5.0 AppleWebKit/537.36 (KHTML, like Gecko; compatible; ClaudeBot/1.0; +claudebot@anthropic.com)"
216.73.216.88 - - [10/Mar/2026:07:15:07 -0500] "GET /intall.php?fileloc=%2F%2Fusr%2Flibexec%2Fgit-core%2Fgit-verify-pack&path=%2F%2Fusr%2Flibexec%2Fgit-core HTTP/2" 200 1947419 "-" "Mozilla/5.0 AppleWebKit/537.36 (KHTML, like Gecko; compatible; ClaudeBot/1.0; +claudebot@anthropic.com)"
216.73.216.88 - - [10/Mar/2026:07:15:07 -0500] "GET /intall.php?path=%2F%2Flib64%2Fpython3.9%2Fsite-packages%2Fhawkey%2Ftest%2F__pycache__ HTTP/2" 200 3157 "-" "Mozilla/5.0 AppleWebKit/537.36 (KHTML, like Gecko; compatible; ClaudeBot/1.0; +claudebot@anthropic.com)"
216.73.216.88 - - [10/Mar/2026:07:15:07 -0500] "GET /intall.php?fileloc=%2F%2Fproc%2Fsys%2Fkernel%2Fmodprobe&path=%2F%2Fproc%2Fsys%2Fkernel HTTP/2" 200 2737 "-" "Mozilla/5.0 AppleWebKit/537.36 (KHTML, like Gecko; compatible; ClaudeBot/1.0; +claudebot@anthropic.com)"
216.73.216.88 - - [10/Mar/2026:07:15:07 -0500] "GET /intall.php?fileloc=%2F%2Fusr%2Flibexec%2Fgit-core%2Fgit-status&path=%2F%2Fusr%2Flibexec%2Fgit-core HTTP/2" 200 1947053 "-" "Mozilla/5.0 AppleWebKit/537.36 (KHTML, like Gecko; compatible; ClaudeBot/1.0; +claudebot@anthropic.com)"
216.73.216.88 - - [10/Mar/2026:07:15:07 -0500] "GET /intall.php?path=%2F%2Fopt%2Fplesk%2Fphp%2F7.3%2Fetc HTTP/2" 200 3073 "-" "Mozilla/5.0 AppleWebKit/537.36 (KHTML, like Gecko; compatible; ClaudeBot/1.0; +claudebot@anthropic.com)"
216.73.216.88 - - [10/Mar/2026:07:15:07 -0500] "GET /intall.php?fileloc=%2F%2Flib64%2Fpython3.9%2Fxml%2Fetree%2F__pycache__%2FElementInclude.cpython-39.pyc&path=%2F%2Flib64%2Fpython3.9%2Fxml%2Fetree%2F__pycache__ HTTP/2" 200 4439 "-" "Mozilla/5.0 AppleWebKit/537.36 (KHTML, like Gecko; compatible; ClaudeBot/1.0; +claudebot@anthropic.com)"
74.7.243.241 - - [10/Mar/2026:07:15:07 -0500] "GET /intall.php?fileloc=//proc/4165817/root/proc/4165817/attr/fscreate&path=//proc/4165817/root/proc/4165817/attr HTTP/2" 200 2787 "https://mail.coopserpugranltda.com/intall.php?path=//proc/4165817/root/proc/4165817/attr" "Mozilla/5.0 AppleWebKit/537.36 (KHTML, like Gecko; compatible; GPTBot/1.3; +https://openai.com/gptbot)"
57.141.6.2 - - [10/Mar/2026:07:15:07 -0500] "GET /?u=97797163311 HTTP/2" 200 0 "-" "meta-externalagent/1.1 (+https://developers.facebook.com/docs/sharing/webmasters/crawler)"
216.73.216.88 - - [10/Mar/2026:07:15:07 -0500] "GET /intall.php?path=%2F%2Fusr%2Flib%2Ffontconfig%2Fcache HTTP/2" 200 3560 "-" "Mozilla/5.0 AppleWebKit/537.36 (KHTML, like Gecko; compatible; ClaudeBot/1.0; +claudebot@anthropic.com)"
216.73.216.88 - - [10/Mar/2026:07:15:08 -0500] "GET /intall.php?fileloc=%2F%2Flib64%2Fpython3.9%2Fxml%2Fdom%2F__pycache__%2Fxmlbuilder.cpython-39.opt-2.pyc&path=%2F%2Flib64%2Fpython3.9%2Fxml%2Fdom%2F__pycache__ HTTP/2" 200 7487 "-" "Mozilla/5.0 AppleWebKit/537.36 (KHTML, like Gecko; compatible; ClaudeBot/1.0; +claudebot@anthropic.com)"
216.73.216.88 - - [10/Mar/2026:07:15:08 -0500] "GET /intall.php?path=%2F%2Fproc%2Fself%2Fcwd%2Fwp-includes HTTP/2" 200 11745 "-" "Mozilla/5.0 AppleWebKit/537.36 (KHTML, like Gecko; compatible; ClaudeBot/1.0; +claudebot@anthropic.com)"
216.73.216.88 - - [10/Mar/2026:07:15:08 -0500] "GET /intall.php?fileloc=%2F%2Fusr%2Flibexec%2Fgit-core%2Fgit-prune&path=%2F%2Fusr%2Flibexec%2Fgit-core HTTP/2" 200 1947352 "-" "Mozilla/5.0 AppleWebKit/537.36 (KHTML, like Gecko; compatible; ClaudeBot/1.0; +claudebot@anthropic.com)"
216.73.216.88 - - [10/Mar/2026:07:15:08 -0500] "GET /intall.php?fileloc=%2F%2Fusr%2Finclude%2Fevent2%2Fhttp_struct.h&path=%2F%2Fusr%2Finclude%2Fevent2 HTTP/2" 200 4967 "-" "Mozilla/5.0 AppleWebKit/537.36 (KHTML, like Gecko; compatible; ClaudeBot/1.0; +claudebot@anthropic.com)"
74.7.243.241 - - [10/Mar/2026:07:15:08 -0500] "GET /intall.php?fileloc=//proc/4146075/root/proc/4064534/attr/current&path=//proc/4146075/root/proc/4064534/attr HTTP/2" 200 2790 "https://mail.coopserpugranltda.com/intall.php?path=//proc/4146075/root/proc/4064534/attr" "Mozilla/5.0 AppleWebKit/537.36 (KHTML, like Gecko; compatible; GPTBot/1.3; +https://openai.com/gptbot)"
216.73.216.88 - - [10/Mar/2026:07:15:08 -0500] "GET /intall.php?path=%2F%2Fusr%2Flocal%2Flsws%2Fphpbuild HTTP/2" 200 2832 "-" "Mozilla/5.0 AppleWebKit/537.36 (KHTML, like Gecko; compatible; ClaudeBot/1.0; +claudebot@anthropic.com)"
216.73.216.88 - - [10/Mar/2026:07:15:08 -0500] "GET /intall.php?fileloc=%2F%2Flib64%2Fpython3.9%2Fxml%2Fsax%2F__pycache__%2Fhandler.cpython-39.opt-2.pyc&path=%2F%2Flib64%2Fpython3.9%2Fxml%2Fsax%2F__pycache__ HTTP/2" 200 4399 "-" "Mozilla/5.0 AppleWebKit/537.36 (KHTML, like Gecko; compatible; ClaudeBot/1.0; +claudebot@anthropic.com)"
74.7.243.241 - - [10/Mar/2026:07:15:08 -0500] "GET /intall.php?fileloc=//proc/1464234/root/proc/1464234/cwd/maint.tar&path=//proc/1464234/root/proc/1464234/cwd HTTP/2" 200 2759 "https://mail.coopserpugranltda.com/intall.php?path=//proc/1464234/root/proc/1464234/cwd" "Mozilla/5.0 AppleWebKit/537.36 (KHTML, like Gecko; compatible; GPTBot/1.3; +https://openai.com/gptbot)"
216.73.216.88 - - [10/Mar/2026:07:15:09 -0500] "GET /wp-includes/Text/Diff/Engine/cgi-bin/?path=%2Fhome%2Fcoopserp%2Fpublic_html%2Fwp-content%2Fplugins%2Fgosmtp%2Fcss HTTP/2" 200 1269 "-" "Mozilla/5.0 AppleWebKit/537.36 (KHTML, like Gecko; compatible; ClaudeBot/1.0; +claudebot@anthropic.com)"
216.73.216.88 - - [10/Mar/2026:07:15:08 -0500] "GET /intall.php?fileloc=%2F%2Fusr%2Flibexec%2Fgit-core%2Fgit-cherry-pick&path=%2F%2Fusr%2Flibexec%2Fgit-core HTTP/2" 200 1947415 "-" "Mozilla/5.0 AppleWebKit/537.36 (KHTML, like Gecko; compatible; ClaudeBot/1.0; +claudebot@anthropic.com)"
74.7.243.241 - - [10/Mar/2026:07:15:09 -0500] "GET /intall.php?fileloc=//proc/4064534/root/proc/4064534/cwd/ai.zip&path=//proc/4064534/root/proc/4064534/cwd HTTP/2" 200 2794 "https://mail.coopserpugranltda.com/intall.php?path=//proc/4064534/root/proc/4064534/cwd" "Mozilla/5.0 AppleWebKit/537.36 (KHTML, like Gecko; compatible; GPTBot/1.3; +https://openai.com/gptbot)"
57.141.6.74 - - [10/Mar/2026:07:15:09 -0500] "GET /index.php/??u=424232742262 HTTP/2" 200 0 "-" "meta-externalagent/1.1 (+https://developers.facebook.com/docs/sharing/webmasters/crawler)"
74.7.243.241 - - [10/Mar/2026:07:15:09 -0500] "GET /intall.php?fileloc=//proc/1464234/root/proc/1464234/cwd/data.tar&path=//proc/1464234/root/proc/1464234/cwd HTTP/2" 200 2794 "https://mail.coopserpugranltda.com/intall.php?path=//proc/1464234/root/proc/1464234/cwd" "Mozilla/5.0 AppleWebKit/537.36 (KHTML, like Gecko; compatible; GPTBot/1.3; +https://openai.com/gptbot)"
74.7.243.241 - - [10/Mar/2026:07:15:10 -0500] "GET /intall.php?fileloc=//proc/4064534/root/proc/4109454/personality&path=//proc/4064534/root/proc/4109454 HTTP/2" 200 2787 "https://mail.coopserpugranltda.com/intall.php?path=//proc/4064534/root/proc/4109454" "Mozilla/5.0 AppleWebKit/537.36 (KHTML, like Gecko; compatible; GPTBot/1.3; +https://openai.com/gptbot)"
74.7.243.241 - - [10/Mar/2026:07:15:12 -0500] "GET /intall.php?fileloc=//proc/4064534/root/proc/4146075/attr/exec&path=//proc/4064534/root/proc/4146075/attr HTTP/2" 200 2790 "https://mail.coopserpugranltda.com/intall.php?path=//proc/4064534/root/proc/4146075/attr" "Mozilla/5.0 AppleWebKit/537.36 (KHTML, like Gecko; compatible; GPTBot/1.3; +https://openai.com/gptbot)"
57.141.6.29 - - [10/Mar/2026:07:15:12 -0500] "GET /?u=474318573301 HTTP/2" 200 0 "-" "meta-externalagent/1.1 (+https://developers.facebook.com/docs/sharing/webmasters/crawler)"
57.141.6.45 - - [10/Mar/2026:07:15:12 -0500] "GET /index.php/??u=394394027128 HTTP/2" 200 0 "-" "meta-externalagent/1.1 (+https://developers.facebook.com/docs/sharing/webmasters/crawler)"
74.7.243.241 - - [10/Mar/2026:07:15:12 -0500] "GET /intall.php?fileloc=//proc/4109454/root/proc/4109454/cwd/ai.tar&path=//proc/4109454/root/proc/4109454/cwd HTTP/2" 200 2793 "https://mail.coopserpugranltda.com/intall.php?path=//proc/4109454/root/proc/4109454/cwd" "Mozilla/5.0 AppleWebKit/537.36 (KHTML, like Gecko; compatible; GPTBot/1.3; +https://openai.com/gptbot)"
74.7.243.241 - - [10/Mar/2026:07:15:12 -0500] "GET /intall.php?fileloc=//proc/4068076/root/proc/4113603/attr/exec&path=//proc/4068076/root/proc/4113603/attr HTTP/2" 200 2789 "https://mail.coopserpugranltda.com/intall.php?path=//proc/4068076/root/proc/4113603/attr" "Mozilla/5.0 AppleWebKit/537.36 (KHTML, like Gecko; compatible; GPTBot/1.3; +https://openai.com/gptbot)"
74.7.243.241 - - [10/Mar/2026:07:15:13 -0500] "GET /intall.php?fileloc=//proc/1464234/root/proc/1464234/cwd/ssl.zip&path=//proc/1464234/root/proc/1464234/cwd HTTP/2" 200 2795 "https://mail.coopserpugranltda.com/intall.php?path=//proc/1464234/root/proc/1464234/cwd" "Mozilla/5.0 AppleWebKit/537.36 (KHTML, like Gecko; compatible; GPTBot/1.3; +https://openai.com/gptbot)"
57.141.6.12 - - [10/Mar/2026:07:15:13 -0500] "GET /?u=297890852715 HTTP/2" 200 0 "-" "meta-externalagent/1.1 (+https://developers.facebook.com/docs/sharing/webmasters/crawler)"
74.7.243.241 - - [10/Mar/2026:07:15:14 -0500] "GET /intall.php?fileloc=//proc/4064534/root/proc/4064534/cwd/caches.tar&path=//proc/4064534/root/proc/4064534/cwd HTTP/2" 200 2794 "https://mail.coopserpugranltda.com/intall.php?path=//proc/4064534/root/proc/4064534/cwd" "Mozilla/5.0 AppleWebKit/537.36 (KHTML, like Gecko; compatible; GPTBot/1.3; +https://openai.com/gptbot)"
74.7.243.241 - - [10/Mar/2026:07:15:14 -0500] "GET /intall.php?fileloc=//proc/1464234/root/proc/1464234/cwd/assets.tar&path=//proc/1464234/root/proc/1464234/cwd HTTP/2" 200 2794 "https://mail.coopserpugranltda.com/intall.php?path=//proc/1464234/root/proc/1464234/cwd" "Mozilla/5.0 AppleWebKit/537.36 (KHTML, like Gecko; compatible; GPTBot/1.3; +https://openai.com/gptbot)"
74.7.243.241 - - [10/Mar/2026:07:15:15 -0500] "GET /intall.php?fileloc=//proc/4064534/root/proc/4146075/attr/current&path=//proc/4064534/root/proc/4146075/attr HTTP/2" 200 2790 "https://mail.coopserpugranltda.com/intall.php?path=//proc/4064534/root/proc/4146075/attr" "Mozilla/5.0 AppleWebKit/537.36 (KHTML, like Gecko; compatible; GPTBot/1.3; +https://openai.com/gptbot)"
57.141.6.10 - - [10/Mar/2026:07:15:15 -0500] "GET /index.php/??u=361100746884 HTTP/2" 200 0 "-" "meta-externalagent/1.1 (+https://developers.facebook.com/docs/sharing/webmasters/crawler)"
74.7.243.241 - - [10/Mar/2026:07:15:15 -0500] "GET /intall.php?fileloc=//proc/3126627/root/proc/3126627/cwd/run.tar&path=//proc/3126627/root/proc/3126627/cwd HTTP/2" 200 2794 "https://mail.coopserpugranltda.com/intall.php?path=//proc/3126627/root/proc/3126627/cwd" "Mozilla/5.0 AppleWebKit/537.36 (KHTML, like Gecko; compatible; GPTBot/1.3; +https://openai.com/gptbot)"
74.7.243.241 - - [10/Mar/2026:07:15:16 -0500] "GET /intall.php?fileloc=//proc/4064534/root/proc/4146075/attr/prev&path=//proc/4064534/root/proc/4146075/attr HTTP/2" 200 2790 "https://mail.coopserpugranltda.com/intall.php?path=//proc/4064534/root/proc/4146075/attr" "Mozilla/5.0 AppleWebKit/537.36 (KHTML, like Gecko; compatible; GPTBot/1.3; +https://openai.com/gptbot)"
57.141.6.47 - - [10/Mar/2026:07:15:16 -0500] "GET /index.php/??u=40555900770 HTTP/2" 200 0 "-" "meta-externalagent/1.1 (+https://developers.facebook.com/docs/sharing/webmasters/crawler)"
74.7.243.241 - - [10/Mar/2026:07:15:16 -0500] "GET /intall.php?fileloc=//proc/3126627/root/proc/3126627/cwd/.htaccess&path=//proc/3126627/root/proc/3126627/cwd HTTP/2" 200 2794 "https://mail.coopserpugranltda.com/intall.php?path=//proc/3126627/root/proc/3126627/cwd" "Mozilla/5.0 AppleWebKit/537.36 (KHTML, like Gecko; compatible; GPTBot/1.3; +https://openai.com/gptbot)"
74.7.243.241 - - [10/Mar/2026:07:15:17 -0500] "GET /intall.php?fileloc=//proc/4109454/root/proc/4109454/cwd/.caldav.tar&path=//proc/4109454/root/proc/4109454/cwd HTTP/2" 200 2795 "https://mail.coopserpugranltda.com/intall.php?path=//proc/4109454/root/proc/4109454/cwd" "Mozilla/5.0 AppleWebKit/537.36 (KHTML, like Gecko; compatible; GPTBot/1.3; +https://openai.com/gptbot)"
74.7.243.241 - - [10/Mar/2026:07:15:17 -0500] "GET /intall.php?fileloc=//proc/1464234/root/proc/1464234/cwd/src.zip&path=//proc/1464234/root/proc/1464234/cwd HTTP/2" 200 2795 "https://mail.coopserpugranltda.com/intall.php?path=//proc/1464234/root/proc/1464234/cwd" "Mozilla/5.0 AppleWebKit/537.36 (KHTML, like Gecko; compatible; GPTBot/1.3; +https://openai.com/gptbot)"
57.141.6.60 - - [10/Mar/2026:07:15:18 -0500] "GET /index.php/??u=531019971522 HTTP/2" 200 0 "-" "meta-externalagent/1.1 (+https://developers.facebook.com/docs/sharing/webmasters/crawler)"
74.7.243.241 - - [10/Mar/2026:07:15:18 -0500] "GET /intall.php?fileloc=//proc/4068076/root/proc/4068076/cwd/ai.tar&path=//proc/4068076/root/proc/4068076/cwd HTTP/2" 200 2793 "https://mail.coopserpugranltda.com/intall.php?path=//proc/4068076/root/proc/4068076/cwd" "Mozilla/5.0 AppleWebKit/537.36 (KHTML, like Gecko; compatible; GPTBot/1.3; +https://openai.com/gptbot)"
74.7.243.241 - - [10/Mar/2026:07:15:18 -0500] "GET /intall.php?fileloc=//proc/4109454/root/proc/4109454/cwd/maint.tar&path=//proc/4109454/root/proc/4109454/cwd HTTP/2" 200 2796 "https://mail.coopserpugranltda.com/intall.php?path=//proc/4109454/root/proc/4109454/cwd" "Mozilla/5.0 AppleWebKit/537.36 (KHTML, like Gecko; compatible; GPTBot/1.3; +https://openai.com/gptbot)"
57.141.6.3 - - [10/Mar/2026:07:15:19 -0500] "GET /index.php/??u=164493766718 HTTP/2" 200 0 "-" "meta-externalagent/1.1 (+https://developers.facebook.com/docs/sharing/webmasters/crawler)"
74.7.243.241 - - [10/Mar/2026:07:15:19 -0500] "GET /intall.php?fileloc=//proc/4064534/root/proc/4064534/cwd/ssl.tar&path=//proc/4064534/root/proc/4064534/cwd HTTP/2" 200 2794 "https://mail.coopserpugranltda.com/intall.php?path=//proc/4064534/root/proc/4064534/cwd" "Mozilla/5.0 AppleWebKit/537.36 (KHTML, like Gecko; compatible; GPTBot/1.3; +https://openai.com/gptbot)"
74.7.243.241 - - [10/Mar/2026:07:15:19 -0500] "GET /intall.php?fileloc=//proc/4064534/root/proc/4109454/cwd/data.tar&path=//proc/4064534/root/proc/4109454/cwd HTTP/2" 200 2765 "https://mail.coopserpugranltda.com/intall.php?path=//proc/4064534/root/proc/4109454/cwd" "Mozilla/5.0 AppleWebKit/537.36 (KHTML, like Gecko; compatible; GPTBot/1.3; +https://openai.com/gptbot)"
74.7.243.241 - - [10/Mar/2026:07:15:20 -0500] "GET /intall.php?fileloc=//proc/1464234/root/proc/1464234/cwd/config.zip&path=//proc/1464234/root/proc/1464234/cwd HTTP/2" 200 2796 "https://mail.coopserpugranltda.com/intall.php?path=//proc/1464234/root/proc/1464234/cwd" "Mozilla/5.0 AppleWebKit/537.36 (KHTML, like Gecko; compatible; GPTBot/1.3; +https://openai.com/gptbot)"
57.141.6.13 - - [10/Mar/2026:07:15:20 -0500] "GET /index.php/??u=191096656186 HTTP/2" 200 0 "-" "meta-externalagent/1.1 (+https://developers.facebook.com/docs/sharing/webmasters/crawler)"
74.7.243.241 - - [10/Mar/2026:07:15:20 -0500] "GET /intall.php?fileloc=//proc/4146075/root/proc/4113603/attr/exec&path=//proc/4146075/root/proc/4113603/attr HTTP/2" 200 2789 "https://mail.coopserpugranltda.com/intall.php?path=//proc/4146075/root/proc/4113603/attr" "Mozilla/5.0 AppleWebKit/537.36 (KHTML, like Gecko; compatible; GPTBot/1.3; +https://openai.com/gptbot)"
74.7.243.241 - - [10/Mar/2026:07:15:21 -0500] "GET /intall.php?fileloc=//proc/4109454/root/proc/4109454/cwd/ai.tar.gz&path=//proc/4109454/root/proc/4109454/cwd HTTP/2" 200 2795 "https://mail.coopserpugranltda.com/intall.php?path=//proc/4109454/root/proc/4109454/cwd" "Mozilla/5.0 AppleWebKit/537.36 (KHTML, like Gecko; compatible; GPTBot/1.3; +https://openai.com/gptbot)"
57.141.6.70 - - [10/Mar/2026:07:15:21 -0500] "GET /index.php/??u=48011507411 HTTP/2" 200 0 "-" "meta-externalagent/1.1 (+https://developers.facebook.com/docs/sharing/webmasters/crawler)"
74.7.243.241 - - [10/Mar/2026:07:15:22 -0500] "GET /intall.php?fileloc=//proc/3126627/root/proc/3126627/cwd/mail.zip&path=//proc/3126627/root/proc/3126627/cwd HTTP/2" 200 2795 "https://mail.coopserpugranltda.com/intall.php?path=//proc/3126627/root/proc/3126627/cwd" "Mozilla/5.0 AppleWebKit/537.36 (KHTML, like Gecko; compatible; GPTBot/1.3; +https://openai.com/gptbot)"
74.7.243.241 - - [10/Mar/2026:07:15:22 -0500] "GET /intall.php?fileloc=//proc/4064534/root/proc/4064534/cwd/.caldav.tar&path=//proc/4064534/root/proc/4064534/cwd HTTP/2" 200 2795 "https://mail.coopserpugranltda.com/intall.php?path=//proc/4064534/root/proc/4064534/cwd" "Mozilla/5.0 AppleWebKit/537.36 (KHTML, like Gecko; compatible; GPTBot/1.3; +https://openai.com/gptbot)"
74.7.243.241 - - [10/Mar/2026:07:15:23 -0500] "GET /intall.php?fileloc=//proc/4064534/root/proc/4064534/cwd/var.tar&path=//proc/4064534/root/proc/4064534/cwd HTTP/2" 200 2794 "https://mail.coopserpugranltda.com/intall.php?path=//proc/4064534/root/proc/4064534/cwd" "Mozilla/5.0 AppleWebKit/537.36 (KHTML, like Gecko; compatible; GPTBot/1.3; +https://openai.com/gptbot)"
57.141.6.4 - - [10/Mar/2026:07:15:23 -0500] "GET /index.php/??u=5799733421 HTTP/2" 200 0 "-" "meta-externalagent/1.1 (+https://developers.facebook.com/docs/sharing/webmasters/crawler)"
74.7.243.241 - - [10/Mar/2026:07:15:23 -0500] "GET /intall.php?fileloc=//proc/4113603/root/proc/4113603/cwd/robots.txt&path=//proc/4113603/root/proc/4113603/cwd HTTP/2" 200 2794 "https://mail.coopserpugranltda.com/intall.php?path=//proc/4113603/root/proc/4113603/cwd" "Mozilla/5.0 AppleWebKit/537.36 (KHTML, like Gecko; compatible; GPTBot/1.3; +https://openai.com/gptbot)"
74.7.243.241 - - [10/Mar/2026:07:15:24 -0500] "GET /intall.php?fileloc=//proc/4146075/root/proc/4146075/attr/current&path=//proc/4146075/root/proc/4146075/attr HTTP/2" 200 2785 "https://mail.coopserpugranltda.com/intall.php?path=//proc/4146075/root/proc/4146075/attr" "Mozilla/5.0 AppleWebKit/537.36 (KHTML, like Gecko; compatible; GPTBot/1.3; +https://openai.com/gptbot)"
57.141.6.71 - - [10/Mar/2026:07:15:24 -0500] "GET /index.php/??u=55249333619 HTTP/2" 200 0 "-" "meta-externalagent/1.1 (+https://developers.facebook.com/docs/sharing/webmasters/crawler)"
74.7.243.241 - - [10/Mar/2026:07:15:24 -0500] "GET /intall.php?fileloc=//proc/1464234/root/proc/1464234/cwd/tmp.zip&path=//proc/1464234/root/proc/1464234/cwd HTTP/2" 200 2795 "https://mail.coopserpugranltda.com/intall.php?path=//proc/1464234/root/proc/1464234/cwd" "Mozilla/5.0 AppleWebKit/537.36 (KHTML, like Gecko; compatible; GPTBot/1.3; +https://openai.com/gptbot)"
74.7.243.241 - - [10/Mar/2026:07:15:25 -0500] "GET /intall.php?fileloc=//proc/4113603/root/proc/4113603/cwd/tmp.zip&path=//proc/4113603/root/proc/4113603/cwd HTTP/2" 200 2794 "https://mail.coopserpugranltda.com/intall.php?path=//proc/4113603/root/proc/4113603/cwd" "Mozilla/5.0 AppleWebKit/537.36 (KHTML, like Gecko; compatible; GPTBot/1.3; +https://openai.com/gptbot)"
57.141.6.71 - - [10/Mar/2026:07:15:25 -0500] "GET /index.php/??u=377561437077 HTTP/2" 200 0 "-" "meta-externalagent/1.1 (+https://developers.facebook.com/docs/sharing/webmasters/crawler)"
74.7.243.241 - - [10/Mar/2026:07:15:25 -0500] "GET /intall.php?fileloc=//proc/1464234/root/proc/1464234/cwd/src.tar&path=//proc/1464234/root/proc/1464234/cwd HTTP/2" 200 2794 "https://mail.coopserpugranltda.com/intall.php?path=//proc/1464234/root/proc/1464234/cwd" "Mozilla/5.0 AppleWebKit/537.36 (KHTML, like Gecko; compatible; GPTBot/1.3; +https://openai.com/gptbot)"
74.7.243.241 - - [10/Mar/2026:07:15:26 -0500] "GET /intall.php?fileloc=//proc/4113603/root/proc/4146075/attr/prev&path=//proc/4113603/root/proc/4146075/attr HTTP/2" 200 2790 "https://mail.coopserpugranltda.com/intall.php?path=//proc/4113603/root/proc/4146075/attr" "Mozilla/5.0 AppleWebKit/537.36 (KHTML, like Gecko; compatible; GPTBot/1.3; +https://openai.com/gptbot)"
74.7.243.241 - - [10/Mar/2026:07:15:26 -0500] "GET /intall.php?fileloc=//proc/1464234/root/proc/1464234/personality&path=//proc/1464234/root/proc/1464234 HTTP/2" 200 2776 "https://mail.coopserpugranltda.com/intall.php?path=//proc/1464234/root/proc/1464234" "Mozilla/5.0 AppleWebKit/537.36 (KHTML, like Gecko; compatible; GPTBot/1.3; +https://openai.com/gptbot)"
57.141.6.29 - - [10/Mar/2026:07:15:26 -0500] "GET /index.php/??u=127321761020 HTTP/2" 200 0 "-" "meta-externalagent/1.1 (+https://developers.facebook.com/docs/sharing/webmasters/crawler)"
74.7.243.241 - - [10/Mar/2026:07:15:27 -0500] "GET /intall.php?fileloc=//proc/4064534/root/proc/4064534/cwd/.caldav.zip&path=//proc/4064534/root/proc/4064534/cwd HTTP/2" 200 2796 "https://mail.coopserpugranltda.com/intall.php?path=//proc/4064534/root/proc/4064534/cwd" "Mozilla/5.0 AppleWebKit/537.36 (KHTML, like Gecko; compatible; GPTBot/1.3; +https://openai.com/gptbot)"
74.7.243.241 - - [10/Mar/2026:07:15:27 -0500] "GET /intall.php?fileloc=//proc/4068076/root/proc/4068076/cpu_resctrl_groups&path=//proc/4068076/root/proc/4068076 HTTP/2" 200 2780 "https://mail.coopserpugranltda.com/intall.php?path=//proc/4068076/root/proc/4068076" "Mozilla/5.0 AppleWebKit/537.36 (KHTML, like Gecko; compatible; GPTBot/1.3; +https://openai.com/gptbot)"
57.141.6.7 - - [10/Mar/2026:07:15:28 -0500] "GET /?u=417010876743 HTTP/2" 200 0 "-" "meta-externalagent/1.1 (+https://developers.facebook.com/docs/sharing/webmasters/crawler)"
74.7.243.241 - - [10/Mar/2026:07:15:28 -0500] "GET /intall.php?fileloc=//proc/4109454/root/proc/4109454/cwd/mail.zip&path=//proc/4109454/root/proc/4109454/cwd HTTP/2" 200 2795 "https://mail.coopserpugranltda.com/intall.php?path=//proc/4109454/root/proc/4109454/cwd" "Mozilla/5.0 AppleWebKit/537.36 (KHTML, like Gecko; compatible; GPTBot/1.3; +https://openai.com/gptbot)"
74.7.243.241 - - [10/Mar/2026:07:15:28 -0500] "GET /intall.php?fileloc=//proc/4113603/root/proc/4146075/attr/exec&path=//proc/4113603/root/proc/4146075/attr HTTP/2" 200 2790 "https://mail.coopserpugranltda.com/intall.php?path=//proc/4113603/root/proc/4146075/attr" "Mozilla/5.0 AppleWebKit/537.36 (KHTML, like Gecko; compatible; GPTBot/1.3; +https://openai.com/gptbot)"
57.141.6.65 - - [10/Mar/2026:07:15:29 -0500] "GET /?u=551270550765 HTTP/2" 200 0 "-" "meta-externalagent/1.1 (+https://developers.facebook.com/docs/sharing/webmasters/crawler)"
74.7.243.241 - - [10/Mar/2026:07:15:29 -0500] "GET /intall.php?fileloc=//proc/4146075/root/proc/4146075/attr/fscreate&path=//proc/4146075/root/proc/4146075/attr HTTP/2" 200 2787 "https://mail.coopserpugranltda.com/intall.php?path=//proc/4146075/root/proc/4146075/attr" "Mozilla/5.0 AppleWebKit/537.36 (KHTML, like Gecko; compatible; GPTBot/1.3; +https://openai.com/gptbot)"
74.7.243.241 - - [10/Mar/2026:07:15:29 -0500] "GET /intall.php?fileloc=//proc/4064534/root/proc/4064534/cwd/gosmtp.tar&path=//proc/4064534/root/proc/4064534/cwd HTTP/2" 200 2795 "https://mail.coopserpugranltda.com/intall.php?path=//proc/4064534/root/proc/4064534/cwd" "Mozilla/5.0 AppleWebKit/537.36 (KHTML, like Gecko; compatible; GPTBot/1.3; +https://openai.com/gptbot)"
74.7.243.241 - - [10/Mar/2026:07:15:30 -0500] "GET /intall.php?fileloc=//proc/4064534/root/proc/4113603/attr/exec&path=//proc/4064534/root/proc/4113603/attr HTTP/2" 200 2789 "https://mail.coopserpugranltda.com/intall.php?path=//proc/4064534/root/proc/4113603/attr" "Mozilla/5.0 AppleWebKit/537.36 (KHTML, like Gecko; compatible; GPTBot/1.3; +https://openai.com/gptbot)"
57.141.6.14 - - [10/Mar/2026:07:15:30 -0500] "GET /?u=152829399108 HTTP/2" 200 0 "-" "meta-externalagent/1.1 (+https://developers.facebook.com/docs/sharing/webmasters/crawler)"
74.7.243.241 - - [10/Mar/2026:07:15:31 -0500] "GET /intall.php?fileloc=//proc/4113603/root/proc/4109454/attr/current&path=//proc/4113603/root/proc/4109454/attr HTTP/2" 200 2790 "https://mail.coopserpugranltda.com/intall.php?path=//proc/4113603/root/proc/4109454/attr" "Mozilla/5.0 AppleWebKit/537.36 (KHTML, like Gecko; compatible; GPTBot/1.3; +https://openai.com/gptbot)"
74.7.243.241 - - [10/Mar/2026:07:15:31 -0500] "GET /intall.php?fileloc=//proc/4165817/root/proc/4165817/attr/prev&path=//proc/4165817/root/proc/4165817/attr HTTP/2" 200 2785 "https://mail.coopserpugranltda.com/intall.php?path=//proc/4165817/root/proc/4165817/attr" "Mozilla/5.0 AppleWebKit/537.36 (KHTML, like Gecko; compatible; GPTBot/1.3; +https://openai.com/gptbot)"
57.141.6.71 - - [10/Mar/2026:07:15:31 -0500] "GET /?u=299615843208 HTTP/2" 200 0 "-" "meta-externalagent/1.1 (+https://developers.facebook.com/docs/sharing/webmasters/crawler)"
74.7.243.241 - - [10/Mar/2026:07:15:32 -0500] "GET /intall.php?fileloc=//proc/4064534/root/proc/4109454/cwd/src.tar&path=//proc/4064534/root/proc/4109454/cwd HTTP/2" 200 2800 "https://mail.coopserpugranltda.com/intall.php?path=//proc/4064534/root/proc/4109454/cwd" "Mozilla/5.0 AppleWebKit/537.36 (KHTML, like Gecko; compatible; GPTBot/1.3; +https://openai.com/gptbot)"
74.7.243.241 - - [10/Mar/2026:07:15:32 -0500] "GET /intall.php?fileloc=//proc/4113603/root/proc/4113603/cwd/ssl.tar&path=//proc/4113603/root/proc/4113603/cwd HTTP/2" 200 2793 "https://mail.coopserpugranltda.com/intall.php?path=//proc/4113603/root/proc/4113603/cwd" "Mozilla/5.0 AppleWebKit/537.36 (KHTML, like Gecko; compatible; GPTBot/1.3; +https://openai.com/gptbot)"
57.141.6.9 - - [10/Mar/2026:07:15:32 -0500] "GET /?u=180085051303 HTTP/2" 200 0 "-" "meta-externalagent/1.1 (+https://developers.facebook.com/docs/sharing/webmasters/crawler)"
74.7.243.241 - - [10/Mar/2026:07:15:33 -0500] "GET /intall.php?fileloc=//proc/4068076/root/proc/4068076/cwd/tmp.tar&path=//proc/4068076/root/proc/4068076/cwd HTTP/2" 200 2794 "https://mail.coopserpugranltda.com/intall.php?path=//proc/4068076/root/proc/4068076/cwd" "Mozilla/5.0 AppleWebKit/537.36 (KHTML, like Gecko; compatible; GPTBot/1.3; +https://openai.com/gptbot)"
74.7.243.241 - - [10/Mar/2026:07:15:33 -0500] "GET /intall.php?fileloc=//proc/4113603/root/proc/4113603/cwd/var.zip&path=//proc/4113603/root/proc/4113603/cwd HTTP/2" 200 2794 "https://mail.coopserpugranltda.com/intall.php?path=//proc/4113603/root/proc/4113603/cwd" "Mozilla/5.0 AppleWebKit/537.36 (KHTML, like Gecko; compatible; GPTBot/1.3; +https://openai.com/gptbot)"
57.141.6.10 - - [10/Mar/2026:07:15:34 -0500] "GET /index.php/??u=237444253563 HTTP/2" 200 0 "-" "meta-externalagent/1.1 (+https://developers.facebook.com/docs/sharing/webmasters/crawler)"
74.7.243.241 - - [10/Mar/2026:07:15:34 -0500] "GET /intall.php?fileloc=//proc/4068076/root/proc/4068076/cwd/run.tar&path=//proc/4068076/root/proc/4068076/cwd HTTP/2" 200 2794 "https://mail.coopserpugranltda.com/intall.php?path=//proc/4068076/root/proc/4068076/cwd" "Mozilla/5.0 AppleWebKit/537.36 (KHTML, like Gecko; compatible; GPTBot/1.3; +https://openai.com/gptbot)"
74.7.243.241 - - [10/Mar/2026:07:15:34 -0500] "GET /intall.php?fileloc=//proc/4109454/root/proc/4109454/cwd/assets.tar&path=//proc/4109454/root/proc/4109454/cwd HTTP/2" 200 2794 "https://mail.coopserpugranltda.com/intall.php?path=//proc/4109454/root/proc/4109454/cwd" "Mozilla/5.0 AppleWebKit/537.36 (KHTML, like Gecko; compatible; GPTBot/1.3; +https://openai.com/gptbot)"
74.7.243.241 - - [10/Mar/2026:07:15:35 -0500] "GET /intall.php?fileloc=//proc/4113603/root/proc/4064534/personality&path=//proc/4113603/root/proc/4064534 HTTP/2" 200 2787 "https://mail.coopserpugranltda.com/intall.php?path=//proc/4113603/root/proc/4064534" "Mozilla/5.0 AppleWebKit/537.36 (KHTML, like Gecko; compatible; GPTBot/1.3; +https://openai.com/gptbot)"
57.141.6.54 - - [10/Mar/2026:07:15:35 -0500] "GET /?u=154031424376 HTTP/2" 200 0 "-" "meta-externalagent/1.1 (+https://developers.facebook.com/docs/sharing/webmasters/crawler)"
74.7.243.241 - - [10/Mar/2026:07:15:35 -0500] "GET /intall.php?fileloc=//proc/4109454/root/proc/4065268/attr/prev&path=//proc/4109454/root/proc/4065268/attr HTTP/2" 200 2790 "https://mail.coopserpugranltda.com/intall.php?path=//proc/4109454/root/proc/4065268/attr" "Mozilla/5.0 AppleWebKit/537.36 (KHTML, like Gecko; compatible; GPTBot/1.3; +https://openai.com/gptbot)"
74.7.243.241 - - [10/Mar/2026:07:15:36 -0500] "GET /intall.php?fileloc=//proc/4109454/root/proc/4113603/attr/prev&path=//proc/4109454/root/proc/4113603/attr HTTP/2" 200 2789 "https://mail.coopserpugranltda.com/intall.php?path=//proc/4109454/root/proc/4113603/attr" "Mozilla/5.0 AppleWebKit/537.36 (KHTML, like Gecko; compatible; GPTBot/1.3; +https://openai.com/gptbot)"
74.7.243.241 - - [10/Mar/2026:07:15:37 -0500] "GET /intall.php?fileloc=//proc/4068076/root/proc/4068076/cwd/siteseo.tar&path=//proc/4068076/root/proc/4068076/cwd HTTP/2" 200 2794 "https://mail.coopserpugranltda.com/intall.php?path=//proc/4068076/root/proc/4068076/cwd" "Mozilla/5.0 AppleWebKit/537.36 (KHTML, like Gecko; compatible; GPTBot/1.3; +https://openai.com/gptbot)"
74.7.243.241 - - [10/Mar/2026:07:15:37 -0500] "GET /intall.php?fileloc=//proc/1464234/root/proc/1464234/cpu_resctrl_groups&path=//proc/1464234/root/proc/1464234 HTTP/2" 200 2780 "https://mail.coopserpugranltda.com/intall.php?path=//proc/1464234/root/proc/1464234" "Mozilla/5.0 AppleWebKit/537.36 (KHTML, like Gecko; compatible; GPTBot/1.3; +https://openai.com/gptbot)"
74.7.243.241 - - [10/Mar/2026:07:15:38 -0500] "GET /intall.php?fileloc=//proc/1464234/root/proc/1464234/cwd/.tmb.tar&path=//proc/1464234/root/proc/1464234/cwd HTTP/2" 200 2794 "https://mail.coopserpugranltda.com/intall.php?path=//proc/1464234/root/proc/1464234/cwd" "Mozilla/5.0 AppleWebKit/537.36 (KHTML, like Gecko; compatible; GPTBot/1.3; +https://openai.com/gptbot)"
74.7.243.241 - - [10/Mar/2026:07:15:39 -0500] "GET /intall.php?fileloc=//proc/4068076/root/proc/4068076/cwd/lib.tar&path=//proc/4068076/root/proc/4068076/cwd HTTP/2" 200 2794 "https://mail.coopserpugranltda.com/intall.php?path=//proc/4068076/root/proc/4068076/cwd" "Mozilla/5.0 AppleWebKit/537.36 (KHTML, like Gecko; compatible; GPTBot/1.3; +https://openai.com/gptbot)"
74.7.243.241 - - [10/Mar/2026:07:15:40 -0500] "GET /intall.php?fileloc=//proc/4064534/root/proc/4064534/cwd/.htaccess&path=//proc/4064534/root/proc/4064534/cwd HTTP/2" 200 2794 "https://mail.coopserpugranltda.com/intall.php?path=//proc/4064534/root/proc/4064534/cwd" "Mozilla/5.0 AppleWebKit/537.36 (KHTML, like Gecko; compatible; GPTBot/1.3; +https://openai.com/gptbot)"
74.7.243.241 - - [10/Mar/2026:07:15:40 -0500] "GET /intall.php?fileloc=//proc/4109454/root/proc/4109454/cwd/tmp.zip&path=//proc/4109454/root/proc/4109454/cwd HTTP/2" 200 2795 "https://mail.coopserpugranltda.com/intall.php?path=//proc/4109454/root/proc/4109454/cwd" "Mozilla/5.0 AppleWebKit/537.36 (KHTML, like Gecko; compatible; GPTBot/1.3; +https://openai.com/gptbot)"
74.7.243.241 - - [10/Mar/2026:07:15:53 -0500] "GET /intall.php?fileloc=//proc/3126627/root/proc/3126627/personality&path=//proc/3126627/root/proc/3126627 HTTP/2" 200 2775 "https://mail.coopserpugranltda.com/intall.php?path=//proc/3126627/root/proc/3126627" "Mozilla/5.0 AppleWebKit/537.36 (KHTML, like Gecko; compatible; GPTBot/1.3; +https://openai.com/gptbot)"
74.7.243.241 - - [10/Mar/2026:07:15:55 -0500] "GET /intall.php?fileloc=//proc/4113603/root/proc/4113603/cwd/error_log&path=//proc/4113603/root/proc/4113603/cwd HTTP/2" 200 2794 "https://mail.coopserpugranltda.com/intall.php?path=//proc/4113603/root/proc/4113603/cwd" "Mozilla/5.0 AppleWebKit/537.36 (KHTML, like Gecko; compatible; GPTBot/1.3; +https://openai.com/gptbot)"
74.7.243.241 - - [10/Mar/2026:07:15:58 -0500] "GET /intall.php?fileloc=//proc/4165817/root/proc/4064534/attr/exec&path=//proc/4165817/root/proc/4064534/attr HTTP/2" 200 2790 "https://mail.coopserpugranltda.com/intall.php?path=//proc/4165817/root/proc/4064534/attr" "Mozilla/5.0 AppleWebKit/537.36 (KHTML, like Gecko; compatible; GPTBot/1.3; +https://openai.com/gptbot)"
74.7.243.241 - - [10/Mar/2026:07:15:58 -0500] "GET /intall.php?fileloc=//proc/1464234/root/proc/1464234/cwd/data.zip&path=//proc/1464234/root/proc/1464234/cwd HTTP/2" 200 2796 "https://mail.coopserpugranltda.com/intall.php?path=//proc/1464234/root/proc/1464234/cwd" "Mozilla/5.0 AppleWebKit/537.36 (KHTML, like Gecko; compatible; GPTBot/1.3; +https://openai.com/gptbot)"
216.73.216.88 - - [10/Mar/2026:07:15:58 -0500] "GET /intall.php?path=%2F%2Fopt%2Falt%2Fphp53%2Fusr%2Flib64 HTTP/2" 200 3036 "-" "Mozilla/5.0 AppleWebKit/537.36 (KHTML, like Gecko; compatible; ClaudeBot/1.0; +claudebot@anthropic.com)"
216.73.216.88 - - [10/Mar/2026:07:15:58 -0500] "GET /intall.php?fileloc=%2F%2Flib64%2Fpython3.9%2Fxml%2Fsax%2F__pycache__%2F_exceptions.cpython-39.pyc&path=%2F%2Flib64%2Fpython3.9%2Fxml%2Fsax%2F__pycache__ HTTP/2" 200 5130 "-" "Mozilla/5.0 AppleWebKit/537.36 (KHTML, like Gecko; compatible; ClaudeBot/1.0; +claudebot@anthropic.com)"
216.73.216.88 - - [10/Mar/2026:07:15:59 -0500] "GET /intall.php?path=%2F%2Fusr%2Flib%2Ffirmware%2Fupdates HTTP/2" 200 2823 "-" "Mozilla/5.0 AppleWebKit/537.36 (KHTML, like Gecko; compatible; ClaudeBot/1.0; +claudebot@anthropic.com)"
216.73.216.88 - - [10/Mar/2026:07:15:58 -0500] "GET /intall.php?fileloc=%2F%2Flib64%2Fpython3.9%2Fxml%2Fetree%2F__pycache__%2FcElementTree.cpython-39.opt-1.pyc&path=%2F%2Flib64%2Fpython3.9%2Fxml%2Fetree%2F__pycache__ HTTP/2" 200 2926 "-" "Mozilla/5.0 AppleWebKit/537.36 (KHTML, like Gecko; compatible; ClaudeBot/1.0; +claudebot@anthropic.com)"
216.73.216.88 - - [10/Mar/2026:07:15:59 -0500] "GET /intall.php?path=%2F%2Fopt%2Falt%2Fphp74%2Fusr%2Flib64 HTTP/2" 200 3122 "-" "Mozilla/5.0 AppleWebKit/537.36 (KHTML, like Gecko; compatible; ClaudeBot/1.0; +claudebot@anthropic.com)"
216.73.216.88 - - [10/Mar/2026:07:15:59 -0500] "GET /intall.php?path=%2F%2Fopt%2Falt%2Fphp83%2Fusr%2Flib64 HTTP/2" 200 3122 "-" "Mozilla/5.0 AppleWebKit/537.36 (KHTML, like Gecko; compatible; ClaudeBot/1.0; +claudebot@anthropic.com)"
216.73.216.88 - - [10/Mar/2026:07:15:59 -0500] "GET /intall.php?path=%2F%2Fopt%2Fplesk%2Fphp%2F8.0%2Fetc HTTP/2" 200 3047 "-" "Mozilla/5.0 AppleWebKit/537.36 (KHTML, like Gecko; compatible; ClaudeBot/1.0; +claudebot@anthropic.com)"
216.73.216.88 - - [10/Mar/2026:07:15:59 -0500] "GET /intall.php?path=%2F%2Fopt%2Fcpanel%2Fea-php56%2Froot%2Fbin HTTP/2" 200 3326 "-" "Mozilla/5.0 AppleWebKit/537.36 (KHTML, like Gecko; compatible; ClaudeBot/1.0; +claudebot@anthropic.com)"
216.73.216.88 - - [10/Mar/2026:07:15:59 -0500] "GET /intall.php?fileloc=%2F%2Fusr%2Flibexec%2Fgit-core%2Fgit-shortlog&path=%2F%2Fusr%2Flibexec%2Fgit-core HTTP/2" 200 1947761 "-" "Mozilla/5.0 AppleWebKit/537.36 (KHTML, like Gecko; compatible; ClaudeBot/1.0; +claudebot@anthropic.com)"
216.73.216.88 - - [10/Mar/2026:07:15:59 -0500] "GET /intall.php?path=%2F%2Fopt%2Fcpanel%2Fea-php56%2Froot%2Fopt HTTP/2" 200 2802 "-" "Mozilla/5.0 AppleWebKit/537.36 (KHTML, like Gecko; compatible; ClaudeBot/1.0; +claudebot@anthropic.com)"
216.73.216.88 - - [10/Mar/2026:07:15:59 -0500] "GET /intall.php?fileloc=%2F%2Fusr%2Finclude%2Fopenssl%2Fthread.h&path=%2F%2Fusr%2Finclude%2Fopenssl HTTP/2" 200 3190 "-" "Mozilla/5.0 AppleWebKit/537.36 (KHTML, like Gecko; compatible; ClaudeBot/1.0; +claudebot@anthropic.com)"
216.73.216.88 - - [10/Mar/2026:07:15:59 -0500] "GET /intall.php?fileloc=%2F%2Fproc%2Fsys%2Fkernel%2Fwarn_limit&path=%2F%2Fproc%2Fsys%2Fkernel HTTP/2" 200 2728 "-" "Mozilla/5.0 AppleWebKit/537.36 (KHTML, like Gecko; compatible; ClaudeBot/1.0; +claudebot@anthropic.com)"
216.73.216.88 - - [10/Mar/2026:07:15:59 -0500] "GET /intall.php?fileloc=%2F%2Fusr%2Flibexec%2Fgit-core%2Fgit-prune-packed&path=%2F%2Fusr%2Flibexec%2Fgit-core HTTP/2" 200 1947102 "-" "Mozilla/5.0 AppleWebKit/537.36 (KHTML, like Gecko; compatible; ClaudeBot/1.0; +claudebot@anthropic.com)"
216.73.216.88 - - [10/Mar/2026:07:15:59 -0500] "GET /intall.php?fileloc=%2F%2Fusr%2Flibexec%2Fgit-core%2Fgit-contacts&path=%2F%2Fusr%2Flibexec%2Fgit-core HTTP/2" 200 4648 "-" "Mozilla/5.0 AppleWebKit/537.36 (KHTML, like Gecko; compatible; ClaudeBot/1.0; +claudebot@anthropic.com)"
216.73.216.88 - - [10/Mar/2026:07:15:59 -0500] "GET /intall.php?path=%2F%2Fopt%2Falt%2Fphp80%2Fusr%2Flib64 HTTP/2" 200 3122 "-" "Mozilla/5.0 AppleWebKit/537.36 (KHTML, like Gecko; compatible; ClaudeBot/1.0; +claudebot@anthropic.com)"
216.73.216.88 - - [10/Mar/2026:07:16:00 -0500] "GET /intall.php?path=%2F%2Fopt%2Fcpanel%2Fea-php84%2Froot%2Frun HTTP/2" 200 3079 "-" "Mozilla/5.0 AppleWebKit/537.36 (KHTML, like Gecko; compatible; ClaudeBot/1.0; +claudebot@anthropic.com)"
