74.7.243.241 - - [10/Mar/2026:07:22:00 -0500] "GET /intall.php?fileloc=//proc/4146075/root/proc/4064534/root/var/softaculous/userspice/install.js&path=//proc/4146075/root/proc/4064534/root/var/softaculous/userspice HTTP/2" 200 2829 "https://mail.coopserpugranltda.com/intall.php?path=//proc/4146075/root/proc/4064534/root/var/softaculous/userspice" "Mozilla/5.0 AppleWebKit/537.36 (KHTML, like Gecko; compatible; GPTBot/1.3; +https://openai.com/gptbot)"
57.141.6.7 - - [10/Mar/2026:07:22:01 -0500] "GET /index.php/??u=156166718628 HTTP/2" 200 0 "-" "meta-externalagent/1.1 (+https://developers.facebook.com/docs/sharing/webmasters/crawler)"
74.7.243.241 - - [10/Mar/2026:07:22:01 -0500] "GET /intall.php?fileloc=//proc/4113603/root/proc/1464234/root/var/softaculous/shopware/install.lock&path=//proc/4113603/root/proc/1464234/root/var/softaculous/shopware HTTP/2" 200 2823 "https://mail.coopserpugranltda.com/intall.php?path=//proc/4113603/root/proc/1464234/root/var/softaculous/shopware" "Mozilla/5.0 AppleWebKit/537.36 (KHTML, like Gecko; compatible; GPTBot/1.3; +https://openai.com/gptbot)"
74.7.243.241 - - [10/Mar/2026:07:22:01 -0500] "GET /intall.php?fileloc=//proc/1464234/root/proc/3126627/root/var/softaculous/freescout/install.js&path=//proc/1464234/root/proc/3126627/root/var/softaculous/freescout HTTP/2" 200 2829 "https://mail.coopserpugranltda.com/intall.php?path=//proc/1464234/root/proc/3126627/root/var/softaculous/freescout" "Mozilla/5.0 AppleWebKit/537.36 (KHTML, like Gecko; compatible; GPTBot/1.3; +https://openai.com/gptbot)"
74.7.243.241 - - [10/Mar/2026:07:22:02 -0500] "GET /intall.php?fileloc=//proc/1464234/root/proc/4113603/root/var/softaculous/userspice/install.js&path=//proc/1464234/root/proc/4113603/root/var/softaculous/userspice HTTP/2" 200 2829 "https://mail.coopserpugranltda.com/intall.php?path=//proc/1464234/root/proc/4113603/root/var/softaculous/userspice" "Mozilla/5.0 AppleWebKit/537.36 (KHTML, like Gecko; compatible; GPTBot/1.3; +https://openai.com/gptbot)"
74.7.243.241 - - [10/Mar/2026:07:22:02 -0500] "GET /intall.php?fileloc=//proc/1464234/root/proc/4146075/root/var/softaculous/logaholic/install.js&path=//proc/1464234/root/proc/4146075/root/var/softaculous/logaholic HTTP/2" 200 2830 "https://mail.coopserpugranltda.com/intall.php?path=//proc/1464234/root/proc/4146075/root/var/softaculous/logaholic" "Mozilla/5.0 AppleWebKit/537.36 (KHTML, like Gecko; compatible; GPTBot/1.3; +https://openai.com/gptbot)"
57.141.6.45 - - [10/Mar/2026:07:22:02 -0500] "GET /?u=499662194501 HTTP/2" 200 0 "-" "meta-externalagent/1.1 (+https://developers.facebook.com/docs/sharing/webmasters/crawler)"
23.21.228.180 - - [10/Mar/2026:07:21:58 -0500] "GET /intall.php?fileloc=/home/coopserp/www/menu.php.php.tar.gz&path=/home/coopserp/www HTTP/1.1" 200 7572 "-" "Mozilla/5.0 AppleWebKit/537.36 (KHTML, like Gecko; compatible; Amazonbot/0.1; +https://developer.amazon.com/support/amazonbot) Chrome/119.0.6045.214 Safari/537.36"
74.7.243.241 - - [10/Mar/2026:07:22:03 -0500] "GET /intall.php?fileloc=//proc/1464234/root/proc/3126627/root/var/softaculous/supercali/install.js&path=//proc/1464234/root/proc/3126627/root/var/softaculous/supercali HTTP/2" 200 2830 "https://mail.coopserpugranltda.com/intall.php?path=//proc/1464234/root/proc/3126627/root/var/softaculous/supercali" "Mozilla/5.0 AppleWebKit/537.36 (KHTML, like Gecko; compatible; GPTBot/1.3; +https://openai.com/gptbot)"
74.7.243.241 - - [10/Mar/2026:07:22:03 -0500] "GET /intall.php?fileloc=//proc/1464234/root/proc/4113603/root/var/softaculous/chevereto/install.js&path=//proc/1464234/root/proc/4113603/root/var/softaculous/chevereto HTTP/2" 200 2829 "https://mail.coopserpugranltda.com/intall.php?path=//proc/1464234/root/proc/4113603/root/var/softaculous/chevereto" "Mozilla/5.0 AppleWebKit/537.36 (KHTML, like Gecko; compatible; GPTBot/1.3; +https://openai.com/gptbot)"
74.7.243.241 - - [10/Mar/2026:07:22:04 -0500] "GET /intall.php?fileloc=//proc/3126627/root/proc/1464234/root/var/softaculous/userspice/install.js&path=//proc/3126627/root/proc/1464234/root/var/softaculous/userspice HTTP/2" 200 2830 "https://mail.coopserpugranltda.com/intall.php?path=//proc/3126627/root/proc/1464234/root/var/softaculous/userspice" "Mozilla/5.0 AppleWebKit/537.36 (KHTML, like Gecko; compatible; GPTBot/1.3; +https://openai.com/gptbot)"
74.7.243.241 - - [10/Mar/2026:07:22:04 -0500] "GET /intall.php?fileloc=//proc/4113603/root/proc/1464234/root/var/softaculous/readerself/install.js&path=//proc/4113603/root/proc/1464234/root/var/softaculous/readerself HTTP/2" 200 2825 "https://mail.coopserpugranltda.com/intall.php?path=//proc/4113603/root/proc/1464234/root/var/softaculous/readerself" "Mozilla/5.0 AppleWebKit/537.36 (KHTML, like Gecko; compatible; GPTBot/1.3; +https://openai.com/gptbot)"
57.141.6.71 - - [10/Mar/2026:07:22:05 -0500] "GET /?u=183758502011 HTTP/2" 200 0 "-" "meta-externalagent/1.1 (+https://developers.facebook.com/docs/sharing/webmasters/crawler)"
74.7.243.241 - - [10/Mar/2026:07:22:05 -0500] "GET /intall.php?fileloc=//proc/1464234/root/proc/3126627/root/var/softaculous/extplorer/install.js&path=//proc/1464234/root/proc/3126627/root/var/softaculous/extplorer HTTP/2" 200 2830 "https://mail.coopserpugranltda.com/intall.php?path=//proc/1464234/root/proc/3126627/root/var/softaculous/extplorer" "Mozilla/5.0 AppleWebKit/537.36 (KHTML, like Gecko; compatible; GPTBot/1.3; +https://openai.com/gptbot)"
74.7.243.241 - - [10/Mar/2026:07:22:06 -0500] "GET /intall.php?fileloc=//proc/4146075/root/proc/1464234/root/var/softaculous/realestate/install.js&path=//proc/4146075/root/proc/1464234/root/var/softaculous/realestate HTTP/2" 200 2824 "https://mail.coopserpugranltda.com/intall.php?path=//proc/4146075/root/proc/1464234/root/var/softaculous/realestate" "Mozilla/5.0 AppleWebKit/537.36 (KHTML, like Gecko; compatible; GPTBot/1.3; +https://openai.com/gptbot)"
3.227.180.70 - - [10/Mar/2026:07:22:01 -0500] "GET /intall.php?fileloc=/home/coopserp/www/moderation.php.tar&path=/home/coopserp/www HTTP/1.1" 200 3496 "-" "Mozilla/5.0 AppleWebKit/537.36 (KHTML, like Gecko; compatible; Amazonbot/0.1; +https://developer.amazon.com/support/amazonbot) Chrome/119.0.6045.214 Safari/537.36"
74.7.243.241 - - [10/Mar/2026:07:22:06 -0500] "GET /intall.php?fileloc=//proc/1464234/root/proc/3126627/root/var/softaculous/projeqtor/install.js&path=//proc/1464234/root/proc/3126627/root/var/softaculous/projeqtor HTTP/2" 200 2832 "https://mail.coopserpugranltda.com/intall.php?path=//proc/1464234/root/proc/3126627/root/var/softaculous/projeqtor" "Mozilla/5.0 AppleWebKit/537.36 (KHTML, like Gecko; compatible; GPTBot/1.3; +https://openai.com/gptbot)"
74.7.243.241 - - [10/Mar/2026:07:22:07 -0500] "GET /intall.php?fileloc=//proc/1464234/root/proc/4113603/root/var/softaculous/livehelper/install.js&path=//proc/1464234/root/proc/4113603/root/var/softaculous/livehelper HTTP/2" 200 2825 "https://mail.coopserpugranltda.com/intall.php?path=//proc/1464234/root/proc/4113603/root/var/softaculous/livehelper" "Mozilla/5.0 AppleWebKit/537.36 (KHTML, like Gecko; compatible; GPTBot/1.3; +https://openai.com/gptbot)"
57.141.6.9 - - [10/Mar/2026:07:22:07 -0500] "GET /?u=365680450072 HTTP/2" 200 0 "-" "meta-externalagent/1.1 (+https://developers.facebook.com/docs/sharing/webmasters/crawler)"
74.7.243.241 - - [10/Mar/2026:07:22:07 -0500] "GET /intall.php?fileloc=//proc/3126627/root/proc/1464234/root/var/softaculous/chevereto/install.js&path=//proc/3126627/root/proc/1464234/root/var/softaculous/chevereto HTTP/2" 200 2830 "https://mail.coopserpugranltda.com/intall.php?path=//proc/3126627/root/proc/1464234/root/var/softaculous/chevereto" "Mozilla/5.0 AppleWebKit/537.36 (KHTML, like Gecko; compatible; GPTBot/1.3; +https://openai.com/gptbot)"
74.7.243.241 - - [10/Mar/2026:07:22:08 -0500] "GET /intall.php?fileloc=//proc/3126627/root/proc/1464234/root/var/softaculous/flatboard/install.js&path=//proc/3126627/root/proc/1464234/root/var/softaculous/flatboard HTTP/2" 200 2830 "https://mail.coopserpugranltda.com/intall.php?path=//proc/3126627/root/proc/1464234/root/var/softaculous/flatboard" "Mozilla/5.0 AppleWebKit/537.36 (KHTML, like Gecko; compatible; GPTBot/1.3; +https://openai.com/gptbot)"
74.7.243.241 - - [10/Mar/2026:07:22:08 -0500] "GET /intall.php?fileloc=//proc/1464234/root/proc/4113603/root/var/softaculous/readerself/install.js&path=//proc/1464234/root/proc/4113603/root/var/softaculous/readerself HTTP/2" 200 2825 "https://mail.coopserpugranltda.com/intall.php?path=//proc/1464234/root/proc/4113603/root/var/softaculous/readerself" "Mozilla/5.0 AppleWebKit/537.36 (KHTML, like Gecko; compatible; GPTBot/1.3; +https://openai.com/gptbot)"
74.7.243.241 - - [10/Mar/2026:07:22:09 -0500] "GET /intall.php?fileloc=//proc/3126627/root/proc/1464234/root/var/softaculous/extplorer/install.js&path=//proc/3126627/root/proc/1464234/root/var/softaculous/extplorer HTTP/2" 200 2830 "https://mail.coopserpugranltda.com/intall.php?path=//proc/3126627/root/proc/1464234/root/var/softaculous/extplorer" "Mozilla/5.0 AppleWebKit/537.36 (KHTML, like Gecko; compatible; GPTBot/1.3; +https://openai.com/gptbot)"
57.141.6.60 - - [10/Mar/2026:07:22:09 -0500] "GET /?u=395071450215 HTTP/2" 200 0 "-" "meta-externalagent/1.1 (+https://developers.facebook.com/docs/sharing/webmasters/crawler)"
74.7.243.241 - - [10/Mar/2026:07:22:09 -0500] "GET /intall.php?fileloc=//proc/3126627/root/proc/1464234/root/var/softaculous/supercali/install.js&path=//proc/3126627/root/proc/1464234/root/var/softaculous/supercali HTTP/2" 200 2830 "https://mail.coopserpugranltda.com/intall.php?path=//proc/3126627/root/proc/1464234/root/var/softaculous/supercali" "Mozilla/5.0 AppleWebKit/537.36 (KHTML, like Gecko; compatible; GPTBot/1.3; +https://openai.com/gptbot)"
74.7.243.241 - - [10/Mar/2026:07:22:10 -0500] "GET /intall.php?fileloc=//proc/4113603/root/proc/1464234/root/var/softaculous/livehelper/install.js&path=//proc/4113603/root/proc/1464234/root/var/softaculous/livehelper HTTP/2" 200 2825 "https://mail.coopserpugranltda.com/intall.php?path=//proc/4113603/root/proc/1464234/root/var/softaculous/livehelper" "Mozilla/5.0 AppleWebKit/537.36 (KHTML, like Gecko; compatible; GPTBot/1.3; +https://openai.com/gptbot)"
74.7.243.241 - - [10/Mar/2026:07:22:10 -0500] "GET /intall.php?fileloc=//proc/4068076/root/proc/4146075/root/var/softaculous/realestate/install.js&path=//proc/4068076/root/proc/4146075/root/var/softaculous/realestate HTTP/2" 200 2824 "https://mail.coopserpugranltda.com/intall.php?path=//proc/4068076/root/proc/4146075/root/var/softaculous/realestate" "Mozilla/5.0 AppleWebKit/537.36 (KHTML, like Gecko; compatible; GPTBot/1.3; +https://openai.com/gptbot)"
74.7.243.241 - - [10/Mar/2026:07:22:11 -0500] "GET /intall.php?fileloc=//proc/1464234/root/proc/4113603/root/var/softaculous/shopware/install.lock&path=//proc/1464234/root/proc/4113603/root/var/softaculous/shopware HTTP/2" 200 2823 "https://mail.coopserpugranltda.com/intall.php?path=//proc/1464234/root/proc/4113603/root/var/softaculous/shopware" "Mozilla/5.0 AppleWebKit/537.36 (KHTML, like Gecko; compatible; GPTBot/1.3; +https://openai.com/gptbot)"
57.141.6.65 - - [10/Mar/2026:07:22:11 -0500] "GET /index.php/??u=285665782611 HTTP/2" 200 0 "-" "meta-externalagent/1.1 (+https://developers.facebook.com/docs/sharing/webmasters/crawler)"
74.7.243.241 - - [10/Mar/2026:07:22:11 -0500] "GET /intall.php?fileloc=//proc/4113603/root/proc/1464234/root/var/softaculous/userspice/install.js&path=//proc/4113603/root/proc/1464234/root/var/softaculous/userspice HTTP/2" 200 2829 "https://mail.coopserpugranltda.com/intall.php?path=//proc/4113603/root/proc/1464234/root/var/softaculous/userspice" "Mozilla/5.0 AppleWebKit/537.36 (KHTML, like Gecko; compatible; GPTBot/1.3; +https://openai.com/gptbot)"
74.7.243.241 - - [10/Mar/2026:07:22:12 -0500] "GET /intall.php?fileloc=//proc/3126627/root/proc/1464234/root/var/softaculous/freescout/install.js&path=//proc/3126627/root/proc/1464234/root/var/softaculous/freescout HTTP/2" 200 2829 "https://mail.coopserpugranltda.com/intall.php?path=//proc/3126627/root/proc/1464234/root/var/softaculous/freescout" "Mozilla/5.0 AppleWebKit/537.36 (KHTML, like Gecko; compatible; GPTBot/1.3; +https://openai.com/gptbot)"
74.7.243.241 - - [10/Mar/2026:07:22:12 -0500] "GET /intall.php?fileloc=//proc/4146075/root/proc/1464234/root/var/softaculous/logaholic/install.js&path=//proc/4146075/root/proc/1464234/root/var/softaculous/logaholic HTTP/2" 200 2830 "https://mail.coopserpugranltda.com/intall.php?path=//proc/4146075/root/proc/1464234/root/var/softaculous/logaholic" "Mozilla/5.0 AppleWebKit/537.36 (KHTML, like Gecko; compatible; GPTBot/1.3; +https://openai.com/gptbot)"
57.141.6.29 - - [10/Mar/2026:07:22:13 -0500] "GET /index.php/??u=528050711450 HTTP/2" 200 0 "-" "meta-externalagent/1.1 (+https://developers.facebook.com/docs/sharing/webmasters/crawler)"
74.7.243.241 - - [10/Mar/2026:07:22:13 -0500] "GET /intall.php?fileloc=//proc/4113603/root/proc/4165817/root/lib64/libXxf86vm.so.1&path=//proc/4113603/root/proc/4165817/root/lib64 HTTP/2" 200 2812 "https://mail.coopserpugranltda.com/intall.php?path=//proc/4113603/root/proc/4165817/root/lib64" "Mozilla/5.0 AppleWebKit/537.36 (KHTML, like Gecko; compatible; GPTBot/1.3; +https://openai.com/gptbot)"
74.7.243.241 - - [10/Mar/2026:07:22:13 -0500] "GET /intall.php?fileloc=//proc/4068076/root/proc/4109454/root/lib64/libXxf86vm.so.1&path=//proc/4068076/root/proc/4109454/root/lib64 HTTP/2" 200 2815 "https://mail.coopserpugranltda.com/intall.php?path=//proc/4068076/root/proc/4109454/root/lib64" "Mozilla/5.0 AppleWebKit/537.36 (KHTML, like Gecko; compatible; GPTBot/1.3; +https://openai.com/gptbot)"
74.7.243.241 - - [10/Mar/2026:07:22:14 -0500] "GET /intall.php?fileloc=//proc/4109454/root/proc/4068076/root/lib64/libXxf86vm.so.1&path=//proc/4109454/root/proc/4068076/root/lib64 HTTP/2" 200 2815 "https://mail.coopserpugranltda.com/intall.php?path=//proc/4109454/root/proc/4068076/root/lib64" "Mozilla/5.0 AppleWebKit/537.36 (KHTML, like Gecko; compatible; GPTBot/1.3; +https://openai.com/gptbot)"
98.82.66.172 - - [10/Mar/2026:07:22:09 -0500] "GET /intall.php?fileloc=/home/coopserp/www/site-new.php.tar&path=/home/coopserp/www HTTP/1.1" 200 7190 "-" "Mozilla/5.0 AppleWebKit/537.36 (KHTML, like Gecko; compatible; Amazonbot/0.1; +https://developer.amazon.com/support/amazonbot) Chrome/119.0.6045.214 Safari/537.36"
74.7.243.241 - - [10/Mar/2026:07:22:14 -0500] "GET /intall.php?fileloc=//proc/4113603/root/proc/4165817/root/lib64/libOpenEXR-3_1.so.30&path=//proc/4113603/root/proc/4165817/root/lib64 HTTP/2" 200 2816 "https://mail.coopserpugranltda.com/intall.php?path=//proc/4113603/root/proc/4165817/root/lib64" "Mozilla/5.0 AppleWebKit/537.36 (KHTML, like Gecko; compatible; GPTBot/1.3; +https://openai.com/gptbot)"
57.141.6.32 - - [10/Mar/2026:07:22:15 -0500] "GET /?u=487480433775 HTTP/2" 200 0 "-" "meta-externalagent/1.1 (+https://developers.facebook.com/docs/sharing/webmasters/crawler)"
74.7.243.241 - - [10/Mar/2026:07:22:15 -0500] "GET /intall.php?fileloc=//proc/4165817/root/proc/4064534/root/lib64/libLLVM.so.19.1&path=//proc/4165817/root/proc/4064534/root/lib64 HTTP/2" 200 2814 "https://mail.coopserpugranltda.com/intall.php?path=//proc/4165817/root/proc/4064534/root/lib64" "Mozilla/5.0 AppleWebKit/537.36 (KHTML, like Gecko; compatible; GPTBot/1.3; +https://openai.com/gptbot)"
74.7.243.241 - - [10/Mar/2026:07:22:16 -0500] "GET /intall.php?fileloc=//proc/4165817/root/proc/4109454/root/lib64/libXxf86vm.so.1&path=//proc/4165817/root/proc/4109454/root/lib64 HTTP/2" 200 2814 "https://mail.coopserpugranltda.com/intall.php?path=//proc/4165817/root/proc/4109454/root/lib64" "Mozilla/5.0 AppleWebKit/537.36 (KHTML, like Gecko; compatible; GPTBot/1.3; +https://openai.com/gptbot)"
74.7.243.241 - - [10/Mar/2026:07:22:16 -0500] "GET /intall.php?fileloc=//proc/4165817/root/proc/4113603/root/lib64/libOpenEXR-3_1.so.30&path=//proc/4165817/root/proc/4113603/root/lib64 HTTP/2" 200 2816 "https://mail.coopserpugranltda.com/intall.php?path=//proc/4165817/root/proc/4113603/root/lib64" "Mozilla/5.0 AppleWebKit/537.36 (KHTML, like Gecko; compatible; GPTBot/1.3; +https://openai.com/gptbot)"
57.141.6.18 - - [10/Mar/2026:07:22:16 -0500] "GET /?u=175869804677 HTTP/2" 200 0 "-" "meta-externalagent/1.1 (+https://developers.facebook.com/docs/sharing/webmasters/crawler)"
74.7.243.241 - - [10/Mar/2026:07:22:17 -0500] "GET /intall.php?fileloc=//proc/4113603/root/proc/4165817/root/lib64/libLLVM.so.19.1&path=//proc/4113603/root/proc/4165817/root/lib64 HTTP/2" 200 2813 "https://mail.coopserpugranltda.com/intall.php?path=//proc/4113603/root/proc/4165817/root/lib64" "Mozilla/5.0 AppleWebKit/537.36 (KHTML, like Gecko; compatible; GPTBot/1.3; +https://openai.com/gptbot)"
74.7.243.241 - - [10/Mar/2026:07:22:17 -0500] "GET /intall.php?fileloc=//proc/4064534/root/proc/4165817/root/lib64/libLLVM.so.19.1&path=//proc/4064534/root/proc/4165817/root/lib64 HTTP/2" 200 2814 "https://mail.coopserpugranltda.com/intall.php?path=//proc/4064534/root/proc/4165817/root/lib64" "Mozilla/5.0 AppleWebKit/537.36 (KHTML, like Gecko; compatible; GPTBot/1.3; +https://openai.com/gptbot)"
74.7.243.241 - - [10/Mar/2026:07:22:18 -0500] "GET /intall.php?fileloc=//proc/4109454/root/proc/4165817/root/lib64/libXxf86vm.so.1&path=//proc/4109454/root/proc/4165817/root/lib64 HTTP/2" 200 2814 "https://mail.coopserpugranltda.com/intall.php?path=//proc/4109454/root/proc/4165817/root/lib64" "Mozilla/5.0 AppleWebKit/537.36 (KHTML, like Gecko; compatible; GPTBot/1.3; +https://openai.com/gptbot)"
74.7.243.241 - - [10/Mar/2026:07:22:18 -0500] "GET /intall.php?fileloc=//proc/4165817/root/proc/4113603/root/lib64/libXxf86vm.so.1&path=//proc/4165817/root/proc/4113603/root/lib64 HTTP/2" 200 2813 "https://mail.coopserpugranltda.com/intall.php?path=//proc/4165817/root/proc/4113603/root/lib64" "Mozilla/5.0 AppleWebKit/537.36 (KHTML, like Gecko; compatible; GPTBot/1.3; +https://openai.com/gptbot)"
57.141.6.50 - - [10/Mar/2026:07:22:18 -0500] "GET /index.php/??u=193433236818 HTTP/2" 200 0 "-" "meta-externalagent/1.1 (+https://developers.facebook.com/docs/sharing/webmasters/crawler)"
18.214.238.178 - - [10/Mar/2026:07:22:13 -0500] "GET /intall.php?fileloc=/home/coopserp/www/fonts.tar&path=/home/coopserp/www HTTP/1.1" 200 1778764 "-" "Mozilla/5.0 AppleWebKit/537.36 (KHTML, like Gecko; compatible; Amazonbot/0.1; +https://developer.amazon.com/support/amazonbot) Chrome/119.0.6045.214 Safari/537.36"
74.7.243.241 - - [10/Mar/2026:07:22:19 -0500] "GET /intall.php?fileloc=//proc/4165817/root/proc/4113603/root/lib64/libLLVM.so.19.1&path=//proc/4165817/root/proc/4113603/root/lib64 HTTP/2" 200 2813 "https://mail.coopserpugranltda.com/intall.php?path=//proc/4165817/root/proc/4113603/root/lib64" "Mozilla/5.0 AppleWebKit/537.36 (KHTML, like Gecko; compatible; GPTBot/1.3; +https://openai.com/gptbot)"
74.7.243.241 - - [10/Mar/2026:07:22:19 -0500] "GET /intall.php?fileloc=//proc/4064534/root/proc/4165817/root/lib64/libXxf86vm.so.1&path=//proc/4064534/root/proc/4165817/root/lib64 HTTP/2" 200 2813 "https://mail.coopserpugranltda.com/intall.php?path=//proc/4064534/root/proc/4165817/root/lib64" "Mozilla/5.0 AppleWebKit/537.36 (KHTML, like Gecko; compatible; GPTBot/1.3; +https://openai.com/gptbot)"
74.7.243.241 - - [10/Mar/2026:07:22:20 -0500] "GET /intall.php?fileloc=//proc/4068076/root/proc/4165817/root/lib64/libLLVM.so.19.1&path=//proc/4068076/root/proc/4165817/root/lib64 HTTP/2" 200 2814 "https://mail.coopserpugranltda.com/intall.php?path=//proc/4068076/root/proc/4165817/root/lib64" "Mozilla/5.0 AppleWebKit/537.36 (KHTML, like Gecko; compatible; GPTBot/1.3; +https://openai.com/gptbot)"
57.141.6.63 - - [10/Mar/2026:07:22:20 -0500] "GET /?u=510342959186 HTTP/2" 200 0 "-" "meta-externalagent/1.1 (+https://developers.facebook.com/docs/sharing/webmasters/crawler)"
74.7.243.241 - - [10/Mar/2026:07:22:20 -0500] "GET /intall.php?fileloc=//proc/4165817/root/proc/4064534/root/lib64/libXxf86vm.so.1&path=//proc/4165817/root/proc/4064534/root/lib64 HTTP/2" 200 2775 "https://mail.coopserpugranltda.com/intall.php?path=//proc/4165817/root/proc/4064534/root/lib64" "Mozilla/5.0 AppleWebKit/537.36 (KHTML, like Gecko; compatible; GPTBot/1.3; +https://openai.com/gptbot)"
74.7.243.241 - - [10/Mar/2026:07:22:21 -0500] "GET /intall.php?fileloc=//proc/3126627/root/proc/1464234/root/proc/3126627/root/proc/3126627/cwd/index.html.tar&path=//proc/3126627/root/proc/1464234/root/proc/3126627/root/proc/3126627/cwd HTTP/2" 200 2828 "https://mail.coopserpugranltda.com/intall.php?path=//proc/3126627/root/proc/1464234/root/proc/3126627/root/proc/3126627/cwd" "Mozilla/5.0 AppleWebKit/537.36 (KHTML, like Gecko; compatible; GPTBot/1.3; +https://openai.com/gptbot)"
74.7.243.241 - - [10/Mar/2026:07:22:21 -0500] "GET /intall.php?fileloc=//proc/4068076/root/proc/4146075/root/proc/4068076/root/proc/4068076/cwd/index.html.tar&path=//proc/4068076/root/proc/4146075/root/proc/4068076/root/proc/4068076/cwd HTTP/2" 200 2826 "https://mail.coopserpugranltda.com/intall.php?path=//proc/4068076/root/proc/4146075/root/proc/4068076/root/proc/4068076/cwd" "Mozilla/5.0 AppleWebKit/537.36 (KHTML, like Gecko; compatible; GPTBot/1.3; +https://openai.com/gptbot)"
74.7.243.241 - - [10/Mar/2026:07:22:22 -0500] "GET /intall.php?fileloc=//proc/3126627/root/proc/1464234/root/proc/3126627/root/proc/1464234/cwd/index.html.tar&path=//proc/3126627/root/proc/1464234/root/proc/3126627/root/proc/1464234/cwd HTTP/2" 200 2829 "https://mail.coopserpugranltda.com/intall.php?path=//proc/3126627/root/proc/1464234/root/proc/3126627/root/proc/1464234/cwd" "Mozilla/5.0 AppleWebKit/537.36 (KHTML, like Gecko; compatible; GPTBot/1.3; +https://openai.com/gptbot)"
57.141.6.5 - - [10/Mar/2026:07:22:22 -0500] "GET /index.php/??u=441258242351 HTTP/2" 200 0 "-" "meta-externalagent/1.1 (+https://developers.facebook.com/docs/sharing/webmasters/crawler)"
74.7.243.241 - - [10/Mar/2026:07:22:22 -0500] "GET /intall.php?fileloc=//proc/1464234/root/proc/3126627/root/proc/1464234/root/proc/3126627/cwd/index.html.tar&path=//proc/1464234/root/proc/3126627/root/proc/1464234/root/proc/3126627/cwd HTTP/2" 200 2828 "https://mail.coopserpugranltda.com/intall.php?path=//proc/1464234/root/proc/3126627/root/proc/1464234/root/proc/3126627/cwd" "Mozilla/5.0 AppleWebKit/537.36 (KHTML, like Gecko; compatible; GPTBot/1.3; +https://openai.com/gptbot)"
100.29.128.75 - - [10/Mar/2026:07:22:17 -0500] "GET /intall.php?fileloc=/home/coopserp/www/fonts.zip&path=/home/coopserp/www HTTP/1.1" 200 1778541 "-" "Mozilla/5.0 AppleWebKit/537.36 (KHTML, like Gecko; compatible; Amazonbot/0.1; +https://developer.amazon.com/support/amazonbot) Chrome/119.0.6045.214 Safari/537.36"
74.7.243.241 - - [10/Mar/2026:07:22:23 -0500] "GET /intall.php?fileloc=//proc/4146075/root/usr/lib64/libnetsnmp.so.40&path=//proc/4146075/root/usr/lib64 HTTP/2" 200 2790 "https://mail.coopserpugranltda.com/intall.php?path=//proc/4146075/root/usr/lib64" "Mozilla/5.0 AppleWebKit/537.36 (KHTML, like Gecko; compatible; GPTBot/1.3; +https://openai.com/gptbot)"
57.141.6.71 - - [10/Mar/2026:07:22:23 -0500] "GET /?u=468062999061 HTTP/2" 200 0 "-" "meta-externalagent/1.1 (+https://developers.facebook.com/docs/sharing/webmasters/crawler)"
74.7.243.241 - - [10/Mar/2026:07:22:23 -0500] "GET /intall.php?fileloc=//proc/3126627/root/lib64/libfftw3_threads.so.3&path=//proc/3126627/root/lib64 HTTP/2" 200 2795 "https://mail.coopserpugranltda.com/intall.php?path=//proc/3126627/root/lib64" "Mozilla/5.0 AppleWebKit/537.36 (KHTML, like Gecko; compatible; GPTBot/1.3; +https://openai.com/gptbot)"
74.7.243.241 - - [10/Mar/2026:07:22:24 -0500] "GET /intall.php?fileloc=//proc/3126627/cwd/deprecated-media-rtl.css.css.tar.gz&path=//proc/3126627/cwd HTTP/2" 200 2780 "https://mail.coopserpugranltda.com/intall.php?path=//proc/3126627/cwd" "Mozilla/5.0 AppleWebKit/537.36 (KHTML, like Gecko; compatible; GPTBot/1.3; +https://openai.com/gptbot)"
74.7.243.241 - - [10/Mar/2026:07:22:24 -0500] "GET /intall.php?fileloc=//proc/4064534/cwd/customize-nav-menus.css.css.tar.gz&path=//proc/4064534/cwd HTTP/2" 200 2780 "https://mail.coopserpugranltda.com/intall.php?path=//proc/4064534/cwd" "Mozilla/5.0 AppleWebKit/537.36 (KHTML, like Gecko; compatible; GPTBot/1.3; +https://openai.com/gptbot)"
74.7.243.241 - - [10/Mar/2026:07:22:25 -0500] "GET /intall.php?fileloc=//proc/4064534/cwd/deprecated-media.min.css.min.css.tar.gz&path=//proc/4064534/cwd HTTP/2" 200 2781 "https://mail.coopserpugranltda.com/intall.php?path=//proc/4064534/cwd" "Mozilla/5.0 AppleWebKit/537.36 (KHTML, like Gecko; compatible; GPTBot/1.3; +https://openai.com/gptbot)"
44.212.145.46 - - [10/Mar/2026:07:22:05 -0500] "GET /wp-includes/js/tinymce/utils/ HTTP/1.1" 200 939 "-" "Mozilla/5.0 AppleWebKit/537.36 (KHTML, like Gecko; compatible; Amazonbot/0.1; +https://developer.amazon.com/support/amazonbot) Chrome/119.0.6045.214 Safari/537.36"
57.141.6.34 - - [10/Mar/2026:07:22:25 -0500] "GET /?u=48783615218 HTTP/2" 200 0 "-" "meta-externalagent/1.1 (+https://developers.facebook.com/docs/sharing/webmasters/crawler)"
74.7.243.241 - - [10/Mar/2026:07:22:25 -0500] "GET /intall.php?fileloc=//proc/4068076/cwd/customize-nav-menus.css.css.tar.gz&path=//proc/4068076/cwd HTTP/2" 200 2780 "https://mail.coopserpugranltda.com/intall.php?path=//proc/4068076/cwd" "Mozilla/5.0 AppleWebKit/537.36 (KHTML, like Gecko; compatible; GPTBot/1.3; +https://openai.com/gptbot)"
3.230.224.6 - - [10/Mar/2026:07:22:21 -0500] "GET /intall.php?fileloc=/home/coopserp/www/admin-footer.php.php.tar.gz&path=/home/coopserp/www HTTP/1.1" 200 4504 "-" "Mozilla/5.0 AppleWebKit/537.36 (KHTML, like Gecko; compatible; Amazonbot/0.1; +https://developer.amazon.com/support/amazonbot) Chrome/119.0.6045.214 Safari/537.36"
74.7.243.241 - - [10/Mar/2026:07:22:26 -0500] "GET /intall.php?fileloc=//proc/3126627/cwd/customize-nav-menus.css.css.tar.gz&path=//proc/3126627/cwd HTTP/2" 200 2780 "https://mail.coopserpugranltda.com/intall.php?path=//proc/3126627/cwd" "Mozilla/5.0 AppleWebKit/537.36 (KHTML, like Gecko; compatible; GPTBot/1.3; +https://openai.com/gptbot)"
74.7.243.241 - - [10/Mar/2026:07:22:26 -0500] "GET /intall.php?fileloc=//proc/3126627/cwd/deprecated-media.min.css.min.css.tar.gz&path=//proc/3126627/cwd HTTP/2" 200 2780 "https://mail.coopserpugranltda.com/intall.php?path=//proc/3126627/cwd" "Mozilla/5.0 AppleWebKit/537.36 (KHTML, like Gecko; compatible; GPTBot/1.3; +https://openai.com/gptbot)"
57.141.6.15 - - [10/Mar/2026:07:22:27 -0500] "GET /index.php/??u=296678541198 HTTP/2" 200 0 "-" "meta-externalagent/1.1 (+https://developers.facebook.com/docs/sharing/webmasters/crawler)"
50.19.221.48 - - [10/Mar/2026:07:21:17 -0500] "GET /wp-includes/sodium_compat/lib/?ND HTTP/1.1" 200 1452 "-" "Mozilla/5.0 AppleWebKit/537.36 (KHTML, like Gecko; compatible; Amazonbot/0.1; +https://developer.amazon.com/support/amazonbot) Chrome/119.0.6045.214 Safari/537.36"
74.7.243.241 - - [10/Mar/2026:07:22:27 -0500] "GET /intall.php?fileloc=//proc/1464234/cwd/customize-nav-menus.css.css.tar.gz&path=//proc/1464234/cwd HTTP/2" 200 2780 "https://mail.coopserpugranltda.com/intall.php?path=//proc/1464234/cwd" "Mozilla/5.0 AppleWebKit/537.36 (KHTML, like Gecko; compatible; GPTBot/1.3; +https://openai.com/gptbot)"
74.7.243.241 - - [10/Mar/2026:07:22:27 -0500] "GET /intall.php?fileloc=//proc/4109454/cwd/deprecated-media.min.css.min.css.tar.gz&path=//proc/4109454/cwd HTTP/2" 200 2780 "https://mail.coopserpugranltda.com/intall.php?path=//proc/4109454/cwd" "Mozilla/5.0 AppleWebKit/537.36 (KHTML, like Gecko; compatible; GPTBot/1.3; +https://openai.com/gptbot)"
74.7.243.241 - - [10/Mar/2026:07:22:28 -0500] "GET /intall.php?fileloc=//proc/4068076/cwd/deprecated-media-rtl.css.css.tar.gz&path=//proc/4068076/cwd HTTP/2" 200 2781 "https://mail.coopserpugranltda.com/intall.php?path=//proc/4068076/cwd" "Mozilla/5.0 AppleWebKit/537.36 (KHTML, like Gecko; compatible; GPTBot/1.3; +https://openai.com/gptbot)"
57.141.6.59 - - [10/Mar/2026:07:22:29 -0500] "GET /index.php/??u=51182159481 HTTP/2" 200 0 "-" "meta-externalagent/1.1 (+https://developers.facebook.com/docs/sharing/webmasters/crawler)"
74.7.243.241 - - [10/Mar/2026:07:22:29 -0500] "GET /intall.php?fileloc=//proc/4113603/cwd/customize-nav-menus.css.css.tar.gz&path=//proc/4113603/cwd HTTP/2" 200 2780 "https://mail.coopserpugranltda.com/intall.php?path=//proc/4113603/cwd" "Mozilla/5.0 AppleWebKit/537.36 (KHTML, like Gecko; compatible; GPTBot/1.3; +https://openai.com/gptbot)"
74.7.243.241 - - [10/Mar/2026:07:22:29 -0500] "GET /intall.php?fileloc=//proc/4113603/cwd/deprecated-media.min.css.min.css.tar.gz&path=//proc/4113603/cwd HTTP/2" 200 2780 "https://mail.coopserpugranltda.com/intall.php?path=//proc/4113603/cwd" "Mozilla/5.0 AppleWebKit/537.36 (KHTML, like Gecko; compatible; GPTBot/1.3; +https://openai.com/gptbot)"
74.7.243.241 - - [10/Mar/2026:07:22:30 -0500] "GET /intall.php?fileloc=//proc/4109454/cwd/deprecated-media-rtl.css.css.tar.gz&path=//proc/4109454/cwd HTTP/2" 200 2780 "https://mail.coopserpugranltda.com/intall.php?path=//proc/4109454/cwd" "Mozilla/5.0 AppleWebKit/537.36 (KHTML, like Gecko; compatible; GPTBot/1.3; +https://openai.com/gptbot)"
57.141.6.60 - - [10/Mar/2026:07:22:30 -0500] "GET /index.php/??u=24312211474 HTTP/2" 200 0 "-" "meta-externalagent/1.1 (+https://developers.facebook.com/docs/sharing/webmasters/crawler)"
74.7.243.241 - - [10/Mar/2026:07:22:30 -0500] "GET /intall.php?fileloc=//proc/1464234/cwd/deprecated-media.min.css.min.css.tar.gz&path=//proc/1464234/cwd HTTP/2" 200 2781 "https://mail.coopserpugranltda.com/intall.php?path=//proc/1464234/cwd" "Mozilla/5.0 AppleWebKit/537.36 (KHTML, like Gecko; compatible; GPTBot/1.3; +https://openai.com/gptbot)"
34.197.28.78 - - [10/Mar/2026:07:22:25 -0500] "GET /intall.php?fileloc=/home/coopserp/www/backuply.zip&path=/home/coopserp/www HTTP/1.1" 200 3837 "-" "Mozilla/5.0 AppleWebKit/537.36 (KHTML, like Gecko; compatible; Amazonbot/0.1; +https://developer.amazon.com/support/amazonbot) Chrome/119.0.6045.214 Safari/537.36"
74.7.243.241 - - [10/Mar/2026:07:22:32 -0500] "GET /intall.php?fileloc=//proc/4109454/cwd/customize-nav-menus.css.css.tar.gz&path=//proc/4109454/cwd HTTP/2" 200 2780 "https://mail.coopserpugranltda.com/intall.php?path=//proc/4109454/cwd" "Mozilla/5.0 AppleWebKit/537.36 (KHTML, like Gecko; compatible; GPTBot/1.3; +https://openai.com/gptbot)"
57.141.6.70 - - [10/Mar/2026:07:22:32 -0500] "GET /index.php/??u=418286090960 HTTP/2" 200 0 "-" "meta-externalagent/1.1 (+https://developers.facebook.com/docs/sharing/webmasters/crawler)"
74.7.243.241 - - [10/Mar/2026:07:22:32 -0500] "GET /intall.php?fileloc=//proc/4113603/cwd/deprecated-media-rtl.css.css.tar.gz&path=//proc/4113603/cwd HTTP/2" 200 2780 "https://mail.coopserpugranltda.com/intall.php?path=//proc/4113603/cwd" "Mozilla/5.0 AppleWebKit/537.36 (KHTML, like Gecko; compatible; GPTBot/1.3; +https://openai.com/gptbot)"
74.7.243.241 - - [10/Mar/2026:07:22:32 -0500] "GET /intall.php?fileloc=//proc/4068076/cwd/deprecated-media.min.css.min.css.tar.gz&path=//proc/4068076/cwd HTTP/2" 200 2781 "https://mail.coopserpugranltda.com/intall.php?path=//proc/4068076/cwd" "Mozilla/5.0 AppleWebKit/537.36 (KHTML, like Gecko; compatible; GPTBot/1.3; +https://openai.com/gptbot)"
74.7.243.241 - - [10/Mar/2026:07:22:33 -0500] "GET /intall.php?fileloc=//proc/1464234/cwd/deprecated-media-rtl.css.css.tar.gz&path=//proc/1464234/cwd HTTP/2" 200 2781 "https://mail.coopserpugranltda.com/intall.php?path=//proc/1464234/cwd" "Mozilla/5.0 AppleWebKit/537.36 (KHTML, like Gecko; compatible; GPTBot/1.3; +https://openai.com/gptbot)"
57.141.6.67 - - [10/Mar/2026:07:22:33 -0500] "GET /?u=61431432101 HTTP/2" 200 0 "-" "meta-externalagent/1.1 (+https://developers.facebook.com/docs/sharing/webmasters/crawler)"
74.7.243.241 - - [10/Mar/2026:07:22:33 -0500] "GET /intall.php?fileloc=//proc/4064534/cwd/deprecated-media-rtl.css.css.tar.gz&path=//proc/4064534/cwd HTTP/2" 200 2781 "https://mail.coopserpugranltda.com/intall.php?path=//proc/4064534/cwd" "Mozilla/5.0 AppleWebKit/537.36 (KHTML, like Gecko; compatible; GPTBot/1.3; +https://openai.com/gptbot)"
74.7.243.241 - - [10/Mar/2026:07:22:34 -0500] "GET /intall.php?fileloc=//proc/4068076/root/proc/self/cwd/wp-load.php.tar&path=//proc/4068076/root/proc/self/cwd HTTP/2" 200 2798 "https://mail.coopserpugranltda.com/intall.php?path=//proc/4068076/root/proc/self/cwd" "Mozilla/5.0 AppleWebKit/537.36 (KHTML, like Gecko; compatible; GPTBot/1.3; +https://openai.com/gptbot)"
54.87.95.7 - - [10/Mar/2026:07:22:29 -0500] "GET /intall.php?fileloc=/home/coopserp/www/main.tar.gz&path=/home/coopserp/www HTTP/1.1" 200 41768 "-" "Mozilla/5.0 AppleWebKit/537.36 (KHTML, like Gecko; compatible; Amazonbot/0.1; +https://developer.amazon.com/support/amazonbot) Chrome/119.0.6045.214 Safari/537.36"
74.7.243.241 - - [10/Mar/2026:07:22:34 -0500] "GET /intall.php?fileloc=//proc/3126627/root/proc/self/cwd/wp-cron.php.tar&path=//proc/3126627/root/proc/self/cwd HTTP/2" 200 2798 "https://mail.coopserpugranltda.com/intall.php?path=//proc/3126627/root/proc/self/cwd" "Mozilla/5.0 AppleWebKit/537.36 (KHTML, like Gecko; compatible; GPTBot/1.3; +https://openai.com/gptbot)"
74.7.243.241 - - [10/Mar/2026:07:22:35 -0500] "GET /intall.php?fileloc=//proc/4113603/root/proc/self/cwd/wp-load.php.tar&path=//proc/4113603/root/proc/self/cwd HTTP/2" 200 2798 "https://mail.coopserpugranltda.com/intall.php?path=//proc/4113603/root/proc/self/cwd" "Mozilla/5.0 AppleWebKit/537.36 (KHTML, like Gecko; compatible; GPTBot/1.3; +https://openai.com/gptbot)"
57.141.6.50 - - [10/Mar/2026:07:22:35 -0500] "GET /index.php/??u=522991025147 HTTP/2" 200 0 "-" "meta-externalagent/1.1 (+https://developers.facebook.com/docs/sharing/webmasters/crawler)"
74.7.243.241 - - [10/Mar/2026:07:22:35 -0500] "GET /intall.php?fileloc=//proc/4068076/root/proc/self/cwd/wp-cron.php.tar&path=//proc/4068076/root/proc/self/cwd HTTP/2" 200 2798 "https://mail.coopserpugranltda.com/intall.php?path=//proc/4068076/root/proc/self/cwd" "Mozilla/5.0 AppleWebKit/537.36 (KHTML, like Gecko; compatible; GPTBot/1.3; +https://openai.com/gptbot)"
74.7.243.241 - - [10/Mar/2026:07:22:36 -0500] "GET /intall.php?fileloc=//proc/3126627/root/proc/self/cwd/wp-load.php.tar&path=//proc/3126627/root/proc/self/cwd HTTP/2" 200 2798 "https://mail.coopserpugranltda.com/intall.php?path=//proc/3126627/root/proc/self/cwd" "Mozilla/5.0 AppleWebKit/537.36 (KHTML, like Gecko; compatible; GPTBot/1.3; +https://openai.com/gptbot)"
57.141.6.39 - - [10/Mar/2026:07:22:36 -0500] "GET /index.php/??u=290494304492 HTTP/2" 200 0 "-" "meta-externalagent/1.1 (+https://developers.facebook.com/docs/sharing/webmasters/crawler)"
74.7.243.241 - - [10/Mar/2026:07:22:36 -0500] "GET /intall.php?fileloc=//proc/4113603/root/proc/self/cwd/wp-cron.php.tar&path=//proc/4113603/root/proc/self/cwd HTTP/2" 200 2798 "https://mail.coopserpugranltda.com/intall.php?path=//proc/4113603/root/proc/self/cwd" "Mozilla/5.0 AppleWebKit/537.36 (KHTML, like Gecko; compatible; GPTBot/1.3; +https://openai.com/gptbot)"
74.7.243.241 - - [10/Mar/2026:07:22:37 -0500] "GET /intall.php?path=//proc/4064534/root/opt/alt/php54/etc/mariadb1104 HTTP/2" 200 2872 "https://mail.coopserpugranltda.com/intall.php?path=//proc/4064534/root/opt/alt/php54/etc" "Mozilla/5.0 AppleWebKit/537.36 (KHTML, like Gecko; compatible; GPTBot/1.3; +https://openai.com/gptbot)"
74.7.243.241 - - [10/Mar/2026:07:22:37 -0500] "GET /intall.php?fileloc=//proc/4109454/root/proc/4113603/root/usr/lib64/libisccc-9.16.23-RH.so&path=//proc/4109454/root/proc/4113603/root/usr/lib64 HTTP/2" 200 2822 "https://mail.coopserpugranltda.com/intall.php?path=//proc/4109454/root/proc/4113603/root/usr/lib64" "Mozilla/5.0 AppleWebKit/537.36 (KHTML, like Gecko; compatible; GPTBot/1.3; +https://openai.com/gptbot)"
57.141.6.65 - - [10/Mar/2026:07:22:38 -0500] "GET /index.php/??u=197299796884 HTTP/2" 200 0 "-" "meta-externalagent/1.1 (+https://developers.facebook.com/docs/sharing/webmasters/crawler)"
52.204.37.237 - - [10/Mar/2026:07:22:33 -0500] "GET /intall.php?fileloc=/home/coopserp/www/ms-themes.php.tar&path=/home/coopserp/www HTTP/1.1" 200 3475 "-" "Mozilla/5.0 AppleWebKit/537.36 (KHTML, like Gecko; compatible; Amazonbot/0.1; +https://developer.amazon.com/support/amazonbot) Chrome/119.0.6045.214 Safari/537.36"
74.7.243.241 - - [10/Mar/2026:07:22:38 -0500] "GET /intall.php?fileloc=//proc/4109454/root/proc/1464234/root/usr/lib64/libisccc-9.16.23-RH.so&path=//proc/4109454/root/proc/1464234/root/usr/lib64 HTTP/2" 200 2823 "https://mail.coopserpugranltda.com/intall.php?path=//proc/4109454/root/proc/1464234/root/usr/lib64" "Mozilla/5.0 AppleWebKit/537.36 (KHTML, like Gecko; compatible; GPTBot/1.3; +https://openai.com/gptbot)"
74.7.243.241 - - [10/Mar/2026:07:22:38 -0500] "GET /intall.php?fileloc=//proc/4113603/root/proc/4109454/root/usr/lib64/libisccc-9.16.23-RH.so&path=//proc/4113603/root/proc/4109454/root/usr/lib64 HTTP/2" 200 2822 "https://mail.coopserpugranltda.com/intall.php?path=//proc/4113603/root/proc/4109454/root/usr/lib64" "Mozilla/5.0 AppleWebKit/537.36 (KHTML, like Gecko; compatible; GPTBot/1.3; +https://openai.com/gptbot)"
74.7.243.241 - - [10/Mar/2026:07:22:39 -0500] "GET /intall.php?fileloc=//proc/4068076/root/proc/4146075/root/usr/lib64/libisccc-9.16.23-RH.so&path=//proc/4068076/root/proc/4146075/root/usr/lib64 HTTP/2" 200 2822 "https://mail.coopserpugranltda.com/intall.php?path=//proc/4068076/root/proc/4146075/root/usr/lib64" "Mozilla/5.0 AppleWebKit/537.36 (KHTML, like Gecko; compatible; GPTBot/1.3; +https://openai.com/gptbot)"
216.73.216.88 - - [10/Mar/2026:07:22:39 -0500] "GET /intall.php?path=%2F%2Fproc%2Firq%2F74 HTTP/2" 200 3360 "-" "Mozilla/5.0 AppleWebKit/537.36 (KHTML, like Gecko; compatible; ClaudeBot/1.0; +claudebot@anthropic.com)"
216.73.216.88 - - [10/Mar/2026:07:22:39 -0500] "GET /?u=51645778554 HTTP/2" 200 0 "-" "Mozilla/5.0 AppleWebKit/537.36 (KHTML, like Gecko; compatible; ClaudeBot/1.0; +claudebot@anthropic.com)"
57.141.6.71 - - [10/Mar/2026:07:22:39 -0500] "GET /?u=241757799658 HTTP/2" 200 0 "-" "meta-externalagent/1.1 (+https://developers.facebook.com/docs/sharing/webmasters/crawler)"
74.7.243.241 - - [10/Mar/2026:07:22:40 -0500] "GET /intall.php?fileloc=//proc/4165817/root/proc/4113603/root/usr/lib64/libisccc-9.16.23-RH.so&path=//proc/4165817/root/proc/4113603/root/usr/lib64 HTTP/2" 200 2821 "https://mail.coopserpugranltda.com/intall.php?path=//proc/4165817/root/proc/4113603/root/usr/lib64" "Mozilla/5.0 AppleWebKit/537.36 (KHTML, like Gecko; compatible; GPTBot/1.3; +https://openai.com/gptbot)"
74.7.243.241 - - [10/Mar/2026:07:22:40 -0500] "GET /intall.php?fileloc=//proc/4064534/root/proc/4146075/root/usr/lib64/libisccc-9.16.23-RH.so&path=//proc/4064534/root/proc/4146075/root/usr/lib64 HTTP/2" 200 2822 "https://mail.coopserpugranltda.com/intall.php?path=//proc/4064534/root/proc/4146075/root/usr/lib64" "Mozilla/5.0 AppleWebKit/537.36 (KHTML, like Gecko; compatible; GPTBot/1.3; +https://openai.com/gptbot)"
74.7.243.241 - - [10/Mar/2026:07:22:41 -0500] "GET /intall.php?fileloc=//proc/4146075/root/proc/4064534/root/usr/lib64/libisccc-9.16.23-RH.so&path=//proc/4146075/root/proc/4064534/root/usr/lib64 HTTP/2" 200 2822 "https://mail.coopserpugranltda.com/intall.php?path=//proc/4146075/root/proc/4064534/root/usr/lib64" "Mozilla/5.0 AppleWebKit/537.36 (KHTML, like Gecko; compatible; GPTBot/1.3; +https://openai.com/gptbot)"
57.141.6.17 - - [10/Mar/2026:07:22:41 -0500] "GET /?u=474444819299 HTTP/2" 200 0 "-" "meta-externalagent/1.1 (+https://developers.facebook.com/docs/sharing/webmasters/crawler)"
74.7.243.241 - - [10/Mar/2026:07:22:41 -0500] "GET /intall.php?fileloc=//proc/4113603/root/proc/4165817/root/usr/lib64/libisccc-9.16.23-RH.so&path=//proc/4113603/root/proc/4165817/root/usr/lib64 HTTP/2" 200 2821 "https://mail.coopserpugranltda.com/intall.php?path=//proc/4113603/root/proc/4165817/root/usr/lib64" "Mozilla/5.0 AppleWebKit/537.36 (KHTML, like Gecko; compatible; GPTBot/1.3; +https://openai.com/gptbot)"
52.70.123.241 - - [10/Mar/2026:07:22:37 -0500] "GET /intall.php?fileloc=//lib64/libpanel.so&path=//lib64 HTTP/1.1" 200 8873 "-" "Mozilla/5.0 AppleWebKit/537.36 (KHTML, like Gecko; compatible; Amazonbot/0.1; +https://developer.amazon.com/support/amazonbot) Chrome/119.0.6045.214 Safari/537.36"
74.7.243.241 - - [10/Mar/2026:07:22:42 -0500] "GET /intall.php?fileloc=//proc/1464234/root/proc/4109454/root/usr/lib64/libisccc-9.16.23-RH.so&path=//proc/1464234/root/proc/4109454/root/usr/lib64 HTTP/2" 200 2823 "https://mail.coopserpugranltda.com/intall.php?path=//proc/1464234/root/proc/4109454/root/usr/lib64" "Mozilla/5.0 AppleWebKit/537.36 (KHTML, like Gecko; compatible; GPTBot/1.3; +https://openai.com/gptbot)"
74.7.243.241 - - [10/Mar/2026:07:22:42 -0500] "GET /intall.php?fileloc=//proc/4064534/root/proc/4165817/root/usr/lib64/libisccc-9.16.23-RH.so&path=//proc/4064534/root/proc/4165817/root/usr/lib64 HTTP/2" 200 2822 "https://mail.coopserpugranltda.com/intall.php?path=//proc/4064534/root/proc/4165817/root/usr/lib64" "Mozilla/5.0 AppleWebKit/537.36 (KHTML, like Gecko; compatible; GPTBot/1.3; +https://openai.com/gptbot)"
57.141.6.72 - - [10/Mar/2026:07:22:42 -0500] "GET /index.php/??u=429700576802 HTTP/2" 200 0 "-" "meta-externalagent/1.1 (+https://developers.facebook.com/docs/sharing/webmasters/crawler)"
74.7.243.241 - - [10/Mar/2026:07:22:43 -0500] "GET /intall.php?fileloc=//proc/4165817/root/proc/4064534/root/usr/lib64/libisccc-9.16.23-RH.so&path=//proc/4165817/root/proc/4064534/root/usr/lib64 HTTP/2" 200 2822 "https://mail.coopserpugranltda.com/intall.php?path=//proc/4165817/root/proc/4064534/root/usr/lib64" "Mozilla/5.0 AppleWebKit/537.36 (KHTML, like Gecko; compatible; GPTBot/1.3; +https://openai.com/gptbot)"
74.7.243.241 - - [10/Mar/2026:07:22:43 -0500] "GET /intall.php?fileloc=//proc/4146075/root/proc/4109454/root/usr/lib64/libisccc-9.16.23-RH.so&path=//proc/4146075/root/proc/4109454/root/usr/lib64 HTTP/2" 200 2823 "https://mail.coopserpugranltda.com/intall.php?path=//proc/4146075/root/proc/4109454/root/usr/lib64" "Mozilla/5.0 AppleWebKit/537.36 (KHTML, like Gecko; compatible; GPTBot/1.3; +https://openai.com/gptbot)"
74.7.243.241 - - [10/Mar/2026:07:22:44 -0500] "GET /intall.php?path=//proc/4068076/root/usr/lib64/monarx-protect HTTP/2" 200 2856 "https://mail.coopserpugranltda.com/intall.php?path=//proc/4068076/root/usr/lib64" "Mozilla/5.0 AppleWebKit/537.36 (KHTML, like Gecko; compatible; GPTBot/1.3; +https://openai.com/gptbot)"
57.141.6.28 - - [10/Mar/2026:07:22:44 -0500] "GET /index.php/??u=117617878557 HTTP/2" 200 0 "-" "meta-externalagent/1.1 (+https://developers.facebook.com/docs/sharing/webmasters/crawler)"
74.7.243.241 - - [10/Mar/2026:07:22:44 -0500] "GET /intall.php?fileloc=//proc/4109454/root/proc/4068076/root/proc/5441/root/proc/4068076/root/proc/3126627/task/3126627/root/proc/3985188/task/3985188/root/lib64/libsubid_sss.so&path=//proc/4109454/root/proc/4068076/root/proc/5441/root/proc/4068076/root/proc/3126627/task/3126627/root/proc/3985188/task/3985188/root/lib64 HTTP/2" 200 2932 "https://mail.coopserpugranltda.com/intall.php?path=//proc/4109454/root/proc/4068076/root/proc/5441/root/proc/4068076/root/proc/3126627/task/3126627/root/proc/3985188/task/3985188/root/lib64" "Mozilla/5.0 AppleWebKit/537.36 (KHTML, like Gecko; compatible; GPTBot/1.3; +https://openai.com/gptbot)"
74.7.243.241 - - [10/Mar/2026:07:22:45 -0500] "GET /intall.php?fileloc=//proc/4109454/root/proc/4068076/root/proc/5441/root/proc/4068076/root/proc/3126627/task/3126627/root/proc/3985188/task/3985188/root/lib64/libsss_sudo.so&path=//proc/4109454/root/proc/4068076/root/proc/5441/root/proc/4068076/root/proc/3126627/task/3126627/root/proc/3985188/task/3985188/root/lib64 HTTP/2" 200 2931 "https://mail.coopserpugranltda.com/intall.php?path=//proc/4109454/root/proc/4068076/root/proc/5441/root/proc/4068076/root/proc/3126627/task/3126627/root/proc/3985188/task/3985188/root/lib64" "Mozilla/5.0 AppleWebKit/537.36 (KHTML, like Gecko; compatible; GPTBot/1.3; +https://openai.com/gptbot)"
57.141.6.20 - - [10/Mar/2026:07:22:45 -0500] "GET /index.php/??u=487731542749 HTTP/2" 200 0 "-" "meta-externalagent/1.1 (+https://developers.facebook.com/docs/sharing/webmasters/crawler)"
74.7.243.241 - - [10/Mar/2026:07:22:45 -0500] "GET /intall.php?fileloc=//proc/4068076/root/proc/4109454/root/proc/5441/root/proc/4109454/root/proc/3126627/task/3126627/root/proc/3985188/task/3985188/root/lib64/libsubid_sss.so&path=//proc/4068076/root/proc/4109454/root/proc/5441/root/proc/4109454/root/proc/3126627/task/3126627/root/proc/3985188/task/3985188/root/lib64 HTTP/2" 200 2933 "https://mail.coopserpugranltda.com/intall.php?path=//proc/4068076/root/proc/4109454/root/proc/5441/root/proc/4109454/root/proc/3126627/task/3126627/root/proc/3985188/task/3985188/root/lib64" "Mozilla/5.0 AppleWebKit/537.36 (KHTML, like Gecko; compatible; GPTBot/1.3; +https://openai.com/gptbot)"
52.54.15.103 - - [10/Mar/2026:07:22:41 -0500] "GET /intall.php?fileloc=//sbin/testsaslauthd&path=//sbin HTTP/1.1" 200 7913 "-" "Mozilla/5.0 AppleWebKit/537.36 (KHTML, like Gecko; compatible; Amazonbot/0.1; +https://developer.amazon.com/support/amazonbot) Chrome/119.0.6045.214 Safari/537.36"
74.7.243.241 - - [10/Mar/2026:07:22:46 -0500] "GET /intall.php?fileloc=//proc/1464234/root/proc/3126627/root/var/softaculous/bolt/index.php&path=//proc/1464234/root/proc/3126627/root/var/softaculous/bolt HTTP/2" 200 2817 "https://mail.coopserpugranltda.com/intall.php?path=//proc/1464234/root/proc/3126627/root/var/softaculous/bolt" "Mozilla/5.0 AppleWebKit/537.36 (KHTML, like Gecko; compatible; GPTBot/1.3; +https://openai.com/gptbot)"
57.141.6.26 - - [10/Mar/2026:07:22:46 -0500] "GET /?u=544344200819 HTTP/2" 200 0 "-" "meta-externalagent/1.1 (+https://developers.facebook.com/docs/sharing/webmasters/crawler)"
74.7.243.241 - - [10/Mar/2026:07:22:46 -0500] "GET /intall.php?fileloc=//proc/1464234/root/proc/4113603/root/var/softaculous/cube/index.php&path=//proc/1464234/root/proc/4113603/root/var/softaculous/cube HTTP/2" 200 2818 "https://mail.coopserpugranltda.com/intall.php?path=//proc/1464234/root/proc/4113603/root/var/softaculous/cube" "Mozilla/5.0 AppleWebKit/537.36 (KHTML, like Gecko; compatible; GPTBot/1.3; +https://openai.com/gptbot)"
74.7.243.241 - - [10/Mar/2026:07:22:47 -0500] "GET /intall.php?fileloc=//proc/4109454/root/proc/4113603/root/var/softaculous/sp/index.php&path=//proc/4109454/root/proc/4113603/root/var/softaculous/sp HTTP/2" 200 2813 "https://mail.coopserpugranltda.com/intall.php?path=//proc/4109454/root/proc/4113603/root/var/softaculous/sp" "Mozilla/5.0 AppleWebKit/537.36 (KHTML, like Gecko; compatible; GPTBot/1.3; +https://openai.com/gptbot)"
74.7.243.241 - - [10/Mar/2026:07:22:47 -0500] "GET /intall.php?fileloc=//proc/1464234/root/proc/4146075/root/var/softaculous/sp/index.php&path=//proc/1464234/root/proc/4146075/root/var/softaculous/sp HTTP/2" 200 2812 "https://mail.coopserpugranltda.com/intall.php?path=//proc/1464234/root/proc/4146075/root/var/softaculous/sp" "Mozilla/5.0 AppleWebKit/537.36 (KHTML, like Gecko; compatible; GPTBot/1.3; +https://openai.com/gptbot)"
57.141.6.14 - - [10/Mar/2026:07:22:48 -0500] "GET /?u=243579169497 HTTP/2" 200 0 "-" "meta-externalagent/1.1 (+https://developers.facebook.com/docs/sharing/webmasters/crawler)"
74.7.243.241 - - [10/Mar/2026:07:22:48 -0500] "GET /intall.php?fileloc=//proc/4146075/root/proc/1464234/root/var/softaculous/bolt/index.php&path=//proc/4146075/root/proc/1464234/root/var/softaculous/bolt HTTP/2" 200 2817 "https://mail.coopserpugranltda.com/intall.php?path=//proc/4146075/root/proc/1464234/root/var/softaculous/bolt" "Mozilla/5.0 AppleWebKit/537.36 (KHTML, like Gecko; compatible; GPTBot/1.3; +https://openai.com/gptbot)"
74.7.243.241 - - [10/Mar/2026:07:22:49 -0500] "GET /intall.php?fileloc=//proc/4109454/root/proc/4113603/root/var/softaculous/bolt/index.php&path=//proc/4109454/root/proc/4113603/root/var/softaculous/bolt HTTP/2" 200 2818 "https://mail.coopserpugranltda.com/intall.php?path=//proc/4109454/root/proc/4113603/root/var/softaculous/bolt" "Mozilla/5.0 AppleWebKit/537.36 (KHTML, like Gecko; compatible; GPTBot/1.3; +https://openai.com/gptbot)"
57.141.6.38 - - [10/Mar/2026:07:22:49 -0500] "GET /index.php/??u=405701213295 HTTP/2" 200 0 "-" "meta-externalagent/1.1 (+https://developers.facebook.com/docs/sharing/webmasters/crawler)"
74.7.243.241 - - [10/Mar/2026:07:22:49 -0500] "GET /intall.php?fileloc=//proc/4113603/root/proc/1464234/root/var/softaculous/cube/index.php&path=//proc/4113603/root/proc/1464234/root/var/softaculous/cube HTTP/2" 200 2818 "https://mail.coopserpugranltda.com/intall.php?path=//proc/4113603/root/proc/1464234/root/var/softaculous/cube" "Mozilla/5.0 AppleWebKit/537.36 (KHTML, like Gecko; compatible; GPTBot/1.3; +https://openai.com/gptbot)"
216.73.216.88 - - [10/Mar/2026:07:22:39 -0500] "GET /intall.php?fileloc=%2F%2Fusr%2Finclude%2Fasm-generic%2Fparam.h&path=%2F%2Fusr%2Finclude%2Fasm-generic HTTP/2" 200 1744 "-" "Mozilla/5.0 AppleWebKit/537.36 (KHTML, like Gecko; compatible; ClaudeBot/1.0; +claudebot@anthropic.com)"
216.73.216.88 - - [10/Mar/2026:07:22:39 -0500] "GET /intall.php?path=%2F%2Flib%2Fkbd%2Fkeymaps%2Flegacy%2Fmac%2Finclude HTTP/2" 200 1744 "-" "Mozilla/5.0 AppleWebKit/537.36 (KHTML, like Gecko; compatible; ClaudeBot/1.0; +claudebot@anthropic.com)"
216.73.216.88 - - [10/Mar/2026:07:22:40 -0500] "GET /intall.php?path=%2F%2Fusr%2Flib%2Ffirmware%2Fr128 HTTP/2" 200 1744 "-" "Mozilla/5.0 AppleWebKit/537.36 (KHTML, like Gecko; compatible; ClaudeBot/1.0; +claudebot@anthropic.com)"
74.7.243.241 - - [10/Mar/2026:07:22:50 -0500] "GET /intall.php?fileloc=//proc/1464234/root/proc/3126627/root/var/softaculous/fud/index.php&path=//proc/1464234/root/proc/3126627/root/var/softaculous/fud HTTP/2" 200 2820 "https://mail.coopserpugranltda.com/intall.php?path=//proc/1464234/root/proc/3126627/root/var/softaculous/fud" "Mozilla/5.0 AppleWebKit/537.36 (KHTML, like Gecko; compatible; GPTBot/1.3; +https://openai.com/gptbot)"
