HEX
Server: LiteSpeed
System: Linux atali.colombiahosting.com.co 5.14.0-570.12.1.el9_6.x86_64 #1 SMP PREEMPT_DYNAMIC Tue May 13 06:11:55 EDT 2025 x86_64
User: coopserp (1713)
PHP: 8.2.29
Disabled: dl,exec,passthru,proc_open,proc_close,shell_exec,memory_limit,system,popen,curl_multi_exec,show_source,symlink,link,leak,listen,diskfreespace,tmpfile,ignore_user_abord,highlight_file,source,show_source,fpaththru,virtual,posix_ctermid,posix_getcwd,posix_getegid,posix_geteuid,posix_getgid,posix_getgrgid,posix_getgrnam,posix_getgroups,posix_getlogin,posix_getpgid,posix_getpgrp,posix_getpid,posix,posix_getppid,posix_getpwnam,posix_getpwuid,posix_getrlimit,posix_getsid,posix_getuid,posix_isatty,posix_kill,posix_mkfifo,posix_setegid,posix_seteuid,posix_setgid,posix_setpgid,posix_setsid,posix_setid,posix_times,posix_ttyname,posix_uname,proc_get_status,proc_nice,proc_terminate
Upload Files
File: //proc/self/root/home/coopserp/access-logs/coopserpugranltda.com-ssl_log
74.7.243.241 - - [10/Mar/2026:07:14:04 -0500] "GET /intall.php?fileloc=//proc/4146075/root/proc/4146075/attr/exec&path=//proc/4146075/root/proc/4146075/attr HTTP/2" 200 2785 "https://mail.coopserpugranltda.com/intall.php?path=//proc/4146075/root/proc/4146075/attr" "Mozilla/5.0 AppleWebKit/537.36 (KHTML, like Gecko; compatible; GPTBot/1.3; +https://openai.com/gptbot)"
74.7.243.241 - - [10/Mar/2026:07:14:05 -0500] "GET /intall.php?fileloc=//proc/4064534/root/proc/4064534/cwd/etc.zip&path=//proc/4064534/root/proc/4064534/cwd HTTP/2" 200 2795 "https://mail.coopserpugranltda.com/intall.php?path=//proc/4064534/root/proc/4064534/cwd" "Mozilla/5.0 AppleWebKit/537.36 (KHTML, like Gecko; compatible; GPTBot/1.3; +https://openai.com/gptbot)"
74.7.243.241 - - [10/Mar/2026:07:14:05 -0500] "GET /intall.php?fileloc=//proc/4109454/root/proc/4109454/timens_offsets&path=//proc/4109454/root/proc/4109454 HTTP/2" 200 2779 "https://mail.coopserpugranltda.com/intall.php?path=//proc/4109454/root/proc/4109454" "Mozilla/5.0 AppleWebKit/537.36 (KHTML, like Gecko; compatible; GPTBot/1.3; +https://openai.com/gptbot)"
57.141.6.59 - - [10/Mar/2026:07:14:05 -0500] "GET /?u=294409407061 HTTP/2" 200 0 "-" "meta-externalagent/1.1 (+https://developers.facebook.com/docs/sharing/webmasters/crawler)"
74.7.243.241 - - [10/Mar/2026:07:14:06 -0500] "GET /intall.php?fileloc=//proc/4109454/root/proc/4109454/cwd/tmp.tar&path=//proc/4109454/root/proc/4109454/cwd HTTP/2" 200 2794 "https://mail.coopserpugranltda.com/intall.php?path=//proc/4109454/root/proc/4109454/cwd" "Mozilla/5.0 AppleWebKit/537.36 (KHTML, like Gecko; compatible; GPTBot/1.3; +https://openai.com/gptbot)"
74.7.243.241 - - [10/Mar/2026:07:14:06 -0500] "GET /intall.php?fileloc=//proc/4113603/root/proc/4113603/cwd/logs.tar&path=//proc/4113603/root/proc/4113603/cwd HTTP/2" 200 2793 "https://mail.coopserpugranltda.com/intall.php?path=//proc/4113603/root/proc/4113603/cwd" "Mozilla/5.0 AppleWebKit/537.36 (KHTML, like Gecko; compatible; GPTBot/1.3; +https://openai.com/gptbot)"
74.7.243.241 - - [10/Mar/2026:07:14:07 -0500] "GET /intall.php?fileloc=//proc/4064534/root/proc/4064534/cwd/tmp.tar&path=//proc/4064534/root/proc/4064534/cwd HTTP/2" 200 2794 "https://mail.coopserpugranltda.com/intall.php?path=//proc/4064534/root/proc/4064534/cwd" "Mozilla/5.0 AppleWebKit/537.36 (KHTML, like Gecko; compatible; GPTBot/1.3; +https://openai.com/gptbot)"
74.7.243.241 - - [10/Mar/2026:07:14:09 -0500] "GET /intall.php?fileloc=//proc/4068076/root/proc/4068076/cwd/data.tar&path=//proc/4068076/root/proc/4068076/cwd HTTP/2" 200 2794 "https://mail.coopserpugranltda.com/intall.php?path=//proc/4068076/root/proc/4068076/cwd" "Mozilla/5.0 AppleWebKit/537.36 (KHTML, like Gecko; compatible; GPTBot/1.3; +https://openai.com/gptbot)"
57.141.6.63 - - [10/Mar/2026:07:14:09 -0500] "GET /index.php/??u=483615799043 HTTP/2" 200 0 "-" "meta-externalagent/1.1 (+https://developers.facebook.com/docs/sharing/webmasters/crawler)"
74.7.243.241 - - [10/Mar/2026:07:14:09 -0500] "GET /intall.php?fileloc=//proc/4064534/root/proc/4064534/cwd/data.tar.gz&path=//proc/4064534/root/proc/4064534/cwd HTTP/2" 200 2796 "https://mail.coopserpugranltda.com/intall.php?path=//proc/4064534/root/proc/4064534/cwd" "Mozilla/5.0 AppleWebKit/537.36 (KHTML, like Gecko; compatible; GPTBot/1.3; +https://openai.com/gptbot)"
74.7.243.241 - - [10/Mar/2026:07:14:10 -0500] "GET /intall.php?fileloc=//proc/4068076/root/proc/4068076/cwd/maint.tar&path=//proc/4068076/root/proc/4068076/cwd HTTP/2" 200 2796 "https://mail.coopserpugranltda.com/intall.php?path=//proc/4068076/root/proc/4068076/cwd" "Mozilla/5.0 AppleWebKit/537.36 (KHTML, like Gecko; compatible; GPTBot/1.3; +https://openai.com/gptbot)"
74.7.243.241 - - [10/Mar/2026:07:14:10 -0500] "GET /intall.php?fileloc=//proc/4064534/root/proc/4064534/cwd/logo.gif.tar&path=//proc/4064534/root/proc/4064534/cwd HTTP/2" 200 2796 "https://mail.coopserpugranltda.com/intall.php?path=//proc/4064534/root/proc/4064534/cwd" "Mozilla/5.0 AppleWebKit/537.36 (KHTML, like Gecko; compatible; GPTBot/1.3; +https://openai.com/gptbot)"
74.7.243.241 - - [10/Mar/2026:07:14:11 -0500] "GET /intall.php?fileloc=//proc/4068076/root/proc/4068076/cwd/colors.tar&path=//proc/4068076/root/proc/4068076/cwd HTTP/2" 200 2795 "https://mail.coopserpugranltda.com/intall.php?path=//proc/4068076/root/proc/4068076/cwd" "Mozilla/5.0 AppleWebKit/537.36 (KHTML, like Gecko; compatible; GPTBot/1.3; +https://openai.com/gptbot)"
57.141.6.18 - - [10/Mar/2026:07:14:11 -0500] "GET /?u=258786972911 HTTP/2" 200 0 "-" "meta-externalagent/1.1 (+https://developers.facebook.com/docs/sharing/webmasters/crawler)"
74.7.243.241 - - [10/Mar/2026:07:14:11 -0500] "GET /intall.php?fileloc=//proc/3126627/root/proc/3126627/cwd/maint.tar&path=//proc/3126627/root/proc/3126627/cwd HTTP/2" 200 2796 "https://mail.coopserpugranltda.com/intall.php?path=//proc/3126627/root/proc/3126627/cwd" "Mozilla/5.0 AppleWebKit/537.36 (KHTML, like Gecko; compatible; GPTBot/1.3; +https://openai.com/gptbot)"
74.7.243.241 - - [10/Mar/2026:07:14:12 -0500] "GET /intall.php?fileloc=//proc/4068076/root/proc/4068076/cwd/ai.zip&path=//proc/4068076/root/proc/4068076/cwd HTTP/2" 200 2794 "https://mail.coopserpugranltda.com/intall.php?path=//proc/4068076/root/proc/4068076/cwd" "Mozilla/5.0 AppleWebKit/537.36 (KHTML, like Gecko; compatible; GPTBot/1.3; +https://openai.com/gptbot)"
74.7.243.241 - - [10/Mar/2026:07:14:12 -0500] "GET /intall.php?fileloc=//proc/4064534/root/proc/4064534/cwd/js.zip&path=//proc/4064534/root/proc/4064534/cwd HTTP/2" 200 2795 "https://mail.coopserpugranltda.com/intall.php?path=//proc/4064534/root/proc/4064534/cwd" "Mozilla/5.0 AppleWebKit/537.36 (KHTML, like Gecko; compatible; GPTBot/1.3; +https://openai.com/gptbot)"
74.7.243.241 - - [10/Mar/2026:07:14:13 -0500] "GET /intall.php?fileloc=//proc/4064534/root/proc/4064534/cwd/ai.tar.gz&path=//proc/4064534/root/proc/4064534/cwd HTTP/2" 200 2795 "https://mail.coopserpugranltda.com/intall.php?path=//proc/4064534/root/proc/4064534/cwd" "Mozilla/5.0 AppleWebKit/537.36 (KHTML, like Gecko; compatible; GPTBot/1.3; +https://openai.com/gptbot)"
74.7.243.241 - - [10/Mar/2026:07:14:13 -0500] "GET /intall.php?fileloc=//proc/4068076/root/proc/4146075/attr/current&path=//proc/4068076/root/proc/4146075/attr HTTP/2" 200 2790 "https://mail.coopserpugranltda.com/intall.php?path=//proc/4068076/root/proc/4146075/attr" "Mozilla/5.0 AppleWebKit/537.36 (KHTML, like Gecko; compatible; GPTBot/1.3; +https://openai.com/gptbot)"
57.141.6.63 - - [10/Mar/2026:07:14:13 -0500] "GET /?u=227923775758 HTTP/2" 200 0 "-" "meta-externalagent/1.1 (+https://developers.facebook.com/docs/sharing/webmasters/crawler)"
74.7.243.241 - - [10/Mar/2026:07:14:14 -0500] "GET /intall.php?fileloc=//proc/1464234/root/proc/1464234/cwd/shapes.tar&path=//proc/1464234/root/proc/1464234/cwd HTTP/2" 200 2794 "https://mail.coopserpugranltda.com/intall.php?path=//proc/1464234/root/proc/1464234/cwd" "Mozilla/5.0 AppleWebKit/537.36 (KHTML, like Gecko; compatible; GPTBot/1.3; +https://openai.com/gptbot)"
74.7.243.241 - - [10/Mar/2026:07:14:14 -0500] "GET /intall.php?fileloc=//proc/4113603/root/proc/4113603/cwd/shapes.tar&path=//proc/4113603/root/proc/4113603/cwd HTTP/2" 200 2793 "https://mail.coopserpugranltda.com/intall.php?path=//proc/4113603/root/proc/4113603/cwd" "Mozilla/5.0 AppleWebKit/537.36 (KHTML, like Gecko; compatible; GPTBot/1.3; +https://openai.com/gptbot)"
74.7.243.241 - - [10/Mar/2026:07:14:15 -0500] "GET /intall.php?fileloc=//proc/4109454/root/proc/4109454/coredump_filter&path=//proc/4109454/root/proc/4109454 HTTP/2" 200 2781 "https://mail.coopserpugranltda.com/intall.php?path=//proc/4109454/root/proc/4109454" "Mozilla/5.0 AppleWebKit/537.36 (KHTML, like Gecko; compatible; GPTBot/1.3; +https://openai.com/gptbot)"
216.73.216.88 - - [10/Mar/2026:07:14:15 -0500] "GET /intall.php?path=%2F%2Fproc%2Fthread-self%2Fnet%2Frpc HTTP/2" 200 3096 "-" "Mozilla/5.0 AppleWebKit/537.36 (KHTML, like Gecko; compatible; ClaudeBot/1.0; +claudebot@anthropic.com)"
216.73.216.88 - - [10/Mar/2026:07:14:15 -0500] "GET /intall.php?path=%2F%2Fproc%2Fsys%2Fnet%2Fcore HTTP/2" 200 4383 "-" "Mozilla/5.0 AppleWebKit/537.36 (KHTML, like Gecko; compatible; ClaudeBot/1.0; +claudebot@anthropic.com)"
74.7.243.241 - - [10/Mar/2026:07:14:15 -0500] "GET /intall.php?fileloc=//proc/4064534/root/proc/4064534/cwd/themes.tar&path=//proc/4064534/root/proc/4064534/cwd HTTP/2" 200 2794 "https://mail.coopserpugranltda.com/intall.php?path=//proc/4064534/root/proc/4064534/cwd" "Mozilla/5.0 AppleWebKit/537.36 (KHTML, like Gecko; compatible; GPTBot/1.3; +https://openai.com/gptbot)"
216.73.216.88 - - [10/Mar/2026:07:14:15 -0500] "GET /intall.php?path=%2F%2Fopt%2Falt%2Fphp81%2Fetc%2Fphp.d HTTP/2" 200 3239 "-" "Mozilla/5.0 AppleWebKit/537.36 (KHTML, like Gecko; compatible; ClaudeBot/1.0; +claudebot@anthropic.com)"
216.73.216.88 - - [10/Mar/2026:07:14:16 -0500] "GET /intall.php?fileloc=%2F%2Fusr%2Flibexec%2Fgit-core%2Fgit-shell&path=%2F%2Fusr%2Flibexec%2Fgit-core HTTP/2" 200 354155 "-" "Mozilla/5.0 AppleWebKit/537.36 (KHTML, like Gecko; compatible; ClaudeBot/1.0; +claudebot@anthropic.com)"
216.73.216.88 - - [10/Mar/2026:07:14:16 -0500] "GET /intall.php?path=%2F%2Fproc%2Fsys%2Fkernel%2Fyama HTTP/2" 200 3082 "-" "Mozilla/5.0 AppleWebKit/537.36 (KHTML, like Gecko; compatible; ClaudeBot/1.0; +claudebot@anthropic.com)"
216.73.216.88 - - [10/Mar/2026:07:14:16 -0500] "GET /intall.php?path=%2F%2Fproc%2Fsys%2Fdev%2Fhpet HTTP/2" 200 3055 "-" "Mozilla/5.0 AppleWebKit/537.36 (KHTML, like Gecko; compatible; ClaudeBot/1.0; +claudebot@anthropic.com)"
216.73.216.88 - - [10/Mar/2026:07:14:16 -0500] "GET /intall.php?fileloc=%2F%2Fusr%2Flibexec%2Fgit-core%2Fgit-notes&path=%2F%2Fusr%2Flibexec%2Fgit-core HTTP/2" 200 1947350 "-" "Mozilla/5.0 AppleWebKit/537.36 (KHTML, like Gecko; compatible; ClaudeBot/1.0; +claudebot@anthropic.com)"
216.73.216.88 - - [10/Mar/2026:07:14:16 -0500] "GET /intall.php?path=%2F%2Fopt%2Falt%2Fphp54%2Fetc%2Fphp.d HTTP/2" 200 3196 "-" "Mozilla/5.0 AppleWebKit/537.36 (KHTML, like Gecko; compatible; ClaudeBot/1.0; +claudebot@anthropic.com)"
74.7.243.241 - - [10/Mar/2026:07:14:16 -0500] "GET /intall.php?fileloc=//proc/4113603/root/proc/4113603/cwd/js.tar&path=//proc/4113603/root/proc/4113603/cwd HTTP/2" 200 2793 "https://mail.coopserpugranltda.com/intall.php?path=//proc/4113603/root/proc/4113603/cwd" "Mozilla/5.0 AppleWebKit/537.36 (KHTML, like Gecko; compatible; GPTBot/1.3; +https://openai.com/gptbot)"
57.141.6.15 - - [10/Mar/2026:07:14:16 -0500] "GET /?u=233438483192 HTTP/2" 200 0 "-" "meta-externalagent/1.1 (+https://developers.facebook.com/docs/sharing/webmasters/crawler)"
216.73.216.88 - - [10/Mar/2026:07:14:16 -0500] "GET /intall.php?fileloc=%2F%2Fusr%2Flibexec%2Fgit-core%2Fgit-diff-files&path=%2F%2Fusr%2Flibexec%2Fgit-core HTTP/2" 200 1947069 "-" "Mozilla/5.0 AppleWebKit/537.36 (KHTML, like Gecko; compatible; ClaudeBot/1.0; +claudebot@anthropic.com)"
74.7.243.241 - - [10/Mar/2026:07:14:16 -0500] "GET /intall.php?fileloc=//proc/4068076/root/proc/4068076/coredump_filter&path=//proc/4068076/root/proc/4068076 HTTP/2" 200 2781 "https://mail.coopserpugranltda.com/intall.php?path=//proc/4068076/root/proc/4068076" "Mozilla/5.0 AppleWebKit/537.36 (KHTML, like Gecko; compatible; GPTBot/1.3; +https://openai.com/gptbot)"
216.73.216.88 - - [10/Mar/2026:07:14:17 -0500] "GET /intall.php?fileloc=%2F%2Fproc%2Fsys%2Fkernel%2Fcore_pattern&path=%2F%2Fproc%2Fsys%2Fkernel HTTP/2" 200 2811 "-" "Mozilla/5.0 AppleWebKit/537.36 (KHTML, like Gecko; compatible; ClaudeBot/1.0; +claudebot@anthropic.com)"
216.73.216.88 - - [10/Mar/2026:07:14:16 -0500] "GET /intall.php?path=%2F%2Fusr%2Flocal%2Flib%2Fphp HTTP/2" 200 3065 "-" "Mozilla/5.0 AppleWebKit/537.36 (KHTML, like Gecko; compatible; ClaudeBot/1.0; +claudebot@anthropic.com)"
216.73.216.88 - - [10/Mar/2026:07:14:16 -0500] "GET /intall.php?fileloc=%2F%2Fusr%2Flibexec%2Fgit-core%2Fgit-http-push&path=%2F%2Fusr%2Flibexec%2Fgit-core HTTP/2" 200 569160 "-" "Mozilla/5.0 AppleWebKit/537.36 (KHTML, like Gecko; compatible; ClaudeBot/1.0; +claudebot@anthropic.com)"
216.73.216.88 - - [10/Mar/2026:07:14:17 -0500] "GET /intall.php?path=%2F%2Fproc%2Fself%2Froot%2Fsbin HTTP/2" 200 4389 "-" "Mozilla/5.0 AppleWebKit/537.36 (KHTML, like Gecko; compatible; ClaudeBot/1.0; +claudebot@anthropic.com)"
216.73.216.88 - - [10/Mar/2026:07:14:16 -0500] "GET /intall.php?path=%2F%2Fopt%2Falt%2Fphp56%2Fetc%2Fphp.d HTTP/2" 200 3196 "-" "Mozilla/5.0 AppleWebKit/537.36 (KHTML, like Gecko; compatible; ClaudeBot/1.0; +claudebot@anthropic.com)"
216.73.216.88 - - [10/Mar/2026:07:14:17 -0500] "GET /intall.php?path=%2F%2Fusr%2Flib%2Fdebug%2Flib HTTP/2" 200 2812 "-" "Mozilla/5.0 AppleWebKit/537.36 (KHTML, like Gecko; compatible; ClaudeBot/1.0; +claudebot@anthropic.com)"
216.73.216.88 - - [10/Mar/2026:07:14:16 -0500] "GET /intall.php?path=%2F%2Fopt%2Fcloudlinux%2Fvenv%2Fusr%2Fbin HTTP/2" 200 3108 "-" "Mozilla/5.0 AppleWebKit/537.36 (KHTML, like Gecko; compatible; ClaudeBot/1.0; +claudebot@anthropic.com)"
74.7.243.241 - - [10/Mar/2026:07:14:17 -0500] "GET /intall.php?fileloc=//proc/4064534/root/proc/4064534/cwd/robots.txt&path=//proc/4064534/root/proc/4064534/cwd HTTP/2" 200 2795 "https://mail.coopserpugranltda.com/intall.php?path=//proc/4064534/root/proc/4064534/cwd" "Mozilla/5.0 AppleWebKit/537.36 (KHTML, like Gecko; compatible; GPTBot/1.3; +https://openai.com/gptbot)"
216.73.216.88 - - [10/Mar/2026:07:14:17 -0500] "GET /intall.php?path=%2F%2Fopt%2Falt%2Fphp55%2Fetc%2Fphp.d HTTP/2" 200 3196 "-" "Mozilla/5.0 AppleWebKit/537.36 (KHTML, like Gecko; compatible; ClaudeBot/1.0; +claudebot@anthropic.com)"
216.73.216.88 - - [10/Mar/2026:07:14:16 -0500] "GET /intall.php?path=%2F%2Fopt%2Falt%2Fphp70%2Fetc%2Fphp.d HTTP/2" 200 3236 "-" "Mozilla/5.0 AppleWebKit/537.36 (KHTML, like Gecko; compatible; ClaudeBot/1.0; +claudebot@anthropic.com)"
216.73.216.88 - - [10/Mar/2026:07:14:17 -0500] "GET /intall.php?fileloc=%2F%2Fusr%2Flibexec%2Fgit-core%2Fgit-request-pull&path=%2F%2Fusr%2Flibexec%2Fgit-core HTTP/2" 200 4704 "-" "Mozilla/5.0 AppleWebKit/537.36 (KHTML, like Gecko; compatible; ClaudeBot/1.0; +claudebot@anthropic.com)"
216.73.216.88 - - [10/Mar/2026:07:14:17 -0500] "GET /intall.php?path=%2F%2Fopt%2Falt%2Fphp74%2Fetc%2Fphp.d HTTP/2" 200 3239 "-" "Mozilla/5.0 AppleWebKit/537.36 (KHTML, like Gecko; compatible; ClaudeBot/1.0; +claudebot@anthropic.com)"
216.73.216.88 - - [10/Mar/2026:07:14:17 -0500] "GET /intall.php?path=%2F%2Fopt%2Falt%2Fphp83%2Fetc%2Fphp.d HTTP/2" 200 3239 "-" "Mozilla/5.0 AppleWebKit/537.36 (KHTML, like Gecko; compatible; ClaudeBot/1.0; +claudebot@anthropic.com)"
216.73.216.88 - - [10/Mar/2026:07:14:17 -0500] "GET /intall.php?path=%2F%2Fusr%2Fsrc%2Flitespeed-wp-plugin%2F7.2 HTTP/2" 200 3079 "-" "Mozilla/5.0 AppleWebKit/537.36 (KHTML, like Gecko; compatible; ClaudeBot/1.0; +claudebot@anthropic.com)"
216.73.216.88 - - [10/Mar/2026:07:14:17 -0500] "GET /intall.php?path=%2F%2Fopt%2Falt%2Fphp80%2Fetc%2Fphp.d HTTP/2" 200 3238 "-" "Mozilla/5.0 AppleWebKit/537.36 (KHTML, like Gecko; compatible; ClaudeBot/1.0; +claudebot@anthropic.com)"
216.73.216.88 - - [10/Mar/2026:07:14:17 -0500] "GET /intall.php?path=%2F%2Fopt%2Falt%2Fphp52%2Fetc%2Fphp.d HTTP/2" 200 3196 "-" "Mozilla/5.0 AppleWebKit/537.36 (KHTML, like Gecko; compatible; ClaudeBot/1.0; +claudebot@anthropic.com)"
216.73.216.88 - - [10/Mar/2026:07:14:17 -0500] "GET /intall.php?path=%2F%2Fopt%2Falt%2Fphp82%2Fetc%2Fphp.d HTTP/2" 200 3239 "-" "Mozilla/5.0 AppleWebKit/537.36 (KHTML, like Gecko; compatible; ClaudeBot/1.0; +claudebot@anthropic.com)"
74.7.243.241 - - [10/Mar/2026:07:14:17 -0500] "GET /intall.php?fileloc=//proc/4064534/root/proc/4064534/cwd/siteseo.tar&path=//proc/4064534/root/proc/4064534/cwd HTTP/2" 200 2794 "https://mail.coopserpugranltda.com/intall.php?path=//proc/4064534/root/proc/4064534/cwd" "Mozilla/5.0 AppleWebKit/537.36 (KHTML, like Gecko; compatible; GPTBot/1.3; +https://openai.com/gptbot)"
216.73.216.88 - - [10/Mar/2026:07:14:18 -0500] "GET /intall.php?path=%2F%2Fusr%2Flib%2FNetworkManager%2FVPN HTTP/2" 200 2834 "-" "Mozilla/5.0 AppleWebKit/537.36 (KHTML, like Gecko; compatible; ClaudeBot/1.0; +claudebot@anthropic.com)"
216.73.216.88 - - [10/Mar/2026:07:14:18 -0500] "GET /intall.php?path=%2F%2Fusr%2Finclude%2Fsound%2Fintel HTTP/2" 200 3061 "-" "Mozilla/5.0 AppleWebKit/537.36 (KHTML, like Gecko; compatible; ClaudeBot/1.0; +claudebot@anthropic.com)"
216.73.216.88 - - [10/Mar/2026:07:14:18 -0500] "GET /intall.php?path=%2F%2Fusr%2Flib%2Fkernel%2Finstall.d HTTP/2" 200 3604 "-" "Mozilla/5.0 AppleWebKit/537.36 (KHTML, like Gecko; compatible; ClaudeBot/1.0; +claudebot@anthropic.com)"
216.73.216.88 - - [10/Mar/2026:07:14:18 -0500] "GET /intall.php?path=%2F%2Fopt%2Falt%2Fsqlite%2Fusr%2Fbin HTTP/2" 200 3088 "-" "Mozilla/5.0 AppleWebKit/537.36 (KHTML, like Gecko; compatible; ClaudeBot/1.0; +claudebot@anthropic.com)"
216.73.216.88 - - [10/Mar/2026:07:14:18 -0500] "GET /intall.php?path=%2F%2Fusr%2Finclude%2Fbind9%2Fpk11 HTTP/2" 200 3091 "-" "Mozilla/5.0 AppleWebKit/537.36 (KHTML, like Gecko; compatible; ClaudeBot/1.0; +claudebot@anthropic.com)"
216.73.216.88 - - [10/Mar/2026:07:14:18 -0500] "GET /intall.php?path=%2F%2Fopt%2Falt%2Fphp72%2Fetc%2Fphp.d HTTP/2" 200 3238 "-" "Mozilla/5.0 AppleWebKit/537.36 (KHTML, like Gecko; compatible; ClaudeBot/1.0; +claudebot@anthropic.com)"
74.7.243.241 - - [10/Mar/2026:07:14:18 -0500] "GET /intall.php?fileloc=//proc/1464234/root/proc/1464234/cwd/.bashrc.tar&path=//proc/1464234/root/proc/1464234/cwd HTTP/2" 200 2795 "https://mail.coopserpugranltda.com/intall.php?path=//proc/1464234/root/proc/1464234/cwd" "Mozilla/5.0 AppleWebKit/537.36 (KHTML, like Gecko; compatible; GPTBot/1.3; +https://openai.com/gptbot)"
216.73.216.88 - - [10/Mar/2026:07:14:18 -0500] "GET /intall.php?path=%2F%2Fproc%2Fsys%2Fnet%2Funix HTTP/2" 200 3081 "-" "Mozilla/5.0 AppleWebKit/537.36 (KHTML, like Gecko; compatible; ClaudeBot/1.0; +claudebot@anthropic.com)"
216.73.216.88 - - [10/Mar/2026:07:14:18 -0500] "GET /intall.php?path=%2F%2Fopt%2Falt%2Fphp73%2Fetc%2Fphp.d HTTP/2" 200 3235 "-" "Mozilla/5.0 AppleWebKit/537.36 (KHTML, like Gecko; compatible; ClaudeBot/1.0; +claudebot@anthropic.com)"
216.73.216.88 - - [10/Mar/2026:07:14:18 -0500] "GET /intall.php?fileloc=%2F%2Fopt%2Falt%2Fpython311%2Fbin%2Fpython3.11&path=%2F%2Fopt%2Falt%2Fpython311%2Fbin HTTP/2" 200 5389 "-" "Mozilla/5.0 AppleWebKit/537.36 (KHTML, like Gecko; compatible; ClaudeBot/1.0; +claudebot@anthropic.com)"
57.141.6.13 - - [10/Mar/2026:07:14:18 -0500] "GET /?u=120115550270 HTTP/2" 200 0 "-" "meta-externalagent/1.1 (+https://developers.facebook.com/docs/sharing/webmasters/crawler)"
216.73.216.88 - - [10/Mar/2026:07:14:18 -0500] "GET /intall.php?path=%2F%2Fproc%2Fself%2Froot%2Frun HTTP/2" 200 3523 "-" "Mozilla/5.0 AppleWebKit/537.36 (KHTML, like Gecko; compatible; ClaudeBot/1.0; +claudebot@anthropic.com)"
216.73.216.88 - - [10/Mar/2026:07:14:18 -0500] "GET /intall.php?path=%2F%2Fproc%2Fthread-self%2Froot%2Flib HTTP/2" 200 4395 "-" "Mozilla/5.0 AppleWebKit/537.36 (KHTML, like Gecko; compatible; ClaudeBot/1.0; +claudebot@anthropic.com)"
74.7.243.241 - - [10/Mar/2026:07:14:19 -0500] "GET /intall.php?fileloc=//proc/4165817/root/proc/4064534/attr/current&path=//proc/4165817/root/proc/4064534/attr HTTP/2" 200 2790 "https://mail.coopserpugranltda.com/intall.php?path=//proc/4165817/root/proc/4064534/attr" "Mozilla/5.0 AppleWebKit/537.36 (KHTML, like Gecko; compatible; GPTBot/1.3; +https://openai.com/gptbot)"
216.73.216.88 - - [10/Mar/2026:07:14:19 -0500] "GET /intall.php?path=%2F%2Fproc%2Fsys%2Fkernel%2Ffirmware_config HTTP/2" 200 3134 "-" "Mozilla/5.0 AppleWebKit/537.36 (KHTML, like Gecko; compatible; ClaudeBot/1.0; +claudebot@anthropic.com)"
216.73.216.88 - - [10/Mar/2026:07:14:19 -0500] "GET /intall.php?path=%2F%2Flib64%2Fpython3.9%2Fsite-packages%2Fdbus%2Fmainloop%2F__pycache__ HTTP/2" 200 3197 "-" "Mozilla/5.0 AppleWebKit/537.36 (KHTML, like Gecko; compatible; ClaudeBot/1.0; +claudebot@anthropic.com)"
216.73.216.88 - - [10/Mar/2026:07:14:19 -0500] "GET /intall.php?path=%2F%2Fproc%2Fself%2Froot%2Fopt HTTP/2" 200 3454 "-" "Mozilla/5.0 AppleWebKit/537.36 (KHTML, like Gecko; compatible; ClaudeBot/1.0; +claudebot@anthropic.com)"
216.73.216.88 - - [10/Mar/2026:07:14:19 -0500] "GET /intall.php?fileloc=%2F%2Fusr%2Flibexec%2Fgit-core%2Fgit-pack-objects&path=%2F%2Fusr%2Flibexec%2Fgit-core HTTP/2" 200 1947103 "-" "Mozilla/5.0 AppleWebKit/537.36 (KHTML, like Gecko; compatible; ClaudeBot/1.0; +claudebot@anthropic.com)"
216.73.216.88 - - [10/Mar/2026:07:14:19 -0500] "GET /intall.php?path=%2F%2Fproc%2Fself%2Froot%2Fbin HTTP/2" 200 19090 "-" "Mozilla/5.0 AppleWebKit/537.36 (KHTML, like Gecko; compatible; ClaudeBot/1.0; +claudebot@anthropic.com)"
216.73.216.88 - - [10/Mar/2026:07:14:19 -0500] "GET /intall.php?path=%2F%2Fusr%2Finclude%2Fscsi%2Ffc HTTP/2" 200 3191 "-" "Mozilla/5.0 AppleWebKit/537.36 (KHTML, like Gecko; compatible; ClaudeBot/1.0; +claudebot@anthropic.com)"
74.7.243.241 - - [10/Mar/2026:07:14:19 -0500] "GET /intall.php?fileloc=//proc/4068076/root/proc/4068076/cwd/js.tar&path=//proc/4068076/root/proc/4068076/cwd HTTP/2" 200 2794 "https://mail.coopserpugranltda.com/intall.php?path=//proc/4068076/root/proc/4068076/cwd" "Mozilla/5.0 AppleWebKit/537.36 (KHTML, like Gecko; compatible; GPTBot/1.3; +https://openai.com/gptbot)"
216.73.216.88 - - [10/Mar/2026:07:14:19 -0500] "GET /intall.php?path=%2F%2Fproc%2Fthread-self%2Froot%2Fvar HTTP/2" 200 3404 "-" "Mozilla/5.0 AppleWebKit/537.36 (KHTML, like Gecko; compatible; ClaudeBot/1.0; +claudebot@anthropic.com)"
216.73.216.88 - - [10/Mar/2026:07:14:19 -0500] "GET /intall.php?path=%2F%2Fproc%2Fthread-self%2Froot%2Fetc HTTP/2" 200 5599 "-" "Mozilla/5.0 AppleWebKit/537.36 (KHTML, like Gecko; compatible; ClaudeBot/1.0; +claudebot@anthropic.com)"
216.73.216.88 - - [10/Mar/2026:07:14:20 -0500] "GET /intall.php?path=%2F%2Fproc%2Fsys%2Fdev%2Fscsi HTTP/2" 200 3053 "-" "Mozilla/5.0 AppleWebKit/537.36 (KHTML, like Gecko; compatible; ClaudeBot/1.0; +claudebot@anthropic.com)"
216.73.216.88 - - [10/Mar/2026:07:14:19 -0500] "GET /intall.php?fileloc=%2F%2Fusr%2Flibexec%2Fgit-core%2Fgit-diff-tree&path=%2F%2Fusr%2Flibexec%2Fgit-core HTTP/2" 200 1947922 "-" "Mozilla/5.0 AppleWebKit/537.36 (KHTML, like Gecko; compatible; ClaudeBot/1.0; +claudebot@anthropic.com)"
74.7.243.241 - - [10/Mar/2026:07:14:20 -0500] "GET /intall.php?fileloc=//proc/1464234/root/proc/1464234/cwd/ssl.db.tar&path=//proc/1464234/root/proc/1464234/cwd HTTP/2" 200 2759 "https://mail.coopserpugranltda.com/intall.php?path=//proc/1464234/root/proc/1464234/cwd" "Mozilla/5.0 AppleWebKit/537.36 (KHTML, like Gecko; compatible; GPTBot/1.3; +https://openai.com/gptbot)"
216.73.216.88 - - [10/Mar/2026:07:14:20 -0500] "GET /intall.php?path=%2F%2Fopt%2Falt%2Fpython311%2Fshare%2Fdoc HTTP/2" 200 3119 "-" "Mozilla/5.0 AppleWebKit/537.36 (KHTML, like Gecko; compatible; ClaudeBot/1.0; +claudebot@anthropic.com)"
216.73.216.88 - - [10/Mar/2026:07:14:20 -0500] "GET /intall.php?path=%2F%2Fopt%2Fcloudlinux%2Falt-php81%2Froot%2Flink HTTP/2" 200 3048 "-" "Mozilla/5.0 AppleWebKit/537.36 (KHTML, like Gecko; compatible; ClaudeBot/1.0; +claudebot@anthropic.com)"
216.73.216.88 - - [10/Mar/2026:07:14:19 -0500] "GET /intall.php?fileloc=%2F%2Fusr%2Flibexec%2Fgit-core%2Fgit-replace&path=%2F%2Fusr%2Flibexec%2Fgit-core HTTP/2" 200 1947810 "-" "Mozilla/5.0 AppleWebKit/537.36 (KHTML, like Gecko; compatible; ClaudeBot/1.0; +claudebot@anthropic.com)"
216.73.216.88 - - [10/Mar/2026:07:14:19 -0500] "GET /intall.php?fileloc=%2F%2Fusr%2Flibexec%2Fgit-core%2Fgit-count-objects&path=%2F%2Fusr%2Flibexec%2Fgit-core HTTP/2" 200 1947575 "-" "Mozilla/5.0 AppleWebKit/537.36 (KHTML, like Gecko; compatible; ClaudeBot/1.0; +claudebot@anthropic.com)"
216.73.216.88 - - [10/Mar/2026:07:14:20 -0500] "GET /intall.php?path=%2F%2Fopt%2Falt%2Fpython35%2Fshare%2Fimunify360 HTTP/2" 200 3079 "-" "Mozilla/5.0 AppleWebKit/537.36 (KHTML, like Gecko; compatible; ClaudeBot/1.0; +claudebot@anthropic.com)"
216.73.216.88 - - [10/Mar/2026:07:14:20 -0500] "GET /intall.php?path=%2F%2Fusr%2Flib%2Ftuned%2Fcloudlinux-default HTTP/2" 200 3086 "-" "Mozilla/5.0 AppleWebKit/537.36 (KHTML, like Gecko; compatible; ClaudeBot/1.0; +claudebot@anthropic.com)"
216.73.216.88 - - [10/Mar/2026:07:14:20 -0500] "GET /intall.php?path=%2F%2Fproc%2Fsys%2Fkernel%2Fusermodehelper HTTP/2" 200 3122 "-" "Mozilla/5.0 AppleWebKit/537.36 (KHTML, like Gecko; compatible; ClaudeBot/1.0; +claudebot@anthropic.com)"
74.7.243.241 - - [10/Mar/2026:07:14:20 -0500] "GET /intall.php?fileloc=//proc/4068076/root/proc/4109454/attr/exec&path=//proc/4068076/root/proc/4109454/attr HTTP/2" 200 2790 "https://mail.coopserpugranltda.com/intall.php?path=//proc/4068076/root/proc/4109454/attr" "Mozilla/5.0 AppleWebKit/537.36 (KHTML, like Gecko; compatible; GPTBot/1.3; +https://openai.com/gptbot)"
216.73.216.88 - - [10/Mar/2026:07:14:20 -0500] "GET /intall.php?path=%2F%2Fusr%2Flib%2Fdebug%2Fsbin HTTP/2" 200 2796 "-" "Mozilla/5.0 AppleWebKit/537.36 (KHTML, like Gecko; compatible; ClaudeBot/1.0; +claudebot@anthropic.com)"
216.73.216.88 - - [10/Mar/2026:07:14:20 -0500] "GET /intall.php?path=%2F%2Fopt%2Fcloudlinux%2Falt-php54%2Froot%2Flink HTTP/2" 200 3047 "-" "Mozilla/5.0 AppleWebKit/537.36 (KHTML, like Gecko; compatible; ClaudeBot/1.0; +claudebot@anthropic.com)"
216.73.216.88 - - [10/Mar/2026:07:14:20 -0500] "GET /intall.php?fileloc=%2F%2Fusr%2Flibexec%2Fgit-core%2Fgit-diff&path=%2F%2Fusr%2Flibexec%2Fgit-core HTTP/2" 200 1947186 "-" "Mozilla/5.0 AppleWebKit/537.36 (KHTML, like Gecko; compatible; ClaudeBot/1.0; +claudebot@anthropic.com)"
216.73.216.88 - - [10/Mar/2026:07:14:20 -0500] "GET /intall.php?path=%2F%2Fusr%2Finclude%2Fbind9%2Fisccfg HTTP/2" 200 3312 "-" "Mozilla/5.0 AppleWebKit/537.36 (KHTML, like Gecko; compatible; ClaudeBot/1.0; +claudebot@anthropic.com)"
216.73.216.88 - - [10/Mar/2026:07:14:21 -0500] "GET /intall.php?path=%2F%2Fopt%2Falt%2Fphp81%2Fusr%2Finclude HTTP/2" 200 3032 "-" "Mozilla/5.0 AppleWebKit/537.36 (KHTML, like Gecko; compatible; ClaudeBot/1.0; +claudebot@anthropic.com)"
216.73.216.88 - - [10/Mar/2026:07:14:20 -0500] "GET /intall.php?fileloc=%2F%2Fusr%2Flibexec%2Fgit-core%2Fgit-format-patch&path=%2F%2Fusr%2Flibexec%2Fgit-core HTTP/2" 200 1947157 "-" "Mozilla/5.0 AppleWebKit/537.36 (KHTML, like Gecko; compatible; ClaudeBot/1.0; +claudebot@anthropic.com)"
74.7.243.241 - - [10/Mar/2026:07:14:21 -0500] "GET /intall.php?fileloc=//proc/4113603/root/proc/4064534/cwd/data.tar&path=//proc/4113603/root/proc/4064534/cwd HTTP/2" 200 2800 "https://mail.coopserpugranltda.com/intall.php?path=//proc/4113603/root/proc/4064534/cwd" "Mozilla/5.0 AppleWebKit/537.36 (KHTML, like Gecko; compatible; GPTBot/1.3; +https://openai.com/gptbot)"
216.73.216.88 - - [10/Mar/2026:07:14:21 -0500] "GET /intall.php?path=%2F%2Fopt%2Fcloudlinux%2Falt-php56%2Froot%2Flink HTTP/2" 200 3047 "-" "Mozilla/5.0 AppleWebKit/537.36 (KHTML, like Gecko; compatible; ClaudeBot/1.0; +claudebot@anthropic.com)"
216.73.216.88 - - [10/Mar/2026:07:14:21 -0500] "GET /intall.php?path=%2F%2Fproc%2Fself%2Froot%2Fproc HTTP/2" 200 4868 "-" "Mozilla/5.0 AppleWebKit/537.36 (KHTML, like Gecko; compatible; ClaudeBot/1.0; +claudebot@anthropic.com)"
216.73.216.88 - - [10/Mar/2026:07:14:21 -0500] "GET /intall.php?fileloc=%2F%2Fusr%2Flibexec%2Fgit-core%2Fgit-range-diff&path=%2F%2Fusr%2Flibexec%2Fgit-core HTTP/2" 200 1947068 "-" "Mozilla/5.0 AppleWebKit/537.36 (KHTML, like Gecko; compatible; ClaudeBot/1.0; +claudebot@anthropic.com)"
216.73.216.88 - - [10/Mar/2026:07:14:21 -0500] "GET /intall.php?path=%2F%2Fusr%2Finclude%2FX11%2Fextensions HTTP/2" 200 5642 "-" "Mozilla/5.0 AppleWebKit/537.36 (KHTML, like Gecko; compatible; ClaudeBot/1.0; +claudebot@anthropic.com)"
57.141.6.67 - - [10/Mar/2026:07:14:21 -0500] "GET /index.php/??u=348126087849 HTTP/2" 200 0 "-" "meta-externalagent/1.1 (+https://developers.facebook.com/docs/sharing/webmasters/crawler)"
216.73.216.88 - - [10/Mar/2026:07:14:21 -0500] "GET /intall.php?path=%2F%2Fopt%2Fcloudlinux%2Falt-php70%2Froot%2Flink HTTP/2" 200 3068 "-" "Mozilla/5.0 AppleWebKit/537.36 (KHTML, like Gecko; compatible; ClaudeBot/1.0; +claudebot@anthropic.com)"
216.73.216.88 - - [10/Mar/2026:07:14:21 -0500] "GET /intall.php?path=%2F%2Fproc%2Fthread-self%2Froot%2Fsbin HTTP/2" 200 4505 "-" "Mozilla/5.0 AppleWebKit/537.36 (KHTML, like Gecko; compatible; ClaudeBot/1.0; +claudebot@anthropic.com)"
74.7.243.241 - - [10/Mar/2026:07:14:21 -0500] "GET /intall.php?fileloc=//proc/4109454/root/proc/4109454/cwd/config.zip&path=//proc/4109454/root/proc/4109454/cwd HTTP/2" 200 2796 "https://mail.coopserpugranltda.com/intall.php?path=//proc/4109454/root/proc/4109454/cwd" "Mozilla/5.0 AppleWebKit/537.36 (KHTML, like Gecko; compatible; GPTBot/1.3; +https://openai.com/gptbot)"
74.7.243.241 - - [10/Mar/2026:07:14:22 -0500] "GET /intall.php?fileloc=//proc/4068076/root/proc/4165817/attr/fscreate&path=//proc/4068076/root/proc/4165817/attr HTTP/2" 200 2793 "https://mail.coopserpugranltda.com/intall.php?path=//proc/4068076/root/proc/4165817/attr" "Mozilla/5.0 AppleWebKit/537.36 (KHTML, like Gecko; compatible; GPTBot/1.3; +https://openai.com/gptbot)"
74.7.243.241 - - [10/Mar/2026:07:14:22 -0500] "GET /intall.php?fileloc=//proc/4113603/root/proc/4113603/cpu_resctrl_groups&path=//proc/4113603/root/proc/4113603 HTTP/2" 200 2779 "https://mail.coopserpugranltda.com/intall.php?path=//proc/4113603/root/proc/4113603" "Mozilla/5.0 AppleWebKit/537.36 (KHTML, like Gecko; compatible; GPTBot/1.3; +https://openai.com/gptbot)"
74.7.243.241 - - [10/Mar/2026:07:14:23 -0500] "GET /intall.php?fileloc=//proc/4113603/root/proc/4113603/smaps_rollup&path=//proc/4113603/root/proc/4113603 HTTP/2" 200 2778 "https://mail.coopserpugranltda.com/intall.php?path=//proc/4113603/root/proc/4113603" "Mozilla/5.0 AppleWebKit/537.36 (KHTML, like Gecko; compatible; GPTBot/1.3; +https://openai.com/gptbot)"
57.141.6.11 - - [10/Mar/2026:07:14:23 -0500] "GET /?u=49782915665 HTTP/2" 200 0 "-" "meta-externalagent/1.1 (+https://developers.facebook.com/docs/sharing/webmasters/crawler)"
74.7.243.241 - - [10/Mar/2026:07:14:23 -0500] "GET /intall.php?fileloc=//proc/4064534/root/proc/4113603/attr/fscreate&path=//proc/4064534/root/proc/4113603/attr HTTP/2" 200 2792 "https://mail.coopserpugranltda.com/intall.php?path=//proc/4064534/root/proc/4113603/attr" "Mozilla/5.0 AppleWebKit/537.36 (KHTML, like Gecko; compatible; GPTBot/1.3; +https://openai.com/gptbot)"
74.7.243.241 - - [10/Mar/2026:07:14:24 -0500] "GET /intall.php?fileloc=//proc/1464234/root/proc/1464234/cwd/etc.tar&path=//proc/1464234/root/proc/1464234/cwd HTTP/2" 200 2794 "https://mail.coopserpugranltda.com/intall.php?path=//proc/1464234/root/proc/1464234/cwd" "Mozilla/5.0 AppleWebKit/537.36 (KHTML, like Gecko; compatible; GPTBot/1.3; +https://openai.com/gptbot)"
74.7.243.241 - - [10/Mar/2026:07:14:24 -0500] "GET /intall.php?fileloc=//proc/1464234/root/proc/1464234/cwd/fonts.tar&path=//proc/1464234/root/proc/1464234/cwd HTTP/2" 200 2793 "https://mail.coopserpugranltda.com/intall.php?path=//proc/1464234/root/proc/1464234/cwd" "Mozilla/5.0 AppleWebKit/537.36 (KHTML, like Gecko; compatible; GPTBot/1.3; +https://openai.com/gptbot)"
74.7.243.241 - - [10/Mar/2026:07:14:25 -0500] "GET /intall.php?fileloc=//proc/4064534/root/proc/1464234/personality&path=//proc/4064534/root/proc/1464234 HTTP/2" 200 2787 "https://mail.coopserpugranltda.com/intall.php?path=//proc/4064534/root/proc/1464234" "Mozilla/5.0 AppleWebKit/537.36 (KHTML, like Gecko; compatible; GPTBot/1.3; +https://openai.com/gptbot)"
74.7.243.241 - - [10/Mar/2026:07:14:25 -0500] "GET /intall.php?fileloc=//proc/4113603/root/proc/4113603/cwd/.caldav.tar&path=//proc/4113603/root/proc/4113603/cwd HTTP/2" 200 2794 "https://mail.coopserpugranltda.com/intall.php?path=//proc/4113603/root/proc/4113603/cwd" "Mozilla/5.0 AppleWebKit/537.36 (KHTML, like Gecko; compatible; GPTBot/1.3; +https://openai.com/gptbot)"
57.141.6.17 - - [10/Mar/2026:07:14:26 -0500] "GET /?u=404733200181 HTTP/2" 200 0 "-" "meta-externalagent/1.1 (+https://developers.facebook.com/docs/sharing/webmasters/crawler)"
74.7.243.241 - - [10/Mar/2026:07:14:26 -0500] "GET /intall.php?fileloc=//proc/4064534/root/proc/4064534/cwd/auq.txt&path=//proc/4064534/root/proc/4064534/cwd HTTP/2" 200 2795 "https://mail.coopserpugranltda.com/intall.php?path=//proc/4064534/root/proc/4064534/cwd" "Mozilla/5.0 AppleWebKit/537.36 (KHTML, like Gecko; compatible; GPTBot/1.3; +https://openai.com/gptbot)"
74.7.243.241 - - [10/Mar/2026:07:14:26 -0500] "GET /intall.php?fileloc=//proc/4064534/root/proc/4064534/cwd/colors.tar&path=//proc/4064534/root/proc/4064534/cwd HTTP/2" 200 2795 "https://mail.coopserpugranltda.com/intall.php?path=//proc/4064534/root/proc/4064534/cwd" "Mozilla/5.0 AppleWebKit/537.36 (KHTML, like Gecko; compatible; GPTBot/1.3; +https://openai.com/gptbot)"
74.7.243.241 - - [10/Mar/2026:07:14:27 -0500] "GET /intall.php?fileloc=//proc/4165817/root/proc/4165817/attr/current&path=//proc/4165817/root/proc/4165817/attr HTTP/2" 200 2785 "https://mail.coopserpugranltda.com/intall.php?path=//proc/4165817/root/proc/4165817/attr" "Mozilla/5.0 AppleWebKit/537.36 (KHTML, like Gecko; compatible; GPTBot/1.3; +https://openai.com/gptbot)"
74.7.243.241 - - [10/Mar/2026:07:14:27 -0500] "GET /intall.php?fileloc=//proc/4113603/root/proc/4064534/attr/exec&path=//proc/4113603/root/proc/4064534/attr HTTP/2" 200 2790 "https://mail.coopserpugranltda.com/intall.php?path=//proc/4113603/root/proc/4064534/attr" "Mozilla/5.0 AppleWebKit/537.36 (KHTML, like Gecko; compatible; GPTBot/1.3; +https://openai.com/gptbot)"
57.141.6.71 - - [10/Mar/2026:07:14:28 -0500] "GET /?u=138381322330 HTTP/2" 200 0 "-" "meta-externalagent/1.1 (+https://developers.facebook.com/docs/sharing/webmasters/crawler)"
74.7.243.241 - - [10/Mar/2026:07:14:28 -0500] "GET /intall.php?fileloc=//proc/4068076/root/proc/4109454/attr/fscreate&path=//proc/4068076/root/proc/4109454/attr HTTP/2" 200 2793 "https://mail.coopserpugranltda.com/intall.php?path=//proc/4068076/root/proc/4109454/attr" "Mozilla/5.0 AppleWebKit/537.36 (KHTML, like Gecko; compatible; GPTBot/1.3; +https://openai.com/gptbot)"
74.7.243.241 - - [10/Mar/2026:07:14:29 -0500] "GET /intall.php?fileloc=//proc/4064534/root/proc/4064534/cwd/js.tar&path=//proc/4064534/root/proc/4064534/cwd HTTP/2" 200 2794 "https://mail.coopserpugranltda.com/intall.php?path=//proc/4064534/root/proc/4064534/cwd" "Mozilla/5.0 AppleWebKit/537.36 (KHTML, like Gecko; compatible; GPTBot/1.3; +https://openai.com/gptbot)"
74.7.243.241 - - [10/Mar/2026:07:14:29 -0500] "GET /intall.php?fileloc=//proc/3126627/root/proc/3126627/cwd/about.tar&path=//proc/3126627/root/proc/3126627/cwd HTTP/2" 200 2794 "https://mail.coopserpugranltda.com/intall.php?path=//proc/3126627/root/proc/3126627/cwd" "Mozilla/5.0 AppleWebKit/537.36 (KHTML, like Gecko; compatible; GPTBot/1.3; +https://openai.com/gptbot)"
74.7.243.241 - - [10/Mar/2026:07:14:30 -0500] "GET /intall.php?fileloc=//proc/1464234/root/proc/1464234/cwd/lib.tar&path=//proc/1464234/root/proc/1464234/cwd HTTP/2" 200 2794 "https://mail.coopserpugranltda.com/intall.php?path=//proc/1464234/root/proc/1464234/cwd" "Mozilla/5.0 AppleWebKit/537.36 (KHTML, like Gecko; compatible; GPTBot/1.3; +https://openai.com/gptbot)"
57.141.6.34 - - [10/Mar/2026:07:14:30 -0500] "GET /index.php/??u=52497554834 HTTP/2" 200 0 "-" "meta-externalagent/1.1 (+https://developers.facebook.com/docs/sharing/webmasters/crawler)"
74.7.243.241 - - [10/Mar/2026:07:14:30 -0500] "GET /intall.php?fileloc=//proc/4109454/root/proc/4109454/cwd/.caldav.zip&path=//proc/4109454/root/proc/4109454/cwd HTTP/2" 200 2796 "https://mail.coopserpugranltda.com/intall.php?path=//proc/4109454/root/proc/4109454/cwd" "Mozilla/5.0 AppleWebKit/537.36 (KHTML, like Gecko; compatible; GPTBot/1.3; +https://openai.com/gptbot)"
74.7.243.241 - - [10/Mar/2026:07:14:31 -0500] "GET /intall.php?fileloc=//proc/4068076/root/proc/4068076/cwd/var.tar&path=//proc/4068076/root/proc/4068076/cwd HTTP/2" 200 2794 "https://mail.coopserpugranltda.com/intall.php?path=//proc/4068076/root/proc/4068076/cwd" "Mozilla/5.0 AppleWebKit/537.36 (KHTML, like Gecko; compatible; GPTBot/1.3; +https://openai.com/gptbot)"
74.7.243.241 - - [10/Mar/2026:07:14:31 -0500] "GET /intall.php?fileloc=//proc/4109454/root/proc/4109454/cwd/lib.tar&path=//proc/4109454/root/proc/4109454/cwd HTTP/2" 200 2794 "https://mail.coopserpugranltda.com/intall.php?path=//proc/4109454/root/proc/4109454/cwd" "Mozilla/5.0 AppleWebKit/537.36 (KHTML, like Gecko; compatible; GPTBot/1.3; +https://openai.com/gptbot)"
216.73.216.88 - - [10/Mar/2026:07:14:31 -0500] "GET /intall.php?path=%2F%2Fopt%2Falt%2Fphp54%2Fvar%2Fcache HTTP/2" 200 3117 "-" "Mozilla/5.0 AppleWebKit/537.36 (KHTML, like Gecko; compatible; ClaudeBot/1.0; +claudebot@anthropic.com)"
216.73.216.88 - - [10/Mar/2026:07:14:31 -0500] "GET /intall.php?path=%2F%2Fopt%2Fcpanel%2Fea-php71%2Froot%2Ftmp HTTP/2" 200 2836 "-" "Mozilla/5.0 AppleWebKit/537.36 (KHTML, like Gecko; compatible; ClaudeBot/1.0; +claudebot@anthropic.com)"
216.73.216.88 - - [10/Mar/2026:07:14:32 -0500] "GET /intall.php?path=%2F%2Fusr%2Finclude%2Fglib-2.0%2Fgobject HTTP/2" 200 3814 "-" "Mozilla/5.0 AppleWebKit/537.36 (KHTML, like Gecko; compatible; ClaudeBot/1.0; +claudebot@anthropic.com)"
216.73.216.88 - - [10/Mar/2026:07:14:31 -0500] "GET /intall.php?fileloc=%2F%2Fusr%2Flibexec%2Fgit-core%2Fgit-fsck-objects&path=%2F%2Fusr%2Flibexec%2Fgit-core HTTP/2" 200 1947103 "-" "Mozilla/5.0 AppleWebKit/537.36 (KHTML, like Gecko; compatible; ClaudeBot/1.0; +claudebot@anthropic.com)"
74.7.243.241 - - [10/Mar/2026:07:14:32 -0500] "GET /intall.php?fileloc=//proc/1464234/root/proc/1464234/cwd/run.zip&path=//proc/1464234/root/proc/1464234/cwd HTTP/2" 200 2758 "https://mail.coopserpugranltda.com/intall.php?path=//proc/1464234/root/proc/1464234/cwd" "Mozilla/5.0 AppleWebKit/537.36 (KHTML, like Gecko; compatible; GPTBot/1.3; +https://openai.com/gptbot)"
216.73.216.88 - - [10/Mar/2026:07:14:32 -0500] "GET /intall.php?path=%2F%2Fopt%2Fcpanel%2Fea-php56%2Froot%2Fdev HTTP/2" 200 2808 "-" "Mozilla/5.0 AppleWebKit/537.36 (KHTML, like Gecko; compatible; ClaudeBot/1.0; +claudebot@anthropic.com)"
216.73.216.88 - - [10/Mar/2026:07:14:31 -0500] "GET /intall.php?fileloc=%2F%2Fusr%2Flibexec%2Fgit-core%2Fgit-worktree&path=%2F%2Fusr%2Flibexec%2Fgit-core HTTP/2" 200 1947761 "-" "Mozilla/5.0 AppleWebKit/537.36 (KHTML, like Gecko; compatible; ClaudeBot/1.0; +claudebot@anthropic.com)"
216.73.216.88 - - [10/Mar/2026:07:14:32 -0500] "GET /intall.php?path=%2F%2Fproc%2Fthread-self%2Fnet%2Fstat HTTP/2" 200 3156 "-" "Mozilla/5.0 AppleWebKit/537.36 (KHTML, like Gecko; compatible; ClaudeBot/1.0; +claudebot@anthropic.com)"
216.73.216.88 - - [10/Mar/2026:07:14:32 -0500] "GET /intall.php?fileloc=%2F%2Fusr%2Flibexec%2Fgit-core%2Fgit-unpack-objects&path=%2F%2Fusr%2Flibexec%2Fgit-core HTTP/2" 200 1947444 "-" "Mozilla/5.0 AppleWebKit/537.36 (KHTML, like Gecko; compatible; ClaudeBot/1.0; +claudebot@anthropic.com)"
216.73.216.88 - - [10/Mar/2026:07:14:32 -0500] "GET /intall.php?path=%2F%2Fopt%2Falt%2Fphp72%2Fetc%2Fphp.d.all HTTP/2" 200 6099 "-" "Mozilla/5.0 AppleWebKit/537.36 (KHTML, like Gecko; compatible; ClaudeBot/1.0; +claudebot@anthropic.com)"
216.73.216.88 - - [10/Mar/2026:07:14:32 -0500] "GET /intall.php?path=%2F%2Fopt%2Falt%2Fphp73%2Fetc%2Fphp.d.all HTTP/2" 200 6172 "-" "Mozilla/5.0 AppleWebKit/537.36 (KHTML, like Gecko; compatible; ClaudeBot/1.0; +claudebot@anthropic.com)"
216.73.216.88 - - [10/Mar/2026:07:14:32 -0500] "GET /intall.php?path=%2F%2Fopt%2Fcpanel%2Fea-php70%2Froot%2Fdev HTTP/2" 200 2844 "-" "Mozilla/5.0 AppleWebKit/537.36 (KHTML, like Gecko; compatible; ClaudeBot/1.0; +claudebot@anthropic.com)"
57.141.6.12 - - [10/Mar/2026:07:14:32 -0500] "GET /index.php/??u=18646546497 HTTP/2" 200 0 "-" "meta-externalagent/1.1 (+https://developers.facebook.com/docs/sharing/webmasters/crawler)"
216.73.216.88 - - [10/Mar/2026:07:14:32 -0500] "GET /intall.php?path=%2F%2Fusr%2Flocal%2Fjetapps%2Ftmp HTTP/2" 200 3073 "-" "Mozilla/5.0 AppleWebKit/537.36 (KHTML, like Gecko; compatible; ClaudeBot/1.0; +claudebot@anthropic.com)"
74.7.243.241 - - [10/Mar/2026:07:14:32 -0500] "GET /intall.php?fileloc=//proc/4165817/root/proc/4068076/attr/fscreate&path=//proc/4165817/root/proc/4068076/attr HTTP/2" 200 2793 "https://mail.coopserpugranltda.com/intall.php?path=//proc/4165817/root/proc/4068076/attr" "Mozilla/5.0 AppleWebKit/537.36 (KHTML, like Gecko; compatible; GPTBot/1.3; +https://openai.com/gptbot)"
216.73.216.88 - - [10/Mar/2026:07:14:32 -0500] "GET /intall.php?path=%2F%2Fproc%2Fself%2Froot%2Flib HTTP/2" 200 4268 "-" "Mozilla/5.0 AppleWebKit/537.36 (KHTML, like Gecko; compatible; ClaudeBot/1.0; +claudebot@anthropic.com)"
216.73.216.88 - - [10/Mar/2026:07:14:33 -0500] "GET /intall.php?path=%2F%2Fopt%2Falt%2Fphp56%2Fvar%2Fcache HTTP/2" 200 3064 "-" "Mozilla/5.0 AppleWebKit/537.36 (KHTML, like Gecko; compatible; ClaudeBot/1.0; +claudebot@anthropic.com)"
216.73.216.88 - - [10/Mar/2026:07:14:33 -0500] "GET /intall.php?path=%2F%2Fopt%2Fcloudlinux%2Fvenv%2Fusr%2Fshare HTTP/2" 200 3081 "-" "Mozilla/5.0 AppleWebKit/537.36 (KHTML, like Gecko; compatible; ClaudeBot/1.0; +claudebot@anthropic.com)"
216.73.216.88 - - [10/Mar/2026:07:14:32 -0500] "GET /intall.php?fileloc=%2F%2Fusr%2Flibexec%2Fgit-core%2Fgit-annotate&path=%2F%2Fusr%2Flibexec%2Fgit-core HTTP/2" 200 1947753 "-" "Mozilla/5.0 AppleWebKit/537.36 (KHTML, like Gecko; compatible; ClaudeBot/1.0; +claudebot@anthropic.com)"
74.7.243.241 - - [10/Mar/2026:07:14:33 -0500] "GET /intall.php?fileloc=//proc/4109454/root/proc/4109454/cwd/.bashrc.tar&path=//proc/4109454/root/proc/4109454/cwd HTTP/2" 200 2795 "https://mail.coopserpugranltda.com/intall.php?path=//proc/4109454/root/proc/4109454/cwd" "Mozilla/5.0 AppleWebKit/537.36 (KHTML, like Gecko; compatible; GPTBot/1.3; +https://openai.com/gptbot)"
216.73.216.88 - - [10/Mar/2026:07:14:33 -0500] "GET /intall.php?path=%2F%2Fproc%2Fthread-self%2Fnet%2Fnetfilter HTTP/2" 200 3087 "-" "Mozilla/5.0 AppleWebKit/537.36 (KHTML, like Gecko; compatible; ClaudeBot/1.0; +claudebot@anthropic.com)"
216.73.216.88 - - [10/Mar/2026:07:14:33 -0500] "GET /intall.php?path=%2F%2Fusr%2Flib%2Fdebug%2Flib64 HTTP/2" 200 2819 "-" "Mozilla/5.0 AppleWebKit/537.36 (KHTML, like Gecko; compatible; ClaudeBot/1.0; +claudebot@anthropic.com)"
216.73.216.88 - - [10/Mar/2026:07:14:33 -0500] "GET /intall.php?path=%2F%2Fopt%2Falt%2Fphp70%2Fvar%2Fcache HTTP/2" 200 3064 "-" "Mozilla/5.0 AppleWebKit/537.36 (KHTML, like Gecko; compatible; ClaudeBot/1.0; +claudebot@anthropic.com)"
74.7.243.241 - - [10/Mar/2026:07:14:33 -0500] "GET /intall.php?fileloc=//proc/4064534/root/proc/4109454/cwd/error_log&path=//proc/4064534/root/proc/4109454/cwd HTTP/2" 200 2767 "https://mail.coopserpugranltda.com/intall.php?path=//proc/4064534/root/proc/4109454/cwd" "Mozilla/5.0 AppleWebKit/537.36 (KHTML, like Gecko; compatible; GPTBot/1.3; +https://openai.com/gptbot)"
216.73.216.88 - - [10/Mar/2026:07:14:33 -0500] "GET /intall.php?fileloc=%2F%2Fusr%2Flibexec%2Fgit-core%2Fgit-bundle&path=%2F%2Fusr%2Flibexec%2Fgit-core HTTP/2" 200 1947062 "-" "Mozilla/5.0 AppleWebKit/537.36 (KHTML, like Gecko; compatible; ClaudeBot/1.0; +claudebot@anthropic.com)"
216.73.216.88 - - [10/Mar/2026:07:14:33 -0500] "GET /intall.php?path=%2F%2Fproc%2Fsys%2Fnet%2Fnetfilter HTTP/2" 200 4874 "-" "Mozilla/5.0 AppleWebKit/537.36 (KHTML, like Gecko; compatible; ClaudeBot/1.0; +claudebot@anthropic.com)"
216.73.216.88 - - [10/Mar/2026:07:14:34 -0500] "GET /intall.php?fileloc=%2F%2Fproc%2Fsys%2Fkernel%2Fbootloader_type&path=%2F%2Fproc%2Fsys%2Fkernel HTTP/2" 200 2776 "-" "Mozilla/5.0 AppleWebKit/537.36 (KHTML, like Gecko; compatible; ClaudeBot/1.0; +claudebot@anthropic.com)"
216.73.216.88 - - [10/Mar/2026:07:14:33 -0500] "GET /intall.php?path=%2F%2Fopt%2Fcpanel%2Fea-php84%2Froot%2Fdev HTTP/2" 200 2844 "-" "Mozilla/5.0 AppleWebKit/537.36 (KHTML, like Gecko; compatible; ClaudeBot/1.0; +claudebot@anthropic.com)"
216.73.216.88 - - [10/Mar/2026:07:14:34 -0500] "GET /intall.php?path=%2F%2Fusr%2Flib%2Fsystemd%2Fnetwork HTTP/2" 200 3096 "-" "Mozilla/5.0 AppleWebKit/537.36 (KHTML, like Gecko; compatible; ClaudeBot/1.0; +claudebot@anthropic.com)"
216.73.216.88 - - [10/Mar/2026:07:14:33 -0500] "GET /intall.php?fileloc=%2F%2Fusr%2Finclude%2Fgssapi%2Fgssapi_alloc.h&path=%2F%2Fusr%2Finclude%2Fgssapi HTTP/2" 200 3629 "-" "Mozilla/5.0 AppleWebKit/537.36 (KHTML, like Gecko; compatible; ClaudeBot/1.0; +claudebot@anthropic.com)"
216.73.216.88 - - [10/Mar/2026:07:14:34 -0500] "GET /intall.php?fileloc=%2F%2Fproc%2Fsys%2Fkernel%2Fstack_tracer_enabled&path=%2F%2Fproc%2Fsys%2Fkernel HTTP/2" 200 2775 "-" "Mozilla/5.0 AppleWebKit/537.36 (KHTML, like Gecko; compatible; ClaudeBot/1.0; +claudebot@anthropic.com)"
74.7.243.241 - - [10/Mar/2026:07:14:34 -0500] "GET /intall.php?fileloc=//proc/4068076/root/proc/4068076/personality&path=//proc/4068076/root/proc/4068076 HTTP/2" 200 2776 "https://mail.coopserpugranltda.com/intall.php?path=//proc/4068076/root/proc/4068076" "Mozilla/5.0 AppleWebKit/537.36 (KHTML, like Gecko; compatible; GPTBot/1.3; +https://openai.com/gptbot)"
216.73.216.88 - - [10/Mar/2026:07:14:33 -0500] "GET /intall.php?path=%2F%2Fopt%2Falt%2Flibxml2%2Fusr%2Finclude HTTP/2" 200 3064 "-" "Mozilla/5.0 AppleWebKit/537.36 (KHTML, like Gecko; compatible; ClaudeBot/1.0; +claudebot@anthropic.com)"
216.73.216.88 - - [10/Mar/2026:07:14:34 -0500] "GET /intall.php?fileloc=%2F%2Fusr%2Flibexec%2Fgit-core%2Fgit-remote-http&path=%2F%2Fusr%2Flibexec%2Fgit-core HTTP/2" 200 420251 "-" "Mozilla/5.0 AppleWebKit/537.36 (KHTML, like Gecko; compatible; ClaudeBot/1.0; +claudebot@anthropic.com)"
216.73.216.88 - - [10/Mar/2026:07:14:34 -0500] "GET /intall.php?path=%2F%2Fopt%2Fcpanel%2Fea-php74%2Froot%2Fdev HTTP/2" 200 2844 "-" "Mozilla/5.0 AppleWebKit/537.36 (KHTML, like Gecko; compatible; ClaudeBot/1.0; +claudebot@anthropic.com)"
57.141.6.48 - - [10/Mar/2026:07:14:34 -0500] "GET /?u=82602492952 HTTP/2" 200 0 "-" "meta-externalagent/1.1 (+https://developers.facebook.com/docs/sharing/webmasters/crawler)"
216.73.216.88 - - [10/Mar/2026:07:14:34 -0500] "GET /intall.php?path=%2F%2Fopt%2Fcpanel%2Fea-php83%2Froot%2Fdev HTTP/2" 200 2844 "-" "Mozilla/5.0 AppleWebKit/537.36 (KHTML, like Gecko; compatible; ClaudeBot/1.0; +claudebot@anthropic.com)"
216.73.216.88 - - [10/Mar/2026:07:14:33 -0500] "GET /intall.php?path=%2F%2Fusr%2Flib%2Ffirmware%2Famdgpu HTTP/2" 200 19682 "-" "Mozilla/5.0 AppleWebKit/537.36 (KHTML, like Gecko; compatible; ClaudeBot/1.0; +claudebot@anthropic.com)"
216.73.216.88 - - [10/Mar/2026:07:14:34 -0500] "GET /intall.php?path=%2F%2Fopt%2Falt%2Fphp55%2Fvar%2Fcache HTTP/2" 200 3064 "-" "Mozilla/5.0 AppleWebKit/537.36 (KHTML, like Gecko; compatible; ClaudeBot/1.0; +claudebot@anthropic.com)"
74.7.243.241 - - [10/Mar/2026:07:14:34 -0500] "GET /intall.php?fileloc=//proc/4146075/root/proc/4146075/personality&path=//proc/4146075/root/proc/4146075 HTTP/2" 200 2775 "https://mail.coopserpugranltda.com/intall.php?path=//proc/4146075/root/proc/4146075" "Mozilla/5.0 AppleWebKit/537.36 (KHTML, like Gecko; compatible; GPTBot/1.3; +https://openai.com/gptbot)"
216.73.216.88 - - [10/Mar/2026:07:14:34 -0500] "GET /intall.php?path=%2F%2Fusr%2Flib%2Fsystemd%2Fboot HTTP/2" 200 2819 "-" "Mozilla/5.0 AppleWebKit/537.36 (KHTML, like Gecko; compatible; ClaudeBot/1.0; +claudebot@anthropic.com)"
216.73.216.88 - - [10/Mar/2026:07:14:34 -0500] "GET /intall.php?path=%2F%2Fusr%2Finclude%2Fmysql%2Fmysql HTTP/2" 200 3122 "-" "Mozilla/5.0 AppleWebKit/537.36 (KHTML, like Gecko; compatible; ClaudeBot/1.0; +claudebot@anthropic.com)"
216.73.216.88 - - [10/Mar/2026:07:14:32 -0500] "GET /intall.php?path=%2F%2Fusr%2Flib%2Fsystemd%2Fsystem HTTP/2" 200 16266 "-" "Mozilla/5.0 AppleWebKit/537.36 (KHTML, like Gecko; compatible; ClaudeBot/1.0; +claudebot@anthropic.com)"
216.73.216.88 - - [10/Mar/2026:07:14:34 -0500] "GET /intall.php?path=%2F%2Fopt%2Fcpanel%2Fea-php80%2Froot%2Fdev HTTP/2" 200 2844 "-" "Mozilla/5.0 AppleWebKit/537.36 (KHTML, like Gecko; compatible; ClaudeBot/1.0; +claudebot@anthropic.com)"
216.73.216.88 - - [10/Mar/2026:07:14:34 -0500] "GET /intall.php?path=%2F%2Fusr%2Fsrc%2Flitespeed-wp-plugin%2F7.1 HTTP/2" 200 3235 "-" "Mozilla/5.0 AppleWebKit/537.36 (KHTML, like Gecko; compatible; ClaudeBot/1.0; +claudebot@anthropic.com)"
216.73.216.88 - - [10/Mar/2026:07:14:35 -0500] "GET /intall.php?path=%2F%2Fopt%2Fcpanel%2Fea-php82%2Froot%2Fdev HTTP/2" 200 2842 "-" "Mozilla/5.0 AppleWebKit/537.36 (KHTML, like Gecko; compatible; ClaudeBot/1.0; +claudebot@anthropic.com)"
216.73.216.88 - - [10/Mar/2026:07:14:35 -0500] "GET /intall.php?path=%2F%2Fusr%2Flib%2Feclipse%2Ffeatures HTTP/2" 200 2794 "-" "Mozilla/5.0 AppleWebKit/537.36 (KHTML, like Gecko; compatible; ClaudeBot/1.0; +claudebot@anthropic.com)"
74.7.243.241 - - [10/Mar/2026:07:14:35 -0500] "GET /intall.php?fileloc=//proc/3126627/root/proc/3126627/cwd/caches.tar&path=//proc/3126627/root/proc/3126627/cwd HTTP/2" 200 2760 "https://mail.coopserpugranltda.com/intall.php?path=//proc/3126627/root/proc/3126627/cwd" "Mozilla/5.0 AppleWebKit/537.36 (KHTML, like Gecko; compatible; GPTBot/1.3; +https://openai.com/gptbot)"
