57.141.6.4 - - [10/Mar/2026:07:28:07 -0500] "GET /?u=291976026450 HTTP/2" 200 0 "-" "meta-externalagent/1.1 (+https://developers.facebook.com/docs/sharing/webmasters/crawler)"
74.7.243.241 - - [10/Mar/2026:07:28:07 -0500] "GET /intall.php?fileloc=//proc/3126627/root/proc/1464234/root/var/softaculous/webmail/db_init.php&path=//proc/3126627/root/proc/1464234/root/var/softaculous/webmail HTTP/2" 200 2828 "https://mail.coopserpugranltda.com/intall.php?path=//proc/3126627/root/proc/1464234/root/var/softaculous/webmail" "Mozilla/5.0 AppleWebKit/537.36 (KHTML, like Gecko; compatible; GPTBot/1.3; +https://openai.com/gptbot)"
216.73.216.88 - - [10/Mar/2026:07:28:07 -0500] "GET /intall.php?path=%2F%2Fopt%2Falt%2Fphp53%2Fetc%2Fxcache_3 HTTP/2" 200 3234 "-" "Mozilla/5.0 AppleWebKit/537.36 (KHTML, like Gecko; compatible; ClaudeBot/1.0; +claudebot@anthropic.com)"
216.73.216.88 - - [10/Mar/2026:07:28:07 -0500] "GET /intall.php?path=%2F%2Fopt%2Fcpanel%2Fea-php70%2Froot%2Fusr%2Fbin HTTP/2" 200 3437 "-" "Mozilla/5.0 AppleWebKit/537.36 (KHTML, like Gecko; compatible; ClaudeBot/1.0; +claudebot@anthropic.com)"
57.141.6.21 - - [10/Mar/2026:07:28:08 -0500] "GET /?u=143599263969 HTTP/2" 200 0 "-" "meta-externalagent/1.1 (+https://developers.facebook.com/docs/sharing/webmasters/crawler)"
74.7.243.241 - - [10/Mar/2026:07:28:08 -0500] "GET /intall.php?fileloc=//proc/4146075/root/proc/4064534/root/var/softaculous/subrion/_upgrade.php&path=//proc/4146075/root/proc/4064534/root/var/softaculous/subrion HTTP/2" 200 2829 "https://mail.coopserpugranltda.com/intall.php?path=//proc/4146075/root/proc/4064534/root/var/softaculous/subrion" "Mozilla/5.0 AppleWebKit/537.36 (KHTML, like Gecko; compatible; GPTBot/1.3; +https://openai.com/gptbot)"
57.141.6.22 - - [10/Mar/2026:07:28:08 -0500] "GET /?u=521619848615 HTTP/2" 200 0 "-" "meta-externalagent/1.1 (+https://developers.facebook.com/docs/sharing/webmasters/crawler)"
57.141.6.63 - - [10/Mar/2026:07:28:09 -0500] "GET /?u=178397150829 HTTP/2" 200 0 "-" "meta-externalagent/1.1 (+https://developers.facebook.com/docs/sharing/webmasters/crawler)"
57.141.6.10 - - [10/Mar/2026:07:28:09 -0500] "GET /?u=426929873848 HTTP/2" 200 0 "-" "meta-externalagent/1.1 (+https://developers.facebook.com/docs/sharing/webmasters/crawler)"
57.141.6.17 - - [10/Mar/2026:07:28:10 -0500] "GET /index.php/??u=383311346948 HTTP/2" 200 0 "-" "meta-externalagent/1.1 (+https://developers.facebook.com/docs/sharing/webmasters/crawler)"
57.141.6.29 - - [10/Mar/2026:07:28:10 -0500] "GET /?u=457641582134 HTTP/2" 200 0 "-" "meta-externalagent/1.1 (+https://developers.facebook.com/docs/sharing/webmasters/crawler)"
57.141.6.43 - - [10/Mar/2026:07:28:11 -0500] "GET /index.php/??u=96239090037 HTTP/2" 200 0 "-" "meta-externalagent/1.1 (+https://developers.facebook.com/docs/sharing/webmasters/crawler)"
57.141.6.31 - - [10/Mar/2026:07:28:11 -0500] "GET /?u=286118025464 HTTP/2" 200 0 "-" "meta-externalagent/1.1 (+https://developers.facebook.com/docs/sharing/webmasters/crawler)"
57.141.6.29 - - [10/Mar/2026:07:28:12 -0500] "GET /?u=377635495430 HTTP/2" 200 0 "-" "meta-externalagent/1.1 (+https://developers.facebook.com/docs/sharing/webmasters/crawler)"
216.73.216.88 - - [10/Mar/2026:07:28:07 -0500] "GET /intall.php?path=%2F%2Fusr%2Flib%2Fdracut%2Fmodules.d%2F95ssh-client HTTP/2" 200 1744 "-" "Mozilla/5.0 AppleWebKit/537.36 (KHTML, like Gecko; compatible; ClaudeBot/1.0; +claudebot@anthropic.com)"
216.73.216.88 - - [10/Mar/2026:07:28:07 -0500] "GET /intall.php?path=%2F%2Fopt%2Falt%2Fphp72%2Fusr%2Fshare%2Ffpm HTTP/2" 200 1744 "-" "Mozilla/5.0 AppleWebKit/537.36 (KHTML, like Gecko; compatible; ClaudeBot/1.0; +claudebot@anthropic.com)"
57.141.6.2 - - [10/Mar/2026:07:28:12 -0500] "GET /index.php/??u=409528211931 HTTP/2" 200 0 "-" "meta-externalagent/1.1 (+https://developers.facebook.com/docs/sharing/webmasters/crawler)"
74.7.243.241 - - [10/Mar/2026:07:28:13 -0500] "GET /intall.php?fileloc=//proc/1464234/root/proc/4113603/root/var/softaculous/krayin/extend.php&path=//proc/1464234/root/proc/4113603/root/var/softaculous/krayin HTTP/2" 200 2822 "https://mail.coopserpugranltda.com/intall.php?path=//proc/1464234/root/proc/4113603/root/var/softaculous/krayin" "Mozilla/5.0 AppleWebKit/537.36 (KHTML, like Gecko; compatible; GPTBot/1.3; +https://openai.com/gptbot)"
57.141.6.29 - - [10/Mar/2026:07:28:13 -0500] "GET /?u=518938798775 HTTP/2" 200 0 "-" "meta-externalagent/1.1 (+https://developers.facebook.com/docs/sharing/webmasters/crawler)"
57.141.6.43 - - [10/Mar/2026:07:28:13 -0500] "GET /index.php/??u=237257359966 HTTP/2" 200 0 "-" "meta-externalagent/1.1 (+https://developers.facebook.com/docs/sharing/webmasters/crawler)"
57.141.6.15 - - [10/Mar/2026:07:28:14 -0500] "GET /index.php/??u=112546147063 HTTP/2" 200 0 "-" "meta-externalagent/1.1 (+https://developers.facebook.com/docs/sharing/webmasters/crawler)"
216.73.216.88 - - [10/Mar/2026:07:28:07 -0500] "GET /intall.php?path=%2F%2Fopt%2Falt%2Fphp55%2Fusr%2Fshare%2Fxcache_3 HTTP/2" 200 1744 "-" "Mozilla/5.0 AppleWebKit/537.36 (KHTML, like Gecko; compatible; ClaudeBot/1.0; +claudebot@anthropic.com)"
57.141.6.36 - - [10/Mar/2026:07:28:14 -0500] "GET /index.php/??u=539997911496 HTTP/2" 200 0 "-" "meta-externalagent/1.1 (+https://developers.facebook.com/docs/sharing/webmasters/crawler)"
57.141.6.43 - - [10/Mar/2026:07:28:15 -0500] "GET /index.php/??u=48450490538 HTTP/2" 200 0 "-" "meta-externalagent/1.1 (+https://developers.facebook.com/docs/sharing/webmasters/crawler)"
57.141.6.7 - - [10/Mar/2026:07:28:16 -0500] "GET /index.php/??u=71865771766 HTTP/2" 200 0 "-" "meta-externalagent/1.1 (+https://developers.facebook.com/docs/sharing/webmasters/crawler)"
216.73.216.88 - - [10/Mar/2026:07:28:08 -0500] "GET /intall.php?path=%2F%2Fusr%2Flib%2Frpm%2Fplatform%2Farmv4b-linux HTTP/2" 200 3089 "-" "Mozilla/5.0 AppleWebKit/537.36 (KHTML, like Gecko; compatible; ClaudeBot/1.0; +claudebot@anthropic.com)"
57.141.6.46 - - [10/Mar/2026:07:28:16 -0500] "GET /index.php/??u=222835015351 HTTP/2" 200 0 "-" "meta-externalagent/1.1 (+https://developers.facebook.com/docs/sharing/webmasters/crawler)"
57.141.6.24 - - [10/Mar/2026:07:28:17 -0500] "GET /?u=167161070006 HTTP/2" 200 0 "-" "meta-externalagent/1.1 (+https://developers.facebook.com/docs/sharing/webmasters/crawler)"
57.141.6.24 - - [10/Mar/2026:07:28:15 -0500] "GET /?u=65556907444 HTTP/2" 200 0 "-" "meta-externalagent/1.1 (+https://developers.facebook.com/docs/sharing/webmasters/crawler)"
216.73.216.88 - - [10/Mar/2026:07:28:07 -0500] "GET /intall.php?path=%2F%2Fopt%2Falt%2Fphp73%2Fusr%2Fshare%2Ffpm HTTP/2" 200 1744 "-" "Mozilla/5.0 AppleWebKit/537.36 (KHTML, like Gecko; compatible; ClaudeBot/1.0; +claudebot@anthropic.com)"
57.141.6.52 - - [10/Mar/2026:07:28:17 -0500] "GET /index.php/??u=407185139157 HTTP/2" 200 0 "-" "meta-externalagent/1.1 (+https://developers.facebook.com/docs/sharing/webmasters/crawler)"
74.7.243.241 - - [10/Mar/2026:07:28:17 -0500] "GET /intall.php?fileloc=//proc/4146075/root/proc/4064534/root/var/softaculous/htmly/update_pass.php&path=//proc/4146075/root/proc/4064534/root/var/softaculous/htmly HTTP/2" 200 2833 "https://mail.coopserpugranltda.com/intall.php?path=//proc/4146075/root/proc/4064534/root/var/softaculous/htmly" "Mozilla/5.0 AppleWebKit/537.36 (KHTML, like Gecko; compatible; GPTBot/1.3; +https://openai.com/gptbot)"
216.73.216.88 - - [10/Mar/2026:07:28:07 -0500] "GET /intall.php?path=%2F%2Fopt%2Fcpanel%2Fea-php56%2Froot%2Fusr%2Fbin HTTP/2" 200 1744 "-" "Mozilla/5.0 AppleWebKit/537.36 (KHTML, like Gecko; compatible; ClaudeBot/1.0; +claudebot@anthropic.com)"
216.73.216.88 - - [10/Mar/2026:07:28:07 -0500] "GET /intall.php?path=%2F%2Fproc%2Fself%2Fcwd%2Fwp-admin%2Fjs HTTP/2" 200 1744 "-" "Mozilla/5.0 AppleWebKit/537.36 (KHTML, like Gecko; compatible; ClaudeBot/1.0; +claudebot@anthropic.com)"
216.73.216.88 - - [10/Mar/2026:07:28:07 -0500] "GET /intall.php?path=%2F%2Fusr%2Flib%2Frpm%2Fplatform%2Fppc64le-linux HTTP/2" 200 1744 "-" "Mozilla/5.0 AppleWebKit/537.36 (KHTML, like Gecko; compatible; ClaudeBot/1.0; +claudebot@anthropic.com)"
216.73.216.88 - - [10/Mar/2026:07:28:07 -0500] "GET /intall.php?path=%2F%2Fopt%2Falt%2Fphp53%2Fusr%2Fshare%2Fxcache_3 HTTP/2" 200 1744 "-" "Mozilla/5.0 AppleWebKit/537.36 (KHTML, like Gecko; compatible; ClaudeBot/1.0; +claudebot@anthropic.com)"
216.73.216.88 - - [10/Mar/2026:07:28:12 -0500] "GET /intall.php?path=%2F%2Fusr%2Flib%2Frpm%2Fplatform%2Fi486-linux HTTP/2" 200 3093 "-" "Mozilla/5.0 AppleWebKit/537.36 (KHTML, like Gecko; compatible; ClaudeBot/1.0; +claudebot@anthropic.com)"
74.7.243.241 - - [10/Mar/2026:07:28:18 -0500] "GET /intall.php?fileloc=//proc/4068076/root/proc/4146075/root/var/softaculous/phpwcms/edit.php&path=//proc/4068076/root/proc/4146075/root/var/softaculous/phpwcms HTTP/2" 200 2826 "https://mail.coopserpugranltda.com/intall.php?path=//proc/4068076/root/proc/4146075/root/var/softaculous/phpwcms" "Mozilla/5.0 AppleWebKit/537.36 (KHTML, like Gecko; compatible; GPTBot/1.3; +https://openai.com/gptbot)"
57.141.6.40 - - [10/Mar/2026:07:28:18 -0500] "GET /?u=181997973237 HTTP/2" 200 0 "-" "meta-externalagent/1.1 (+https://developers.facebook.com/docs/sharing/webmasters/crawler)"
57.141.6.17 - - [10/Mar/2026:07:28:18 -0500] "GET /?u=87071732622 HTTP/2" 200 0 "-" "meta-externalagent/1.1 (+https://developers.facebook.com/docs/sharing/webmasters/crawler)"
216.73.216.88 - - [10/Mar/2026:07:28:12 -0500] "GET /intall.php?path=%2F%2Fopt%2Fcpanel%2Fea-php73%2Froot%2Fsbin HTTP/2" 200 3088 "-" "Mozilla/5.0 AppleWebKit/537.36 (KHTML, like Gecko; compatible; ClaudeBot/1.0; +claudebot@anthropic.com)"
74.7.243.241 - - [10/Mar/2026:07:28:18 -0500] "GET /intall.php?fileloc=//proc/4068076/root/proc/4146075/root/var/softaculous/tcexam/tce_paths.php&path=//proc/4068076/root/proc/4146075/root/var/softaculous/tcexam HTTP/2" 200 2824 "https://mail.coopserpugranltda.com/intall.php?path=//proc/4068076/root/proc/4146075/root/var/softaculous/tcexam" "Mozilla/5.0 AppleWebKit/537.36 (KHTML, like Gecko; compatible; GPTBot/1.3; +https://openai.com/gptbot)"
57.141.6.68 - - [10/Mar/2026:07:28:19 -0500] "GET /?u=374876198398 HTTP/2" 200 0 "-" "meta-externalagent/1.1 (+https://developers.facebook.com/docs/sharing/webmasters/crawler)"
57.141.6.5 - - [10/Mar/2026:07:28:19 -0500] "GET /?u=22400995643 HTTP/2" 200 0 "-" "meta-externalagent/1.1 (+https://developers.facebook.com/docs/sharing/webmasters/crawler)"
57.141.6.29 - - [10/Mar/2026:07:28:20 -0500] "GET /?u=436516927818 HTTP/2" 200 0 "-" "meta-externalagent/1.1 (+https://developers.facebook.com/docs/sharing/webmasters/crawler)"
57.141.6.29 - - [10/Mar/2026:07:28:20 -0500] "GET /index.php/??u=8196202868 HTTP/2" 200 0 "-" "meta-externalagent/1.1 (+https://developers.facebook.com/docs/sharing/webmasters/crawler)"
57.141.6.50 - - [10/Mar/2026:07:28:21 -0500] "GET /index.php/??u=15945254129 HTTP/2" 200 0 "-" "meta-externalagent/1.1 (+https://developers.facebook.com/docs/sharing/webmasters/crawler)"
57.141.6.51 - - [10/Mar/2026:07:28:22 -0500] "GET /?u=398539531502 HTTP/2" 200 0 "-" "meta-externalagent/1.1 (+https://developers.facebook.com/docs/sharing/webmasters/crawler)"
57.141.6.32 - - [10/Mar/2026:07:28:22 -0500] "GET /index.php/??u=137893805857 HTTP/2" 200 0 "-" "meta-externalagent/1.1 (+https://developers.facebook.com/docs/sharing/webmasters/crawler)"
216.73.216.88 - - [10/Mar/2026:07:28:17 -0500] "GET /intall.php?path=%2F%2Fopt%2Fcpanel%2Fea-php83%2Froot%2Fusr%2Fbin HTTP/2" 200 3401 "-" "Mozilla/5.0 AppleWebKit/537.36 (KHTML, like Gecko; compatible; ClaudeBot/1.0; +claudebot@anthropic.com)"
57.141.6.29 - - [10/Mar/2026:07:28:22 -0500] "GET /?u=446218898338 HTTP/2" 200 0 "-" "meta-externalagent/1.1 (+https://developers.facebook.com/docs/sharing/webmasters/crawler)"
74.7.243.241 - - [10/Mar/2026:07:28:22 -0500] "GET /intall.php?fileloc=//proc/4109454/root/proc/1464234/root/var/softaculous/moodle/add_admin.php&path=//proc/4109454/root/proc/1464234/root/var/softaculous/moodle HTTP/2" 200 2826 "https://mail.coopserpugranltda.com/intall.php?path=//proc/4109454/root/proc/1464234/root/var/softaculous/moodle" "Mozilla/5.0 AppleWebKit/537.36 (KHTML, like Gecko; compatible; GPTBot/1.3; +https://openai.com/gptbot)"
216.73.216.88 - - [10/Mar/2026:07:28:17 -0500] "GET /intall.php?path=%2F%2Fopt%2Falt%2Fphp52%2Fusr%2Fshare%2Fxcache_3 HTTP/2" 200 1744 "-" "Mozilla/5.0 AppleWebKit/537.36 (KHTML, like Gecko; compatible; ClaudeBot/1.0; +claudebot@anthropic.com)"
216.73.216.88 - - [10/Mar/2026:07:28:17 -0500] "GET /intall.php?path=%2F%2Fopt%2Fcpanel%2Fea-php84%2Froot%2Fusr%2Fbin HTTP/2" 200 1744 "-" "Mozilla/5.0 AppleWebKit/537.36 (KHTML, like Gecko; compatible; ClaudeBot/1.0; +claudebot@anthropic.com)"
57.141.6.42 - - [10/Mar/2026:07:28:23 -0500] "GET /?u=461398054472 HTTP/2" 200 0 "-" "meta-externalagent/1.1 (+https://developers.facebook.com/docs/sharing/webmasters/crawler)"
57.141.6.47 - - [10/Mar/2026:07:28:23 -0500] "GET /index.php/??u=406350952555 HTTP/2" 200 0 "-" "meta-externalagent/1.1 (+https://developers.facebook.com/docs/sharing/webmasters/crawler)"
57.141.6.51 - - [10/Mar/2026:07:28:24 -0500] "GET /?u=97694913081 HTTP/2" 200 0 "-" "meta-externalagent/1.1 (+https://developers.facebook.com/docs/sharing/webmasters/crawler)"
216.73.216.88 - - [10/Mar/2026:07:28:17 -0500] "GET /intall.php?path=%2F%2Fproc%2Fself%2Fcwd%2Fwp-content%2Fcache HTTP/2" 200 1744 "-" "Mozilla/5.0 AppleWebKit/537.36 (KHTML, like Gecko; compatible; ClaudeBot/1.0; +claudebot@anthropic.com)"
57.141.6.6 - - [10/Mar/2026:07:28:24 -0500] "GET /?u=279596346817 HTTP/2" 200 0 "-" "meta-externalagent/1.1 (+https://developers.facebook.com/docs/sharing/webmasters/crawler)"
57.141.6.2 - - [10/Mar/2026:07:28:25 -0500] "GET /index.php/??u=346130366317 HTTP/2" 200 0 "-" "meta-externalagent/1.1 (+https://developers.facebook.com/docs/sharing/webmasters/crawler)"
57.141.6.28 - - [10/Mar/2026:07:28:26 -0500] "GET /index.php/??u=378744482786 HTTP/2" 200 0 "-" "meta-externalagent/1.1 (+https://developers.facebook.com/docs/sharing/webmasters/crawler)"
57.141.6.72 - - [10/Mar/2026:07:28:26 -0500] "GET /?u=13624934005 HTTP/2" 200 0 "-" "meta-externalagent/1.1 (+https://developers.facebook.com/docs/sharing/webmasters/crawler)"
74.7.243.241 - - [10/Mar/2026:07:28:23 -0500] "GET /intall.php?fileloc=//proc/4146075/root/proc/4064534/root/var/softaculous/moodle/add_admin.php&path=//proc/4146075/root/proc/4064534/root/var/softaculous/moodle HTTP/2" 200 2827 "https://mail.coopserpugranltda.com/intall.php?path=//proc/4146075/root/proc/4064534/root/var/softaculous/moodle" "Mozilla/5.0 AppleWebKit/537.36 (KHTML, like Gecko; compatible; GPTBot/1.3; +https://openai.com/gptbot)"
57.141.6.24 - - [10/Mar/2026:07:28:27 -0500] "GET /index.php/??u=514064337516 HTTP/2" 200 0 "-" "meta-externalagent/1.1 (+https://developers.facebook.com/docs/sharing/webmasters/crawler)"
216.73.216.88 - - [10/Mar/2026:07:28:17 -0500] "GET /intall.php?path=%2F%2Fopt%2Fcpanel%2Fea-php56%2Froot%2Fvar%2Ftmp HTTP/2" 200 1744 "-" "Mozilla/5.0 AppleWebKit/537.36 (KHTML, like Gecko; compatible; ClaudeBot/1.0; +claudebot@anthropic.com)"
57.141.6.74 - - [10/Mar/2026:07:28:25 -0500] "GET /?u=491738597345 HTTP/2" 200 0 "-" "meta-externalagent/1.1 (+https://developers.facebook.com/docs/sharing/webmasters/crawler)"
216.73.216.88 - - [10/Mar/2026:07:28:27 -0500] "GET /intall.php?path=%2F%2Fopt%2Fcpanel%2Fea-php72%2Froot%2Fusr%2Fbin HTTP/2" 200 3432 "-" "Mozilla/5.0 AppleWebKit/537.36 (KHTML, like Gecko; compatible; ClaudeBot/1.0; +claudebot@anthropic.com)"
216.73.216.88 - - [10/Mar/2026:07:28:17 -0500] "GET /intall.php?path=%2F%2Fopt%2Fcpanel%2Fea-php74%2Froot%2Fusr%2Fbin HTTP/2" 200 1744 "-" "Mozilla/5.0 AppleWebKit/537.36 (KHTML, like Gecko; compatible; ClaudeBot/1.0; +claudebot@anthropic.com)"
74.7.243.241 - - [10/Mar/2026:07:28:27 -0500] "GET /intall.php?fileloc=//proc/4068076/root/proc/4146075/root/var/softaculous/orange/extend.php&path=//proc/4068076/root/proc/4146075/root/var/softaculous/orange HTTP/2" 200 2823 "https://mail.coopserpugranltda.com/intall.php?path=//proc/4068076/root/proc/4146075/root/var/softaculous/orange" "Mozilla/5.0 AppleWebKit/537.36 (KHTML, like Gecko; compatible; GPTBot/1.3; +https://openai.com/gptbot)"
216.73.216.88 - - [10/Mar/2026:07:28:17 -0500] "GET /intall.php?path=%2F%2Fusr%2Flib%2Fdracut%2Fmodules.d%2F97biosdevname HTTP/2" 200 1744 "-" "Mozilla/5.0 AppleWebKit/537.36 (KHTML, like Gecko; compatible; ClaudeBot/1.0; +claudebot@anthropic.com)"
57.141.6.14 - - [10/Mar/2026:07:28:28 -0500] "GET /index.php/??u=159609704116 HTTP/2" 200 0 "-" "meta-externalagent/1.1 (+https://developers.facebook.com/docs/sharing/webmasters/crawler)"
216.73.216.88 - - [10/Mar/2026:07:28:18 -0500] "GET /intall.php?path=%2F%2Fopt%2Fcpanel%2Fea-php80%2Froot%2Fusr%2Fbin HTTP/2" 200 1744 "-" "Mozilla/5.0 AppleWebKit/537.36 (KHTML, like Gecko; compatible; ClaudeBot/1.0; +claudebot@anthropic.com)"
216.73.216.88 - - [10/Mar/2026:07:28:22 -0500] "GET /intall.php?path=%2F%2Fopt%2Fcpanel%2Fea-php82%2Froot%2Fusr%2Fbin HTTP/2" 200 3431 "-" "Mozilla/5.0 AppleWebKit/537.36 (KHTML, like Gecko; compatible; ClaudeBot/1.0; +claudebot@anthropic.com)"
57.141.6.49 - - [10/Mar/2026:07:28:28 -0500] "GET /index.php/??u=436330452274 HTTP/2" 200 0 "-" "meta-externalagent/1.1 (+https://developers.facebook.com/docs/sharing/webmasters/crawler)"
216.73.216.88 - - [10/Mar/2026:07:28:18 -0500] "GET /intall.php?path=%2F%2Fopt%2Fcpanel%2Fea-php70%2Froot%2Fvar%2Ftmp HTTP/2" 200 1744 "-" "Mozilla/5.0 AppleWebKit/537.36 (KHTML, like Gecko; compatible; ClaudeBot/1.0; +claudebot@anthropic.com)"
74.7.243.241 - - [10/Mar/2026:07:28:28 -0500] "GET /intall.php?fileloc=//proc/4068076/root/proc/4146075/root/var/softaculous/omekas/update_pass.php&path=//proc/4068076/root/proc/4146075/root/var/softaculous/omekas HTTP/2" 200 2828 "https://mail.coopserpugranltda.com/intall.php?path=//proc/4068076/root/proc/4146075/root/var/softaculous/omekas" "Mozilla/5.0 AppleWebKit/537.36 (KHTML, like Gecko; compatible; GPTBot/1.3; +https://openai.com/gptbot)"
216.73.216.88 - - [10/Mar/2026:07:28:27 -0500] "GET /intall.php?path=%2F%2Fusr%2Flib%2Fdracut%2Fmodules.d%2F00bash HTTP/2" 200 3099 "-" "Mozilla/5.0 AppleWebKit/537.36 (KHTML, like Gecko; compatible; ClaudeBot/1.0; +claudebot@anthropic.com)"
57.141.6.41 - - [10/Mar/2026:07:28:28 -0500] "GET /index.php/??u=443325479826 HTTP/2" 200 0 "-" "meta-externalagent/1.1 (+https://developers.facebook.com/docs/sharing/webmasters/crawler)"
74.7.243.241 - - [10/Mar/2026:07:28:29 -0500] "GET /intall.php?fileloc=//proc/4068076/root/proc/4146075/root/var/softaculous/kimai/update_pass.php&path=//proc/4068076/root/proc/4146075/root/var/softaculous/kimai HTTP/2" 200 2833 "https://mail.coopserpugranltda.com/intall.php?path=//proc/4068076/root/proc/4146075/root/var/softaculous/kimai" "Mozilla/5.0 AppleWebKit/537.36 (KHTML, like Gecko; compatible; GPTBot/1.3; +https://openai.com/gptbot)"
57.141.6.30 - - [10/Mar/2026:07:28:29 -0500] "GET /?u=179418951625 HTTP/2" 200 0 "-" "meta-externalagent/1.1 (+https://developers.facebook.com/docs/sharing/webmasters/crawler)"
57.141.6.21 - - [10/Mar/2026:07:28:29 -0500] "GET /index.php/??u=479801562594 HTTP/2" 200 0 "-" "meta-externalagent/1.1 (+https://developers.facebook.com/docs/sharing/webmasters/crawler)"
57.141.6.61 - - [10/Mar/2026:07:28:30 -0500] "GET /index.php/??u=71813176658 HTTP/2" 200 0 "-" "meta-externalagent/1.1 (+https://developers.facebook.com/docs/sharing/webmasters/crawler)"
57.141.6.13 - - [10/Mar/2026:07:28:30 -0500] "GET /?u=294353815629 HTTP/2" 200 0 "-" "meta-externalagent/1.1 (+https://developers.facebook.com/docs/sharing/webmasters/crawler)"
57.141.6.33 - - [10/Mar/2026:07:28:31 -0500] "GET /index.php/??u=342561396493 HTTP/2" 200 0 "-" "meta-externalagent/1.1 (+https://developers.facebook.com/docs/sharing/webmasters/crawler)"
57.141.6.38 - - [10/Mar/2026:07:28:31 -0500] "GET /index.php/??u=228914105853 HTTP/2" 200 0 "-" "meta-externalagent/1.1 (+https://developers.facebook.com/docs/sharing/webmasters/crawler)"
57.141.6.17 - - [10/Mar/2026:07:28:32 -0500] "GET /index.php/??u=476047067033 HTTP/2" 200 0 "-" "meta-externalagent/1.1 (+https://developers.facebook.com/docs/sharing/webmasters/crawler)"
57.141.6.29 - - [10/Mar/2026:07:28:32 -0500] "GET /index.php/??u=377680910800 HTTP/2" 200 0 "-" "meta-externalagent/1.1 (+https://developers.facebook.com/docs/sharing/webmasters/crawler)"
74.7.243.241 - - [10/Mar/2026:07:28:33 -0500] "GET /intall.php?fileloc=//proc/4109454/root/proc/1464234/root/var/softaculous/miniflux/_edit.php&path=//proc/4109454/root/proc/1464234/root/var/softaculous/miniflux HTTP/2" 200 2821 "https://mail.coopserpugranltda.com/intall.php?path=//proc/4109454/root/proc/1464234/root/var/softaculous/miniflux" "Mozilla/5.0 AppleWebKit/537.36 (KHTML, like Gecko; compatible; GPTBot/1.3; +https://openai.com/gptbot)"
216.73.216.88 - - [10/Mar/2026:07:28:23 -0500] "GET /intall.php?path=%2F%2Fopt%2Falt%2Fphp81%2Fusr%2Fshare%2Fdoc HTTP/2" 200 1744 "-" "Mozilla/5.0 AppleWebKit/537.36 (KHTML, like Gecko; compatible; ClaudeBot/1.0; +claudebot@anthropic.com)"
57.141.6.9 - - [10/Mar/2026:07:28:33 -0500] "GET /?u=399304059159 HTTP/2" 200 0 "-" "meta-externalagent/1.1 (+https://developers.facebook.com/docs/sharing/webmasters/crawler)"
216.73.216.88 - - [10/Mar/2026:07:28:28 -0500] "GET /intall.php?path=%2F%2Fopt%2Fcpanel%2Fea-php73%2Froot%2Frun HTTP/2" 200 3079 "-" "Mozilla/5.0 AppleWebKit/537.36 (KHTML, like Gecko; compatible; ClaudeBot/1.0; +claudebot@anthropic.com)"
216.73.216.88 - - [10/Mar/2026:07:28:28 -0500] "GET /intall.php?path=%2F%2Fusr%2Flib%2Fdracut%2Fmodules.d%2F71prefixdevname-tools HTTP/2" 200 3115 "-" "Mozilla/5.0 AppleWebKit/537.36 (KHTML, like Gecko; compatible; ClaudeBot/1.0; +claudebot@anthropic.com)"
216.73.216.88 - - [10/Mar/2026:07:28:27 -0500] "GET /intall.php?path=%2F%2Fusr%2Flib%2Frpm%2Fplatform%2Fsh-linux HTTP/2" 200 3095 "-" "Mozilla/5.0 AppleWebKit/537.36 (KHTML, like Gecko; compatible; ClaudeBot/1.0; +claudebot@anthropic.com)"
216.73.216.88 - - [10/Mar/2026:07:28:27 -0500] "GET /intall.php?path=%2F%2Fusr%2Flib%2Frpm%2Fplatform%2Fppciseries-linux HTTP/2" 200 3100 "-" "Mozilla/5.0 AppleWebKit/537.36 (KHTML, like Gecko; compatible; ClaudeBot/1.0; +claudebot@anthropic.com)"
216.73.216.88 - - [10/Mar/2026:07:28:28 -0500] "GET /intall.php?path=%2F%2Fopt%2Fcpanel%2Fea-php83%2Froot%2Fvar%2Ftmp HTTP/2" 200 3080 "-" "Mozilla/5.0 AppleWebKit/537.36 (KHTML, like Gecko; compatible; ClaudeBot/1.0; +claudebot@anthropic.com)"
216.73.216.88 - - [10/Mar/2026:07:28:27 -0500] "GET /intall.php?path=%2F%2Fopt%2Fcpanel%2Fea-php84%2Froot%2Fvar%2Ftmp HTTP/2" 200 3080 "-" "Mozilla/5.0 AppleWebKit/537.36 (KHTML, like Gecko; compatible; ClaudeBot/1.0; +claudebot@anthropic.com)"
74.7.243.241 - - [10/Mar/2026:07:28:33 -0500] "GET /intall.php?fileloc=//proc/1464234/root/proc/3126627/root/var/softaculous/webmail/db_init.php&path=//proc/1464234/root/proc/3126627/root/var/softaculous/webmail HTTP/2" 200 2797 "https://mail.coopserpugranltda.com/intall.php?path=//proc/1464234/root/proc/3126627/root/var/softaculous/webmail" "Mozilla/5.0 AppleWebKit/537.36 (KHTML, like Gecko; compatible; GPTBot/1.3; +https://openai.com/gptbot)"
216.73.216.88 - - [10/Mar/2026:07:28:28 -0500] "GET /intall.php?path=%2F%2Fopt%2Fcpanel%2Fea-php74%2Froot%2Fvar%2Ftmp HTTP/2" 200 3080 "-" "Mozilla/5.0 AppleWebKit/537.36 (KHTML, like Gecko; compatible; ClaudeBot/1.0; +claudebot@anthropic.com)"
216.73.216.88 - - [10/Mar/2026:07:28:28 -0500] "GET /intall.php?path=%2F%2Fopt%2Falt%2Fphp54%2Fusr%2Fshare%2Fdoc HTTP/2" 200 3122 "-" "Mozilla/5.0 AppleWebKit/537.36 (KHTML, like Gecko; compatible; ClaudeBot/1.0; +claudebot@anthropic.com)"
57.141.6.36 - - [10/Mar/2026:07:28:33 -0500] "GET /index.php/??u=541489397376 HTTP/2" 200 0 "-" "meta-externalagent/1.1 (+https://developers.facebook.com/docs/sharing/webmasters/crawler)"
74.7.243.241 - - [10/Mar/2026:07:28:34 -0500] "GET /intall.php?fileloc=//proc/4146075/root/proc/1464234/root/var/softaculous/zurmo/update_pass.php&path=//proc/4146075/root/proc/1464234/root/var/softaculous/zurmo HTTP/2" 200 2834 "https://mail.coopserpugranltda.com/intall.php?path=//proc/4146075/root/proc/1464234/root/var/softaculous/zurmo" "Mozilla/5.0 AppleWebKit/537.36 (KHTML, like Gecko; compatible; GPTBot/1.3; +https://openai.com/gptbot)"
57.141.6.71 - - [10/Mar/2026:07:28:34 -0500] "GET /?u=490038446012 HTTP/2" 200 0 "-" "meta-externalagent/1.1 (+https://developers.facebook.com/docs/sharing/webmasters/crawler)"
74.7.243.241 - - [10/Mar/2026:07:28:34 -0500] "GET /intall.php?fileloc=//proc/4068076/root/proc/4146075/root/var/softaculous/schlix/config.inc.php&path=//proc/4068076/root/proc/4146075/root/var/softaculous/schlix HTTP/2" 200 2825 "https://mail.coopserpugranltda.com/intall.php?path=//proc/4068076/root/proc/4146075/root/var/softaculous/schlix" "Mozilla/5.0 AppleWebKit/537.36 (KHTML, like Gecko; compatible; GPTBot/1.3; +https://openai.com/gptbot)"
57.141.6.20 - - [10/Mar/2026:07:28:34 -0500] "GET /index.php/??u=573203839457 HTTP/2" 200 0 "-" "meta-externalagent/1.1 (+https://developers.facebook.com/docs/sharing/webmasters/crawler)"
74.7.243.241 - - [10/Mar/2026:07:28:35 -0500] "GET /intall.php?fileloc=//proc/1464234/root/proc/4109454/root/var/softaculous/subrion/_upgrade.php&path=//proc/1464234/root/proc/4109454/root/var/softaculous/subrion HTTP/2" 200 2829 "https://mail.coopserpugranltda.com/intall.php?path=//proc/1464234/root/proc/4109454/root/var/softaculous/subrion" "Mozilla/5.0 AppleWebKit/537.36 (KHTML, like Gecko; compatible; GPTBot/1.3; +https://openai.com/gptbot)"
57.141.6.48 - - [10/Mar/2026:07:28:35 -0500] "GET /?u=552140304616 HTTP/2" 200 0 "-" "meta-externalagent/1.1 (+https://developers.facebook.com/docs/sharing/webmasters/crawler)"
74.7.243.241 - - [10/Mar/2026:07:28:35 -0500] "GET /intall.php?fileloc=//proc/1464234/root/proc/4109454/root/var/softaculous/zenber/remove.php&path=//proc/1464234/root/proc/4109454/root/var/softaculous/zenber HTTP/2" 200 2825 "https://mail.coopserpugranltda.com/intall.php?path=//proc/1464234/root/proc/4109454/root/var/softaculous/zenber" "Mozilla/5.0 AppleWebKit/537.36 (KHTML, like Gecko; compatible; GPTBot/1.3; +https://openai.com/gptbot)"
57.141.6.69 - - [10/Mar/2026:07:28:35 -0500] "GET /index.php/??u=325206602639 HTTP/2" 200 0 "-" "meta-externalagent/1.1 (+https://developers.facebook.com/docs/sharing/webmasters/crawler)"
57.141.6.20 - - [10/Mar/2026:07:28:36 -0500] "GET /?u=529861410879 HTTP/2" 200 0 "-" "meta-externalagent/1.1 (+https://developers.facebook.com/docs/sharing/webmasters/crawler)"
74.7.243.241 - - [10/Mar/2026:07:28:36 -0500] "GET /intall.php?fileloc=//proc/3126627/root/proc/1464234/root/var/softaculous/miniflux/_edit.php&path=//proc/3126627/root/proc/1464234/root/var/softaculous/miniflux HTTP/2" 200 2822 "https://mail.coopserpugranltda.com/intall.php?path=//proc/3126627/root/proc/1464234/root/var/softaculous/miniflux" "Mozilla/5.0 AppleWebKit/537.36 (KHTML, like Gecko; compatible; GPTBot/1.3; +https://openai.com/gptbot)"
57.141.6.61 - - [10/Mar/2026:07:28:36 -0500] "GET /?u=16102274744 HTTP/2" 200 0 "-" "meta-externalagent/1.1 (+https://developers.facebook.com/docs/sharing/webmasters/crawler)"
74.7.243.241 - - [10/Mar/2026:07:28:36 -0500] "GET /intall.php?fileloc=//proc/4146075/root/proc/1464234/root/var/softaculous/pmwiki/update_pass.php&path=//proc/4146075/root/proc/1464234/root/var/softaculous/pmwiki HTTP/2" 200 2825 "https://mail.coopserpugranltda.com/intall.php?path=//proc/4146075/root/proc/1464234/root/var/softaculous/pmwiki" "Mozilla/5.0 AppleWebKit/537.36 (KHTML, like Gecko; compatible; GPTBot/1.3; +https://openai.com/gptbot)"
57.141.6.45 - - [10/Mar/2026:07:28:37 -0500] "GET /?u=63353276853 HTTP/2" 200 0 "-" "meta-externalagent/1.1 (+https://developers.facebook.com/docs/sharing/webmasters/crawler)"
74.7.243.241 - - [10/Mar/2026:07:28:37 -0500] "GET /intall.php?fileloc=//proc/4146075/root/proc/1464234/root/var/softaculous/zenber/remove.php&path=//proc/4146075/root/proc/1464234/root/var/softaculous/zenber HTTP/2" 200 2825 "https://mail.coopserpugranltda.com/intall.php?path=//proc/4146075/root/proc/1464234/root/var/softaculous/zenber" "Mozilla/5.0 AppleWebKit/537.36 (KHTML, like Gecko; compatible; GPTBot/1.3; +https://openai.com/gptbot)"
57.141.6.10 - - [10/Mar/2026:07:28:37 -0500] "GET /index.php/??u=18382800988 HTTP/2" 200 0 "-" "meta-externalagent/1.1 (+https://developers.facebook.com/docs/sharing/webmasters/crawler)"
74.7.243.241 - - [10/Mar/2026:07:28:37 -0500] "GET /intall.php?fileloc=//proc/4146075/root/proc/4064534/root/var/softaculous/mantis/config_inc.php&path=//proc/4146075/root/proc/4064534/root/var/softaculous/mantis HTTP/2" 200 2825 "https://mail.coopserpugranltda.com/intall.php?path=//proc/4146075/root/proc/4064534/root/var/softaculous/mantis" "Mozilla/5.0 AppleWebKit/537.36 (KHTML, like Gecko; compatible; GPTBot/1.3; +https://openai.com/gptbot)"
57.141.6.40 - - [10/Mar/2026:07:28:38 -0500] "GET /index.php/??u=187018562534 HTTP/2" 200 0 "-" "meta-externalagent/1.1 (+https://developers.facebook.com/docs/sharing/webmasters/crawler)"
74.7.243.241 - - [10/Mar/2026:07:28:38 -0500] "GET /intall.php?fileloc=//proc/4109454/root/proc/4113603/root/var/softaculous/pagekit/edit.php&path=//proc/4109454/root/proc/4113603/root/var/softaculous/pagekit HTTP/2" 200 2825 "https://mail.coopserpugranltda.com/intall.php?path=//proc/4109454/root/proc/4113603/root/var/softaculous/pagekit" "Mozilla/5.0 AppleWebKit/537.36 (KHTML, like Gecko; compatible; GPTBot/1.3; +https://openai.com/gptbot)"
57.141.6.60 - - [10/Mar/2026:07:28:38 -0500] "GET /index.php/??u=194916969822 HTTP/2" 200 0 "-" "meta-externalagent/1.1 (+https://developers.facebook.com/docs/sharing/webmasters/crawler)"
74.7.243.241 - - [10/Mar/2026:07:28:38 -0500] "GET /intall.php?fileloc=//proc/1464234/root/proc/4113603/root/var/softaculous/piwigo/database.inc.php&path=//proc/1464234/root/proc/4113603/root/var/softaculous/piwigo HTTP/2" 200 2824 "https://mail.coopserpugranltda.com/intall.php?path=//proc/1464234/root/proc/4113603/root/var/softaculous/piwigo" "Mozilla/5.0 AppleWebKit/537.36 (KHTML, like Gecko; compatible; GPTBot/1.3; +https://openai.com/gptbot)"
51.195.244.20 - - [10/Mar/2026:07:28:39 -0500] "GET /siteground-migrator.tar.gz HTTP/2" 200 65536 "-" "Mozilla/5.0 (compatible; AhrefsBot/7.0; +http://ahrefs.com/robot/)"
74.7.243.241 - - [10/Mar/2026:07:28:39 -0500] "GET /intall.php?fileloc=//proc/4146075/root/proc/1464234/root/var/softaculous/thbees/extend.php&path=//proc/4146075/root/proc/1464234/root/var/softaculous/thbees HTTP/2" 200 2822 "https://mail.coopserpugranltda.com/intall.php?path=//proc/4146075/root/proc/1464234/root/var/softaculous/thbees" "Mozilla/5.0 AppleWebKit/537.36 (KHTML, like Gecko; compatible; GPTBot/1.3; +https://openai.com/gptbot)"
57.141.6.60 - - [10/Mar/2026:07:28:39 -0500] "GET /?u=459350079272 HTTP/2" 200 0 "-" "meta-externalagent/1.1 (+https://developers.facebook.com/docs/sharing/webmasters/crawler)"
57.141.6.51 - - [10/Mar/2026:07:28:39 -0500] "GET /index.php/??u=174210751172 HTTP/2" 200 0 "-" "meta-externalagent/1.1 (+https://developers.facebook.com/docs/sharing/webmasters/crawler)"
74.7.243.241 - - [10/Mar/2026:07:28:39 -0500] "GET /intall.php?fileloc=//proc/4109454/root/proc/4113603/root/var/softaculous/koken/database.php&path=//proc/4109454/root/proc/4113603/root/var/softaculous/koken HTTP/2" 200 2827 "https://mail.coopserpugranltda.com/intall.php?path=//proc/4109454/root/proc/4113603/root/var/softaculous/koken" "Mozilla/5.0 AppleWebKit/537.36 (KHTML, like Gecko; compatible; GPTBot/1.3; +https://openai.com/gptbot)"
57.141.6.49 - - [10/Mar/2026:07:28:40 -0500] "GET /?u=247816168402 HTTP/2" 200 0 "-" "meta-externalagent/1.1 (+https://developers.facebook.com/docs/sharing/webmasters/crawler)"
74.7.243.241 - - [10/Mar/2026:07:28:40 -0500] "GET /intall.php?fileloc=//proc/4068076/root/proc/4146075/root/var/softaculous/handesk/edit.php&path=//proc/4068076/root/proc/4146075/root/var/softaculous/handesk HTTP/2" 200 2826 "https://mail.coopserpugranltda.com/intall.php?path=//proc/4068076/root/proc/4146075/root/var/softaculous/handesk" "Mozilla/5.0 AppleWebKit/537.36 (KHTML, like Gecko; compatible; GPTBot/1.3; +https://openai.com/gptbot)"
57.141.6.42 - - [10/Mar/2026:07:28:40 -0500] "GET /?u=394268972893 HTTP/2" 200 0 "-" "meta-externalagent/1.1 (+https://developers.facebook.com/docs/sharing/webmasters/crawler)"
74.7.243.241 - - [10/Mar/2026:07:28:40 -0500] "GET /intall.php?fileloc=//proc/4146075/root/proc/1464234/root/var/softaculous/slims/update_pass.php&path=//proc/4146075/root/proc/1464234/root/var/softaculous/slims HTTP/2" 200 2832 "https://mail.coopserpugranltda.com/intall.php?path=//proc/4146075/root/proc/1464234/root/var/softaculous/slims" "Mozilla/5.0 AppleWebKit/537.36 (KHTML, like Gecko; compatible; GPTBot/1.3; +https://openai.com/gptbot)"
57.141.6.40 - - [10/Mar/2026:07:28:41 -0500] "GET /index.php/??u=291670929632 HTTP/2" 200 0 "-" "meta-externalagent/1.1 (+https://developers.facebook.com/docs/sharing/webmasters/crawler)"
74.7.243.241 - - [10/Mar/2026:07:28:41 -0500] "GET /intall.php?fileloc=//proc/4109454/root/proc/4113603/root/var/softaculous/zikula/soft_delete.php&path=//proc/4109454/root/proc/4113603/root/var/softaculous/zikula HTTP/2" 200 2826 "https://mail.coopserpugranltda.com/intall.php?path=//proc/4109454/root/proc/4113603/root/var/softaculous/zikula" "Mozilla/5.0 AppleWebKit/537.36 (KHTML, like Gecko; compatible; GPTBot/1.3; +https://openai.com/gptbot)"
57.141.6.38 - - [10/Mar/2026:07:28:41 -0500] "GET /?u=424642865516 HTTP/2" 200 0 "-" "meta-externalagent/1.1 (+https://developers.facebook.com/docs/sharing/webmasters/crawler)"
57.141.6.46 - - [10/Mar/2026:07:28:42 -0500] "GET /?u=330312137820 HTTP/2" 200 0 "-" "meta-externalagent/1.1 (+https://developers.facebook.com/docs/sharing/webmasters/crawler)"
74.7.243.241 - - [10/Mar/2026:07:28:42 -0500] "GET /intall.php?fileloc=//proc/4146075/root/proc/1464234/root/var/softaculous/burden/import.php&path=//proc/4146075/root/proc/1464234/root/var/softaculous/burden HTTP/2" 200 2824 "https://mail.coopserpugranltda.com/intall.php?path=//proc/4146075/root/proc/1464234/root/var/softaculous/burden" "Mozilla/5.0 AppleWebKit/537.36 (KHTML, like Gecko; compatible; GPTBot/1.3; +https://openai.com/gptbot)"
74.7.243.241 - - [10/Mar/2026:07:28:42 -0500] "GET /intall.php?fileloc=//proc/4064534/root/proc/4146075/root/var/softaculous/omekas/extend.php&path=//proc/4064534/root/proc/4146075/root/var/softaculous/omekas HTTP/2" 200 2823 "https://mail.coopserpugranltda.com/intall.php?path=//proc/4064534/root/proc/4146075/root/var/softaculous/omekas" "Mozilla/5.0 AppleWebKit/537.36 (KHTML, like Gecko; compatible; GPTBot/1.3; +https://openai.com/gptbot)"
57.141.6.17 - - [10/Mar/2026:07:28:42 -0500] "GET /index.php/??u=293649097046 HTTP/2" 200 0 "-" "meta-externalagent/1.1 (+https://developers.facebook.com/docs/sharing/webmasters/crawler)"
74.7.243.241 - - [10/Mar/2026:07:28:43 -0500] "GET /intall.php?fileloc=//proc/4064534/root/proc/4146075/root/var/softaculous/eventum/edit.php&path=//proc/4064534/root/proc/4146075/root/var/softaculous/eventum HTTP/2" 200 2826 "https://mail.coopserpugranltda.com/intall.php?path=//proc/4064534/root/proc/4146075/root/var/softaculous/eventum" "Mozilla/5.0 AppleWebKit/537.36 (KHTML, like Gecko; compatible; GPTBot/1.3; +https://openai.com/gptbot)"
57.141.6.27 - - [10/Mar/2026:07:28:43 -0500] "GET /?u=440619076934 HTTP/2" 200 0 "-" "meta-externalagent/1.1 (+https://developers.facebook.com/docs/sharing/webmasters/crawler)"
74.7.243.241 - - [10/Mar/2026:07:28:43 -0500] "GET /intall.php?fileloc=//proc/1464234/root/proc/4113603/root/var/softaculous/unmark/update_pass.php&path=//proc/1464234/root/proc/4113603/root/var/softaculous/unmark HTTP/2" 200 2825 "https://mail.coopserpugranltda.com/intall.php?path=//proc/1464234/root/proc/4113603/root/var/softaculous/unmark" "Mozilla/5.0 AppleWebKit/537.36 (KHTML, like Gecko; compatible; GPTBot/1.3; +https://openai.com/gptbot)"
57.141.6.23 - - [10/Mar/2026:07:28:43 -0500] "GET /index.php/??u=98423419215 HTTP/2" 200 0 "-" "meta-externalagent/1.1 (+https://developers.facebook.com/docs/sharing/webmasters/crawler)"
74.7.243.241 - - [10/Mar/2026:07:28:44 -0500] "GET /intall.php?fileloc=//proc/4109454/root/proc/1464234/root/var/softaculous/vtiger/extend.php&path=//proc/4109454/root/proc/1464234/root/var/softaculous/vtiger HTTP/2" 200 2823 "https://mail.coopserpugranltda.com/intall.php?path=//proc/4109454/root/proc/1464234/root/var/softaculous/vtiger" "Mozilla/5.0 AppleWebKit/537.36 (KHTML, like Gecko; compatible; GPTBot/1.3; +https://openai.com/gptbot)"
57.141.6.50 - - [10/Mar/2026:07:28:44 -0500] "GET /index.php/??u=271227615691 HTTP/2" 200 0 "-" "meta-externalagent/1.1 (+https://developers.facebook.com/docs/sharing/webmasters/crawler)"
74.7.243.241 - - [10/Mar/2026:07:28:44 -0500] "GET /intall.php?fileloc=//proc/1464234/root/proc/4113603/root/var/softaculous/bbpress/_index.php&path=//proc/1464234/root/proc/4113603/root/var/softaculous/bbpress HTTP/2" 200 2824 "https://mail.coopserpugranltda.com/intall.php?path=//proc/1464234/root/proc/4113603/root/var/softaculous/bbpress" "Mozilla/5.0 AppleWebKit/537.36 (KHTML, like Gecko; compatible; GPTBot/1.3; +https://openai.com/gptbot)"
57.141.6.5 - - [10/Mar/2026:07:28:44 -0500] "GET /index.php/??u=153934649481 HTTP/2" 200 0 "-" "meta-externalagent/1.1 (+https://developers.facebook.com/docs/sharing/webmasters/crawler)"
74.7.243.241 - - [10/Mar/2026:07:28:45 -0500] "GET /intall.php?fileloc=//proc/4146075/root/proc/1464234/root/var/softaculous/pagekit/edit.php&path=//proc/4146075/root/proc/1464234/root/var/softaculous/pagekit HTTP/2" 200 2826 "https://mail.coopserpugranltda.com/intall.php?path=//proc/4146075/root/proc/1464234/root/var/softaculous/pagekit" "Mozilla/5.0 AppleWebKit/537.36 (KHTML, like Gecko; compatible; GPTBot/1.3; +https://openai.com/gptbot)"
57.141.6.15 - - [10/Mar/2026:07:28:45 -0500] "GET /?u=45977623676 HTTP/2" 200 0 "-" "meta-externalagent/1.1 (+https://developers.facebook.com/docs/sharing/webmasters/crawler)"
74.7.243.241 - - [10/Mar/2026:07:28:45 -0500] "GET /intall.php?fileloc=//proc/1464234/root/proc/4109454/root/var/softaculous/layerbb/edit.php&path=//proc/1464234/root/proc/4109454/root/var/softaculous/layerbb HTTP/2" 200 2826 "https://mail.coopserpugranltda.com/intall.php?path=//proc/1464234/root/proc/4109454/root/var/softaculous/layerbb" "Mozilla/5.0 AppleWebKit/537.36 (KHTML, like Gecko; compatible; GPTBot/1.3; +https://openai.com/gptbot)"
57.141.6.7 - - [10/Mar/2026:07:28:45 -0500] "GET /index.php/??u=347050515307 HTTP/2" 200 0 "-" "meta-externalagent/1.1 (+https://developers.facebook.com/docs/sharing/webmasters/crawler)"
57.141.6.53 - - [10/Mar/2026:07:28:46 -0500] "GET /?u=125272600002 HTTP/2" 200 0 "-" "meta-externalagent/1.1 (+https://developers.facebook.com/docs/sharing/webmasters/crawler)"
74.7.243.241 - - [10/Mar/2026:07:28:46 -0500] "GET /intall.php?fileloc=//proc/4068076/root/proc/4146075/root/var/softaculous/piwik/config.ini.php&path=//proc/4068076/root/proc/4146075/root/var/softaculous/piwik HTTP/2" 403 1543 "https://mail.coopserpugranltda.com/intall.php?path=//proc/4068076/root/proc/4146075/root/var/softaculous/piwik" "Mozilla/5.0 AppleWebKit/537.36 (KHTML, like Gecko; compatible; GPTBot/1.3; +https://openai.com/gptbot)"
57.141.6.71 - - [10/Mar/2026:07:28:46 -0500] "GET /index.php/??u=291640984638 HTTP/2" 200 0 "-" "meta-externalagent/1.1 (+https://developers.facebook.com/docs/sharing/webmasters/crawler)"
74.7.243.241 - - [10/Mar/2026:07:28:46 -0500] "GET /intall.php?fileloc=//proc/1464234/root/proc/4109454/root/var/softaculous/ninja/update_pass.php&path=//proc/1464234/root/proc/4109454/root/var/softaculous/ninja HTTP/2" 200 2833 "https://mail.coopserpugranltda.com/intall.php?path=//proc/1464234/root/proc/4109454/root/var/softaculous/ninja" "Mozilla/5.0 AppleWebKit/537.36 (KHTML, like Gecko; compatible; GPTBot/1.3; +https://openai.com/gptbot)"
74.7.243.241 - - [10/Mar/2026:07:28:47 -0500] "GET /intall.php?fileloc=//proc/1464234/root/proc/4109454/root/var/softaculous/wikka/wikka.config.php&path=//proc/1464234/root/proc/4109454/root/var/softaculous/wikka HTTP/2" 200 2830 "https://mail.coopserpugranltda.com/intall.php?path=//proc/1464234/root/proc/4109454/root/var/softaculous/wikka" "Mozilla/5.0 AppleWebKit/537.36 (KHTML, like Gecko; compatible; GPTBot/1.3; +https://openai.com/gptbot)"
57.141.6.72 - - [10/Mar/2026:07:28:47 -0500] "GET /?u=201779406616 HTTP/2" 200 0 "-" "meta-externalagent/1.1 (+https://developers.facebook.com/docs/sharing/webmasters/crawler)"
57.141.6.59 - - [10/Mar/2026:07:28:47 -0500] "GET /index.php/??u=335672674358 HTTP/2" 200 0 "-" "meta-externalagent/1.1 (+https://developers.facebook.com/docs/sharing/webmasters/crawler)"
74.7.243.241 - - [10/Mar/2026:07:28:47 -0500] "GET /intall.php?fileloc=//proc/4068076/root/proc/4146075/root/var/softaculous/plikli/extend.php&path=//proc/4068076/root/proc/4146075/root/var/softaculous/plikli HTTP/2" 200 2823 "https://mail.coopserpugranltda.com/intall.php?path=//proc/4068076/root/proc/4146075/root/var/softaculous/plikli" "Mozilla/5.0 AppleWebKit/537.36 (KHTML, like Gecko; compatible; GPTBot/1.3; +https://openai.com/gptbot)"
74.7.243.241 - - [10/Mar/2026:07:28:49 -0500] "GET /intall.php?fileloc=//proc/1464234/root/proc/3126627/root/var/softaculous/vtiger/check_suphp.php&path=//proc/1464234/root/proc/3126627/root/var/softaculous/vtiger HTTP/2" 200 2828 "https://mail.coopserpugranltda.com/intall.php?path=//proc/1464234/root/proc/3126627/root/var/softaculous/vtiger" "Mozilla/5.0 AppleWebKit/537.36 (KHTML, like Gecko; compatible; GPTBot/1.3; +https://openai.com/gptbot)"
57.141.6.64 - - [10/Mar/2026:07:28:49 -0500] "GET /?u=242357855319 HTTP/2" 200 0 "-" "meta-externalagent/1.1 (+https://developers.facebook.com/docs/sharing/webmasters/crawler)"
57.141.6.6 - - [10/Mar/2026:07:28:49 -0500] "GET /index.php/??u=126752675969 HTTP/2" 200 0 "-" "meta-externalagent/1.1 (+https://developers.facebook.com/docs/sharing/webmasters/crawler)"
57.141.6.23 - - [10/Mar/2026:07:28:49 -0500] "GET /index.php/??u=62997885128 HTTP/2" 200 0 "-" "meta-externalagent/1.1 (+https://developers.facebook.com/docs/sharing/webmasters/crawler)"
74.7.243.241 - - [10/Mar/2026:07:28:49 -0500] "GET /intall.php?fileloc=//proc/1464234/root/proc/4146075/root/var/softaculous/nibble/import.php&path=//proc/1464234/root/proc/4146075/root/var/softaculous/nibble HTTP/2" 200 2823 "https://mail.coopserpugranltda.com/intall.php?path=//proc/1464234/root/proc/4146075/root/var/softaculous/nibble" "Mozilla/5.0 AppleWebKit/537.36 (KHTML, like Gecko; compatible; GPTBot/1.3; +https://openai.com/gptbot)"
57.141.6.45 - - [10/Mar/2026:07:28:49 -0500] "GET /?u=233289273915 HTTP/2" 200 0 "-" "meta-externalagent/1.1 (+https://developers.facebook.com/docs/sharing/webmasters/crawler)"
74.7.243.241 - - [10/Mar/2026:07:28:50 -0500] "GET /intall.php?fileloc=//proc/4109454/root/proc/1464234/root/var/softaculous/koken/database.php&path=//proc/4109454/root/proc/1464234/root/var/softaculous/koken HTTP/2" 200 2828 "https://mail.coopserpugranltda.com/intall.php?path=//proc/4109454/root/proc/1464234/root/var/softaculous/koken" "Mozilla/5.0 AppleWebKit/537.36 (KHTML, like Gecko; compatible; GPTBot/1.3; +https://openai.com/gptbot)"
57.141.6.16 - - [10/Mar/2026:07:28:50 -0500] "GET /?u=159323852991 HTTP/2" 200 0 "-" "meta-externalagent/1.1 (+https://developers.facebook.com/docs/sharing/webmasters/crawler)"
74.7.243.241 - - [10/Mar/2026:07:28:50 -0500] "GET /intall.php?fileloc=//proc/1464234/root/proc/4146075/root/var/softaculous/magento/edit.php&path=//proc/1464234/root/proc/4146075/root/var/softaculous/magento HTTP/2" 200 2826 "https://mail.coopserpugranltda.com/intall.php?path=//proc/1464234/root/proc/4146075/root/var/softaculous/magento" "Mozilla/5.0 AppleWebKit/537.36 (KHTML, like Gecko; compatible; GPTBot/1.3; +https://openai.com/gptbot)"
57.141.6.10 - - [10/Mar/2026:07:28:50 -0500] "GET /?u=523847038343 HTTP/2" 200 0 "-" "meta-externalagent/1.1 (+https://developers.facebook.com/docs/sharing/webmasters/crawler)"
74.7.243.241 - - [10/Mar/2026:07:28:51 -0500] "GET /intall.php?fileloc=//proc/4146075/root/proc/1464234/root/var/softaculous/thbees/settings.inc.php&path=//proc/4146075/root/proc/1464234/root/var/softaculous/thbees HTTP/2" 200 2824 "https://mail.coopserpugranltda.com/intall.php?path=//proc/4146075/root/proc/1464234/root/var/softaculous/thbees" "Mozilla/5.0 AppleWebKit/537.36 (KHTML, like Gecko; compatible; GPTBot/1.3; +https://openai.com/gptbot)"
57.141.6.36 - - [10/Mar/2026:07:28:51 -0500] "GET /index.php/??u=475225941584 HTTP/2" 200 0 "-" "meta-externalagent/1.1 (+https://developers.facebook.com/docs/sharing/webmasters/crawler)"
57.141.6.67 - - [10/Mar/2026:07:28:51 -0500] "GET /?u=47962422494 HTTP/2" 200 0 "-" "meta-externalagent/1.1 (+https://developers.facebook.com/docs/sharing/webmasters/crawler)"
74.7.243.241 - - [10/Mar/2026:07:28:51 -0500] "GET /intall.php?fileloc=//proc/4064534/root/proc/4146075/root/var/softaculous/humhub/update_pass.php&path=//proc/4064534/root/proc/4146075/root/var/softaculous/humhub HTTP/2" 200 2826 "https://mail.coopserpugranltda.com/intall.php?path=//proc/4064534/root/proc/4146075/root/var/softaculous/humhub" "Mozilla/5.0 AppleWebKit/537.36 (KHTML, like Gecko; compatible; GPTBot/1.3; +https://openai.com/gptbot)"
74.7.243.241 - - [10/Mar/2026:07:28:52 -0500] "GET /intall.php?fileloc=//proc/4068076/root/proc/4146075/root/var/softaculous/htmly/update_pass.php&path=//proc/4068076/root/proc/4146075/root/var/softaculous/htmly HTTP/2" 200 2833 "https://mail.coopserpugranltda.com/intall.php?path=//proc/4068076/root/proc/4146075/root/var/softaculous/htmly" "Mozilla/5.0 AppleWebKit/537.36 (KHTML, like Gecko; compatible; GPTBot/1.3; +https://openai.com/gptbot)"
57.141.6.47 - - [10/Mar/2026:07:28:52 -0500] "GET /index.php/??u=419570896923 HTTP/2" 200 0 "-" "meta-externalagent/1.1 (+https://developers.facebook.com/docs/sharing/webmasters/crawler)"
74.7.243.241 - - [10/Mar/2026:07:28:52 -0500] "GET /intall.php?fileloc=//proc/4146075/root/proc/1464234/root/var/softaculous/handesk/edit.php&path=//proc/4146075/root/proc/1464234/root/var/softaculous/handesk HTTP/2" 200 2826 "https://mail.coopserpugranltda.com/intall.php?path=//proc/4146075/root/proc/1464234/root/var/softaculous/handesk" "Mozilla/5.0 AppleWebKit/537.36 (KHTML, like Gecko; compatible; GPTBot/1.3; +https://openai.com/gptbot)"
57.141.6.23 - - [10/Mar/2026:07:28:52 -0500] "GET /index.php/??u=117006841738 HTTP/2" 200 0 "-" "meta-externalagent/1.1 (+https://developers.facebook.com/docs/sharing/webmasters/crawler)"
57.141.6.51 - - [10/Mar/2026:07:28:53 -0500] "GET /?u=181956285507 HTTP/2" 200 0 "-" "meta-externalagent/1.1 (+https://developers.facebook.com/docs/sharing/webmasters/crawler)"
74.7.243.241 - - [10/Mar/2026:07:28:53 -0500] "GET /intall.php?fileloc=//proc/4113603/root/proc/1464234/root/var/softaculous/yeti/user_privileges_1.php&path=//proc/4113603/root/proc/1464234/root/var/softaculous/yeti HTTP/2" 200 2830 "https://mail.coopserpugranltda.com/intall.php?path=//proc/4113603/root/proc/1464234/root/var/softaculous/yeti" "Mozilla/5.0 AppleWebKit/537.36 (KHTML, like Gecko; compatible; GPTBot/1.3; +https://openai.com/gptbot)"
57.141.6.63 - - [10/Mar/2026:07:28:53 -0500] "GET /?u=228473750518 HTTP/2" 200 0 "-" "meta-externalagent/1.1 (+https://developers.facebook.com/docs/sharing/webmasters/crawler)"
74.7.243.241 - - [10/Mar/2026:07:28:53 -0500] "GET /intall.php?fileloc=//proc/4064534/root/proc/4146075/root/var/softaculous/zencart/configure_.php&path=//proc/4064534/root/proc/4146075/root/var/softaculous/zencart HTTP/2" 200 2831 "https://mail.coopserpugranltda.com/intall.php?path=//proc/4064534/root/proc/4146075/root/var/softaculous/zencart" "Mozilla/5.0 AppleWebKit/537.36 (KHTML, like Gecko; compatible; GPTBot/1.3; +https://openai.com/gptbot)"
57.141.6.50 - - [10/Mar/2026:07:28:54 -0500] "GET /index.php/??u=184419690275 HTTP/2" 200 0 "-" "meta-externalagent/1.1 (+https://developers.facebook.com/docs/sharing/webmasters/crawler)"
74.7.243.241 - - [10/Mar/2026:07:28:54 -0500] "GET /intall.php?fileloc=//proc/4064534/root/proc/4146075/root/var/softaculous/zikula/check_suphp.php&path=//proc/4064534/root/proc/4146075/root/var/softaculous/zikula HTTP/2" 200 2828 "https://mail.coopserpugranltda.com/intall.php?path=//proc/4064534/root/proc/4146075/root/var/softaculous/zikula" "Mozilla/5.0 AppleWebKit/537.36 (KHTML, like Gecko; compatible; GPTBot/1.3; +https://openai.com/gptbot)"
57.141.6.74 - - [10/Mar/2026:07:28:54 -0500] "GET /index.php/??u=370666515397 HTTP/2" 200 0 "-" "meta-externalagent/1.1 (+https://developers.facebook.com/docs/sharing/webmasters/crawler)"
74.7.243.241 - - [10/Mar/2026:07:28:54 -0500] "GET /intall.php?fileloc=//proc/4109454/root/proc/4113603/root/var/softaculous/lychee/extend.php&path=//proc/4109454/root/proc/4113603/root/var/softaculous/lychee HTTP/2" 200 2822 "https://mail.coopserpugranltda.com/intall.php?path=//proc/4109454/root/proc/4113603/root/var/softaculous/lychee" "Mozilla/5.0 AppleWebKit/537.36 (KHTML, like Gecko; compatible; GPTBot/1.3; +https://openai.com/gptbot)"
74.7.243.241 - - [10/Mar/2026:07:28:55 -0500] "GET /intall.php?fileloc=//proc/4146075/root/proc/1464234/root/var/softaculous/yourls/mod_upgrade.php&path=//proc/4146075/root/proc/1464234/root/var/softaculous/yourls HTTP/2" 200 2826 "https://mail.coopserpugranltda.com/intall.php?path=//proc/4146075/root/proc/1464234/root/var/softaculous/yourls" "Mozilla/5.0 AppleWebKit/537.36 (KHTML, like Gecko; compatible; GPTBot/1.3; +https://openai.com/gptbot)"
57.141.6.12 - - [10/Mar/2026:07:28:55 -0500] "GET /?u=524283620865 HTTP/2" 200 0 "-" "meta-externalagent/1.1 (+https://developers.facebook.com/docs/sharing/webmasters/crawler)"
57.141.6.59 - - [10/Mar/2026:07:28:55 -0500] "GET /?u=319256041673 HTTP/2" 200 0 "-" "meta-externalagent/1.1 (+https://developers.facebook.com/docs/sharing/webmasters/crawler)"
