57.141.0.64 - - [17/Mar/2026:07:12:54 -0500] "GET /?u=104175750445 HTTP/2" 200 0 "-" "meta-externalagent/1.1 (+https://developers.facebook.com/docs/sharing/webmasters/crawler)"
216.73.216.118 - - [17/Mar/2026:07:12:54 -0500] "GET /intall.php?fileloc=%2F%2Fproc%2Fself%2Froot%2Fproc%2Fself%2Froot%2Fproc%2Fself%2Froot%2Flib%2Ffirmware%2Fti%2Ftas2781%2FTAS2XXX3882.bin.xz&path=%2F%2Fproc%2Fself%2Froot%2Fproc%2Fself%2Froot%2Fproc%2Fself%2Froot%2Flib%2Ffirmware%2Fti%2Ftas2781 HTTP/2" 200 6963 "-" "Mozilla/5.0 AppleWebKit/537.36 (KHTML, like Gecko; compatible; ClaudeBot/1.0; +claudebot@anthropic.com)"
216.73.216.118 - - [17/Mar/2026:07:12:54 -0500] "GET /intall.php?fileloc=%2F%2Fproc%2Fself%2Froot%2Flib%2Ffirmware%2Fnvidia%2Ftu116%2Fgr%2Ffecs_inst.bin.xz&path=%2F%2Fproc%2Fself%2Froot%2Flib%2Ffirmware%2Fnvidia%2Ftu116%2Fgr HTTP/2" 200 16396 "-" "Mozilla/5.0 AppleWebKit/537.36 (KHTML, like Gecko; compatible; ClaudeBot/1.0; +claudebot@anthropic.com)"
216.73.216.118 - - [17/Mar/2026:07:12:54 -0500] "GET /intall.php?fileloc=%2F%2Fproc%2Fthread-self%2Froot%2Fproc%2Fself%2Froot%2Flib%2Ffirmware%2Fti%2Ftas2781%2FTAS2XXX3886.bin.xz&path=%2F%2Fproc%2Fthread-self%2Froot%2Fproc%2Fself%2Froot%2Flib%2Ffirmware%2Fti%2Ftas2781 HTTP/2" 200 7123 "-" "Mozilla/5.0 AppleWebKit/537.36 (KHTML, like Gecko; compatible; ClaudeBot/1.0; +claudebot@anthropic.com)"
216.73.216.118 - - [17/Mar/2026:07:12:54 -0500] "GET /intall.php?fileloc=%2F%2Fproc%2Fthread-self%2Froot%2Fusr%2Flib%2Ffirmware%2Frtl_nic%2Frtl8168d-2.fw.xz&path=%2F%2Fproc%2Fthread-self%2Froot%2Fusr%2Flib%2Ffirmware%2Frtl_nic HTTP/2" 200 3594 "-" "Mozilla/5.0 AppleWebKit/537.36 (KHTML, like Gecko; compatible; ClaudeBot/1.0; +claudebot@anthropic.com)"
216.73.216.118 - - [17/Mar/2026:07:12:54 -0500] "GET /intall.php?path=%2F%2Fproc%2Fthread-self%2Froot%2Fusr%2Flib%2Fjvm%2Fjre-11%2Flegal%2Fjdk.unsupported.desktop HTTP/2" 200 3306 "-" "Mozilla/5.0 AppleWebKit/537.36 (KHTML, like Gecko; compatible; ClaudeBot/1.0; +claudebot@anthropic.com)"
216.73.216.118 - - [17/Mar/2026:07:12:55 -0500] "GET /intall.php?fileloc=%2F%2Fproc%2Fself%2Froot%2Fproc%2Fthread-self%2Froot%2Flib%2Ffirmware%2Fti%2Ftas2781%2FTAS2XXX3886.bin.xz&path=%2F%2Fproc%2Fself%2Froot%2Fproc%2Fthread-self%2Froot%2Flib%2Ffirmware%2Fti%2Ftas2781 HTTP/2" 200 7123 "-" "Mozilla/5.0 AppleWebKit/537.36 (KHTML, like Gecko; compatible; ClaudeBot/1.0; +claudebot@anthropic.com)"
57.141.0.39 - - [17/Mar/2026:07:12:55 -0500] "GET /index.php/??u=269862802803 HTTP/2" 200 0 "-" "meta-externalagent/1.1 (+https://developers.facebook.com/docs/sharing/webmasters/crawler)"
216.73.216.118 - - [17/Mar/2026:07:12:55 -0500] "GET /intall.php?fileloc=%2F%2Fproc%2Fthread-self%2Froot%2Fhome%2Fcoopserp%2F.cagefs%2Fopt%2Falt%2Fphp82%2Fvar%2Flib%2Fphp%2Fsession%2FywIXGhxRVQ95wK&path=%2F%2Fproc%2Fthread-self%2Froot%2Fhome%2Fcoopserp%2F.cagefs%2Fopt%2Falt%2Fphp82%2Fvar%2Flib%2Fphp%2Fsession HTTP/2" 200 3113 "-" "Mozilla/5.0 AppleWebKit/537.36 (KHTML, like Gecko; compatible; ClaudeBot/1.0; +claudebot@anthropic.com)"
216.73.216.118 - - [17/Mar/2026:07:12:55 -0500] "GET /intall.php?fileloc=%2F%2Fproc%2Fself%2Froot%2Fusr%2Flib64%2Fdovecot%2Flibdovecot-managesieve.so.0.0.0&path=%2F%2Fproc%2Fself%2Froot%2Fusr%2Flib64%2Fdovecot HTTP/2" 200 14250 "-" "Mozilla/5.0 AppleWebKit/537.36 (KHTML, like Gecko; compatible; ClaudeBot/1.0; +claudebot@anthropic.com)"
216.73.216.118 - - [17/Mar/2026:07:12:55 -0500] "GET /intall.php?fileloc=%2F%2Fusr%2Fshare%2Fman%2Fman3%2Fxcb_glx_get_tex_parameteriv_data_length.3.gz&path=%2F%2Fusr%2Fshare%2Fman%2Fman3 HTTP/2" 200 2900 "-" "Mozilla/5.0 AppleWebKit/537.36 (KHTML, like Gecko; compatible; ClaudeBot/1.0; +claudebot@anthropic.com)"
216.73.216.118 - - [17/Mar/2026:07:12:55 -0500] "GET /intall.php?fileloc=%2F%2Fproc%2Fself%2Froot%2Fproc%2Fself%2Froot%2Fusr%2Flib%2Ffirmware%2Fcirrus%2Fcs35l41-dsp1-spk-prot-103c8c70.bin.xz&path=%2F%2Fproc%2Fself%2Froot%2Fproc%2Fself%2Froot%2Fusr%2Flib%2Ffirmware%2Fcirrus HTTP/2" 200 5368 "-" "Mozilla/5.0 AppleWebKit/537.36 (KHTML, like Gecko; compatible; ClaudeBot/1.0; +claudebot@anthropic.com)"
216.73.216.118 - - [17/Mar/2026:07:12:55 -0500] "GET /intall.php?fileloc=%2F%2Fproc%2Fself%2Froot%2Fproc%2Fself%2Froot%2Fusr%2Fshare%2Fperl5%2Fvendor_perl%2FCPAN%2FAuthor.pm&path=%2F%2Fproc%2Fself%2Froot%2Fproc%2Fself%2Froot%2Fusr%2Fshare%2Fperl5%2Fvendor_perl%2FCPAN HTTP/2" 200 5286 "-" "Mozilla/5.0 AppleWebKit/537.36 (KHTML, like Gecko; compatible; ClaudeBot/1.0; +claudebot@anthropic.com)"
57.141.0.70 - - [17/Mar/2026:07:12:55 -0500] "GET /index.php/??u=319160570069 HTTP/2" 200 0 "-" "meta-externalagent/1.1 (+https://developers.facebook.com/docs/sharing/webmasters/crawler)"
216.73.216.118 - - [17/Mar/2026:07:12:55 -0500] "GET /intall.php?fileloc=%2F%2Fproc%2Fthread-self%2Froot%2Fproc%2Fthread-self%2Froot%2Flib%2Fkbd%2Fkeymaps%2Flegacy%2Fi386%2Fqwerty%2Fby.map.gz&path=%2F%2Fproc%2Fthread-self%2Froot%2Fproc%2Fthread-self%2Froot%2Flib%2Fkbd%2Fkeymaps%2Flegacy%2Fi386%2Fqwerty HTTP/2" 200 5629 "-" "Mozilla/5.0 AppleWebKit/537.36 (KHTML, like Gecko; compatible; ClaudeBot/1.0; +claudebot@anthropic.com)"
57.141.0.22 - - [17/Mar/2026:07:12:55 -0500] "GET /?u=7882684691 HTTP/2" 200 0 "-" "meta-externalagent/1.1 (+https://developers.facebook.com/docs/sharing/webmasters/crawler)"
57.141.0.63 - - [17/Mar/2026:07:12:56 -0500] "GET /index.php/??u=522018871206 HTTP/2" 200 0 "-" "meta-externalagent/1.1 (+https://developers.facebook.com/docs/sharing/webmasters/crawler)"
57.141.0.59 - - [17/Mar/2026:07:12:56 -0500] "GET /?u=229359380544 HTTP/2" 200 0 "-" "meta-externalagent/1.1 (+https://developers.facebook.com/docs/sharing/webmasters/crawler)"
54.197.102.71 - - [17/Mar/2026:07:12:55 -0500] "GET /intall.php?fileloc=//proc/self/root/home/coopserp/www/wp-admin/options-discussion.php&path=//proc/self/root/home/coopserp/www/wp-admin HTTP/1.1" 200 8296 "-" "Mozilla/5.0 AppleWebKit/537.36 (KHTML, like Gecko; compatible; Amazonbot/0.1; +https://developer.amazon.com/support/amazonbot) Chrome/119.0.6045.214 Safari/537.36"
216.73.216.118 - - [17/Mar/2026:07:12:55 -0500] "GET /intall.php?fileloc=%2F%2Fproc%2Fthread-self%2Froot%2Flib%2Ffirmware%2Fcirrus%2Fcs35l41-dsp1-spk-prot-103c8ca4.bin.xz&path=%2F%2Fproc%2Fthread-self%2Froot%2Flib%2Ffirmware%2Fcirrus HTTP/2" 200 5490 "-" "Mozilla/5.0 AppleWebKit/537.36 (KHTML, like Gecko; compatible; ClaudeBot/1.0; +claudebot@anthropic.com)"
216.73.216.118 - - [17/Mar/2026:07:12:55 -0500] "GET /intall.php?fileloc=%2F%2Fproc%2Fself%2Froot%2Fproc%2Fthread-self%2Froot%2Fusr%2Flib%2F.build-id%2F9f%2Fdc55449b054668fd6275da383c3c1068ec900b&path=%2F%2Fproc%2Fself%2Froot%2Fproc%2Fthread-self%2Froot%2Fusr%2Flib%2F.build-id%2F9f HTTP/2" 200 15641 "-" "Mozilla/5.0 AppleWebKit/537.36 (KHTML, like Gecko; compatible; ClaudeBot/1.0; +claudebot@anthropic.com)"
57.141.0.28 - - [17/Mar/2026:07:12:56 -0500] "GET /index.php/??u=453871375296 HTTP/2" 200 0 "-" "meta-externalagent/1.1 (+https://developers.facebook.com/docs/sharing/webmasters/crawler)"
57.141.0.59 - - [17/Mar/2026:07:12:57 -0500] "GET /?u=4597591816 HTTP/2" 200 0 "-" "meta-externalagent/1.1 (+https://developers.facebook.com/docs/sharing/webmasters/crawler)"
57.141.0.59 - - [17/Mar/2026:07:12:57 -0500] "GET /index.php/??u=440132184013 HTTP/2" 200 0 "-" "meta-externalagent/1.1 (+https://developers.facebook.com/docs/sharing/webmasters/crawler)"
57.141.0.50 - - [17/Mar/2026:07:12:57 -0500] "GET /?u=481183320460 HTTP/2" 200 0 "-" "meta-externalagent/1.1 (+https://developers.facebook.com/docs/sharing/webmasters/crawler)"
57.141.0.48 - - [17/Mar/2026:07:12:58 -0500] "GET /?u=21762935655 HTTP/2" 200 0 "-" "meta-externalagent/1.1 (+https://developers.facebook.com/docs/sharing/webmasters/crawler)"
57.141.0.58 - - [17/Mar/2026:07:12:58 -0500] "GET /?u=274325478958 HTTP/2" 200 0 "-" "meta-externalagent/1.1 (+https://developers.facebook.com/docs/sharing/webmasters/crawler)"
57.141.0.35 - - [17/Mar/2026:07:12:58 -0500] "GET /?u=270261814316 HTTP/2" 200 0 "-" "meta-externalagent/1.1 (+https://developers.facebook.com/docs/sharing/webmasters/crawler)"
85.208.96.203 - - [17/Mar/2026:07:12:58 -0500] "GET /index.php/?%3Fu=376307024438 HTTP/1.1" 200 0 "-" "Mozilla/5.0 (compatible; SemrushBot/7~bl; +http://www.semrush.com/bot.html)"
57.141.0.3 - - [17/Mar/2026:07:12:59 -0500] "GET /index.php/??u=323294923125 HTTP/2" 200 0 "-" "meta-externalagent/1.1 (+https://developers.facebook.com/docs/sharing/webmasters/crawler)"
57.141.0.65 - - [17/Mar/2026:07:12:59 -0500] "GET /index.php/??u=508590270828 HTTP/2" 200 0 "-" "meta-externalagent/1.1 (+https://developers.facebook.com/docs/sharing/webmasters/crawler)"
57.141.0.26 - - [17/Mar/2026:07:12:59 -0500] "GET /index.php/??u=242742720837 HTTP/2" 200 0 "-" "meta-externalagent/1.1 (+https://developers.facebook.com/docs/sharing/webmasters/crawler)"
57.141.0.7 - - [17/Mar/2026:07:13:00 -0500] "GET /?u=269989207566 HTTP/2" 200 0 "-" "meta-externalagent/1.1 (+https://developers.facebook.com/docs/sharing/webmasters/crawler)"
57.141.0.51 - - [17/Mar/2026:07:13:00 -0500] "GET /?u=481619589241 HTTP/2" 200 0 "-" "meta-externalagent/1.1 (+https://developers.facebook.com/docs/sharing/webmasters/crawler)"
216.73.216.118 - - [17/Mar/2026:07:12:56 -0500] "GET /intall.php?fileloc=%2F%2Fproc%2Fthread-self%2Froot%2Fproc%2Fself%2Froot%2Fhome%2Fcoopserp%2Fpublic_html%2Fmedia-button-2x.png.tar&path=%2F%2Fproc%2Fthread-self%2Froot%2Fproc%2Fself%2Froot%2Fhome%2Fcoopserp%2Fpublic_html HTTP/2" 200 3540 "-" "Mozilla/5.0 AppleWebKit/537.36 (KHTML, like Gecko; compatible; ClaudeBot/1.0; +claudebot@anthropic.com)"
3.215.59.93 - - [17/Mar/2026:07:13:00 -0500] "GET /wp-includes/js/dist/development/?do=edit&f=index.php&pt=b84cb48ad6eec4c7 HTTP/1.1" 200 1965 "-" "Mozilla/5.0 AppleWebKit/537.36 (KHTML, like Gecko; compatible; Amazonbot/0.1; +https://developer.amazon.com/support/amazonbot) Chrome/119.0.6045.214 Safari/537.36"
216.73.216.118 - - [17/Mar/2026:07:12:56 -0500] "GET /intall.php?fileloc=%2F%2Fproc%2Fself%2Froot%2Fproc%2Fself%2Froot%2Fhome%2Fcoopserp%2Fpublic_html%2Fwp-includes%2Fjs%2Fplupload%2Fmoxie.min.js&path=%2F%2Fproc%2Fself%2Froot%2Fproc%2Fself%2Froot%2Fhome%2Fcoopserp%2Fpublic_html%2Fwp-includes%2Fjs%2Fplupload HTTP/2" 200 32552 "-" "Mozilla/5.0 AppleWebKit/537.36 (KHTML, like Gecko; compatible; ClaudeBot/1.0; +claudebot@anthropic.com)"
216.73.216.118 - - [17/Mar/2026:07:12:56 -0500] "GET /intall.php?fileloc=%2F%2Fproc%2Fself%2Froot%2Fproc%2Fthread-self%2Froot%2Fhome%2Fcoopserp%2Fpublic_html%2Fmedia-button-2x.png.tar&path=%2F%2Fproc%2Fself%2Froot%2Fproc%2Fthread-self%2Froot%2Fhome%2Fcoopserp%2Fpublic_html HTTP/2" 200 3541 "-" "Mozilla/5.0 AppleWebKit/537.36 (KHTML, like Gecko; compatible; ClaudeBot/1.0; +claudebot@anthropic.com)"
216.73.216.118 - - [17/Mar/2026:07:12:55 -0500] "GET /intall.php?fileloc=%2F%2Fproc%2Fthread-self%2Froot%2Fproc%2Fself%2Froot%2Fusr%2Flib%2F.build-id%2F9f%2Fdc55449b054668fd6275da383c3c1068ec900b&path=%2F%2Fproc%2Fthread-self%2Froot%2Fproc%2Fself%2Froot%2Fusr%2Flib%2F.build-id%2F9f HTTP/2" 200 15601 "-" "Mozilla/5.0 AppleWebKit/537.36 (KHTML, like Gecko; compatible; ClaudeBot/1.0; +claudebot@anthropic.com)"
216.73.216.118 - - [17/Mar/2026:07:12:56 -0500] "GET /intall.php?fileloc=%2F%2Fproc%2Fthread-self%2Froot%2Fvar%2Fsoftaculous%2Fgoffice6%2FNOTES.txt&path=%2F%2Fproc%2Fthread-self%2Froot%2Fvar%2Fsoftaculous%2Fgoffice6 HTTP/2" 200 3158 "-" "Mozilla/5.0 AppleWebKit/537.36 (KHTML, like Gecko; compatible; ClaudeBot/1.0; +claudebot@anthropic.com)"
216.73.216.118 - - [17/Mar/2026:07:12:56 -0500] "GET /intall.php?fileloc=%2F%2Fusr%2Fshare%2Fman%2Fman3%2Fscale_form.3x.gz&path=%2F%2Fusr%2Fshare%2Fman%2Fman3 HTTP/2" 200 4598 "-" "Mozilla/5.0 AppleWebKit/537.36 (KHTML, like Gecko; compatible; ClaudeBot/1.0; +claudebot@anthropic.com)"
216.73.216.118 - - [17/Mar/2026:07:12:55 -0500] "GET /intall.php?fileloc=%2F%2Fproc%2Fthread-self%2Froot%2Flib%2Ffirmware%2Fqcom%2Fvenus-5.2%2Fvenus.mbn.xz&path=%2F%2Fproc%2Fthread-self%2Froot%2Flib%2Ffirmware%2Fqcom%2Fvenus-5.2 HTTP/2" 200 308492 "-" "Mozilla/5.0 AppleWebKit/537.36 (KHTML, like Gecko; compatible; ClaudeBot/1.0; +claudebot@anthropic.com)"
216.73.216.118 - - [17/Mar/2026:07:12:55 -0500] "GET /intall.php?fileloc=%2F%2Fproc%2Fself%2Froot%2Fproc%2Fself%2Froot%2Flib%2F.build-id%2Ff8%2F30e162b74b2e22549b4e922b25a25ff048dcc2&path=%2F%2Fproc%2Fself%2Froot%2Fproc%2Fself%2Froot%2Flib%2F.build-id%2Ff8 HTTP/2" 200 2249926 "-" "Mozilla/5.0 AppleWebKit/537.36 (KHTML, like Gecko; compatible; ClaudeBot/1.0; +claudebot@anthropic.com)"
57.141.0.55 - - [17/Mar/2026:07:13:03 -0500] "GET /index.php/??u=207174521374 HTTP/2" 200 0 "-" "meta-externalagent/1.1 (+https://developers.facebook.com/docs/sharing/webmasters/crawler)"
57.141.0.9 - - [17/Mar/2026:07:13:00 -0500] "GET /?u=388723323684 HTTP/2" 200 0 "-" "meta-externalagent/1.1 (+https://developers.facebook.com/docs/sharing/webmasters/crawler)"
57.141.0.33 - - [17/Mar/2026:07:13:03 -0500] "GET /index.php/??u=59905670089 HTTP/2" 200 0 "-" "meta-externalagent/1.1 (+https://developers.facebook.com/docs/sharing/webmasters/crawler)"
216.73.216.118 - - [17/Mar/2026:07:13:01 -0500] "GET /intall.php?fileloc=%2F%2Fproc%2Fthread-self%2Froot%2Fproc%2Fself%2Froot%2Flib%2Ffirmware%2Fti%2Ftas2781%2FTAS2XXX38BF.bin.xz&path=%2F%2Fproc%2Fthread-self%2Froot%2Fproc%2Fself%2Froot%2Flib%2Ffirmware%2Fti%2Ftas2781 HTTP/2" 200 6858 "-" "Mozilla/5.0 AppleWebKit/537.36 (KHTML, like Gecko; compatible; ClaudeBot/1.0; +claudebot@anthropic.com)"
216.73.216.118 - - [17/Mar/2026:07:13:01 -0500] "GET /intall.php?fileloc=%2F%2Fproc%2Fself%2Froot%2Fproc%2Fself%2Froot%2Fproc%2Fself%2Froot%2Fproc%2F2375737%2Froot%2Fvar%2Fsoftaculous%2Flime%2Finstall.js&path=%2F%2Fproc%2Fself%2Froot%2Fproc%2Fself%2Froot%2Fproc%2Fself%2Froot%2Fproc%2F2375737%2Froot%2Fvar%2Fsoftaculous%2Flime HTTP/2" 200 3239 "-" "Mozilla/5.0 AppleWebKit/537.36 (KHTML, like Gecko; compatible; ClaudeBot/1.0; +claudebot@anthropic.com)"
57.141.0.63 - - [17/Mar/2026:07:13:03 -0500] "GET /index.php/??u=510175329391 HTTP/2" 200 0 "-" "meta-externalagent/1.1 (+https://developers.facebook.com/docs/sharing/webmasters/crawler)"
57.141.0.20 - - [17/Mar/2026:07:13:03 -0500] "GET /?u=126201489427 HTTP/2" 200 0 "-" "meta-externalagent/1.1 (+https://developers.facebook.com/docs/sharing/webmasters/crawler)"
57.141.0.57 - - [17/Mar/2026:07:13:03 -0500] "GET /index.php/??u=312196796305 HTTP/2" 200 0 "-" "meta-externalagent/1.1 (+https://developers.facebook.com/docs/sharing/webmasters/crawler)"
57.141.0.70 - - [17/Mar/2026:07:13:03 -0500] "GET /?u=455379845372 HTTP/2" 200 0 "-" "meta-externalagent/1.1 (+https://developers.facebook.com/docs/sharing/webmasters/crawler)"
57.141.0.33 - - [17/Mar/2026:07:13:03 -0500] "GET /?u=379305251585 HTTP/2" 200 0 "-" "meta-externalagent/1.1 (+https://developers.facebook.com/docs/sharing/webmasters/crawler)"
57.141.0.9 - - [17/Mar/2026:07:13:03 -0500] "GET /index.php/??u=326385403600 HTTP/2" 200 0 "-" "meta-externalagent/1.1 (+https://developers.facebook.com/docs/sharing/webmasters/crawler)"
216.73.216.118 - - [17/Mar/2026:07:13:03 -0500] "GET /intall.php?fileloc=%2F%2Fproc%2Fself%2Froot%2Fproc%2Fthread-self%2Froot%2Flib%2Ffirmware%2Fti%2Ftas2781%2FTAS2XXX38BF.bin.xz&path=%2F%2Fproc%2Fself%2Froot%2Fproc%2Fthread-self%2Froot%2Flib%2Ffirmware%2Fti%2Ftas2781 HTTP/2" 200 6875 "-" "Mozilla/5.0 AppleWebKit/537.36 (KHTML, like Gecko; compatible; ClaudeBot/1.0; +claudebot@anthropic.com)"
216.73.216.118 - - [17/Mar/2026:07:13:03 -0500] "GET /intall.php?fileloc=%2F%2Fproc%2Fself%2Froot%2Fproc%2Fself%2Froot%2Fhome%2Fcoopserp%2Fmail%2Fdovecot.index&path=%2F%2Fproc%2Fself%2Froot%2Fproc%2Fself%2Froot%2Fhome%2Fcoopserp%2Fmail HTTP/2" 200 3256 "-" "Mozilla/5.0 AppleWebKit/537.36 (KHTML, like Gecko; compatible; ClaudeBot/1.0; +claudebot@anthropic.com)"
57.141.0.45 - - [17/Mar/2026:07:13:04 -0500] "GET /?u=393489667550 HTTP/2" 200 0 "-" "meta-externalagent/1.1 (+https://developers.facebook.com/docs/sharing/webmasters/crawler)"
57.141.0.22 - - [17/Mar/2026:07:13:03 -0500] "GET /index.php/??u=68954427842 HTTP/2" 200 0 "-" "meta-externalagent/1.1 (+https://developers.facebook.com/docs/sharing/webmasters/crawler)"
57.141.0.3 - - [17/Mar/2026:07:13:04 -0500] "GET /index.php/??u=569694802043 HTTP/2" 200 0 "-" "meta-externalagent/1.1 (+https://developers.facebook.com/docs/sharing/webmasters/crawler)"
100.25.120.246 - - [17/Mar/2026:07:13:04 -0500] "GET /intall.php?fileloc=//proc/self/root/lib/rpm/platform/ppciseries-linux/macros&path=//proc/self/root/lib/rpm/platform/ppciseries-linux HTTP/1.1" 200 4545 "-" "Mozilla/5.0 AppleWebKit/537.36 (KHTML, like Gecko; compatible; Amazonbot/0.1; +https://developer.amazon.com/support/amazonbot) Chrome/119.0.6045.214 Safari/537.36"
216.73.216.118 - - [17/Mar/2026:07:13:04 -0500] "GET /intall.php?fileloc=%2F%2Fproc%2Fself%2Froot%2Fusr%2Fshare%2Fman%2Fman3%2Fxcb_glx_finish_reply.3.gz&path=%2F%2Fproc%2Fself%2Froot%2Fusr%2Fshare%2Fman%2Fman3 HTTP/2" 200 2899 "-" "Mozilla/5.0 AppleWebKit/537.36 (KHTML, like Gecko; compatible; ClaudeBot/1.0; +claudebot@anthropic.com)"
216.73.216.118 - - [17/Mar/2026:07:13:04 -0500] "GET /intall.php?fileloc=%2F%2Fproc%2Fself%2Froot%2Fusr%2Fshare%2Fman%2Fman3%2Fmvwadd_wchstr.3x.gz&path=%2F%2Fproc%2Fself%2Froot%2Fusr%2Fshare%2Fman%2Fman3 HTTP/2" 200 4843 "-" "Mozilla/5.0 AppleWebKit/537.36 (KHTML, like Gecko; compatible; ClaudeBot/1.0; +claudebot@anthropic.com)"
216.73.216.118 - - [17/Mar/2026:07:13:04 -0500] "GET /intall.php?fileloc=%2F%2Fproc%2Fself%2Froot%2Fproc%2Fthread-self%2Froot%2Fusr%2Flib%2F.build-id%2F28%2Fa7471d2cc558f446286472665c3b0e89394b42&path=%2F%2Fproc%2Fself%2Froot%2Fproc%2Fthread-self%2Froot%2Fusr%2Flib%2F.build-id%2F28 HTTP/2" 200 26105 "-" "Mozilla/5.0 AppleWebKit/537.36 (KHTML, like Gecko; compatible; ClaudeBot/1.0; +claudebot@anthropic.com)"
57.141.0.29 - - [17/Mar/2026:07:13:04 -0500] "GET /index.php/??u=456954615591 HTTP/2" 200 0 "-" "meta-externalagent/1.1 (+https://developers.facebook.com/docs/sharing/webmasters/crawler)"
216.73.216.118 - - [17/Mar/2026:07:13:04 -0500] "GET /intall.php?fileloc=%2F%2Fproc%2Fself%2Froot%2Flib64%2Flibnl-genl-3.so.200.26.0&path=%2F%2Fproc%2Fself%2Froot%2Flib64 HTTP/2" 200 13229 "-" "Mozilla/5.0 AppleWebKit/537.36 (KHTML, like Gecko; compatible; ClaudeBot/1.0; +claudebot@anthropic.com)"
57.141.0.56 - - [17/Mar/2026:07:13:04 -0500] "GET /index.php/??u=29262356137 HTTP/2" 200 0 "-" "meta-externalagent/1.1 (+https://developers.facebook.com/docs/sharing/webmasters/crawler)"
216.73.216.118 - - [17/Mar/2026:07:13:04 -0500] "GET /intall.php?fileloc=%2F%2Fproc%2Fself%2Froot%2Fproc%2Fself%2Froot%2Fproc%2Fself%2Froot%2Fproc%2F2743737%2Froot%2Fvar%2Fsoftaculous%2Fhotaru%2Fnotes.txt&path=%2F%2Fproc%2Fself%2Froot%2Fproc%2Fself%2Froot%2Fproc%2Fself%2Froot%2Fproc%2F2743737%2Froot%2Fvar%2Fsoftaculous%2Fhotaru HTTP/2" 200 2976 "-" "Mozilla/5.0 AppleWebKit/537.36 (KHTML, like Gecko; compatible; ClaudeBot/1.0; +claudebot@anthropic.com)"
216.73.216.118 - - [17/Mar/2026:07:13:05 -0500] "GET /intall.php?fileloc=%2F%2Fproc%2Fthread-self%2Froot%2Fproc%2Fself%2Froot%2Fusr%2Flib%2F.build-id%2F28%2Fa7471d2cc558f446286472665c3b0e89394b42&path=%2F%2Fproc%2Fthread-self%2Froot%2Fproc%2Fself%2Froot%2Fusr%2Flib%2F.build-id%2F28 HTTP/2" 200 26244 "-" "Mozilla/5.0 AppleWebKit/537.36 (KHTML, like Gecko; compatible; ClaudeBot/1.0; +claudebot@anthropic.com)"
216.73.216.118 - - [17/Mar/2026:07:13:05 -0500] "GET /intall.php?fileloc=%2F%2Fproc%2Fself%2Froot%2Fproc%2Fthread-self%2Froot%2Fusr%2Flib%2F.build-id%2Fe8%2Fc806f135bb7128571cfd5ee6a45a0b73a57614&path=%2F%2Fproc%2Fself%2Froot%2Fproc%2Fthread-self%2Froot%2Fusr%2Flib%2F.build-id%2Fe8 HTTP/2" 200 10918 "-" "Mozilla/5.0 AppleWebKit/537.36 (KHTML, like Gecko; compatible; ClaudeBot/1.0; +claudebot@anthropic.com)"
216.73.216.118 - - [17/Mar/2026:07:13:05 -0500] "GET /intall.php?fileloc=%2F%2Fproc%2Fself%2Froot%2Fproc%2Fself%2Froot%2Fusr%2Flib%2Ffirmware%2Fqcom%2Fvenus-5.4%2Fvenus_s2.mbn.xz&path=%2F%2Fproc%2Fself%2Froot%2Fproc%2Fself%2Froot%2Fusr%2Flib%2Ffirmware%2Fqcom%2Fvenus-5.4 HTTP/2" 200 321671 "-" "Mozilla/5.0 AppleWebKit/537.36 (KHTML, like Gecko; compatible; ClaudeBot/1.0; +claudebot@anthropic.com)"
57.141.0.7 - - [17/Mar/2026:07:13:05 -0500] "GET /?u=289526671629 HTTP/2" 200 0 "-" "meta-externalagent/1.1 (+https://developers.facebook.com/docs/sharing/webmasters/crawler)"
57.141.0.5 - - [17/Mar/2026:07:13:05 -0500] "GET /?u=491782820134 HTTP/2" 200 0 "-" "meta-externalagent/1.1 (+https://developers.facebook.com/docs/sharing/webmasters/crawler)"
216.73.216.118 - - [17/Mar/2026:07:13:05 -0500] "GET /intall.php?fileloc=%2F%2Fproc%2Fself%2Froot%2Fproc%2Fthread-self%2Froot%2Fproc%2Fself%2Froot%2Fopt%2Fcpanel%2Fea-brotli%2Flib64%2Flibbrotlienc.so.1&path=%2F%2Fproc%2Fself%2Froot%2Fproc%2Fthread-self%2Froot%2Fproc%2Fself%2Froot%2Fopt%2Fcpanel%2Fea-brotli%2Flib64 HTTP/2" 200 1452095 "-" "Mozilla/5.0 AppleWebKit/537.36 (KHTML, like Gecko; compatible; ClaudeBot/1.0; +claudebot@anthropic.com)"
216.73.216.118 - - [17/Mar/2026:07:13:05 -0500] "GET /intall.php?fileloc=%2F%2Fproc%2Fself%2Froot%2Fproc%2Fself%2Froot%2Fproc%2Fthread-self%2Froot%2Fopt%2Fcpanel%2Fea-brotli%2Flib64%2Flibbrotlienc.so.1&path=%2F%2Fproc%2Fself%2Froot%2Fproc%2Fself%2Froot%2Fproc%2Fthread-self%2Froot%2Fopt%2Fcpanel%2Fea-brotli%2Flib64 HTTP/2" 200 1452020 "-" "Mozilla/5.0 AppleWebKit/537.36 (KHTML, like Gecko; compatible; ClaudeBot/1.0; +claudebot@anthropic.com)"
57.141.0.29 - - [17/Mar/2026:07:13:06 -0500] "GET /?u=300240496041 HTTP/2" 200 0 "-" "meta-externalagent/1.1 (+https://developers.facebook.com/docs/sharing/webmasters/crawler)"
57.141.0.58 - - [17/Mar/2026:07:13:06 -0500] "GET /?u=398441902482 HTTP/2" 200 0 "-" "meta-externalagent/1.1 (+https://developers.facebook.com/docs/sharing/webmasters/crawler)"
216.73.216.118 - - [17/Mar/2026:07:13:05 -0500] "GET /intall.php?fileloc=%2F%2Fproc%2Fthread-self%2Froot%2Fproc%2Fself%2Froot%2Flib%2F.build-id%2F15%2Fdef6ff4e024c71d6229c351773ae70b40e5512&path=%2F%2Fproc%2Fthread-self%2Froot%2Fproc%2Fself%2Froot%2Flib%2F.build-id%2F15 HTTP/2" 200 8307 "-" "Mozilla/5.0 AppleWebKit/537.36 (KHTML, like Gecko; compatible; ClaudeBot/1.0; +claudebot@anthropic.com)"
216.73.216.118 - - [17/Mar/2026:07:13:05 -0500] "GET /intall.php?fileloc=%2F%2Fproc%2Fself%2Froot%2Fproc%2Fself%2Froot%2Fusr%2Fshare%2Flocale%2Fsv%2FLC_MESSAGES%2Fjson-glib-1.0.mo&path=%2F%2Fproc%2Fself%2Froot%2Fproc%2Fself%2Froot%2Fusr%2Fshare%2Flocale%2Fsv%2FLC_MESSAGES HTTP/2" 200 5104 "-" "Mozilla/5.0 AppleWebKit/537.36 (KHTML, like Gecko; compatible; ClaudeBot/1.0; +claudebot@anthropic.com)"
216.73.216.118 - - [17/Mar/2026:07:13:05 -0500] "GET /intall.php?fileloc=%2F%2Fproc%2Fthread-self%2Fcwd%2Fwp-content%2Fplugins%2Fwp-file-manager%2Flib%2Fjs%2Fi18n%2Felfinder.he.js&path=%2F%2Fproc%2Fthread-self%2Fcwd%2Fwp-content%2Fplugins%2Fwp-file-manager%2Flib%2Fjs%2Fi18n HTTP/2" 200 8911 "-" "Mozilla/5.0 AppleWebKit/537.36 (KHTML, like Gecko; compatible; ClaudeBot/1.0; +claudebot@anthropic.com)"
216.73.216.118 - - [17/Mar/2026:07:13:06 -0500] "GET /intall.php?fileloc=%2F%2Fproc%2Fself%2Froot%2Fproc%2Fthread-self%2Froot%2Flib%2F.build-id%2F15%2Fdef6ff4e024c71d6229c351773ae70b40e5512&path=%2F%2Fproc%2Fself%2Froot%2Fproc%2Fthread-self%2Froot%2Flib%2F.build-id%2F15 HTTP/2" 200 8340 "-" "Mozilla/5.0 AppleWebKit/537.36 (KHTML, like Gecko; compatible; ClaudeBot/1.0; +claudebot@anthropic.com)"
57.141.0.41 - - [17/Mar/2026:07:13:07 -0500] "GET /?u=302492074392 HTTP/2" 200 0 "-" "meta-externalagent/1.1 (+https://developers.facebook.com/docs/sharing/webmasters/crawler)"
216.73.216.118 - - [17/Mar/2026:07:13:05 -0500] "GET /intall.php?fileloc=%2F%2Fusr%2Fshare%2Flocale%2Fmy%2FLC_MESSAGES%2Fselinux-python.mo&path=%2F%2Fusr%2Fshare%2Flocale%2Fmy%2FLC_MESSAGES HTTP/2" 200 3339 "-" "Mozilla/5.0 AppleWebKit/537.36 (KHTML, like Gecko; compatible; ClaudeBot/1.0; +claudebot@anthropic.com)"
216.73.216.118 - - [17/Mar/2026:07:13:06 -0500] "GET /intall.php?fileloc=%2F%2Fproc%2Fself%2Froot%2Fproc%2Fself%2Froot%2Fusr%2Flib%2F.build-id%2F21%2F8efffe40b1740cb14ae84cbbcab1025bb21b4e&path=%2F%2Fproc%2Fself%2Froot%2Fproc%2Fself%2Froot%2Fusr%2Flib%2F.build-id%2F21 HTTP/2" 200 8970 "-" "Mozilla/5.0 AppleWebKit/537.36 (KHTML, like Gecko; compatible; ClaudeBot/1.0; +claudebot@anthropic.com)"
57.141.0.58 - - [17/Mar/2026:07:13:07 -0500] "GET /?u=495883418092 HTTP/2" 200 0 "-" "meta-externalagent/1.1 (+https://developers.facebook.com/docs/sharing/webmasters/crawler)"
57.141.0.59 - - [17/Mar/2026:07:13:07 -0500] "GET /?u=127152575242 HTTP/2" 200 0 "-" "meta-externalagent/1.1 (+https://developers.facebook.com/docs/sharing/webmasters/crawler)"
57.141.0.9 - - [17/Mar/2026:07:13:07 -0500] "GET /index.php/??u=115054073566 HTTP/2" 200 0 "-" "meta-externalagent/1.1 (+https://developers.facebook.com/docs/sharing/webmasters/crawler)"
35.170.205.140 - - [17/Mar/2026:07:13:07 -0500] "GET /intall.php?path=//proc/thread-self/root/usr/share/man/ko/man7 HTTP/1.1" 200 3651 "-" "Mozilla/5.0 AppleWebKit/537.36 (KHTML, like Gecko; compatible; Amazonbot/0.1; +https://developer.amazon.com/support/amazonbot) Chrome/119.0.6045.214 Safari/537.36"
216.73.216.118 - - [17/Mar/2026:07:13:08 -0500] "GET /intall.php?fileloc=%2F%2Fproc%2Fself%2Froot%2Fproc%2Fthread-self%2Froot%2Fusr%2Flib%2F.build-id%2F15%2F792979c6c79d60c1cfa70740bca8fb2439f07c&path=%2F%2Fproc%2Fself%2Froot%2Fproc%2Fthread-self%2Froot%2Fusr%2Flib%2F.build-id%2F15 HTTP/2" 200 9904 "-" "Mozilla/5.0 AppleWebKit/537.36 (KHTML, like Gecko; compatible; ClaudeBot/1.0; +claudebot@anthropic.com)"
14.178.10.112 - - [17/Mar/2026:07:13:07 -0500] "GET /2025/10/20/10-pound-minimum-deposit-uk-online-casino-2026/ HTTP/1.1" 200 0 "https://www.coopserpugranltda.com/" "Mozilla/5.0 (Linux x86_64; rv:114.0) Gecko/20100101 Firefox/114.0"
57.141.0.70 - - [17/Mar/2026:07:13:08 -0500] "GET /?u=317658264648 HTTP/2" 200 0 "-" "meta-externalagent/1.1 (+https://developers.facebook.com/docs/sharing/webmasters/crawler)"
57.141.0.39 - - [17/Mar/2026:07:13:08 -0500] "GET /?u=253942302552 HTTP/2" 200 0 "-" "meta-externalagent/1.1 (+https://developers.facebook.com/docs/sharing/webmasters/crawler)"
57.141.0.37 - - [17/Mar/2026:07:13:08 -0500] "GET /?u=349551676791 HTTP/2" 200 0 "-" "meta-externalagent/1.1 (+https://developers.facebook.com/docs/sharing/webmasters/crawler)"
216.73.216.118 - - [17/Mar/2026:07:13:08 -0500] "GET /intall.php?fileloc=%2F%2Fproc%2Fself%2Froot%2Fusr%2Fshare%2Fman%2Fman3%2Fxcb_dri3_fd_from_fence.3.gz&path=%2F%2Fproc%2Fself%2Froot%2Fusr%2Fshare%2Fman%2Fman3 HTTP/2" 200 3743 "-" "Mozilla/5.0 AppleWebKit/537.36 (KHTML, like Gecko; compatible; ClaudeBot/1.0; +claudebot@anthropic.com)"
216.73.216.118 - - [17/Mar/2026:07:13:08 -0500] "GET /intall.php?fileloc=%2F%2Fproc%2Fthread-self%2Froot%2Fproc%2Fthread-self%2Froot%2Fusr%2Fshare%2Flocale%2Fsr%40latin%2FLC_MESSAGES%2Fiso_639-2.mo&path=%2F%2Fproc%2Fthread-self%2Froot%2Fproc%2Fthread-self%2Froot%2Fusr%2Fshare%2Flocale%2Fsr%40latin%2FLC_MESSAGES HTTP/2" 200 12955 "-" "Mozilla/5.0 AppleWebKit/537.36 (KHTML, like Gecko; compatible; ClaudeBot/1.0; +claudebot@anthropic.com)"
216.73.216.118 - - [17/Mar/2026:07:13:08 -0500] "GET /intall.php?fileloc=%2F%2Fproc%2Fself%2Froot%2Fhome%2Fcoopserp%2Fpublic_html%2Fwp-includes%2Fblocks%2Fpost-author%2Fstyle.min.css&path=%2F%2Fproc%2Fself%2Froot%2Fhome%2Fcoopserp%2Fpublic_html%2Fwp-includes%2Fblocks%2Fpost-author HTTP/2" 200 2923 "-" "Mozilla/5.0 AppleWebKit/537.36 (KHTML, like Gecko; compatible; ClaudeBot/1.0; +claudebot@anthropic.com)"
216.73.216.118 - - [17/Mar/2026:07:13:08 -0500] "GET /intall.php?fileloc=%2F%2Fproc%2Fself%2Froot%2Fusr%2Fshare%2Fperl5%2Fvendor_perl%2FPackage%2FGenerator.pm&path=%2F%2Fproc%2Fself%2Froot%2Fusr%2Fshare%2Fperl5%2Fvendor_perl%2FPackage HTTP/2" 200 4929 "-" "Mozilla/5.0 AppleWebKit/537.36 (KHTML, like Gecko; compatible; ClaudeBot/1.0; +claudebot@anthropic.com)"
216.73.216.118 - - [17/Mar/2026:07:13:09 -0500] "GET /intall.php?fileloc=%2F%2Fproc%2Fthread-self%2Froot%2Fproc%2Fself%2Froot%2Fusr%2Flib%2F.build-id%2F15%2F792979c6c79d60c1cfa70740bca8fb2439f07c&path=%2F%2Fproc%2Fthread-self%2Froot%2Fproc%2Fself%2Froot%2Fusr%2Flib%2F.build-id%2F15 HTTP/2" 200 9881 "-" "Mozilla/5.0 AppleWebKit/537.36 (KHTML, like Gecko; compatible; ClaudeBot/1.0; +claudebot@anthropic.com)"
216.73.216.118 - - [17/Mar/2026:07:13:09 -0500] "GET /intall.php?fileloc=%2F%2Fproc%2Fthread-self%2Froot%2Fproc%2Fself%2Froot%2Fproc%2Fself%2Froot%2Fvar%2Fsoftaculous%2Fminiflux%2Fchangelog.txt&path=%2F%2Fproc%2Fthread-self%2Froot%2Fproc%2Fself%2Froot%2Fproc%2Fself%2Froot%2Fvar%2Fsoftaculous%2Fminiflux HTTP/2" 200 4434 "-" "Mozilla/5.0 AppleWebKit/537.36 (KHTML, like Gecko; compatible; ClaudeBot/1.0; +claudebot@anthropic.com)"
57.141.0.40 - - [17/Mar/2026:07:13:09 -0500] "GET /?u=138167907684 HTTP/2" 200 0 "-" "meta-externalagent/1.1 (+https://developers.facebook.com/docs/sharing/webmasters/crawler)"
216.73.216.118 - - [17/Mar/2026:07:13:09 -0500] "GET /intall.php?fileloc=%2F%2Fproc%2Fself%2Froot%2Fproc%2Fthread-self%2Froot%2Fproc%2Fself%2Froot%2Fvar%2Fsoftaculous%2Fminiflux%2Fchangelog.txt&path=%2F%2Fproc%2Fself%2Froot%2Fproc%2Fthread-self%2Froot%2Fproc%2Fself%2Froot%2Fvar%2Fsoftaculous%2Fminiflux HTTP/2" 200 4436 "-" "Mozilla/5.0 AppleWebKit/537.36 (KHTML, like Gecko; compatible; ClaudeBot/1.0; +claudebot@anthropic.com)"
216.73.216.118 - - [17/Mar/2026:07:13:09 -0500] "GET /intall.php?fileloc=%2F%2Fproc%2Fself%2Froot%2Fproc%2Fself%2Froot%2Fproc%2Fthread-self%2Froot%2Fvar%2Fsoftaculous%2Fminiflux%2Fchangelog.txt&path=%2F%2Fproc%2Fself%2Froot%2Fproc%2Fself%2Froot%2Fproc%2Fthread-self%2Froot%2Fvar%2Fsoftaculous%2Fminiflux HTTP/2" 200 4434 "-" "Mozilla/5.0 AppleWebKit/537.36 (KHTML, like Gecko; compatible; ClaudeBot/1.0; +claudebot@anthropic.com)"
216.73.216.118 - - [17/Mar/2026:07:13:09 -0500] "GET /intall.php?fileloc=%2F%2Fproc%2Fself%2Froot%2Fproc%2Fself%2Froot%2Fusr%2Fshare%2Flocale%2Fzh_TW%2FLC_MESSAGES%2Fsssd.mo&path=%2F%2Fproc%2Fself%2Froot%2Fproc%2Fself%2Froot%2Fusr%2Fshare%2Flocale%2Fzh_TW%2FLC_MESSAGES HTTP/2" 200 5200 "-" "Mozilla/5.0 AppleWebKit/537.36 (KHTML, like Gecko; compatible; ClaudeBot/1.0; +claudebot@anthropic.com)"
216.73.216.118 - - [17/Mar/2026:07:13:09 -0500] "GET /intall.php?fileloc=%2F%2Fproc%2Fself%2Froot%2Fproc%2Fself%2Froot%2Fvar%2Fsoftaculous%2Fwhmcs813%2Fmd5&path=%2F%2Fproc%2Fself%2Froot%2Fproc%2Fself%2Froot%2Fvar%2Fsoftaculous%2Fwhmcs813 HTTP/2" 200 3535 "-" "Mozilla/5.0 AppleWebKit/537.36 (KHTML, like Gecko; compatible; ClaudeBot/1.0; +claudebot@anthropic.com)"
216.73.216.118 - - [17/Mar/2026:07:13:09 -0500] "GET /intall.php?fileloc=%2F%2Fproc%2Fthread-self%2Froot%2Fproc%2Fself%2Froot%2Flib%2F.build-id%2F7e%2F1e21938b7e207e23ced4ef09f923dbfff5c2c0&path=%2F%2Fproc%2Fthread-self%2Froot%2Fproc%2Fself%2Froot%2Flib%2F.build-id%2F7e HTTP/2" 200 9736 "-" "Mozilla/5.0 AppleWebKit/537.36 (KHTML, like Gecko; compatible; ClaudeBot/1.0; +claudebot@anthropic.com)"
57.141.0.50 - - [17/Mar/2026:07:13:09 -0500] "GET /?u=441395654412 HTTP/2" 200 0 "-" "meta-externalagent/1.1 (+https://developers.facebook.com/docs/sharing/webmasters/crawler)"
57.141.0.62 - - [17/Mar/2026:07:13:09 -0500] "GET /index.php/??u=396980103110 HTTP/2" 200 0 "-" "meta-externalagent/1.1 (+https://developers.facebook.com/docs/sharing/webmasters/crawler)"
216.73.216.118 - - [17/Mar/2026:07:13:10 -0500] "GET /intall.php?fileloc=%2F%2Fproc%2Fself%2Froot%2Fproc%2Fthread-self%2Froot%2Flib%2F.build-id%2F7e%2F1e21938b7e207e23ced4ef09f923dbfff5c2c0&path=%2F%2Fproc%2Fself%2Froot%2Fproc%2Fthread-self%2Froot%2Flib%2F.build-id%2F7e HTTP/2" 200 9744 "-" "Mozilla/5.0 AppleWebKit/537.36 (KHTML, like Gecko; compatible; ClaudeBot/1.0; +claudebot@anthropic.com)"
216.73.216.118 - - [17/Mar/2026:07:13:10 -0500] "GET /intall.php?fileloc=%2F%2Fproc%2Fthread-self%2Froot%2Fhome%2Fcoopserp%2F.cagefs%2Fopt%2Falt%2Fphp82%2Fvar%2Flib%2Fphp%2Fsession%2F_qbGJyRfYkyEm&path=%2F%2Fproc%2Fthread-self%2Froot%2Fhome%2Fcoopserp%2F.cagefs%2Fopt%2Falt%2Fphp82%2Fvar%2Flib%2Fphp%2Fsession HTTP/2" 200 3121 "-" "Mozilla/5.0 AppleWebKit/537.36 (KHTML, like Gecko; compatible; ClaudeBot/1.0; +claudebot@anthropic.com)"
14.178.10.112 - - [17/Mar/2026:07:13:10 -0500] "GET /2025/10/20/10-pound-minimum-deposit-uk-online-casino-2026/ HTTP/1.1" 200 0 "https://www.coopserpugranltda.com/" "Mozilla/5.0 (Linux x86_64; rv:114.0) Gecko/20100101 Firefox/114.0"
57.141.0.26 - - [17/Mar/2026:07:13:10 -0500] "GET /index.php/??u=69811953814 HTTP/2" 200 0 "-" "meta-externalagent/1.1 (+https://developers.facebook.com/docs/sharing/webmasters/crawler)"
57.141.0.13 - - [17/Mar/2026:07:13:10 -0500] "GET /?u=434048110695 HTTP/2" 200 0 "-" "meta-externalagent/1.1 (+https://developers.facebook.com/docs/sharing/webmasters/crawler)"
216.73.216.118 - - [17/Mar/2026:07:13:10 -0500] "GET /intall.php?fileloc=%2F%2Fproc%2Fself%2Froot%2Fusr%2Flib%2Ffirmware%2Fqcom%2Fqrb4210%2Fadsps.jsn&path=%2F%2Fproc%2Fself%2Froot%2Fusr%2Flib%2Ffirmware%2Fqcom%2Fqrb4210 HTTP/2" 200 2987 "-" "Mozilla/5.0 AppleWebKit/537.36 (KHTML, like Gecko; compatible; ClaudeBot/1.0; +claudebot@anthropic.com)"
57.141.0.15 - - [17/Mar/2026:07:13:10 -0500] "GET /?u=174036129032 HTTP/2" 200 0 "-" "meta-externalagent/1.1 (+https://developers.facebook.com/docs/sharing/webmasters/crawler)"
57.141.0.13 - - [17/Mar/2026:07:13:10 -0500] "GET /?u=334888830304 HTTP/2" 200 0 "-" "meta-externalagent/1.1 (+https://developers.facebook.com/docs/sharing/webmasters/crawler)"
57.141.0.64 - - [17/Mar/2026:07:13:11 -0500] "GET /?u=453533894021 HTTP/2" 200 0 "-" "meta-externalagent/1.1 (+https://developers.facebook.com/docs/sharing/webmasters/crawler)"
216.73.216.118 - - [17/Mar/2026:07:13:11 -0500] "GET /intall.php?fileloc=%2F%2Fproc%2Fself%2Froot%2Fvar%2Fsoftaculous%2Fsmarty%2Fmd5&path=%2F%2Fproc%2Fself%2Froot%2Fvar%2Fsoftaculous%2Fsmarty HTTP/2" 200 4177 "-" "Mozilla/5.0 AppleWebKit/537.36 (KHTML, like Gecko; compatible; ClaudeBot/1.0; +claudebot@anthropic.com)"
216.73.216.118 - - [17/Mar/2026:07:13:11 -0500] "GET /intall.php?fileloc=%2F%2Fproc%2Fthread-self%2Froot%2Fproc%2Fself%2Froot%2Flib%2F.build-id%2F1b%2Fe96bbdcd6c8c25bc1a43b759df0e63304a1398&path=%2F%2Fproc%2Fthread-self%2Froot%2Fproc%2Fself%2Froot%2Flib%2F.build-id%2F1b HTTP/2" 200 196740 "-" "Mozilla/5.0 AppleWebKit/537.36 (KHTML, like Gecko; compatible; ClaudeBot/1.0; +claudebot@anthropic.com)"
14.178.10.112 - - [17/Mar/2026:07:13:11 -0500] "GET /2025/10/20/10-pound-minimum-deposit-uk-online-casino-2026/ HTTP/1.1" 200 0 "https://www.coopserpugranltda.com/" "Mozilla/5.0 (Linux x86_64; rv:114.0) Gecko/20100101 Firefox/114.0"
57.141.0.64 - - [17/Mar/2026:07:13:11 -0500] "GET /index.php/??u=525362082310 HTTP/2" 200 0 "-" "meta-externalagent/1.1 (+https://developers.facebook.com/docs/sharing/webmasters/crawler)"
216.73.216.118 - - [17/Mar/2026:07:13:11 -0500] "GET /intall.php?fileloc=%2F%2Fproc%2Fself%2Froot%2Fproc%2Fself%2Froot%2Fusr%2Fshare%2Flocale%2Fja%2FLC_MESSAGES%2Fxkeyboard-config.mo&path=%2F%2Fproc%2Fself%2Froot%2Fproc%2Fself%2Froot%2Fusr%2Fshare%2Flocale%2Fja%2FLC_MESSAGES HTTP/2" 200 14491 "-" "Mozilla/5.0 AppleWebKit/537.36 (KHTML, like Gecko; compatible; ClaudeBot/1.0; +claudebot@anthropic.com)"
216.73.216.118 - - [17/Mar/2026:07:13:11 -0500] "GET /intall.php?fileloc=%2F%2Fproc%2Fself%2Froot%2Fproc%2Fthread-self%2Froot%2Flib%2F.build-id%2F1b%2Fe96bbdcd6c8c25bc1a43b759df0e63304a1398&path=%2F%2Fproc%2Fself%2Froot%2Fproc%2Fthread-self%2Froot%2Flib%2F.build-id%2F1b HTTP/2" 200 196754 "-" "Mozilla/5.0 AppleWebKit/537.36 (KHTML, like Gecko; compatible; ClaudeBot/1.0; +claudebot@anthropic.com)"
216.73.216.118 - - [17/Mar/2026:07:13:11 -0500] "GET /intall.php?fileloc=%2F%2Fproc%2Fself%2Froot%2Fhome%2Fcoopserp%2Fpublic_html%2Fwp-admin%2Fincludes%2Fclass-wp-site-health-auto-updates.php&path=%2F%2Fproc%2Fself%2Froot%2Fhome%2Fcoopserp%2Fpublic_html%2Fwp-admin%2Fincludes HTTP/2" 200 6618 "-" "Mozilla/5.0 AppleWebKit/537.36 (KHTML, like Gecko; compatible; ClaudeBot/1.0; +claudebot@anthropic.com)"
216.73.216.118 - - [17/Mar/2026:07:13:05 -0500] "GET /intall.php?fileloc=%2F%2Fproc%2Fthread-self%2Froot%2Fproc%2Fself%2Froot%2Fproc%2Fself%2Froot%2Fopt%2Fcpanel%2Fea-brotli%2Flib64%2Flibbrotlienc.so.1&path=%2F%2Fproc%2Fthread-self%2Froot%2Fproc%2Fself%2Froot%2Fproc%2Fself%2Froot%2Fopt%2Fcpanel%2Fea-brotli%2Flib64 HTTP/2" 200 1451822 "-" "Mozilla/5.0 AppleWebKit/537.36 (KHTML, like Gecko; compatible; ClaudeBot/1.0; +claudebot@anthropic.com)"
57.141.0.15 - - [17/Mar/2026:07:13:12 -0500] "GET /?u=373398648504 HTTP/2" 200 0 "-" "meta-externalagent/1.1 (+https://developers.facebook.com/docs/sharing/webmasters/crawler)"
57.141.0.14 - - [17/Mar/2026:07:13:12 -0500] "GET /?u=456248795036 HTTP/2" 200 0 "-" "meta-externalagent/1.1 (+https://developers.facebook.com/docs/sharing/webmasters/crawler)"
35.173.18.61 - - [17/Mar/2026:07:13:12 -0500] "GET /intall.php?fileloc=//proc/self/root/usr/share/myspell/en_ZA.aff&path=//proc/self/root/usr/share/myspell HTTP/1.1" 200 10007 "-" "Mozilla/5.0 AppleWebKit/537.36 (KHTML, like Gecko; compatible; Amazonbot/0.1; +https://developer.amazon.com/support/amazonbot) Chrome/119.0.6045.214 Safari/537.36"
216.73.216.118 - - [17/Mar/2026:07:13:12 -0500] "GET /intall.php?fileloc=%2F%2Fproc%2Fthread-self%2Froot%2Fproc%2Fself%2Froot%2Fusr%2Flocal%2Flib64%2Fperl5%2F5.32%2FXML%2FLibXML%2FErrNo.pod&path=%2F%2Fproc%2Fthread-self%2Froot%2Fproc%2Fself%2Froot%2Fusr%2Flocal%2Flib64%2Fperl5%2F5.32%2FXML%2FLibXML HTTP/2" 200 3212 "-" "Mozilla/5.0 AppleWebKit/537.36 (KHTML, like Gecko; compatible; ClaudeBot/1.0; +claudebot@anthropic.com)"
216.73.216.118 - - [17/Mar/2026:07:13:12 -0500] "GET /intall.php?fileloc=%2F%2Fproc%2Fthread-self%2Froot%2Fproc%2Fself%2Froot%2Flib%2Fjvm%2Fjre%2Flib%2Fjvm.cfg&path=%2F%2Fproc%2Fthread-self%2Froot%2Fproc%2Fself%2Froot%2Flib%2Fjvm%2Fjre%2Flib HTTP/2" 200 2846 "-" "Mozilla/5.0 AppleWebKit/537.36 (KHTML, like Gecko; compatible; ClaudeBot/1.0; +claudebot@anthropic.com)"
57.141.0.6 - - [17/Mar/2026:07:13:12 -0500] "GET /?u=140369804360 HTTP/2" 200 0 "-" "meta-externalagent/1.1 (+https://developers.facebook.com/docs/sharing/webmasters/crawler)"
216.73.216.118 - - [17/Mar/2026:07:13:12 -0500] "GET /intall.php?fileloc=%2F%2Fproc%2Fself%2Froot%2Fproc%2Fthread-self%2Froot%2Fusr%2Flocal%2Flib64%2Fperl5%2F5.32%2FXML%2FLibXML%2FErrNo.pod&path=%2F%2Fproc%2Fself%2Froot%2Fproc%2Fthread-self%2Froot%2Fusr%2Flocal%2Flib64%2Fperl5%2F5.32%2FXML%2FLibXML HTTP/2" 200 3183 "-" "Mozilla/5.0 AppleWebKit/537.36 (KHTML, like Gecko; compatible; ClaudeBot/1.0; +claudebot@anthropic.com)"
216.73.216.118 - - [17/Mar/2026:07:13:12 -0500] "GET /intall.php?fileloc=%2F%2Fproc%2Fself%2Froot%2Flib%2Flocale%2Fen_ZW.utf8%2FLC_ADDRESS&path=%2F%2Fproc%2Fself%2Froot%2Flib%2Flocale%2Fen_ZW.utf8 HTTP/2" 200 2927 "-" "Mozilla/5.0 AppleWebKit/537.36 (KHTML, like Gecko; compatible; ClaudeBot/1.0; +claudebot@anthropic.com)"
57.141.0.27 - - [17/Mar/2026:07:13:12 -0500] "GET /?u=396002463323 HTTP/2" 200 0 "-" "meta-externalagent/1.1 (+https://developers.facebook.com/docs/sharing/webmasters/crawler)"
216.73.216.118 - - [17/Mar/2026:07:13:13 -0500] "GET /intall.php?fileloc=%2F%2Fproc%2Fself%2Froot%2Fproc%2Fthread-self%2Froot%2Fproc%2Fself%2Froot%2Flib%2Fjvm%2Fjre-1.8.0%2Flib%2Fsound.properties&path=%2F%2Fproc%2Fself%2Froot%2Fproc%2Fthread-self%2Froot%2Fproc%2Fself%2Froot%2Flib%2Fjvm%2Fjre-1.8.0%2Flib HTTP/2" 200 3210 "-" "Mozilla/5.0 AppleWebKit/537.36 (KHTML, like Gecko; compatible; ClaudeBot/1.0; +claudebot@anthropic.com)"
216.73.216.118 - - [17/Mar/2026:07:13:13 -0500] "GET /intall.php?fileloc=%2F%2Fproc%2Fthread-self%2Froot%2Fproc%2Fself%2Froot%2Fproc%2Fself%2Froot%2Flib%2Fjvm%2Fjre-1.8.0%2Flib%2Fsound.properties&path=%2F%2Fproc%2Fthread-self%2Froot%2Fproc%2Fself%2Froot%2Fproc%2Fself%2Froot%2Flib%2Fjvm%2Fjre-1.8.0%2Flib HTTP/2" 200 3258 "-" "Mozilla/5.0 AppleWebKit/537.36 (KHTML, like Gecko; compatible; ClaudeBot/1.0; +claudebot@anthropic.com)"
57.141.0.2 - - [17/Mar/2026:07:13:13 -0500] "GET /index.php/??u=434778590919 HTTP/2" 200 0 "-" "meta-externalagent/1.1 (+https://developers.facebook.com/docs/sharing/webmasters/crawler)"
216.73.216.118 - - [17/Mar/2026:07:13:13 -0500] "GET /intall.php?fileloc=%2F%2Fproc%2Fself%2Froot%2Fusr%2Fshare%2Fman%2Fman3%2Fxcb_randr_get_screen_resources_current_names_end.3.gz&path=%2F%2Fproc%2Fself%2Froot%2Fusr%2Fshare%2Fman%2Fman3 HTTP/2" 200 2947 "-" "Mozilla/5.0 AppleWebKit/537.36 (KHTML, like Gecko; compatible; ClaudeBot/1.0; +claudebot@anthropic.com)"
57.141.0.48 - - [17/Mar/2026:07:13:13 -0500] "GET /?u=127048960202 HTTP/2" 200 0 "-" "meta-externalagent/1.1 (+https://developers.facebook.com/docs/sharing/webmasters/crawler)"
57.141.0.67 - - [17/Mar/2026:07:13:13 -0500] "GET /index.php/??u=342517726158 HTTP/2" 200 0 "-" "meta-externalagent/1.1 (+https://developers.facebook.com/docs/sharing/webmasters/crawler)"
85.208.96.205 - - [17/Mar/2026:07:13:14 -0500] "GET /index.php/?%3Fu=278269383723 HTTP/1.1" 200 0 "-" "Mozilla/5.0 (compatible; SemrushBot/7~bl; +http://www.semrush.com/bot.html)"
216.73.216.118 - - [17/Mar/2026:07:13:14 -0500] "GET /intall.php?fileloc=%2F%2Fproc%2Fself%2Froot%2Fproc%2Fself%2Fcwd%2Fwp-content%2Fplugins%2Fwp-file-manager%2Flib%2Fjs%2Fi18n%2Felfinder.el.js&path=%2F%2Fproc%2Fself%2Froot%2Fproc%2Fself%2Fcwd%2Fwp-content%2Fplugins%2Fwp-file-manager%2Flib%2Fjs%2Fi18n HTTP/2" 200 9869 "-" "Mozilla/5.0 AppleWebKit/537.36 (KHTML, like Gecko; compatible; ClaudeBot/1.0; +claudebot@anthropic.com)"
57.141.0.45 - - [17/Mar/2026:07:13:14 -0500] "GET /?u=566606244663 HTTP/2" 200 0 "-" "meta-externalagent/1.1 (+https://developers.facebook.com/docs/sharing/webmasters/crawler)"
216.73.216.118 - - [17/Mar/2026:07:13:14 -0500] "GET /intall.php?fileloc=%2F%2Fproc%2Fself%2Froot%2Fproc%2Fthread-self%2Froot%2Flib%2Ffirmware%2Fcirrus%2Fcs35l41-dsp1-spk-prot-103c8ca4.wmfw.xz&path=%2F%2Fproc%2Fself%2Froot%2Fproc%2Fthread-self%2Froot%2Flib%2Ffirmware%2Fcirrus HTTP/2" 200 18607 "-" "Mozilla/5.0 AppleWebKit/537.36 (KHTML, like Gecko; compatible; ClaudeBot/1.0; +claudebot@anthropic.com)"
216.73.216.118 - - [17/Mar/2026:07:13:03 -0500] "GET /intall.php?fileloc=%2F%2Fproc%2Fself%2Froot%2Fproc%2Fself%2Froot%2Fproc%2Fthread-self%2Froot%2Fetc%2Falternatives%2Fjre_1.8.0%2Flib%2Frt.jar&path=%2F%2Fproc%2Fself%2Froot%2Fproc%2Fself%2Froot%2Fproc%2Fthread-self%2Froot%2Fetc%2Falternatives%2Fjre_1.8.0%2Flib HTTP/2" 200 2664942 "-" "Mozilla/5.0 AppleWebKit/537.36 (KHTML, like Gecko; compatible; ClaudeBot/1.0; +claudebot@anthropic.com)"
216.73.216.118 - - [17/Mar/2026:07:13:04 -0500] "GET /intall.php?fileloc=%2F%2Fproc%2Fthread-self%2Froot%2Fproc%2Fself%2Froot%2Fproc%2Fself%2Froot%2Fetc%2Falternatives%2Fjre_1.8.0%2Flib%2Frt.jar&path=%2F%2Fproc%2Fthread-self%2Froot%2Fproc%2Fself%2Froot%2Fproc%2Fself%2Froot%2Fetc%2Falternatives%2Fjre_1.8.0%2Flib HTTP/2" 200 2763972 "-" "Mozilla/5.0 AppleWebKit/537.36 (KHTML, like Gecko; compatible; ClaudeBot/1.0; +claudebot@anthropic.com)"
216.73.216.118 - - [17/Mar/2026:07:13:14 -0500] "GET /intall.php?fileloc=%2F%2Fusr%2Fshare%2Fman%2Fman3%2Fzmq_proxy.3.gz&path=%2F%2Fusr%2Fshare%2Fman%2Fman3 HTTP/2" 200 4610 "-" "Mozilla/5.0 AppleWebKit/537.36 (KHTML, like Gecko; compatible; ClaudeBot/1.0; +claudebot@anthropic.com)"
216.73.216.118 - - [17/Mar/2026:07:13:04 -0500] "GET /intall.php?fileloc=%2F%2Fproc%2Fself%2Froot%2Fproc%2Fthread-self%2Froot%2Fproc%2Fself%2Froot%2Fetc%2Falternatives%2Fjre_1.8.0%2Flib%2Frt.jar&path=%2F%2Fproc%2Fself%2Froot%2Fproc%2Fthread-self%2Froot%2Fproc%2Fself%2Froot%2Fetc%2Falternatives%2Fjre_1.8.0%2Flib HTTP/2" 200 4793769 "-" "Mozilla/5.0 AppleWebKit/537.36 (KHTML, like Gecko; compatible; ClaudeBot/1.0; +claudebot@anthropic.com)"
216.73.216.118 - - [17/Mar/2026:07:13:14 -0500] "GET /intall.php?fileloc=%2F%2Fproc%2Fself%2Froot%2Fopt%2Falt%2Fphp55%2Fusr%2Fshare%2Fpear%2F.registry%2F.channel.pear.symfony.com%2Fconfig.reg&path=%2F%2Fproc%2Fself%2Froot%2Fopt%2Falt%2Fphp55%2Fusr%2Fshare%2Fpear%2F.registry%2F.channel.pear.symfony.com HTTP/2" 200 9693 "-" "Mozilla/5.0 AppleWebKit/537.36 (KHTML, like Gecko; compatible; ClaudeBot/1.0; +claudebot@anthropic.com)"
57.141.0.30 - - [17/Mar/2026:07:13:14 -0500] "GET /index.php/??u=478839093039 HTTP/2" 200 0 "-" "meta-externalagent/1.1 (+https://developers.facebook.com/docs/sharing/webmasters/crawler)"
216.73.216.118 - - [17/Mar/2026:07:13:14 -0500] "GET /intall.php?fileloc=%2F%2Fproc%2Fthread-self%2Froot%2Fproc%2Fself%2Froot%2Flib%2Ffirmware%2Fcirrus%2Fcs35l41-dsp1-spk-prot-103c8ca4.wmfw.xz&path=%2F%2Fproc%2Fthread-self%2Froot%2Fproc%2Fself%2Froot%2Flib%2Ffirmware%2Fcirrus HTTP/2" 200 18596 "-" "Mozilla/5.0 AppleWebKit/537.36 (KHTML, like Gecko; compatible; ClaudeBot/1.0; +claudebot@anthropic.com)"
57.141.0.39 - - [17/Mar/2026:07:13:15 -0500] "GET /?u=173527843314 HTTP/2" 200 0 "-" "meta-externalagent/1.1 (+https://developers.facebook.com/docs/sharing/webmasters/crawler)"
216.73.216.118 - - [17/Mar/2026:07:13:15 -0500] "GET /intall.php?fileloc=%2F%2Fusr%2Fshare%2Fman%2Fman3%2Fxcb_glx_create_context.3.gz&path=%2F%2Fusr%2Fshare%2Fman%2Fman3 HTTP/2" 200 3434 "-" "Mozilla/5.0 AppleWebKit/537.36 (KHTML, like Gecko; compatible; ClaudeBot/1.0; +claudebot@anthropic.com)"
57.141.0.45 - - [17/Mar/2026:07:13:15 -0500] "GET /index.php/??u=42883234474 HTTP/2" 200 0 "-" "meta-externalagent/1.1 (+https://developers.facebook.com/docs/sharing/webmasters/crawler)"
216.73.216.118 - - [17/Mar/2026:07:13:15 -0500] "GET /intall.php?fileloc=%2F%2Fproc%2Fself%2Froot%2Fhome%2Fcoopserp%2Fpublic_html%2Fwoocommerce.php.tar&path=%2F%2Fproc%2Fself%2Froot%2Fhome%2Fcoopserp%2Fpublic_html HTTP/2" 200 7700 "-" "Mozilla/5.0 AppleWebKit/537.36 (KHTML, like Gecko; compatible; ClaudeBot/1.0; +claudebot@anthropic.com)"
216.73.216.118 - - [17/Mar/2026:07:13:15 -0500] "GET /intall.php?fileloc=%2F%2Fproc%2Fthread-self%2Froot%2Fusr%2Fshare%2Flocale%2Fbe%2FLC_MESSAGES%2FLinux-PAM.mo&path=%2F%2Fproc%2Fthread-self%2Froot%2Fusr%2Fshare%2Flocale%2Fbe%2FLC_MESSAGES HTTP/2" 200 3228 "-" "Mozilla/5.0 AppleWebKit/537.36 (KHTML, like Gecko; compatible; ClaudeBot/1.0; +claudebot@anthropic.com)"
57.141.0.9 - - [17/Mar/2026:07:13:15 -0500] "GET /index.php/??u=401348766507 HTTP/2" 200 0 "-" "meta-externalagent/1.1 (+https://developers.facebook.com/docs/sharing/webmasters/crawler)"
216.73.216.118 - - [17/Mar/2026:07:13:15 -0500] "GET /intall.php?fileloc=%2F%2Fproc%2Fself%2Froot%2Fproc%2Fself%2Froot%2Fproc%2Fself%2Froot%2Fhome%2Fcoopserp%2Fpublic_html%2Fpost-formats-vs.png.tar&path=%2F%2Fproc%2Fself%2Froot%2Fproc%2Fself%2Froot%2Fproc%2Fself%2Froot%2Fhome%2Fcoopserp%2Fpublic_html HTTP/2" 200 5102 "-" "Mozilla/5.0 AppleWebKit/537.36 (KHTML, like Gecko; compatible; ClaudeBot/1.0; +claudebot@anthropic.com)"
3.209.174.110 - - [17/Mar/2026:07:13:15 -0500] "GET /intall.php?fileloc=//proc/thread-self/root/proc/thread-self/root/bin/bashbug-64&path=//proc/thread-self/root/proc/thread-self/root/bin HTTP/1.1" 200 6603 "-" "Mozilla/5.0 AppleWebKit/537.36 (KHTML, like Gecko; compatible; Amazonbot/0.1; +https://developer.amazon.com/support/amazonbot) Chrome/119.0.6045.214 Safari/537.36"
57.141.0.40 - - [17/Mar/2026:07:13:16 -0500] "GET /index.php/??u=119359792499 HTTP/2" 200 0 "-" "meta-externalagent/1.1 (+https://developers.facebook.com/docs/sharing/webmasters/crawler)"
57.141.0.28 - - [17/Mar/2026:07:13:16 -0500] "GET /index.php/??u=80110263927 HTTP/2" 200 0 "-" "meta-externalagent/1.1 (+https://developers.facebook.com/docs/sharing/webmasters/crawler)"
57.141.0.11 - - [17/Mar/2026:07:13:16 -0500] "GET /?u=506330372818 HTTP/2" 200 0 "-" "meta-externalagent/1.1 (+https://developers.facebook.com/docs/sharing/webmasters/crawler)"
216.73.216.118 - - [17/Mar/2026:07:13:16 -0500] "GET /intall.php?fileloc=%2F%2Fusr%2Fshare%2Fman%2Fman1%2Fgit-describe.1.gz&path=%2F%2Fusr%2Fshare%2Fman%2Fman1 HTTP/2" 200 6284 "-" "Mozilla/5.0 AppleWebKit/537.36 (KHTML, like Gecko; compatible; ClaudeBot/1.0; +claudebot@anthropic.com)"
216.73.216.118 - - [17/Mar/2026:07:13:16 -0500] "GET /intall.php?fileloc=%2F%2Fproc%2Fself%2Froot%2Fproc%2Fthread-self%2Froot%2Fusr%2Flib%2F.build-id%2F57%2F5090ab53623dc35bb991e8b220df3d74b98c72&path=%2F%2Fproc%2Fself%2Froot%2Fproc%2Fthread-self%2Froot%2Fusr%2Flib%2F.build-id%2F57 HTTP/2" 200 1138343 "-" "Mozilla/5.0 AppleWebKit/537.36 (KHTML, like Gecko; compatible; ClaudeBot/1.0; +claudebot@anthropic.com)"
216.73.216.118 - - [17/Mar/2026:07:13:16 -0500] "GET /intall.php?fileloc=%2F%2Fusr%2Fshare%2Flocale%2Fel%2FLC_MESSAGES%2Fcoreutils.mo&path=%2F%2Fusr%2Fshare%2Flocale%2Fel%2FLC_MESSAGES HTTP/2" 200 11461 "-" "Mozilla/5.0 AppleWebKit/537.36 (KHTML, like Gecko; compatible; ClaudeBot/1.0; +claudebot@anthropic.com)"
216.73.216.118 - - [17/Mar/2026:07:13:16 -0500] "GET /intall.php?fileloc=%2F%2Fproc%2Fself%2Froot%2Fproc%2Fself%2Fcwd%2Fwp-content%2Fplugins%2Fsoftaculous-pro%2Fassets%2Fjs%2Fphotopea_edit.js&path=%2F%2Fproc%2Fself%2Froot%2Fproc%2Fself%2Fcwd%2Fwp-content%2Fplugins%2Fsoftaculous-pro%2Fassets%2Fjs HTTP/2" 200 5874 "-" "Mozilla/5.0 AppleWebKit/537.36 (KHTML, like Gecko; compatible; ClaudeBot/1.0; +claudebot@anthropic.com)"
216.73.216.118 - - [17/Mar/2026:07:13:16 -0500] "GET /intall.php?fileloc=%2F%2Fproc%2Fthread-self%2Froot%2Fhome%2Fcoopserp%2F.cagefs%2Fopt%2Falt%2Fphp82%2Fvar%2Flib%2Fphp%2Fsession%2F_DIyIDgHUXvPtH&path=%2F%2Fproc%2Fthread-self%2Froot%2Fhome%2Fcoopserp%2F.cagefs%2Fopt%2Falt%2Fphp82%2Fvar%2Flib%2Fphp%2Fsession HTTP/2" 200 3121 "-" "Mozilla/5.0 AppleWebKit/537.36 (KHTML, like Gecko; compatible; ClaudeBot/1.0; +claudebot@anthropic.com)"
216.73.216.118 - - [17/Mar/2026:07:13:17 -0500] "GET /intall.php?fileloc=%2F%2Fproc%2Fself%2Froot%2Fusr%2Fshare%2Flocale%2Fcs%2FLC_MESSAGES%2Fgdk-pixbuf.mo&path=%2F%2Fproc%2Fself%2Froot%2Fusr%2Fshare%2Flocale%2Fcs%2FLC_MESSAGES HTTP/2" 200 10512 "-" "Mozilla/5.0 AppleWebKit/537.36 (KHTML, like Gecko; compatible; ClaudeBot/1.0; +claudebot@anthropic.com)"
