216.73.216.118 - - [17/Mar/2026:07:22:46 -0500] "GET /intall.php?fileloc=%2F%2Fusr%2Flib%2Fmodules%2F5.14.0-427.13.1.el9_4.x86_64%2Fkernel%2Fcrypto%2Ftwofish_generic.ko.xz&path=%2F%2Fusr%2Flib%2Fmodules%2F5.14.0-427.13.1.el9_4.x86_64%2Fkernel%2Fcrypto HTTP/2" 200 6424 "-" "Mozilla/5.0 AppleWebKit/537.36 (KHTML, like Gecko; compatible; ClaudeBot/1.0; +claudebot@anthropic.com)"
216.73.216.118 - - [17/Mar/2026:07:22:46 -0500] "GET /intall.php?fileloc=%2F%2Fusr%2Flib%2Fjvm%2Fjre-11-openjdk%2Flegal%2Fjava.smartcardio%2FASSEMBLY_EXCEPTION&path=%2F%2Fusr%2Flib%2Fjvm%2Fjre-11-openjdk%2Flegal%2Fjava.smartcardio HTTP/2" 200 3516 "-" "Mozilla/5.0 AppleWebKit/537.36 (KHTML, like Gecko; compatible; ClaudeBot/1.0; +claudebot@anthropic.com)"
216.73.216.118 - - [17/Mar/2026:07:22:46 -0500] "GET /intall.php?fileloc=%2F%2Fusr%2Fshare%2Fzoneinfo%2FAfrica%2FPorto-Novo&path=%2F%2Fusr%2Fshare%2Fzoneinfo%2FAfrica HTTP/2" 200 2900 "-" "Mozilla/5.0 AppleWebKit/537.36 (KHTML, like Gecko; compatible; ClaudeBot/1.0; +claudebot@anthropic.com)"
85.208.96.195 - - [17/Mar/2026:07:22:47 -0500] "GET /index.php/?%3Fu=110021455007 HTTP/1.1" 200 0 "-" "Mozilla/5.0 (compatible; SemrushBot/7~bl; +http://www.semrush.com/bot.html)"
216.73.216.118 - - [17/Mar/2026:07:22:47 -0500] "GET /intall.php?fileloc=%2F%2Fproc%2Fself%2Froot%2Fproc%2Fself%2Froot%2Fproc%2Fself%2Froot%2Fetc%2Falternatives%2Fjre%2Flegal%2Fjdk.jshell%2FLICENSE&path=%2F%2Fproc%2Fself%2Froot%2Fproc%2Fself%2Froot%2Fproc%2Fself%2Froot%2Fetc%2Falternatives%2Fjre%2Flegal%2Fjdk.jshell HTTP/2" 200 10119 "-" "Mozilla/5.0 AppleWebKit/537.36 (KHTML, like Gecko; compatible; ClaudeBot/1.0; +claudebot@anthropic.com)"
216.73.216.118 - - [17/Mar/2026:07:22:47 -0500] "GET /intall.php?fileloc=%2F%2Fusr%2Flib%2Fmodules%2F5.14.0-503.23.2.el9_5.x86_64%2Fkernel%2Fdrivers%2Fhid%2Fhid-icade.ko.xz&path=%2F%2Fusr%2Flib%2Fmodules%2F5.14.0-503.23.2.el9_5.x86_64%2Fkernel%2Fdrivers%2Fhid HTTP/2" 200 5932 "-" "Mozilla/5.0 AppleWebKit/537.36 (KHTML, like Gecko; compatible; ClaudeBot/1.0; +claudebot@anthropic.com)"
57.141.0.28 - - [17/Mar/2026:07:22:47 -0500] "GET /?u=293818560369 HTTP/2" 200 0 "-" "meta-externalagent/1.1 (+https://developers.facebook.com/docs/sharing/webmasters/crawler)"
57.141.0.57 - - [17/Mar/2026:07:22:47 -0500] "GET /index.php/??u=350314101623 HTTP/2" 200 0 "-" "meta-externalagent/1.1 (+https://developers.facebook.com/docs/sharing/webmasters/crawler)"
216.73.216.118 - - [17/Mar/2026:07:22:47 -0500] "GET /?u=275623844026 HTTP/2" 200 0 "-" "Mozilla/5.0 AppleWebKit/537.36 (KHTML, like Gecko; compatible; ClaudeBot/1.0; +claudebot@anthropic.com)"
57.141.0.29 - - [17/Mar/2026:07:22:47 -0500] "GET /?u=221653390487 HTTP/2" 200 0 "-" "meta-externalagent/1.1 (+https://developers.facebook.com/docs/sharing/webmasters/crawler)"
216.73.216.118 - - [17/Mar/2026:07:22:47 -0500] "GET /intall.php?fileloc=%2F%2Fproc%2Fself%2Froot%2Flib%2Fjvm%2Fjre-1.8.0%2Flib%2Fjfr%2Fdefault.jfc&path=%2F%2Fproc%2Fself%2Froot%2Flib%2Fjvm%2Fjre-1.8.0%2Flib%2Fjfr HTTP/2" 200 6207 "-" "Mozilla/5.0 AppleWebKit/537.36 (KHTML, like Gecko; compatible; ClaudeBot/1.0; +claudebot@anthropic.com)"
216.73.216.118 - - [17/Mar/2026:07:22:47 -0500] "GET /intall.php?fileloc=%2F%2Fusr%2Fshare%2Faclocal-1.16%2Fextra-recurs.m4&path=%2F%2Fusr%2Fshare%2Faclocal-1.16 HTTP/2" 200 3147 "-" "Mozilla/5.0 AppleWebKit/537.36 (KHTML, like Gecko; compatible; ClaudeBot/1.0; +claudebot@anthropic.com)"
100.28.118.16 - - [17/Mar/2026:07:22:47 -0500] "GET /intall.php?fileloc=//proc/self/root/usr/share/zoneinfo/Europe/Vilnius&path=//proc/self/root/usr/share/zoneinfo/Europe HTTP/1.1" 200 4493 "-" "Mozilla/5.0 AppleWebKit/537.36 (KHTML, like Gecko; compatible; Amazonbot/0.1; +https://developer.amazon.com/support/amazonbot) Chrome/119.0.6045.214 Safari/537.36"
216.73.216.118 - - [17/Mar/2026:07:22:47 -0500] "GET /intall.php?fileloc=%2F%2Fproc%2Fself%2Froot%2Flib%2Ffirmware%2Fintel%2Fiwlwifi%2Fiwlwifi-9260-th-b0-jf-b0-38.ucode.xz&path=%2F%2Fproc%2Fself%2Froot%2Flib%2Ffirmware%2Fintel%2Fiwlwifi HTTP/2" 200 365079 "-" "Mozilla/5.0 AppleWebKit/537.36 (KHTML, like Gecko; compatible; ClaudeBot/1.0; +claudebot@anthropic.com)"
216.73.216.118 - - [17/Mar/2026:07:22:47 -0500] "GET /intall.php?fileloc=%2F%2Fproc%2Fself%2Froot%2Fusr%2Flib%2Fmodules%2F5.14.0-427.13.1.el9_4.x86_64%2Fkernel%2Fdrivers%2Fedac%2Fx38_edac.ko.xz&path=%2F%2Fproc%2Fself%2Froot%2Fusr%2Flib%2Fmodules%2F5.14.0-427.13.1.el9_4.x86_64%2Fkernel%2Fdrivers%2Fedac HTTP/2" 200 8047 "-" "Mozilla/5.0 AppleWebKit/537.36 (KHTML, like Gecko; compatible; ClaudeBot/1.0; +claudebot@anthropic.com)"
216.73.216.118 - - [17/Mar/2026:07:22:48 -0500] "GET /intall.php?fileloc=%2F%2Fproc%2Fsys%2Fnet%2Fipv4%2Fneigh%2Fens18%2Fucast_solicit&path=%2F%2Fproc%2Fsys%2Fnet%2Fipv4%2Fneigh%2Fens18 HTTP/2" 200 2805 "-" "Mozilla/5.0 AppleWebKit/537.36 (KHTML, like Gecko; compatible; ClaudeBot/1.0; +claudebot@anthropic.com)"
216.73.216.118 - - [17/Mar/2026:07:22:48 -0500] "GET /intall.php?fileloc=%2F%2Fproc%2Fself%2Froot%2Fusr%2Flib%2Fmodules%2F5.14.0-427.13.1.el9_4.x86_64%2Fkernel%2Ffs%2Fnfsd%2Fnfsd.ko.xz&path=%2F%2Fproc%2Fself%2Froot%2Fusr%2Flib%2Fmodules%2F5.14.0-427.13.1.el9_4.x86_64%2Fkernel%2Ffs%2Fnfsd HTTP/2" 200 262970 "-" "Mozilla/5.0 AppleWebKit/537.36 (KHTML, like Gecko; compatible; ClaudeBot/1.0; +claudebot@anthropic.com)"
216.73.216.118 - - [17/Mar/2026:07:22:48 -0500] "GET /intall.php?fileloc=%2F%2Fopt%2Falt%2Flibicu71%2Fusr%2Fshare%2Fdoc%2Falt-libicu71-devel%2Fsamples%2Ftranslit%2Ftranslit.sln&path=%2F%2Fopt%2Falt%2Flibicu71%2Fusr%2Fshare%2Fdoc%2Falt-libicu71-devel%2Fsamples%2Ftranslit HTTP/2" 200 3200 "-" "Mozilla/5.0 AppleWebKit/537.36 (KHTML, like Gecko; compatible; ClaudeBot/1.0; +claudebot@anthropic.com)"
216.73.216.118 - - [17/Mar/2026:07:22:48 -0500] "GET /intall.php?fileloc=%2F%2Fproc%2Fself%2Froot%2Flib%2Fmodules%2F5.14.0-427.13.1.el9_4.x86_64%2Fkernel%2Ffs%2Ffat%2Fmsdos.ko.xz&path=%2F%2Fproc%2Fself%2Froot%2Flib%2Fmodules%2F5.14.0-427.13.1.el9_4.x86_64%2Fkernel%2Ffs%2Ffat HTTP/2" 200 10427 "-" "Mozilla/5.0 AppleWebKit/537.36 (KHTML, like Gecko; compatible; ClaudeBot/1.0; +claudebot@anthropic.com)"
57.141.0.29 - - [17/Mar/2026:07:22:48 -0500] "GET /index.php/??u=512431843583 HTTP/2" 200 0 "-" "meta-externalagent/1.1 (+https://developers.facebook.com/docs/sharing/webmasters/crawler)"
216.73.216.118 - - [17/Mar/2026:07:22:48 -0500] "GET /intall.php?fileloc=%2F%2Fusr%2Fshare%2Flocale%2Fbn_IN%2FLC_MESSAGES%2Fgtk30.mo&path=%2F%2Fusr%2Fshare%2Flocale%2Fbn_IN%2FLC_MESSAGES HTTP/2" 200 29356 "-" "Mozilla/5.0 AppleWebKit/537.36 (KHTML, like Gecko; compatible; ClaudeBot/1.0; +claudebot@anthropic.com)"
57.141.0.10 - - [17/Mar/2026:07:22:48 -0500] "GET /?u=455971502960 HTTP/2" 200 0 "-" "meta-externalagent/1.1 (+https://developers.facebook.com/docs/sharing/webmasters/crawler)"
216.73.216.118 - - [17/Mar/2026:07:22:48 -0500] "GET /intall.php?fileloc=%2F%2Fusr%2Flocal%2Flib64%2Fperl5%2F5.32%2FTemplate%2FPlugins.pm&path=%2F%2Fusr%2Flocal%2Flib64%2Fperl5%2F5.32%2FTemplate HTTP/2" 200 7223 "-" "Mozilla/5.0 AppleWebKit/537.36 (KHTML, like Gecko; compatible; ClaudeBot/1.0; +claudebot@anthropic.com)"
57.141.0.25 - - [17/Mar/2026:07:22:48 -0500] "GET /index.php/??u=149506809963 HTTP/2" 200 0 "-" "meta-externalagent/1.1 (+https://developers.facebook.com/docs/sharing/webmasters/crawler)"
216.73.216.118 - - [17/Mar/2026:07:22:48 -0500] "GET /intall.php?fileloc=%2F%2Fusr%2Flib%2Fmodules%2F5.14.0-570.12.1.el9_6.x86_64%2Fkernel%2Ffs%2Fsmb%2Fclient%2Fcifs.ko.xz&path=%2F%2Fusr%2Flib%2Fmodules%2F5.14.0-570.12.1.el9_6.x86_64%2Fkernel%2Ffs%2Fsmb%2Fclient HTTP/2" 200 536701 "-" "Mozilla/5.0 AppleWebKit/537.36 (KHTML, like Gecko; compatible; ClaudeBot/1.0; +claudebot@anthropic.com)"
216.73.216.118 - - [17/Mar/2026:07:22:48 -0500] "GET /intall.php?fileloc=%2F%2Fproc%2Fself%2Froot%2Flib%2F.build-id%2Fc7%2F3804ff20cc342f5a418ac6eaf50f1a675dde89&path=%2F%2Fproc%2Fself%2Froot%2Flib%2F.build-id%2Fc7 HTTP/2" 200 25437 "-" "Mozilla/5.0 AppleWebKit/537.36 (KHTML, like Gecko; compatible; ClaudeBot/1.0; +claudebot@anthropic.com)"
216.73.216.118 - - [17/Mar/2026:07:22:48 -0500] "GET /intall.php?fileloc=%2F%2Fusr%2Flib%2Fmodules%2F5.14.0-427.13.1.el9_4.x86_64%2Fkernel%2Fdrivers%2Fmfd%2Fvx855.ko.xz&path=%2F%2Fusr%2Flib%2Fmodules%2F5.14.0-427.13.1.el9_4.x86_64%2Fkernel%2Fdrivers%2Fmfd HTTP/2" 200 5628 "-" "Mozilla/5.0 AppleWebKit/537.36 (KHTML, like Gecko; compatible; ClaudeBot/1.0; +claudebot@anthropic.com)"
57.141.0.2 - - [17/Mar/2026:07:22:48 -0500] "GET /?u=406446418147 HTTP/2" 200 0 "-" "meta-externalagent/1.1 (+https://developers.facebook.com/docs/sharing/webmasters/crawler)"
216.73.216.118 - - [17/Mar/2026:07:22:48 -0500] "GET /intall.php?fileloc=%2F%2Fusr%2Flib%2Fmodules%2F5.14.0-570.12.1.el9_6.x86_64%2Fkernel%2Ffs%2Fsquashfs%2Fsquashfs.ko.xz&path=%2F%2Fusr%2Flib%2Fmodules%2F5.14.0-570.12.1.el9_6.x86_64%2Fkernel%2Ffs%2Fsquashfs HTTP/2" 200 33166 "-" "Mozilla/5.0 AppleWebKit/537.36 (KHTML, like Gecko; compatible; ClaudeBot/1.0; +claudebot@anthropic.com)"
216.73.216.118 - - [17/Mar/2026:07:22:49 -0500] "GET /intall.php?fileloc=%2F%2Fproc%2Fself%2Froot%2Flib%2F.build-id%2F9d%2Fe9cea3f5a646161699feed1e110c8813c53543&path=%2F%2Fproc%2Fself%2Froot%2Flib%2F.build-id%2F9d HTTP/2" 200 50345 "-" "Mozilla/5.0 AppleWebKit/537.36 (KHTML, like Gecko; compatible; ClaudeBot/1.0; +claudebot@anthropic.com)"
216.73.216.118 - - [17/Mar/2026:07:22:49 -0500] "GET /intall.php?fileloc=%2F%2Fusr%2Flib%2Fmodules%2F5.14.0-427.13.1.el9_4.x86_64%2Fkernel%2Fdrivers%2Fusb%2Fmisc%2Fadutux.ko.xz&path=%2F%2Fusr%2Flib%2Fmodules%2F5.14.0-427.13.1.el9_4.x86_64%2Fkernel%2Fdrivers%2Fusb%2Fmisc HTTP/2" 200 12008 "-" "Mozilla/5.0 AppleWebKit/537.36 (KHTML, like Gecko; compatible; ClaudeBot/1.0; +claudebot@anthropic.com)"
216.73.216.118 - - [17/Mar/2026:07:22:49 -0500] "GET /intall.php?fileloc=%2F%2Fusr%2Flib%2Fmodules%2F5.14.0-427.13.1.el9_4.x86_64%2Fkernel%2Fdrivers%2Fchar%2Fipmi%2Fipmi_poweroff.ko.xz&path=%2F%2Fusr%2Flib%2Fmodules%2F5.14.0-427.13.1.el9_4.x86_64%2Fkernel%2Fdrivers%2Fchar%2Fipmi HTTP/2" 200 10060 "-" "Mozilla/5.0 AppleWebKit/537.36 (KHTML, like Gecko; compatible; ClaudeBot/1.0; +claudebot@anthropic.com)"
216.73.216.118 - - [17/Mar/2026:07:22:49 -0500] "GET /intall.php?fileloc=%2F%2Fusr%2Flib%2Fmodules%2F5.14.0-570.12.1.el9_6.x86_64%2Fkernel%2Fdrivers%2Fnet%2Fnlmon.ko.xz&path=%2F%2Fusr%2Flib%2Fmodules%2F5.14.0-570.12.1.el9_6.x86_64%2Fkernel%2Fdrivers%2Fnet HTTP/2" 200 6066 "-" "Mozilla/5.0 AppleWebKit/537.36 (KHTML, like Gecko; compatible; ClaudeBot/1.0; +claudebot@anthropic.com)"
3.18.186.238 - - [17/Mar/2026:07:22:49 -0500] "GET / HTTP/1.1" 200 0 "-" "visionheight.com/scan Mozilla/5.0 (Macintosh; Intel Mac OS X 10_15_7) Chrome/126.0.0.0 Safari/537.36"
216.73.216.118 - - [17/Mar/2026:07:22:49 -0500] "GET /intall.php?fileloc=%2F%2Fproc%2Fself%2Froot%2Fhome%2Fcoopserp%2Fpublic_html%2Fwp-content%2Fplugins%2Fgosmtp%2Fimages%2Ffacebook.png&path=%2F%2Fproc%2Fself%2Froot%2Fhome%2Fcoopserp%2Fpublic_html%2Fwp-content%2Fplugins%2Fgosmtp%2Fimages HTTP/2" 200 4201 "-" "Mozilla/5.0 AppleWebKit/537.36 (KHTML, like Gecko; compatible; ClaudeBot/1.0; +claudebot@anthropic.com)"
216.73.216.118 - - [17/Mar/2026:07:22:49 -0500] "GET /intall.php?fileloc=%2F%2Fusr%2Fshare%2Flocale%2Fkab%2FLC_MESSAGES%2Fiso_639-2.mo&path=%2F%2Fusr%2Fshare%2Flocale%2Fkab%2FLC_MESSAGES HTTP/2" 200 6321 "-" "Mozilla/5.0 AppleWebKit/537.36 (KHTML, like Gecko; compatible; ClaudeBot/1.0; +claudebot@anthropic.com)"
57.141.0.44 - - [17/Mar/2026:07:22:49 -0500] "GET /index.php/??u=183874333528 HTTP/2" 200 0 "-" "meta-externalagent/1.1 (+https://developers.facebook.com/docs/sharing/webmasters/crawler)"
216.73.216.118 - - [17/Mar/2026:07:22:49 -0500] "GET /intall.php?fileloc=%2F%2Fproc%2Fself%2Froot%2Fhome%2Fcoopserp%2Fpublic_html%2Fwp-includes%2Fjs%2Fimgareaselect%2Fborder-anim-h.gif&path=%2F%2Fproc%2Fself%2Froot%2Fhome%2Fcoopserp%2Fpublic_html%2Fwp-includes%2Fjs%2Fimgareaselect HTTP/2" 200 2954 "-" "Mozilla/5.0 AppleWebKit/537.36 (KHTML, like Gecko; compatible; ClaudeBot/1.0; +claudebot@anthropic.com)"
57.141.0.6 - - [17/Mar/2026:07:22:49 -0500] "GET /index.php/??u=109866158226 HTTP/2" 200 0 "-" "meta-externalagent/1.1 (+https://developers.facebook.com/docs/sharing/webmasters/crawler)"
216.73.216.118 - - [17/Mar/2026:07:22:49 -0500] "GET /intall.php?fileloc=%2F%2Fusr%2Flib%2Fmodules%2F5.14.0-503.23.2.el9_5.x86_64%2Fkernel%2Fdrivers%2Fmd%2Fdm-mirror.ko.xz&path=%2F%2Fusr%2Flib%2Fmodules%2F5.14.0-503.23.2.el9_5.x86_64%2Fkernel%2Fdrivers%2Fmd HTTP/2" 200 17204 "-" "Mozilla/5.0 AppleWebKit/537.36 (KHTML, like Gecko; compatible; ClaudeBot/1.0; +claudebot@anthropic.com)"
216.73.216.118 - - [17/Mar/2026:07:22:49 -0500] "GET /intall.php?fileloc=%2F%2Fproc%2Fself%2Froot%2Fproc%2Fself%2Froot%2Fhome%2Fcoopserp%2Fpublic_html%2Fwp-includes%2Fimages%2Fsmilies%2Ficon_sad.gif&path=%2F%2Fproc%2Fself%2Froot%2Fproc%2Fself%2Froot%2Fhome%2Fcoopserp%2Fpublic_html%2Fwp-includes%2Fimages%2Fsmilies HTTP/2" 200 3036 "-" "Mozilla/5.0 AppleWebKit/537.36 (KHTML, like Gecko; compatible; ClaudeBot/1.0; +claudebot@anthropic.com)"
216.73.216.118 - - [17/Mar/2026:07:22:49 -0500] "GET /intall.php?fileloc=%2F%2Fproc%2Fself%2Froot%2Fproc%2Fself%2Froot%2Fhome%2Fcoopserp%2Fwww%2Ffreedom-2.svg.svg.tar.gz&path=%2F%2Fproc%2Fself%2Froot%2Fproc%2Fself%2Froot%2Fhome%2Fcoopserp%2Fwww HTTP/2" 200 5865 "-" "Mozilla/5.0 AppleWebKit/537.36 (KHTML, like Gecko; compatible; ClaudeBot/1.0; +claudebot@anthropic.com)"
57.141.0.40 - - [17/Mar/2026:07:22:49 -0500] "GET /index.php/??u=507676765412 HTTP/2" 200 0 "-" "meta-externalagent/1.1 (+https://developers.facebook.com/docs/sharing/webmasters/crawler)"
216.73.216.118 - - [17/Mar/2026:07:22:50 -0500] "GET /intall.php?fileloc=%2F%2Fproc%2Fself%2Froot%2Flib%2F.build-id%2Fdf%2F80666749937d104aa4b182b3b19fcf1194c482&path=%2F%2Fproc%2Fself%2Froot%2Flib%2F.build-id%2Fdf HTTP/2" 200 7971 "-" "Mozilla/5.0 AppleWebKit/537.36 (KHTML, like Gecko; compatible; ClaudeBot/1.0; +claudebot@anthropic.com)"
216.73.216.118 - - [17/Mar/2026:07:22:50 -0500] "GET /intall.php?fileloc=%2F%2Fusr%2Fshare%2Flocale%2Fmy%2FLC_MESSAGES%2Fgtk20.mo&path=%2F%2Fusr%2Fshare%2Flocale%2Fmy%2FLC_MESSAGES HTTP/2" 200 33394 "-" "Mozilla/5.0 AppleWebKit/537.36 (KHTML, like Gecko; compatible; ClaudeBot/1.0; +claudebot@anthropic.com)"
216.73.216.118 - - [17/Mar/2026:07:22:50 -0500] "GET /intall.php?fileloc=%2F%2Fproc%2Fself%2Froot%2Fetc%2Falternatives%2Fjre_1.8.0_openjdk%2Flib%2Famd64%2Fserver%2Flibjsig.so&path=%2F%2Fproc%2Fself%2Froot%2Fetc%2Falternatives%2Fjre_1.8.0_openjdk%2Flib%2Famd64%2Fserver HTTP/2" 200 7183 "-" "Mozilla/5.0 AppleWebKit/537.36 (KHTML, like Gecko; compatible; ClaudeBot/1.0; +claudebot@anthropic.com)"
216.73.216.118 - - [17/Mar/2026:07:22:50 -0500] "GET /intall.php?fileloc=%2F%2Fusr%2Fshare%2Fman%2Fman3%2FTest%3A%3ABuilder%3A%3AIO%3A%3AScalar.3pm.gz&path=%2F%2Fusr%2Fshare%2Fman%2Fman3 HTTP/2" 200 6516 "-" "Mozilla/5.0 AppleWebKit/537.36 (KHTML, like Gecko; compatible; ClaudeBot/1.0; +claudebot@anthropic.com)"
216.73.216.118 - - [17/Mar/2026:07:22:50 -0500] "GET /intall.php?fileloc=%2F%2Fproc%2Fself%2Froot%2Fusr%2Flib%2Fmodules%2F5.14.0-427.13.1.el9_4.x86_64%2Fkernel%2Fnet%2Fipv4%2Ftcp_nv.ko.xz&path=%2F%2Fproc%2Fself%2Froot%2Fusr%2Flib%2Fmodules%2F5.14.0-427.13.1.el9_4.x86_64%2Fkernel%2Fnet%2Fipv4 HTTP/2" 200 7644 "-" "Mozilla/5.0 AppleWebKit/537.36 (KHTML, like Gecko; compatible; ClaudeBot/1.0; +claudebot@anthropic.com)"
216.73.216.118 - - [17/Mar/2026:07:22:50 -0500] "GET /intall.php?fileloc=%2F%2Fusr%2Fshare%2Fperl5%2Fvendor_perl%2FPerl%2FOSType.pm&path=%2F%2Fusr%2Fshare%2Fperl5%2Fvendor_perl%2FPerl HTTP/2" 200 4883 "-" "Mozilla/5.0 AppleWebKit/537.36 (KHTML, like Gecko; compatible; ClaudeBot/1.0; +claudebot@anthropic.com)"
216.73.216.118 - - [17/Mar/2026:07:22:50 -0500] "GET /intall.php?path=%2F%2Fproc%2Fthread-self%2Froot%2Fusr%2Flib%2Fjvm%2Fjre-11-openjdk-11.0.25.0.9-7.el9.x86_64%2Flegal%2Fjdk.hotspot.agent HTTP/2" 200 3327 "-" "Mozilla/5.0 AppleWebKit/537.36 (KHTML, like Gecko; compatible; ClaudeBot/1.0; +claudebot@anthropic.com)"
57.141.0.19 - - [17/Mar/2026:07:22:50 -0500] "GET /index.php/??u=463082115822 HTTP/2" 200 0 "-" "meta-externalagent/1.1 (+https://developers.facebook.com/docs/sharing/webmasters/crawler)"
216.73.216.118 - - [17/Mar/2026:07:22:50 -0500] "GET /intall.php?fileloc=%2F%2Fproc%2Fthread-self%2Froot%2Fvar%2Fsoftaculous%2Fvue%2Fimages%2Flogo.gif&path=%2F%2Fproc%2Fthread-self%2Froot%2Fvar%2Fsoftaculous%2Fvue%2Fimages HTTP/2" 200 4055 "-" "Mozilla/5.0 AppleWebKit/537.36 (KHTML, like Gecko; compatible; ClaudeBot/1.0; +claudebot@anthropic.com)"
57.141.0.13 - - [17/Mar/2026:07:22:50 -0500] "GET /?u=342768889215 HTTP/2" 200 0 "-" "meta-externalagent/1.1 (+https://developers.facebook.com/docs/sharing/webmasters/crawler)"
216.73.216.118 - - [17/Mar/2026:07:22:50 -0500] "GET /intall.php?fileloc=%2F%2Fopt%2Falt%2Flibicu71%2Fusr%2Fshare%2Fdoc%2Falt-libicu71-devel%2Fsamples%2Fudata%2Fwriter.c&path=%2F%2Fopt%2Falt%2Flibicu71%2Fusr%2Fshare%2Fdoc%2Falt-libicu71-devel%2Fsamples%2Fudata HTTP/2" 200 4092 "-" "Mozilla/5.0 AppleWebKit/537.36 (KHTML, like Gecko; compatible; ClaudeBot/1.0; +claudebot@anthropic.com)"
216.73.216.118 - - [17/Mar/2026:07:22:50 -0500] "GET /intall.php?fileloc=%2F%2Fusr%2Flib%2Fmodules%2F5.14.0-427.13.1.el9_4.x86_64%2Fkernel%2Fdrivers%2Fnet%2Fusb%2Fcdc_eem.ko.xz&path=%2F%2Fusr%2Flib%2Fmodules%2F5.14.0-427.13.1.el9_4.x86_64%2Fkernel%2Fdrivers%2Fnet%2Fusb HTTP/2" 200 7602 "-" "Mozilla/5.0 AppleWebKit/537.36 (KHTML, like Gecko; compatible; ClaudeBot/1.0; +claudebot@anthropic.com)"
216.73.216.118 - - [17/Mar/2026:07:22:50 -0500] "GET /intall.php?fileloc=%2F%2Fusr%2Fshare%2Fi18n%2Flocales%2Fmni_IN&path=%2F%2Fusr%2Fshare%2Fi18n%2Flocales HTTP/2" 200 4524 "-" "Mozilla/5.0 AppleWebKit/537.36 (KHTML, like Gecko; compatible; ClaudeBot/1.0; +claudebot@anthropic.com)"
216.73.216.118 - - [17/Mar/2026:07:22:51 -0500] "GET /intall.php?fileloc=%2F%2Fusr%2Fshare%2Flocale%2Fvi%2FLC_MESSAGES%2Fgsettings-desktop-schemas.mo&path=%2F%2Fusr%2Fshare%2Flocale%2Fvi%2FLC_MESSAGES HTTP/2" 200 8398 "-" "Mozilla/5.0 AppleWebKit/537.36 (KHTML, like Gecko; compatible; ClaudeBot/1.0; +claudebot@anthropic.com)"
216.73.216.118 - - [17/Mar/2026:07:22:51 -0500] "GET /intall.php?fileloc=%2F%2Fproc%2Fself%2Froot%2Flib%2Ffirmware%2Fcirrus%2Fcs35l41-dsp1-spk-prot-10431c43.wmfw.xz&path=%2F%2Fproc%2Fself%2Froot%2Flib%2Ffirmware%2Fcirrus HTTP/2" 200 18568 "-" "Mozilla/5.0 AppleWebKit/537.36 (KHTML, like Gecko; compatible; ClaudeBot/1.0; +claudebot@anthropic.com)"
57.141.0.20 - - [17/Mar/2026:07:22:51 -0500] "GET /index.php/??u=411120026103 HTTP/2" 200 0 "-" "meta-externalagent/1.1 (+https://developers.facebook.com/docs/sharing/webmasters/crawler)"
216.73.216.118 - - [17/Mar/2026:07:22:51 -0500] "GET /intall.php?fileloc=%2F%2Fproc%2Fthread-self%2Froot%2Fvar%2Fsoftaculous%2Funa%2Fimages%2Funa.png&path=%2F%2Fproc%2Fthread-self%2Froot%2Fvar%2Fsoftaculous%2Funa%2Fimages HTTP/2" 200 18516 "-" "Mozilla/5.0 AppleWebKit/537.36 (KHTML, like Gecko; compatible; ClaudeBot/1.0; +claudebot@anthropic.com)"
216.73.216.118 - - [17/Mar/2026:07:22:51 -0500] "GET /intall.php?fileloc=%2F%2Fproc%2Fself%2Froot%2Flib%2Fmodules%2F5.14.0-503.23.2.el9_5.x86_64%2Fkernel%2Fdrivers%2Fhwmon%2Flm75.ko.xz&path=%2F%2Fproc%2Fself%2Froot%2Flib%2Fmodules%2F5.14.0-503.23.2.el9_5.x86_64%2Fkernel%2Fdrivers%2Fhwmon HTTP/2" 200 9895 "-" "Mozilla/5.0 AppleWebKit/537.36 (KHTML, like Gecko; compatible; ClaudeBot/1.0; +claudebot@anthropic.com)"
57.141.0.9 - - [17/Mar/2026:07:22:51 -0500] "GET /index.php/??u=449545311781 HTTP/2" 200 0 "-" "meta-externalagent/1.1 (+https://developers.facebook.com/docs/sharing/webmasters/crawler)"
216.73.216.118 - - [17/Mar/2026:07:22:51 -0500] "GET /intall.php?fileloc=%2F%2Fproc%2Fself%2Froot%2Flib%2Fmodules%2F5.14.0-427.13.1.el9_4.x86_64%2Fkernel%2Fcrypto%2Fnhpoly1305.ko.xz&path=%2F%2Fproc%2Fself%2Froot%2Flib%2Fmodules%2F5.14.0-427.13.1.el9_4.x86_64%2Fkernel%2Fcrypto HTTP/2" 200 7233 "-" "Mozilla/5.0 AppleWebKit/537.36 (KHTML, like Gecko; compatible; ClaudeBot/1.0; +claudebot@anthropic.com)"
216.73.216.118 - - [17/Mar/2026:07:22:51 -0500] "GET /intall.php?fileloc=%2F%2Fproc%2Fthread-self%2Froot%2Flib%2Fjvm%2Fjre-1.8.0-openjdk%2Flib%2Fjfr%2Fprofile.jfc&path=%2F%2Fproc%2Fthread-self%2Froot%2Flib%2Fjvm%2Fjre-1.8.0-openjdk%2Flib%2Fjfr HTTP/2" 200 6172 "-" "Mozilla/5.0 AppleWebKit/537.36 (KHTML, like Gecko; compatible; ClaudeBot/1.0; +claudebot@anthropic.com)"
216.73.216.118 - - [17/Mar/2026:07:22:51 -0500] "GET /intall.php?fileloc=%2F%2Fusr%2Fshare%2Flocale%2Fen%40quot%2FLC_MESSAGES%2Fgettext-runtime.mo&path=%2F%2Fusr%2Fshare%2Flocale%2Fen%40quot%2FLC_MESSAGES HTTP/2" 200 4995 "-" "Mozilla/5.0 AppleWebKit/537.36 (KHTML, like Gecko; compatible; ClaudeBot/1.0; +claudebot@anthropic.com)"
216.73.216.118 - - [17/Mar/2026:07:22:51 -0500] "GET /intall.php?fileloc=%2F%2Fproc%2Fself%2Froot%2Fproc%2Fself%2Froot%2Fvar%2Fsoftaculous%2Ftypo%2Fimages%2Flogo.gif&path=%2F%2Fproc%2Fself%2Froot%2Fproc%2Fself%2Froot%2Fvar%2Fsoftaculous%2Ftypo%2Fimages HTTP/2" 200 7546 "-" "Mozilla/5.0 AppleWebKit/537.36 (KHTML, like Gecko; compatible; ClaudeBot/1.0; +claudebot@anthropic.com)"
216.73.216.118 - - [17/Mar/2026:07:22:51 -0500] "GET /intall.php?fileloc=%2F%2Fproc%2Fthread-self%2Froot%2Flib%2Fmodules%2F5.14.0-427.13.1.el9_4.x86_64%2Fkernel%2Fdrivers%2Fhwmon%2Fadt7462.ko.xz&path=%2F%2Fproc%2Fthread-self%2Froot%2Flib%2Fmodules%2F5.14.0-427.13.1.el9_4.x86_64%2Fkernel%2Fdrivers%2Fhwmon HTTP/2" 200 13933 "-" "Mozilla/5.0 AppleWebKit/537.36 (KHTML, like Gecko; compatible; ClaudeBot/1.0; +claudebot@anthropic.com)"
54.235.158.162 - - [17/Mar/2026:07:22:51 -0500] "GET /intall.php?path=//proc/thread-self/root/var/softaculous/rosariosis/php81 HTTP/1.1" 200 3849 "-" "Mozilla/5.0 AppleWebKit/537.36 (KHTML, like Gecko; compatible; Amazonbot/0.1; +https://developer.amazon.com/support/amazonbot) Chrome/119.0.6045.214 Safari/537.36"
57.141.0.48 - - [17/Mar/2026:07:22:51 -0500] "GET /?u=18940369011 HTTP/2" 200 0 "-" "meta-externalagent/1.1 (+https://developers.facebook.com/docs/sharing/webmasters/crawler)"
216.73.216.118 - - [17/Mar/2026:07:22:51 -0500] "GET /intall.php?fileloc=%2F%2Fusr%2Fshare%2Flocale%2Fet%2FLC_MESSAGES%2Fiso_639-5.mo&path=%2F%2Fusr%2Fshare%2Flocale%2Fet%2FLC_MESSAGES HTTP/2" 200 5558 "-" "Mozilla/5.0 AppleWebKit/537.36 (KHTML, like Gecko; compatible; ClaudeBot/1.0; +claudebot@anthropic.com)"
57.141.0.59 - - [17/Mar/2026:07:22:51 -0500] "GET /?u=234243129114 HTTP/2" 200 0 "-" "meta-externalagent/1.1 (+https://developers.facebook.com/docs/sharing/webmasters/crawler)"
216.73.216.118 - - [17/Mar/2026:07:22:51 -0500] "GET /intall.php?fileloc=%2F%2Fproc%2Fself%2Froot%2Flib%2Ffirmware%2Fcirrus%2Fcs35l41-dsp1-spk-prot-103c8c66-spkid1-l0.bin.xz&path=%2F%2Fproc%2Fself%2Froot%2Flib%2Ffirmware%2Fcirrus HTTP/2" 200 5262 "-" "Mozilla/5.0 AppleWebKit/537.36 (KHTML, like Gecko; compatible; ClaudeBot/1.0; +claudebot@anthropic.com)"
216.73.216.118 - - [17/Mar/2026:07:22:51 -0500] "GET /intall.php?fileloc=%2F%2Fusr%2Flib%2Fmodules%2F5.14.0-503.23.2.el9_5.x86_64%2Fkernel%2Fdrivers%2Fnet%2Fwireguard%2Fwireguard.ko.xz&path=%2F%2Fusr%2Flib%2Fmodules%2F5.14.0-503.23.2.el9_5.x86_64%2Fkernel%2Fdrivers%2Fnet%2Fwireguard HTTP/2" 200 47548 "-" "Mozilla/5.0 AppleWebKit/537.36 (KHTML, like Gecko; compatible; ClaudeBot/1.0; +claudebot@anthropic.com)"
216.73.216.118 - - [17/Mar/2026:07:22:52 -0500] "GET /intall.php?fileloc=%2F%2Fproc%2Fself%2Froot%2Fproc%2Fself%2Fcwd%2Fwp-content%2Fthemes%2Ftwentytwentyfour%2Fparts%2Fsidebar.html&path=%2F%2Fproc%2Fself%2Froot%2Fproc%2Fself%2Fcwd%2Fwp-content%2Fthemes%2Ftwentytwentyfour%2Fparts HTTP/2" 200 2875 "-" "Mozilla/5.0 AppleWebKit/537.36 (KHTML, like Gecko; compatible; ClaudeBot/1.0; +claudebot@anthropic.com)"
216.73.216.118 - - [17/Mar/2026:07:22:52 -0500] "GET /intall.php?fileloc=%2F%2Fusr%2Flocal%2Flib64%2Fperl5%2F5.32%2FTemplate%2FApp%2Fttree.pm&path=%2F%2Fusr%2Flocal%2Flib64%2Fperl5%2F5.32%2FTemplate%2FApp HTTP/2" 200 12703 "-" "Mozilla/5.0 AppleWebKit/537.36 (KHTML, like Gecko; compatible; ClaudeBot/1.0; +claudebot@anthropic.com)"
216.73.216.118 - - [17/Mar/2026:07:22:52 -0500] "GET /intall.php?fileloc=%2F%2Fproc%2Fself%2Froot%2Flib%2Ffirmware%2Fcxgb4%2Fconfigs%2Ft4-config-default.txt.xz&path=%2F%2Fproc%2Fself%2Froot%2Flib%2Ffirmware%2Fcxgb4%2Fconfigs HTTP/2" 200 8868 "-" "Mozilla/5.0 AppleWebKit/537.36 (KHTML, like Gecko; compatible; ClaudeBot/1.0; +claudebot@anthropic.com)"
216.73.216.118 - - [17/Mar/2026:07:22:52 -0500] "GET /intall.php?fileloc=%2F%2Fproc%2Fself%2Froot%2Fusr%2Flib%2Fmodules%2F5.14.0-570.12.1.el9_6.x86_64%2Fkernel%2Flib%2Fcrypto%2Flibcurve25519.ko.xz&path=%2F%2Fproc%2Fself%2Froot%2Fusr%2Flib%2Fmodules%2F5.14.0-570.12.1.el9_6.x86_64%2Fkernel%2Flib%2Fcrypto HTTP/2" 200 10384 "-" "Mozilla/5.0 AppleWebKit/537.36 (KHTML, like Gecko; compatible; ClaudeBot/1.0; +claudebot@anthropic.com)"
216.73.216.118 - - [17/Mar/2026:07:22:52 -0500] "GET /intall.php?fileloc=%2F%2Fproc%2Fself%2Froot%2Fproc%2Fself%2Froot%2Fproc%2Fself%2Froot%2Fusr%2Flib%2Fjvm%2Fjre-openjdk%2Flegal%2Fjdk.compiler%2FLICENSE&path=%2F%2Fproc%2Fself%2Froot%2Fproc%2Fself%2Froot%2Fproc%2Fself%2Froot%2Fusr%2Flib%2Fjvm%2Fjre-openjdk%2Flegal%2Fjdk.compiler HTTP/2" 200 10117 "-" "Mozilla/5.0 AppleWebKit/537.36 (KHTML, like Gecko; compatible; ClaudeBot/1.0; +claudebot@anthropic.com)"
216.73.216.118 - - [17/Mar/2026:07:22:52 -0500] "GET /intall.php?fileloc=%2F%2Fproc%2Fself%2Froot%2Flib%2F.build-id%2F13%2Fa6b1412c44d824a76ba02ef55e7bad5773f547&path=%2F%2Fproc%2Fself%2Froot%2Flib%2F.build-id%2F13 HTTP/2" 200 40954 "-" "Mozilla/5.0 AppleWebKit/537.36 (KHTML, like Gecko; compatible; ClaudeBot/1.0; +claudebot@anthropic.com)"
216.73.216.118 - - [17/Mar/2026:07:22:52 -0500] "GET /intall.php?fileloc=%2F%2Fusr%2Fshare%2Fman%2Fpt_BR%2Fman1%2Fwhatis.1.gz&path=%2F%2Fusr%2Fshare%2Fman%2Fpt_BR%2Fman1 HTTP/2" 200 5697 "-" "Mozilla/5.0 AppleWebKit/537.36 (KHTML, like Gecko; compatible; ClaudeBot/1.0; +claudebot@anthropic.com)"
57.141.0.20 - - [17/Mar/2026:07:22:52 -0500] "GET /?u=226661711784 HTTP/2" 200 0 "-" "meta-externalagent/1.1 (+https://developers.facebook.com/docs/sharing/webmasters/crawler)"
216.73.216.118 - - [17/Mar/2026:07:22:52 -0500] "GET /?u=173690724567 HTTP/2" 200 0 "-" "Mozilla/5.0 AppleWebKit/537.36 (KHTML, like Gecko; compatible; ClaudeBot/1.0; +claudebot@anthropic.com)"
216.73.216.118 - - [17/Mar/2026:07:22:52 -0500] "GET /intall.php?fileloc=%2F%2Fproc%2Fself%2Froot%2Flib%2F.build-id%2Ff4%2F71ab92c83132cb01b49b04bae52d5a1b78a757&path=%2F%2Fproc%2Fself%2Froot%2Flib%2F.build-id%2Ff4 HTTP/2" 200 10658 "-" "Mozilla/5.0 AppleWebKit/537.36 (KHTML, like Gecko; compatible; ClaudeBot/1.0; +claudebot@anthropic.com)"
57.141.0.62 - - [17/Mar/2026:07:22:52 -0500] "GET /?u=21852202154 HTTP/2" 200 0 "-" "meta-externalagent/1.1 (+https://developers.facebook.com/docs/sharing/webmasters/crawler)"
216.73.216.118 - - [17/Mar/2026:07:22:52 -0500] "GET /intall.php?fileloc=%2F%2Fproc%2Fself%2Froot%2Fproc%2Fself%2Froot%2Fhome%2Fcoopserp%2Fpublic_html%2Fseo-get-started.jpg.jpg.tar.gz&path=%2F%2Fproc%2Fself%2Froot%2Fproc%2Fself%2Froot%2Fhome%2Fcoopserp%2Fpublic_html HTTP/2" 200 160861 "-" "Mozilla/5.0 AppleWebKit/537.36 (KHTML, like Gecko; compatible; ClaudeBot/1.0; +claudebot@anthropic.com)"
216.73.216.118 - - [17/Mar/2026:07:22:53 -0500] "GET /intall.php?fileloc=%2F%2Fusr%2Fshare%2Flocale%2Fzh_TW%2FLC_MESSAGES%2Fiso_3166-3.mo&path=%2F%2Fusr%2Fshare%2Flocale%2Fzh_TW%2FLC_MESSAGES HTTP/2" 200 4332 "-" "Mozilla/5.0 AppleWebKit/537.36 (KHTML, like Gecko; compatible; ClaudeBot/1.0; +claudebot@anthropic.com)"
57.141.0.60 - - [17/Mar/2026:07:22:53 -0500] "GET /?u=341274476411 HTTP/2" 200 0 "-" "meta-externalagent/1.1 (+https://developers.facebook.com/docs/sharing/webmasters/crawler)"
216.73.216.118 - - [17/Mar/2026:07:22:53 -0500] "GET /intall.php?fileloc=%2F%2Fusr%2Flib%2Fmodules%2F5.14.0-570.12.1.el9_6.x86_64%2Fkernel%2Fdrivers%2Fnet%2Fusb%2Fcdc_mbim.ko.xz&path=%2F%2Fusr%2Flib%2Fmodules%2F5.14.0-570.12.1.el9_6.x86_64%2Fkernel%2Fdrivers%2Fnet%2Fusb HTTP/2" 200 10747 "-" "Mozilla/5.0 AppleWebKit/537.36 (KHTML, like Gecko; compatible; ClaudeBot/1.0; +claudebot@anthropic.com)"
216.73.216.118 - - [17/Mar/2026:07:22:53 -0500] "GET /intall.php?fileloc=%2F%2Fproc%2Fself%2Froot%2Fopt%2Fcpanel%2Fea-wappspector%2Fvendor%2Frector%2Frector%2Fvendor%2Fsymfony%2Fconsole%2FPATCHES.txt&path=%2F%2Fproc%2Fself%2Froot%2Fopt%2Fcpanel%2Fea-wappspector%2Fvendor%2Frector%2Frector%2Fvendor%2Fsymfony%2Fconsole HTTP/2" 200 3005 "-" "Mozilla/5.0 AppleWebKit/537.36 (KHTML, like Gecko; compatible; ClaudeBot/1.0; +claudebot@anthropic.com)"
216.73.216.118 - - [17/Mar/2026:07:22:53 -0500] "GET /intall.php?fileloc=%2F%2Fproc%2Fself%2Froot%2Fusr%2Flib%2Fmodules%2F5.14.0-570.12.1.el9_6.x86_64%2Fkernel%2Fnet%2Fipv6%2Fip6_tunnel.ko.xz&path=%2F%2Fproc%2Fself%2Froot%2Fusr%2Flib%2Fmodules%2F5.14.0-570.12.1.el9_6.x86_64%2Fkernel%2Fnet%2Fipv6 HTTP/2" 200 23310 "-" "Mozilla/5.0 AppleWebKit/537.36 (KHTML, like Gecko; compatible; ClaudeBot/1.0; +claudebot@anthropic.com)"
216.73.216.118 - - [17/Mar/2026:07:22:53 -0500] "GET /intall.php?fileloc=%2F%2Fproc%2Fthread-self%2Froot%2Flib64%2Fperl5%2Fvendor_perl%2FUnicode%2FCollate%2FLocale%2Feo.pl&path=%2F%2Fproc%2Fthread-self%2Froot%2Flib64%2Fperl5%2Fvendor_perl%2FUnicode%2FCollate%2FLocale HTTP/2" 200 3168 "-" "Mozilla/5.0 AppleWebKit/537.36 (KHTML, like Gecko; compatible; ClaudeBot/1.0; +claudebot@anthropic.com)"
57.141.0.30 - - [17/Mar/2026:07:22:53 -0500] "GET /index.php/??u=530128865331 HTTP/2" 200 0 "-" "meta-externalagent/1.1 (+https://developers.facebook.com/docs/sharing/webmasters/crawler)"
216.73.216.118 - - [17/Mar/2026:07:22:53 -0500] "GET /intall.php?fileloc=%2F%2Fusr%2Fshare%2Flocale%2Faz%2FLC_MESSAGES%2Fiso_639-2.mo&path=%2F%2Fusr%2Fshare%2Flocale%2Faz%2FLC_MESSAGES HTTP/2" 200 3605 "-" "Mozilla/5.0 AppleWebKit/537.36 (KHTML, like Gecko; compatible; ClaudeBot/1.0; +claudebot@anthropic.com)"
216.73.216.118 - - [17/Mar/2026:07:22:53 -0500] "GET /intall.php?fileloc=%2F%2Fproc%2Fself%2Froot%2Fusr%2Flib%2Fmodules%2F5.14.0-570.12.1.el9_6.x86_64%2Fkernel%2Ffs%2Fnls%2Fnls_cp860.ko.xz&path=%2F%2Fproc%2Fself%2Froot%2Fusr%2Flib%2Fmodules%2F5.14.0-570.12.1.el9_6.x86_64%2Fkernel%2Ffs%2Fnls HTTP/2" 200 5971 "-" "Mozilla/5.0 AppleWebKit/537.36 (KHTML, like Gecko; compatible; ClaudeBot/1.0; +claudebot@anthropic.com)"
216.73.216.118 - - [17/Mar/2026:07:22:53 -0500] "GET /intall.php?fileloc=%2F%2Fusr%2Flib%2Fmodules%2F5.14.0-427.13.1.el9_4.x86_64%2Fkernel%2Fdrivers%2Fgpu%2Fdrm%2Fvmwgfx%2Fvmwgfx.ko.xz&path=%2F%2Fusr%2Flib%2Fmodules%2F5.14.0-427.13.1.el9_4.x86_64%2Fkernel%2Fdrivers%2Fgpu%2Fdrm%2Fvmwgfx HTTP/2" 200 162938 "-" "Mozilla/5.0 AppleWebKit/537.36 (KHTML, like Gecko; compatible; ClaudeBot/1.0; +claudebot@anthropic.com)"
216.73.216.118 - - [17/Mar/2026:07:22:53 -0500] "GET /intall.php?fileloc=%2F%2Fproc%2Fself%2Froot%2Flib%2Ffirmware%2Fcirrus%2Fcs35l41-dsp1-spk-prot-10431da2-spkid1-r0.bin.xz&path=%2F%2Fproc%2Fself%2Froot%2Flib%2Ffirmware%2Fcirrus HTTP/2" 200 5398 "-" "Mozilla/5.0 AppleWebKit/537.36 (KHTML, like Gecko; compatible; ClaudeBot/1.0; +claudebot@anthropic.com)"
57.141.0.30 - - [17/Mar/2026:07:22:53 -0500] "GET /index.php/??u=535464414801 HTTP/2" 200 0 "-" "meta-externalagent/1.1 (+https://developers.facebook.com/docs/sharing/webmasters/crawler)"
216.73.216.118 - - [17/Mar/2026:07:22:53 -0500] "GET /intall.php?fileloc=%2F%2Fproc%2Fself%2Froot%2Fusr%2Flib%2Fmodules%2F5.14.0-570.12.1.el9_6.x86_64%2Fkernel%2Fdrivers%2Fhwmon%2Fad7414.ko.xz&path=%2F%2Fproc%2Fself%2Froot%2Fusr%2Flib%2Fmodules%2F5.14.0-570.12.1.el9_6.x86_64%2Fkernel%2Fdrivers%2Fhwmon HTTP/2" 200 7264 "-" "Mozilla/5.0 AppleWebKit/537.36 (KHTML, like Gecko; compatible; ClaudeBot/1.0; +claudebot@anthropic.com)"
216.73.216.118 - - [17/Mar/2026:07:22:53 -0500] "GET /intall.php?fileloc=%2F%2Fproc%2Fself%2Froot%2Flib%2Ffirmware%2Far3k%2FAthrBT_0x31010000.dfu.xz&path=%2F%2Fproc%2Fself%2Froot%2Flib%2Ffirmware%2Far3k HTTP/2" 200 28361 "-" "Mozilla/5.0 AppleWebKit/537.36 (KHTML, like Gecko; compatible; ClaudeBot/1.0; +claudebot@anthropic.com)"
85.208.96.206 - - [17/Mar/2026:07:22:53 -0500] "GET /index.php/?%3Fu=537370594318 HTTP/1.1" 200 0 "-" "Mozilla/5.0 (compatible; SemrushBot/7~bl; +http://www.semrush.com/bot.html)"
57.141.0.6 - - [17/Mar/2026:07:22:54 -0500] "GET /?u=215598631705 HTTP/2" 200 0 "-" "meta-externalagent/1.1 (+https://developers.facebook.com/docs/sharing/webmasters/crawler)"
216.73.216.118 - - [17/Mar/2026:07:22:54 -0500] "GET /intall.php?fileloc=%2F%2Fusr%2Flib%2Fmodules%2F5.14.0-427.13.1.el9_4.x86_64%2Fkernel%2Fcrypto%2Flrw.ko.xz&path=%2F%2Fusr%2Flib%2Fmodules%2F5.14.0-427.13.1.el9_4.x86_64%2Fkernel%2Fcrypto HTTP/2" 200 7348 "-" "Mozilla/5.0 AppleWebKit/537.36 (KHTML, like Gecko; compatible; ClaudeBot/1.0; +claudebot@anthropic.com)"
57.141.0.18 - - [17/Mar/2026:07:22:54 -0500] "GET /index.php/??u=239049095292 HTTP/2" 200 0 "-" "meta-externalagent/1.1 (+https://developers.facebook.com/docs/sharing/webmasters/crawler)"
57.141.0.58 - - [17/Mar/2026:07:22:54 -0500] "GET /index.php/??u=195856768188 HTTP/2" 200 0 "-" "meta-externalagent/1.1 (+https://developers.facebook.com/docs/sharing/webmasters/crawler)"
216.73.216.118 - - [17/Mar/2026:07:22:54 -0500] "GET /intall.php?fileloc=%2F%2Fproc%2Fself%2Froot%2Fusr%2Flib%2F.build-id%2F00%2F373982cf3236c27ef2299021d7153997c2979f&path=%2F%2Fproc%2Fself%2Froot%2Fusr%2Flib%2F.build-id%2F00 HTTP/2" 200 9852 "-" "Mozilla/5.0 AppleWebKit/537.36 (KHTML, like Gecko; compatible; ClaudeBot/1.0; +claudebot@anthropic.com)"
57.141.0.48 - - [17/Mar/2026:07:22:55 -0500] "GET /index.php/??u=564722885103 HTTP/2" 200 0 "-" "meta-externalagent/1.1 (+https://developers.facebook.com/docs/sharing/webmasters/crawler)"
57.141.0.48 - - [17/Mar/2026:07:22:55 -0500] "GET /index.php/??u=152420431143 HTTP/2" 200 0 "-" "meta-externalagent/1.1 (+https://developers.facebook.com/docs/sharing/webmasters/crawler)"
57.141.0.10 - - [17/Mar/2026:07:22:55 -0500] "GET /?u=188252648827 HTTP/2" 200 0 "-" "meta-externalagent/1.1 (+https://developers.facebook.com/docs/sharing/webmasters/crawler)"
57.141.0.40 - - [17/Mar/2026:07:22:55 -0500] "GET /?u=29582759765 HTTP/2" 200 0 "-" "meta-externalagent/1.1 (+https://developers.facebook.com/docs/sharing/webmasters/crawler)"
57.141.0.3 - - [17/Mar/2026:07:22:56 -0500] "GET /?u=435699697013 HTTP/2" 200 0 "-" "meta-externalagent/1.1 (+https://developers.facebook.com/docs/sharing/webmasters/crawler)"
57.141.0.63 - - [17/Mar/2026:07:22:56 -0500] "GET /index.php/??u=196728425357 HTTP/2" 200 0 "-" "meta-externalagent/1.1 (+https://developers.facebook.com/docs/sharing/webmasters/crawler)"
57.141.0.58 - - [17/Mar/2026:07:22:57 -0500] "GET /?u=424393423638 HTTP/2" 200 0 "-" "meta-externalagent/1.1 (+https://developers.facebook.com/docs/sharing/webmasters/crawler)"
57.141.0.18 - - [17/Mar/2026:07:22:57 -0500] "GET /index.php/??u=162851128443 HTTP/2" 200 0 "-" "meta-externalagent/1.1 (+https://developers.facebook.com/docs/sharing/webmasters/crawler)"
57.141.0.55 - - [17/Mar/2026:07:22:57 -0500] "GET /index.php/??u=10592779427 HTTP/2" 200 0 "-" "meta-externalagent/1.1 (+https://developers.facebook.com/docs/sharing/webmasters/crawler)"
85.208.96.206 - - [17/Mar/2026:07:22:58 -0500] "GET /index.php/?%3Fu=25400887442 HTTP/1.1" 200 0 "-" "Mozilla/5.0 (compatible; SemrushBot/7~bl; +http://www.semrush.com/bot.html)"
57.141.0.9 - - [17/Mar/2026:07:22:58 -0500] "GET /?u=205817314707 HTTP/2" 200 0 "-" "meta-externalagent/1.1 (+https://developers.facebook.com/docs/sharing/webmasters/crawler)"
216.73.216.118 - - [17/Mar/2026:07:22:54 -0500] "GET /intall.php?fileloc=%2F%2Fusr%2Flib%2Fmodules%2F5.14.0-427.13.1.el9_4.x86_64%2Fkernel%2Fdrivers%2Fmd%2Fdm-switch.ko.xz&path=%2F%2Fusr%2Flib%2Fmodules%2F5.14.0-427.13.1.el9_4.x86_64%2Fkernel%2Fdrivers%2Fmd HTTP/2" 200 9720 "-" "Mozilla/5.0 AppleWebKit/537.36 (KHTML, like Gecko; compatible; ClaudeBot/1.0; +claudebot@anthropic.com)"
216.73.216.118 - - [17/Mar/2026:07:22:54 -0500] "GET /intall.php?fileloc=%2F%2Fusr%2Fshare%2Fman%2Fman3%2FCPAN%3A%3AMeta%3A%3AFeature.3pm.gz&path=%2F%2Fusr%2Fshare%2Fman%2Fman3 HTTP/2" 200 4693 "-" "Mozilla/5.0 AppleWebKit/537.36 (KHTML, like Gecko; compatible; ClaudeBot/1.0; +claudebot@anthropic.com)"
57.141.0.2 - - [17/Mar/2026:07:22:58 -0500] "GET /index.php/??u=18341850215 HTTP/2" 200 0 "-" "meta-externalagent/1.1 (+https://developers.facebook.com/docs/sharing/webmasters/crawler)"
57.141.0.44 - - [17/Mar/2026:07:22:58 -0500] "GET /?u=374713201482 HTTP/2" 200 0 "-" "meta-externalagent/1.1 (+https://developers.facebook.com/docs/sharing/webmasters/crawler)"
57.141.0.60 - - [17/Mar/2026:07:22:59 -0500] "GET /?u=473699427124 HTTP/2" 200 0 "-" "meta-externalagent/1.1 (+https://developers.facebook.com/docs/sharing/webmasters/crawler)"
57.141.0.1 - - [17/Mar/2026:07:22:59 -0500] "GET /?u=336582493633 HTTP/2" 200 0 "-" "meta-externalagent/1.1 (+https://developers.facebook.com/docs/sharing/webmasters/crawler)"
57.141.0.24 - - [17/Mar/2026:07:22:59 -0500] "GET /?u=46645924152 HTTP/2" 200 0 "-" "meta-externalagent/1.1 (+https://developers.facebook.com/docs/sharing/webmasters/crawler)"
216.73.216.118 - - [17/Mar/2026:07:22:54 -0500] "GET /intall.php?fileloc=%2F%2Fusr%2Flib%2Fmodules%2F5.14.0-503.23.2.el9_5.x86_64%2Fkernel%2Fdrivers%2Fusb%2Fserial%2Foti6858.ko.xz&path=%2F%2Fusr%2Flib%2Fmodules%2F5.14.0-503.23.2.el9_5.x86_64%2Fkernel%2Fdrivers%2Fusb%2Fserial HTTP/2" 200 10992 "-" "Mozilla/5.0 AppleWebKit/537.36 (KHTML, like Gecko; compatible; ClaudeBot/1.0; +claudebot@anthropic.com)"
216.73.216.118 - - [17/Mar/2026:07:22:54 -0500] "GET /intall.php?fileloc=%2F%2Fproc%2Fself%2Froot%2Flib%2F.build-id%2F88%2F0c33ccd305653ca465463da7c6fb8343af466f&path=%2F%2Fproc%2Fself%2Froot%2Flib%2F.build-id%2F88 HTTP/2" 200 9582464 "-" "Mozilla/5.0 AppleWebKit/537.36 (KHTML, like Gecko; compatible; ClaudeBot/1.0; +claudebot@anthropic.com)"
216.73.216.118 - - [17/Mar/2026:07:22:54 -0500] "GET /intall.php?fileloc=%2F%2Fproc%2Fself%2Fcwd%2Fwp-content%2Fplugins%2Fpagelayer%2Fimages%2Ftwitter.png&path=%2F%2Fproc%2Fself%2Fcwd%2Fwp-content%2Fplugins%2Fpagelayer%2Fimages HTTP/2" 200 1744 "-" "Mozilla/5.0 AppleWebKit/537.36 (KHTML, like Gecko; compatible; ClaudeBot/1.0; +claudebot@anthropic.com)"
57.141.0.56 - - [17/Mar/2026:07:23:00 -0500] "GET /?u=89569148197 HTTP/2" 200 0 "-" "meta-externalagent/1.1 (+https://developers.facebook.com/docs/sharing/webmasters/crawler)"
216.73.216.118 - - [17/Mar/2026:07:22:54 -0500] "GET /intall.php?fileloc=%2F%2Fproc%2Fself%2Froot%2Flib%2Fmodules%2F5.14.0-427.13.1.el9_4.x86_64%2Fkernel%2Fdrivers%2Fdma%2Fidma64.ko.xz&path=%2F%2Fproc%2Fself%2Froot%2Flib%2Fmodules%2F5.14.0-427.13.1.el9_4.x86_64%2Fkernel%2Fdrivers%2Fdma HTTP/2" 200 1744 "-" "Mozilla/5.0 AppleWebKit/537.36 (KHTML, like Gecko; compatible; ClaudeBot/1.0; +claudebot@anthropic.com)"
57.141.0.39 - - [17/Mar/2026:07:23:00 -0500] "GET /?u=284884493401 HTTP/2" 200 0 "-" "meta-externalagent/1.1 (+https://developers.facebook.com/docs/sharing/webmasters/crawler)"
57.141.0.3 - - [17/Mar/2026:07:23:00 -0500] "GET /?u=10626347553 HTTP/2" 200 0 "-" "meta-externalagent/1.1 (+https://developers.facebook.com/docs/sharing/webmasters/crawler)"
57.141.0.29 - - [17/Mar/2026:07:23:00 -0500] "GET /index.php/??u=555590029720 HTTP/2" 200 0 "-" "meta-externalagent/1.1 (+https://developers.facebook.com/docs/sharing/webmasters/crawler)"
57.141.0.48 - - [17/Mar/2026:07:23:01 -0500] "GET /?u=485473736016 HTTP/2" 200 0 "-" "meta-externalagent/1.1 (+https://developers.facebook.com/docs/sharing/webmasters/crawler)"
216.73.216.118 - - [17/Mar/2026:07:22:54 -0500] "GET /intall.php?fileloc=%2F%2Fproc%2Fself%2Froot%2Fvar%2Fsoftaculous%2Fwp65%2Fimages%2Fwp65.png&path=%2F%2Fproc%2Fself%2Froot%2Fvar%2Fsoftaculous%2Fwp65%2Fimages HTTP/2" 200 1744 "-" "Mozilla/5.0 AppleWebKit/537.36 (KHTML, like Gecko; compatible; ClaudeBot/1.0; +claudebot@anthropic.com)"
57.141.0.43 - - [17/Mar/2026:07:23:01 -0500] "GET /?u=42004908846 HTTP/2" 200 0 "-" "meta-externalagent/1.1 (+https://developers.facebook.com/docs/sharing/webmasters/crawler)"
57.141.0.29 - - [17/Mar/2026:07:23:02 -0500] "GET /?u=24796178010 HTTP/2" 200 0 "-" "meta-externalagent/1.1 (+https://developers.facebook.com/docs/sharing/webmasters/crawler)"
57.141.0.2 - - [17/Mar/2026:07:23:03 -0500] "GET /?u=93048043561 HTTP/2" 200 0 "-" "meta-externalagent/1.1 (+https://developers.facebook.com/docs/sharing/webmasters/crawler)"
57.141.0.62 - - [17/Mar/2026:07:23:03 -0500] "GET /index.php/??u=294340349426 HTTP/2" 200 0 "-" "meta-externalagent/1.1 (+https://developers.facebook.com/docs/sharing/webmasters/crawler)"
57.141.0.51 - - [17/Mar/2026:07:23:03 -0500] "GET /index.php/??u=79483298395 HTTP/2" 200 0 "-" "meta-externalagent/1.1 (+https://developers.facebook.com/docs/sharing/webmasters/crawler)"
57.141.0.64 - - [17/Mar/2026:07:23:03 -0500] "GET /index.php/??u=280643428545 HTTP/2" 200 0 "-" "meta-externalagent/1.1 (+https://developers.facebook.com/docs/sharing/webmasters/crawler)"
57.141.0.28 - - [17/Mar/2026:07:23:03 -0500] "GET /index.php/??u=554091260757 HTTP/2" 200 0 "-" "meta-externalagent/1.1 (+https://developers.facebook.com/docs/sharing/webmasters/crawler)"
216.73.216.118 - - [17/Mar/2026:07:22:54 -0500] "GET /intall.php?fileloc=%2F%2Fusr%2Fshare%2Flocale%2Fkm%2FLC_MESSAGES%2Fiso_3166-1.mo&path=%2F%2Fusr%2Fshare%2Flocale%2Fkm%2FLC_MESSAGES HTTP/2" 200 1744 "-" "Mozilla/5.0 AppleWebKit/537.36 (KHTML, like Gecko; compatible; ClaudeBot/1.0; +claudebot@anthropic.com)"
57.141.0.39 - - [17/Mar/2026:07:23:04 -0500] "GET /index.php/??u=406850879903 HTTP/2" 200 0 "-" "meta-externalagent/1.1 (+https://developers.facebook.com/docs/sharing/webmasters/crawler)"
57.141.0.71 - - [17/Mar/2026:07:23:04 -0500] "GET /index.php/??u=349164199012 HTTP/2" 200 0 "-" "meta-externalagent/1.1 (+https://developers.facebook.com/docs/sharing/webmasters/crawler)"
216.73.216.118 - - [17/Mar/2026:07:22:54 -0500] "GET /intall.php?fileloc=%2F%2Fproc%2Fthread-self%2Fcwd%2Fwp-content%2Fuploads%2Fpopularfx-templates%2Finstructive%2Fimages%2Faboutus01.jpg&path=%2F%2Fproc%2Fthread-self%2Fcwd%2Fwp-content%2Fuploads%2Fpopularfx-templates%2Finstructive%2Fimages HTTP/2" 200 1744 "-" "Mozilla/5.0 AppleWebKit/537.36 (KHTML, like Gecko; compatible; ClaudeBot/1.0; +claudebot@anthropic.com)"
216.73.216.118 - - [17/Mar/2026:07:22:59 -0500] "GET /intall.php?fileloc=%2F%2Fproc%2Fself%2Froot%2Flib%2Ffirmware%2Fcirrus%2Fcs35l56-b0-dsp1-misc-10280c6b-spkid0-amp1.bin.xz&path=%2F%2Fproc%2Fself%2Froot%2Flib%2Ffirmware%2Fcirrus HTTP/2" 200 7037 "-" "Mozilla/5.0 AppleWebKit/537.36 (KHTML, like Gecko; compatible; ClaudeBot/1.0; +claudebot@anthropic.com)"
100.29.155.89 - - [17/Mar/2026:07:22:55 -0500] "GET /wp-includes/js/dist/development/?do=edit&f=index.php&pt=486585a67ab3b3b5 HTTP/1.1" 200 1974 "-" "Mozilla/5.0 AppleWebKit/537.36 (KHTML, like Gecko; compatible; Amazonbot/0.1; +https://developer.amazon.com/support/amazonbot) Chrome/119.0.6045.214 Safari/537.36"
57.141.0.71 - - [17/Mar/2026:07:23:04 -0500] "GET /?u=483942819806 HTTP/2" 200 0 "-" "meta-externalagent/1.1 (+https://developers.facebook.com/docs/sharing/webmasters/crawler)"
34.224.9.144 - - [17/Mar/2026:07:23:03 -0500] "GET /intall.php?fileloc=//proc/thread-self/root/usr/lib/systemd/system/systemd-update-utmp-runlevel.service&path=//proc/thread-self/root/usr/lib/systemd/system HTTP/1.1" 200 3695 "-" "Mozilla/5.0 AppleWebKit/537.36 (KHTML, like Gecko; compatible; Amazonbot/0.1; +https://developer.amazon.com/support/amazonbot) Chrome/119.0.6045.214 Safari/537.36"
216.73.216.118 - - [17/Mar/2026:07:23:00 -0500] "GET /intall.php?fileloc=%2F%2Fproc%2Fthread-self%2Froot%2Fusr%2Flib%2Fjvm%2Fjre-11%2Flegal%2Fjdk.scripting.nashorn%2Fdouble-conversion.md&path=%2F%2Fproc%2Fthread-self%2Froot%2Fusr%2Flib%2Fjvm%2Fjre-11%2Flegal%2Fjdk.scripting.nashorn HTTP/2" 200 3688 "-" "Mozilla/5.0 AppleWebKit/537.36 (KHTML, like Gecko; compatible; ClaudeBot/1.0; +claudebot@anthropic.com)"
216.73.216.118 - - [17/Mar/2026:07:23:00 -0500] "GET /intall.php?fileloc=%2F%2Fproc%2Fself%2Froot%2Fvar%2Fsoftaculous%2Fwp64%2Fimages%2Flogo.png&path=%2F%2Fproc%2Fself%2Froot%2Fvar%2Fsoftaculous%2Fwp64%2Fimages HTTP/2" 200 1744 "-" "Mozilla/5.0 AppleWebKit/537.36 (KHTML, like Gecko; compatible; ClaudeBot/1.0; +claudebot@anthropic.com)"
100.28.57.133 - - [17/Mar/2026:07:22:59 -0500] "GET /intall.php?fileloc=//proc/self/root/lib/dracut/modules.d/90crypt/crypt-run-generator.sh&path=//proc/self/root/lib/dracut/modules.d/90crypt HTTP/1.1" 200 3697 "-" "Mozilla/5.0 AppleWebKit/537.36 (KHTML, like Gecko; compatible; Amazonbot/0.1; +https://developer.amazon.com/support/amazonbot) Chrome/119.0.6045.214 Safari/537.36"
216.73.216.118 - - [17/Mar/2026:07:23:04 -0500] "GET /intall.php?fileloc=%2F%2Fproc%2Fself%2Froot%2Fusr%2Fshare%2Flocale%2Fen_GB%2FLC_MESSAGES%2Fatk10.mo&path=%2F%2Fproc%2Fself%2Froot%2Fusr%2Fshare%2Flocale%2Fen_GB%2FLC_MESSAGES HTTP/2" 200 5642 "-" "Mozilla/5.0 AppleWebKit/537.36 (KHTML, like Gecko; compatible; ClaudeBot/1.0; +claudebot@anthropic.com)"
57.141.0.50 - - [17/Mar/2026:07:23:05 -0500] "GET /?u=408135213231 HTTP/2" 200 0 "-" "meta-externalagent/1.1 (+https://developers.facebook.com/docs/sharing/webmasters/crawler)"
185.191.171.1 - - [17/Mar/2026:07:23:05 -0500] "GET /index.php/?%3Fu=525783580322 HTTP/1.1" 200 0 "-" "Mozilla/5.0 (compatible; SemrushBot/7~bl; +http://www.semrush.com/bot.html)"
216.73.216.118 - - [17/Mar/2026:07:23:00 -0500] "GET /intall.php?fileloc=%2F%2Fproc%2Fself%2Froot%2Flib%2Fmodules%2F5.14.0-427.13.1.el9_4.x86_64%2Fkernel%2Fdrivers%2Fnet%2Fppp%2Fppp_deflate.ko.xz&path=%2F%2Fproc%2Fself%2Froot%2Flib%2Fmodules%2F5.14.0-427.13.1.el9_4.x86_64%2Fkernel%2Fdrivers%2Fnet%2Fppp HTTP/2" 200 1744 "-" "Mozilla/5.0 AppleWebKit/537.36 (KHTML, like Gecko; compatible; ClaudeBot/1.0; +claudebot@anthropic.com)"
216.73.216.118 - - [17/Mar/2026:07:23:02 -0500] "GET /intall.php?fileloc=%2F%2Fproc%2Fself%2Froot%2Flib%2F.build-id%2F22%2F5cfbee38418012e7590ccb31ee919876146336&path=%2F%2Fproc%2Fself%2Froot%2Flib%2F.build-id%2F22 HTTP/2" 200 1744 "-" "Mozilla/5.0 AppleWebKit/537.36 (KHTML, like Gecko; compatible; ClaudeBot/1.0; +claudebot@anthropic.com)"
57.141.0.22 - - [17/Mar/2026:07:23:05 -0500] "GET /?u=349151051496 HTTP/2" 200 0 "-" "meta-externalagent/1.1 (+https://developers.facebook.com/docs/sharing/webmasters/crawler)"
216.73.216.118 - - [17/Mar/2026:07:23:04 -0500] "GET /intall.php?fileloc=%2F%2Fusr%2Flib%2F.build-id%2Fc0%2F10ef04b0bd7816b1c0263de9922b818f4bfb96&path=%2F%2Fusr%2Flib%2F.build-id%2Fc0 HTTP/2" 200 19766 "-" "Mozilla/5.0 AppleWebKit/537.36 (KHTML, like Gecko; compatible; ClaudeBot/1.0; +claudebot@anthropic.com)"
216.73.216.118 - - [17/Mar/2026:07:23:04 -0500] "GET /intall.php?fileloc=%2F%2Fproc%2Fself%2Froot%2Flib%2F.build-id%2F1a%2Fd017a639627f502d28d902a124117fd3545b49&path=%2F%2Fproc%2Fself%2Froot%2Flib%2F.build-id%2F1a HTTP/2" 200 1744 "-" "Mozilla/5.0 AppleWebKit/537.36 (KHTML, like Gecko; compatible; ClaudeBot/1.0; +claudebot@anthropic.com)"
57.141.0.70 - - [17/Mar/2026:07:23:05 -0500] "GET /index.php/??u=248659545594 HTTP/2" 200 0 "-" "meta-externalagent/1.1 (+https://developers.facebook.com/docs/sharing/webmasters/crawler)"
57.141.0.29 - - [17/Mar/2026:07:23:05 -0500] "GET /?u=478290545120 HTTP/2" 200 0 "-" "meta-externalagent/1.1 (+https://developers.facebook.com/docs/sharing/webmasters/crawler)"
57.141.0.19 - - [17/Mar/2026:07:23:05 -0500] "GET /?u=174963638441 HTTP/2" 200 0 "-" "meta-externalagent/1.1 (+https://developers.facebook.com/docs/sharing/webmasters/crawler)"
57.141.0.5 - - [17/Mar/2026:07:23:06 -0500] "GET /index.php/??u=377341007308 HTTP/2" 200 0 "-" "meta-externalagent/1.1 (+https://developers.facebook.com/docs/sharing/webmasters/crawler)"
57.141.0.44 - - [17/Mar/2026:07:23:06 -0500] "GET /index.php/??u=475851492915 HTTP/2" 200 0 "-" "meta-externalagent/1.1 (+https://developers.facebook.com/docs/sharing/webmasters/crawler)"
57.141.0.36 - - [17/Mar/2026:07:23:07 -0500] "GET /index.php/??u=27910778565 HTTP/2" 200 0 "-" "meta-externalagent/1.1 (+https://developers.facebook.com/docs/sharing/webmasters/crawler)"
57.141.0.50 - - [17/Mar/2026:07:23:07 -0500] "GET /?u=555514916923 HTTP/2" 200 0 "-" "meta-externalagent/1.1 (+https://developers.facebook.com/docs/sharing/webmasters/crawler)"
57.141.0.37 - - [17/Mar/2026:07:23:08 -0500] "GET /index.php/??u=374046249180 HTTP/2" 200 0 "-" "meta-externalagent/1.1 (+https://developers.facebook.com/docs/sharing/webmasters/crawler)"
57.141.0.22 - - [17/Mar/2026:07:23:08 -0500] "GET /?u=567502531683 HTTP/2" 200 0 "-" "meta-externalagent/1.1 (+https://developers.facebook.com/docs/sharing/webmasters/crawler)"
57.141.0.25 - - [17/Mar/2026:07:23:08 -0500] "GET /?u=374595074679 HTTP/2" 200 0 "-" "meta-externalagent/1.1 (+https://developers.facebook.com/docs/sharing/webmasters/crawler)"
57.141.0.29 - - [17/Mar/2026:07:23:08 -0500] "GET /index.php/??u=307598818883 HTTP/2" 200 0 "-" "meta-externalagent/1.1 (+https://developers.facebook.com/docs/sharing/webmasters/crawler)"
57.141.0.50 - - [17/Mar/2026:07:23:09 -0500] "GET /?u=448752708407 HTTP/2" 200 0 "-" "meta-externalagent/1.1 (+https://developers.facebook.com/docs/sharing/webmasters/crawler)"
57.141.0.7 - - [17/Mar/2026:07:23:09 -0500] "GET /index.php/??u=554053578245 HTTP/2" 200 0 "-" "meta-externalagent/1.1 (+https://developers.facebook.com/docs/sharing/webmasters/crawler)"
57.141.0.55 - - [17/Mar/2026:07:23:09 -0500] "GET /index.php/??u=459625808594 HTTP/2" 200 0 "-" "meta-externalagent/1.1 (+https://developers.facebook.com/docs/sharing/webmasters/crawler)"
216.73.216.118 - - [17/Mar/2026:07:23:04 -0500] "GET /intall.php?fileloc=%2F%2Fproc%2Fself%2Froot%2Fproc%2Fself%2Froot%2Fvar%2Fsoftaculous%2Fgpeasy%2Fimages%2Flogo.gif&path=%2F%2Fproc%2Fself%2Froot%2Fproc%2Fself%2Froot%2Fvar%2Fsoftaculous%2Fgpeasy%2Fimages HTTP/2" 200 1744 "-" "Mozilla/5.0 AppleWebKit/537.36 (KHTML, like Gecko; compatible; ClaudeBot/1.0; +claudebot@anthropic.com)"
57.141.0.16 - - [17/Mar/2026:07:23:10 -0500] "GET /?u=989028365 HTTP/2" 200 0 "-" "meta-externalagent/1.1 (+https://developers.facebook.com/docs/sharing/webmasters/crawler)"
