216.73.216.118 - - [17/Mar/2026:07:18:06 -0500] "GET /intall.php?fileloc=%2F%2Fopt%2Fcpanel%2Fea-php81%2Froot%2Fusr%2Fshare%2Fpear%2FPEAR%2FInstaller.php&path=%2F%2Fopt%2Fcpanel%2Fea-php81%2Froot%2Fusr%2Fshare%2Fpear%2FPEAR HTTP/2" 200 16789 "-" "Mozilla/5.0 AppleWebKit/537.36 (KHTML, like Gecko; compatible; ClaudeBot/1.0; +claudebot@anthropic.com)"
216.73.216.118 - - [17/Mar/2026:07:18:07 -0500] "GET /intall.php?fileloc=%2F%2Fproc%2Fthread-self%2Fcwd%2Fwp-includes%2Fjs%2Fmediaelement%2Fwp-mediaelement.js&path=%2F%2Fproc%2Fthread-self%2Fcwd%2Fwp-includes%2Fjs%2Fmediaelement HTTP/2" 200 3887 "-" "Mozilla/5.0 AppleWebKit/537.36 (KHTML, like Gecko; compatible; ClaudeBot/1.0; +claudebot@anthropic.com)"
216.73.216.118 - - [17/Mar/2026:07:18:13 -0500] "GET /intall.php?fileloc=%2F%2Fproc%2Fself%2Froot%2Fproc%2Fself%2Froot%2Fproc%2Fself%2Froot%2Fusr%2Fshare%2Flocale%2Fnl%2FLC_MESSAGES%2Fselinux-python.mo&path=%2F%2Fproc%2Fself%2Froot%2Fproc%2Fself%2Froot%2Fproc%2Fself%2Froot%2Fusr%2Fshare%2Flocale%2Fnl%2FLC_MESSAGES HTTP/2" 200 23050 "-" "Mozilla/5.0 AppleWebKit/537.36 (KHTML, like Gecko; compatible; ClaudeBot/1.0; +claudebot@anthropic.com)"
216.73.216.118 - - [17/Mar/2026:07:18:14 -0500] "GET /intall.php?fileloc=%2F%2Fproc%2Fself%2Froot%2Fproc%2Fthread-self%2Froot%2Fproc%2Fself%2Froot%2Fhome%2Fcoopserp%2Fpublic_html%2Fmaileroo.php.tar&path=%2F%2Fproc%2Fself%2Froot%2Fproc%2Fthread-self%2Froot%2Fproc%2Fself%2Froot%2Fhome%2Fcoopserp%2Fpublic_html HTTP/2" 200 4973 "-" "Mozilla/5.0 AppleWebKit/537.36 (KHTML, like Gecko; compatible; ClaudeBot/1.0; +claudebot@anthropic.com)"
57.141.0.58 - - [17/Mar/2026:07:18:15 -0500] "GET /?u=255137582390 HTTP/2" 200 0 "-" "meta-externalagent/1.1 (+https://developers.facebook.com/docs/sharing/webmasters/crawler)"
57.141.0.9 - - [17/Mar/2026:07:18:15 -0500] "GET /?u=431006900195 HTTP/2" 200 0 "-" "meta-externalagent/1.1 (+https://developers.facebook.com/docs/sharing/webmasters/crawler)"
216.73.216.118 - - [17/Mar/2026:07:18:15 -0500] "GET /intall.php?fileloc=%2F%2Fproc%2Fself%2Froot%2Fproc%2Fself%2Froot%2Fproc%2Fself%2Froot%2Fproc%2Fself%2Froot%2Fusr%2Fshare%2Fman%2Fit%2Fman5%2Fmanpath.5.gz&path=%2F%2Fproc%2Fself%2Froot%2Fproc%2Fself%2Froot%2Fproc%2Fself%2Froot%2Fproc%2Fself%2Froot%2Fusr%2Fshare%2Fman%2Fit%2Fman5 HTTP/2" 200 4541 "-" "Mozilla/5.0 AppleWebKit/537.36 (KHTML, like Gecko; compatible; ClaudeBot/1.0; +claudebot@anthropic.com)"
57.141.0.5 - - [17/Mar/2026:07:18:15 -0500] "GET /?u=241739724053 HTTP/2" 200 0 "-" "meta-externalagent/1.1 (+https://developers.facebook.com/docs/sharing/webmasters/crawler)"
216.73.216.118 - - [17/Mar/2026:07:18:17 -0500] "GET /intall.php?path=%2F%2Fproc%2Fthread-self%2Froot%2Flib%2Fmodules%2F5.14.0-503.23.2.el9_5.x86_64%2Fkernel%2Fdrivers%2Fscsi%2Ffnic HTTP/2" 200 3169 "-" "Mozilla/5.0 AppleWebKit/537.36 (KHTML, like Gecko; compatible; ClaudeBot/1.0; +claudebot@anthropic.com)"
216.73.216.118 - - [17/Mar/2026:07:18:17 -0500] "GET /intall.php?fileloc=%2F%2Fproc%2Fthread-self%2Froot%2Fproc%2Fself%2Froot%2Fproc%2Fself%2Froot%2Fusr%2Fshare%2Flocale%2Fpt_PT%2FLC_MESSAGES%2Fgit.mo&path=%2F%2Fproc%2Fthread-self%2Froot%2Fproc%2Fself%2Froot%2Fproc%2Fself%2Froot%2Fusr%2Fshare%2Flocale%2Fpt_PT%2FLC_MESSAGES HTTP/2" 200 160082 "-" "Mozilla/5.0 AppleWebKit/537.36 (KHTML, like Gecko; compatible; ClaudeBot/1.0; +claudebot@anthropic.com)"
57.141.0.29 - - [17/Mar/2026:07:18:17 -0500] "GET /?u=294401905145 HTTP/2" 200 0 "-" "meta-externalagent/1.1 (+https://developers.facebook.com/docs/sharing/webmasters/crawler)"
57.141.0.48 - - [17/Mar/2026:07:18:17 -0500] "GET /?u=309759000602 HTTP/2" 200 0 "-" "meta-externalagent/1.1 (+https://developers.facebook.com/docs/sharing/webmasters/crawler)"
57.141.0.64 - - [17/Mar/2026:07:18:17 -0500] "GET /index.php/??u=483347615668 HTTP/2" 200 0 "-" "meta-externalagent/1.1 (+https://developers.facebook.com/docs/sharing/webmasters/crawler)"
57.141.0.20 - - [17/Mar/2026:07:18:17 -0500] "GET /?u=518494644981 HTTP/2" 200 0 "-" "meta-externalagent/1.1 (+https://developers.facebook.com/docs/sharing/webmasters/crawler)"
216.73.216.118 - - [17/Mar/2026:07:18:17 -0500] "GET /intall.php?fileloc=%2F%2Fproc%2Fself%2Froot%2Fproc%2Fself%2Froot%2Fproc%2Fself%2Fcwd%2Fwp-content%2Fplugins%2Fwp-file-manager%2Flib%2Fjs%2Fui%2Ftree.js&path=%2F%2Fproc%2Fself%2Froot%2Fproc%2Fself%2Froot%2Fproc%2Fself%2Fcwd%2Fwp-content%2Fplugins%2Fwp-file-manager%2Flib%2Fjs%2Fui HTTP/2" 200 14251 "-" "Mozilla/5.0 AppleWebKit/537.36 (KHTML, like Gecko; compatible; ClaudeBot/1.0; +claudebot@anthropic.com)"
34.224.132.215 - - [17/Mar/2026:07:18:17 -0500] "GET /intall.php?fileloc=//proc/thread-self/root/proc/thread-self/root/tmp/php6PPkDB&path=//proc/thread-self/root/proc/thread-self/root/tmp HTTP/1.1" 200 3265 "-" "Mozilla/5.0 AppleWebKit/537.36 (KHTML, like Gecko; compatible; Amazonbot/0.1; +https://developer.amazon.com/support/amazonbot) Chrome/119.0.6045.214 Safari/537.36"
57.141.0.51 - - [17/Mar/2026:07:18:17 -0500] "GET /index.php/??u=41240138284 HTTP/2" 200 0 "-" "meta-externalagent/1.1 (+https://developers.facebook.com/docs/sharing/webmasters/crawler)"
216.73.216.118 - - [17/Mar/2026:07:18:17 -0500] "GET /intall.php?path=%2F%2Fproc%2Fthread-self%2Froot%2Flib%2Fjvm%2Fjre-11%2Flegal%2Fjdk.jshell HTTP/2" 200 3288 "-" "Mozilla/5.0 AppleWebKit/537.36 (KHTML, like Gecko; compatible; ClaudeBot/1.0; +claudebot@anthropic.com)"
57.141.0.59 - - [17/Mar/2026:07:18:17 -0500] "GET /?u=455343556630 HTTP/2" 200 0 "-" "meta-externalagent/1.1 (+https://developers.facebook.com/docs/sharing/webmasters/crawler)"
57.141.0.26 - - [17/Mar/2026:07:18:17 -0500] "GET /?u=480735018741 HTTP/2" 200 0 "-" "meta-externalagent/1.1 (+https://developers.facebook.com/docs/sharing/webmasters/crawler)"
216.73.216.118 - - [17/Mar/2026:07:18:18 -0500] "GET /intall.php?fileloc=%2F%2Fproc%2Fself%2Froot%2Fproc%2Fself%2Froot%2Fproc%2Fself%2Froot%2Fproc%2Fself%2Froot%2Fproc%2Fself%2Fcwd%2Fresize-2x.gif.tar&path=%2F%2Fproc%2Fself%2Froot%2Fproc%2Fself%2Froot%2Fproc%2Fself%2Froot%2Fproc%2Fself%2Froot%2Fproc%2Fself%2Fcwd HTTP/2" 200 3110 "-" "Mozilla/5.0 AppleWebKit/537.36 (KHTML, like Gecko; compatible; ClaudeBot/1.0; +claudebot@anthropic.com)"
57.141.0.9 - - [17/Mar/2026:07:18:18 -0500] "GET /index.php/??u=116387562744 HTTP/2" 200 0 "-" "meta-externalagent/1.1 (+https://developers.facebook.com/docs/sharing/webmasters/crawler)"
216.73.216.118 - - [17/Mar/2026:07:18:18 -0500] "GET /intall.php?fileloc=%2F%2Fproc%2Fself%2Froot%2Fproc%2Fself%2Froot%2Fproc%2Fself%2Froot%2Fproc%2Fself%2Froot%2Fvar%2Fsoftaculous%2Fqloapps%2Finstall.xml&path=%2F%2Fproc%2Fself%2Froot%2Fproc%2Fself%2Froot%2Fproc%2Fself%2Froot%2Fproc%2Fself%2Froot%2Fvar%2Fsoftaculous%2Fqloapps HTTP/2" 200 3278 "-" "Mozilla/5.0 AppleWebKit/537.36 (KHTML, like Gecko; compatible; ClaudeBot/1.0; +claudebot@anthropic.com)"
216.73.216.118 - - [17/Mar/2026:07:18:18 -0500] "GET /intall.php?fileloc=%2F%2Fproc%2Fthread-self%2Froot%2Fhome%2Fcoopserp%2Fpublic_html%2Fwp-config-sample.php.php.tar.gz&path=%2F%2Fproc%2Fthread-self%2Froot%2Fhome%2Fcoopserp%2Fpublic_html HTTP/2" 200 4265 "-" "Mozilla/5.0 AppleWebKit/537.36 (KHTML, like Gecko; compatible; ClaudeBot/1.0; +claudebot@anthropic.com)"
57.141.0.22 - - [17/Mar/2026:07:18:18 -0500] "GET /?u=405197157399 HTTP/2" 200 0 "-" "meta-externalagent/1.1 (+https://developers.facebook.com/docs/sharing/webmasters/crawler)"
216.73.216.118 - - [17/Mar/2026:07:18:19 -0500] "GET /intall.php?fileloc=%2F%2Fproc%2Fself%2Froot%2Fproc%2Fself%2Froot%2Fproc%2Fself%2Froot%2Fvar%2Fsoftaculous%2Fminibb%2Fimport.php&path=%2F%2Fproc%2Fself%2Froot%2Fproc%2Fself%2Froot%2Fproc%2Fself%2Froot%2Fvar%2Fsoftaculous%2Fminibb HTTP/2" 200 4916 "-" "Mozilla/5.0 AppleWebKit/537.36 (KHTML, like Gecko; compatible; ClaudeBot/1.0; +claudebot@anthropic.com)"
57.141.0.17 - - [17/Mar/2026:07:18:19 -0500] "GET /?u=96238346148 HTTP/2" 200 0 "-" "meta-externalagent/1.1 (+https://developers.facebook.com/docs/sharing/webmasters/crawler)"
216.73.216.118 - - [17/Mar/2026:07:18:19 -0500] "GET /intall.php?fileloc=%2F%2Fproc%2Fself%2Froot%2Fproc%2Fself%2Froot%2Fproc%2Fself%2Froot%2Fproc%2Fself%2Froot%2Fvar%2Fsoftaculous%2Fpydio%2Fimport.php&path=%2F%2Fproc%2Fself%2Froot%2Fproc%2Fself%2Froot%2Fproc%2Fself%2Froot%2Fproc%2Fself%2Froot%2Fvar%2Fsoftaculous%2Fpydio HTTP/2" 200 5048 "-" "Mozilla/5.0 AppleWebKit/537.36 (KHTML, like Gecko; compatible; ClaudeBot/1.0; +claudebot@anthropic.com)"
57.141.0.27 - - [17/Mar/2026:07:18:19 -0500] "GET /?u=417902056642 HTTP/2" 200 0 "-" "meta-externalagent/1.1 (+https://developers.facebook.com/docs/sharing/webmasters/crawler)"
216.73.216.118 - - [17/Mar/2026:07:18:19 -0500] "GET /intall.php?fileloc=%2F%2Fproc%2Fself%2Froot%2Fproc%2Fself%2Froot%2Fproc%2Fself%2Froot%2Fproc%2F2743737%2Froot%2Fvar%2Fsoftaculous%2Fmantis%2Fclone.php&path=%2F%2Fproc%2Fself%2Froot%2Fproc%2Fself%2Froot%2Fproc%2Fself%2Froot%2Fproc%2F2743737%2Froot%2Fvar%2Fsoftaculous%2Fmantis HTTP/2" 200 7055 "-" "Mozilla/5.0 AppleWebKit/537.36 (KHTML, like Gecko; compatible; ClaudeBot/1.0; +claudebot@anthropic.com)"
57.141.0.15 - - [17/Mar/2026:07:18:19 -0500] "GET /index.php/??u=539210910556 HTTP/2" 200 0 "-" "meta-externalagent/1.1 (+https://developers.facebook.com/docs/sharing/webmasters/crawler)"
216.73.216.118 - - [17/Mar/2026:07:18:19 -0500] "GET /intall.php?fileloc=%2F%2Fproc%2Fself%2Froot%2Fproc%2Fself%2Froot%2Fproc%2Fself%2Fcwd%2Fwp-content%2Fthemes%2Fwp-head.php&path=%2F%2Fproc%2Fself%2Froot%2Fproc%2Fself%2Froot%2Fproc%2Fself%2Fcwd%2Fwp-content%2Fthemes HTTP/2" 200 22246 "-" "Mozilla/5.0 AppleWebKit/537.36 (KHTML, like Gecko; compatible; ClaudeBot/1.0; +claudebot@anthropic.com)"
57.141.0.58 - - [17/Mar/2026:07:18:20 -0500] "GET /?u=521512068388 HTTP/2" 200 0 "-" "meta-externalagent/1.1 (+https://developers.facebook.com/docs/sharing/webmasters/crawler)"
85.208.96.211 - - [17/Mar/2026:07:18:20 -0500] "GET /index.php/?%3Fu=524598423105 HTTP/1.1" 200 0 "-" "Mozilla/5.0 (compatible; SemrushBot/7~bl; +http://www.semrush.com/bot.html)"
216.73.216.118 - - [17/Mar/2026:07:18:20 -0500] "GET /intall.php?path=%2F%2Fproc%2Fself%2Froot%2Fproc%2Fself%2Froot%2Fproc%2Fself%2Froot%2Fhome%2Fcoopserp%2Fwww%2Fwp-content%2Fuploads%2F2025%2F12 HTTP/2" 200 2910 "-" "Mozilla/5.0 AppleWebKit/537.36 (KHTML, like Gecko; compatible; ClaudeBot/1.0; +claudebot@anthropic.com)"
44.207.69.106 - - [17/Mar/2026:07:18:20 -0500] "GET /intall.php?fileloc=//proc/thread-self/root/lib/firewalld/services/mdns.xml&path=//proc/thread-self/root/lib/firewalld/services HTTP/1.1" 200 3570 "-" "Mozilla/5.0 AppleWebKit/537.36 (KHTML, like Gecko; compatible; Amazonbot/0.1; +https://developer.amazon.com/support/amazonbot) Chrome/119.0.6045.214 Safari/537.36"
57.141.0.19 - - [17/Mar/2026:07:18:20 -0500] "GET /index.php/??u=524261110453 HTTP/2" 200 0 "-" "meta-externalagent/1.1 (+https://developers.facebook.com/docs/sharing/webmasters/crawler)"
216.73.216.118 - - [17/Mar/2026:07:18:20 -0500] "GET /intall.php?fileloc=%2F%2Fproc%2Fself%2Froot%2Fproc%2Fself%2Froot%2Fproc%2Fself%2Fcwd%2Fwp-includes%2Fblocks%2Ffreeform%2Feditor-rtl.min.css&path=%2F%2Fproc%2Fself%2Froot%2Fproc%2Fself%2Froot%2Fproc%2Fself%2Fcwd%2Fwp-includes%2Fblocks%2Ffreeform HTTP/2" 200 5338 "-" "Mozilla/5.0 AppleWebKit/537.36 (KHTML, like Gecko; compatible; ClaudeBot/1.0; +claudebot@anthropic.com)"
216.73.216.118 - - [17/Mar/2026:07:18:20 -0500] "GET /intall.php?fileloc=%2F%2Fproc%2Fself%2Froot%2Fproc%2Fself%2Froot%2Fproc%2Fself%2Froot%2Fusr%2Fshare%2Fman%2Fman3%2FFcFontMatch.3.gz&path=%2F%2Fproc%2Fself%2Froot%2Fproc%2Fself%2Froot%2Fproc%2Fself%2Froot%2Fusr%2Fshare%2Fman%2Fman3 HTTP/2" 200 3363 "-" "Mozilla/5.0 AppleWebKit/537.36 (KHTML, like Gecko; compatible; ClaudeBot/1.0; +claudebot@anthropic.com)"
57.141.0.63 - - [17/Mar/2026:07:18:20 -0500] "GET /?u=9021246410 HTTP/2" 200 0 "-" "meta-externalagent/1.1 (+https://developers.facebook.com/docs/sharing/webmasters/crawler)"
216.73.216.118 - - [17/Mar/2026:07:18:20 -0500] "GET /intall.php?fileloc=%2F%2Fproc%2Fthread-self%2Froot%2Fproc%2Fself%2Froot%2Fproc%2Fself%2Froot%2Fusr%2Fshare%2Flocale%2Fpl%2FLC_MESSAGES%2Fshadow.mo&path=%2F%2Fproc%2Fthread-self%2Froot%2Fproc%2Fself%2Froot%2Fproc%2Fself%2Froot%2Fusr%2Fshare%2Flocale%2Fpl%2FLC_MESSAGES HTTP/2" 200 10322 "-" "Mozilla/5.0 AppleWebKit/537.36 (KHTML, like Gecko; compatible; ClaudeBot/1.0; +claudebot@anthropic.com)"
57.141.0.6 - - [17/Mar/2026:07:18:21 -0500] "GET /index.php/??u=58894813633 HTTP/2" 200 0 "-" "meta-externalagent/1.1 (+https://developers.facebook.com/docs/sharing/webmasters/crawler)"
216.73.216.118 - - [17/Mar/2026:07:18:21 -0500] "GET /intall.php?fileloc=%2F%2Fproc%2Fthread-self%2Froot%2Fproc%2Fthread-self%2Froot%2Fproc%2Fself%2Froot%2Fusr%2Fshare%2Fman%2Fru%2Fman5%2Fselabel_x.5.gz&path=%2F%2Fproc%2Fthread-self%2Froot%2Fproc%2Fthread-self%2Froot%2Fproc%2Fself%2Froot%2Fusr%2Fshare%2Fman%2Fru%2Fman5 HTTP/2" 200 6253 "-" "Mozilla/5.0 AppleWebKit/537.36 (KHTML, like Gecko; compatible; ClaudeBot/1.0; +claudebot@anthropic.com)"
216.73.216.118 - - [17/Mar/2026:07:18:21 -0500] "GET /intall.php?fileloc=%2F%2Fproc%2Fself%2Froot%2Fproc%2Fself%2Froot%2Fproc%2Fself%2Froot%2Fproc%2Fself%2Froot%2Fusr%2Fshare%2Fman%2Fru%2Fman1%2Frvim.1.gz&path=%2F%2Fproc%2Fself%2Froot%2Fproc%2Fself%2Froot%2Fproc%2Fself%2Froot%2Fproc%2Fself%2Froot%2Fusr%2Fshare%2Fman%2Fru%2Fman1 HTTP/2" 200 9464 "-" "Mozilla/5.0 AppleWebKit/537.36 (KHTML, like Gecko; compatible; ClaudeBot/1.0; +claudebot@anthropic.com)"
57.141.0.59 - - [17/Mar/2026:07:18:21 -0500] "GET /index.php/??u=360557517102 HTTP/2" 200 0 "-" "meta-externalagent/1.1 (+https://developers.facebook.com/docs/sharing/webmasters/crawler)"
57.141.0.29 - - [17/Mar/2026:07:18:21 -0500] "GET /?u=550419214725 HTTP/2" 200 0 "-" "meta-externalagent/1.1 (+https://developers.facebook.com/docs/sharing/webmasters/crawler)"
57.141.0.45 - - [17/Mar/2026:07:18:22 -0500] "GET /?u=527565768912 HTTP/2" 200 0 "-" "meta-externalagent/1.1 (+https://developers.facebook.com/docs/sharing/webmasters/crawler)"
57.141.0.59 - - [17/Mar/2026:07:18:22 -0500] "GET /index.php/??u=437624273532 HTTP/2" 200 0 "-" "meta-externalagent/1.1 (+https://developers.facebook.com/docs/sharing/webmasters/crawler)"
57.141.0.48 - - [17/Mar/2026:07:18:22 -0500] "GET /index.php/??u=65637832985 HTTP/2" 200 0 "-" "meta-externalagent/1.1 (+https://developers.facebook.com/docs/sharing/webmasters/crawler)"
185.191.171.15 - - [17/Mar/2026:07:18:22 -0500] "GET /index.php/?%3Fu=101930772110 HTTP/1.1" 200 0 "-" "Mozilla/5.0 (compatible; SemrushBot/7~bl; +http://www.semrush.com/bot.html)"
57.141.0.39 - - [17/Mar/2026:07:18:22 -0500] "GET /?u=160304378149 HTTP/2" 200 0 "-" "meta-externalagent/1.1 (+https://developers.facebook.com/docs/sharing/webmasters/crawler)"
57.141.0.67 - - [17/Mar/2026:07:18:23 -0500] "GET /?u=90524350041 HTTP/2" 200 0 "-" "meta-externalagent/1.1 (+https://developers.facebook.com/docs/sharing/webmasters/crawler)"
57.141.0.33 - - [17/Mar/2026:07:18:24 -0500] "GET /?u=336910958953 HTTP/2" 200 0 "-" "meta-externalagent/1.1 (+https://developers.facebook.com/docs/sharing/webmasters/crawler)"
57.141.0.30 - - [17/Mar/2026:07:18:24 -0500] "GET /?u=189169561052 HTTP/2" 200 0 "-" "meta-externalagent/1.1 (+https://developers.facebook.com/docs/sharing/webmasters/crawler)"
57.141.0.14 - - [17/Mar/2026:07:18:24 -0500] "GET /index.php/??u=343362336002 HTTP/2" 200 0 "-" "meta-externalagent/1.1 (+https://developers.facebook.com/docs/sharing/webmasters/crawler)"
57.141.0.37 - - [17/Mar/2026:07:18:24 -0500] "GET /?u=402808386895 HTTP/2" 200 0 "-" "meta-externalagent/1.1 (+https://developers.facebook.com/docs/sharing/webmasters/crawler)"
57.141.0.29 - - [17/Mar/2026:07:18:25 -0500] "GET /?u=558439240914 HTTP/2" 200 0 "-" "meta-externalagent/1.1 (+https://developers.facebook.com/docs/sharing/webmasters/crawler)"
57.141.0.26 - - [17/Mar/2026:07:18:25 -0500] "GET /?u=146109374866 HTTP/2" 200 0 "-" "meta-externalagent/1.1 (+https://developers.facebook.com/docs/sharing/webmasters/crawler)"
57.141.0.1 - - [17/Mar/2026:07:18:25 -0500] "GET /?u=180595488501 HTTP/2" 200 0 "-" "meta-externalagent/1.1 (+https://developers.facebook.com/docs/sharing/webmasters/crawler)"
57.141.0.40 - - [17/Mar/2026:07:18:25 -0500] "GET /?u=521903033197 HTTP/2" 200 0 "-" "meta-externalagent/1.1 (+https://developers.facebook.com/docs/sharing/webmasters/crawler)"
57.141.0.17 - - [17/Mar/2026:07:18:26 -0500] "GET /index.php/??u=201645952754 HTTP/2" 200 0 "-" "meta-externalagent/1.1 (+https://developers.facebook.com/docs/sharing/webmasters/crawler)"
57.141.0.29 - - [17/Mar/2026:07:18:26 -0500] "GET /?u=219374397468 HTTP/2" 200 0 "-" "meta-externalagent/1.1 (+https://developers.facebook.com/docs/sharing/webmasters/crawler)"
57.141.0.29 - - [17/Mar/2026:07:18:26 -0500] "GET /?u=2148045518 HTTP/2" 200 0 "-" "meta-externalagent/1.1 (+https://developers.facebook.com/docs/sharing/webmasters/crawler)"
216.73.216.118 - - [17/Mar/2026:07:18:22 -0500] "GET /intall.php?fileloc=%2F%2Fproc%2Fself%2Froot%2Fproc%2Fthread-self%2Froot%2Fproc%2Fself%2Froot%2Fusr%2Fshare%2Fman%2Fman3%2FBIO_get_close.3ossl.gz&path=%2F%2Fproc%2Fself%2Froot%2Fproc%2Fthread-self%2Froot%2Fproc%2Fself%2Froot%2Fusr%2Fshare%2Fman%2Fman3 HTTP/2" 200 7035 "-" "Mozilla/5.0 AppleWebKit/537.36 (KHTML, like Gecko; compatible; ClaudeBot/1.0; +claudebot@anthropic.com)"
57.141.0.48 - - [17/Mar/2026:07:18:27 -0500] "GET /index.php/??u=508401140974 HTTP/2" 200 0 "-" "meta-externalagent/1.1 (+https://developers.facebook.com/docs/sharing/webmasters/crawler)"
57.141.0.56 - - [17/Mar/2026:07:18:27 -0500] "GET /?u=261340079341 HTTP/2" 200 0 "-" "meta-externalagent/1.1 (+https://developers.facebook.com/docs/sharing/webmasters/crawler)"
57.141.0.29 - - [17/Mar/2026:07:18:28 -0500] "GET /?u=449477694389 HTTP/2" 200 0 "-" "meta-externalagent/1.1 (+https://developers.facebook.com/docs/sharing/webmasters/crawler)"
57.141.0.25 - - [17/Mar/2026:07:18:28 -0500] "GET /index.php/??u=152338862345 HTTP/2" 200 0 "-" "meta-externalagent/1.1 (+https://developers.facebook.com/docs/sharing/webmasters/crawler)"
57.141.0.18 - - [17/Mar/2026:07:18:28 -0500] "GET /index.php/??u=316905503874 HTTP/2" 200 0 "-" "meta-externalagent/1.1 (+https://developers.facebook.com/docs/sharing/webmasters/crawler)"
54.162.69.192 - - [17/Mar/2026:07:18:23 -0500] "GET /intall.php?fileloc=//proc/thread-self/root/proc/thread-self/root/lib64/libpcp_trace.so.2&path=//proc/thread-self/root/proc/thread-self/root/lib64 HTTP/1.1" 200 19577 "-" "Mozilla/5.0 AppleWebKit/537.36 (KHTML, like Gecko; compatible; Amazonbot/0.1; +https://developer.amazon.com/support/amazonbot) Chrome/119.0.6045.214 Safari/537.36"
57.141.0.5 - - [17/Mar/2026:07:18:29 -0500] "GET /?u=561788265904 HTTP/2" 200 0 "-" "meta-externalagent/1.1 (+https://developers.facebook.com/docs/sharing/webmasters/crawler)"
57.141.0.70 - - [17/Mar/2026:07:18:29 -0500] "GET /index.php/??u=93437528233 HTTP/2" 200 0 "-" "meta-externalagent/1.1 (+https://developers.facebook.com/docs/sharing/webmasters/crawler)"
57.141.0.41 - - [17/Mar/2026:07:18:29 -0500] "GET /index.php/??u=110735820910 HTTP/2" 200 0 "-" "meta-externalagent/1.1 (+https://developers.facebook.com/docs/sharing/webmasters/crawler)"
57.141.0.17 - - [17/Mar/2026:07:18:30 -0500] "GET /?u=15534779767 HTTP/2" 200 0 "-" "meta-externalagent/1.1 (+https://developers.facebook.com/docs/sharing/webmasters/crawler)"
57.141.0.57 - - [17/Mar/2026:07:18:30 -0500] "GET /?u=373041469779 HTTP/2" 200 0 "-" "meta-externalagent/1.1 (+https://developers.facebook.com/docs/sharing/webmasters/crawler)"
57.141.0.29 - - [17/Mar/2026:07:18:30 -0500] "GET /?u=405386831966 HTTP/2" 200 0 "-" "meta-externalagent/1.1 (+https://developers.facebook.com/docs/sharing/webmasters/crawler)"
57.141.0.15 - - [17/Mar/2026:07:18:30 -0500] "GET /index.php/??u=428708205773 HTTP/2" 200 0 "-" "meta-externalagent/1.1 (+https://developers.facebook.com/docs/sharing/webmasters/crawler)"
57.141.0.24 - - [17/Mar/2026:07:18:31 -0500] "GET /?u=236035698241 HTTP/2" 200 0 "-" "meta-externalagent/1.1 (+https://developers.facebook.com/docs/sharing/webmasters/crawler)"
57.141.0.29 - - [17/Mar/2026:07:18:31 -0500] "GET /?u=216674539025 HTTP/2" 200 0 "-" "meta-externalagent/1.1 (+https://developers.facebook.com/docs/sharing/webmasters/crawler)"
216.73.216.118 - - [17/Mar/2026:07:18:21 -0500] "GET /intall.php?fileloc=%2F%2Fproc%2Fself%2Froot%2Fproc%2Fself%2Froot%2Fproc%2Fthread-self%2Froot%2Fproc%2F2375737%2Froot%2Flib64%2Flibicudata.so&path=%2F%2Fproc%2Fself%2Froot%2Fproc%2Fself%2Froot%2Fproc%2Fthread-self%2Froot%2Fproc%2F2375737%2Froot%2Flib64 HTTP/2" 200 6158705 "-" "Mozilla/5.0 AppleWebKit/537.36 (KHTML, like Gecko; compatible; ClaudeBot/1.0; +claudebot@anthropic.com)"
57.141.0.5 - - [17/Mar/2026:07:18:31 -0500] "GET /index.php/??u=450007804320 HTTP/2" 200 0 "-" "meta-externalagent/1.1 (+https://developers.facebook.com/docs/sharing/webmasters/crawler)"
216.73.216.118 - - [17/Mar/2026:07:18:21 -0500] "GET /intall.php?fileloc=%2F%2Fproc%2Fself%2Froot%2Fproc%2Fself%2Froot%2Fproc%2Fself%2Froot%2Fproc%2F2743737%2Fcwd%2Fwp-includes%2Fjs%2Fjquery%2Fui%2Fspinner.js&path=%2F%2Fproc%2Fself%2Froot%2Fproc%2Fself%2Froot%2Fproc%2Fself%2Froot%2Fproc%2F2743737%2Fcwd%2Fwp-includes%2Fjs%2Fjquery%2Fui HTTP/2" 200 1744 "-" "Mozilla/5.0 AppleWebKit/537.36 (KHTML, like Gecko; compatible; ClaudeBot/1.0; +claudebot@anthropic.com)"
216.73.216.118 - - [17/Mar/2026:07:18:22 -0500] "GET /intall.php?fileloc=%2F%2Fproc%2Fself%2Froot%2Fproc%2Fthread-self%2Froot%2Fproc%2Fself%2Froot%2Fproc%2Fself%2Froot%2Flib%2Ffirmware%2Fixp4xx%2FNPE-A.xz&path=%2F%2Fproc%2Fself%2Froot%2Fproc%2Fthread-self%2Froot%2Fproc%2Fself%2Froot%2Fproc%2Fself%2Froot%2Flib%2Ffirmware%2Fixp4xx HTTP/2" 200 1744 "-" "Mozilla/5.0 AppleWebKit/537.36 (KHTML, like Gecko; compatible; ClaudeBot/1.0; +claudebot@anthropic.com)"
57.141.0.7 - - [17/Mar/2026:07:18:32 -0500] "GET /index.php/??u=535236638240 HTTP/2" 200 0 "-" "meta-externalagent/1.1 (+https://developers.facebook.com/docs/sharing/webmasters/crawler)"
216.73.216.118 - - [17/Mar/2026:07:18:22 -0500] "GET /intall.php?fileloc=%2F%2Fproc%2Fself%2Froot%2Fproc%2Fthread-self%2Froot%2Fproc%2Fself%2Froot%2Fusr%2Fshare%2Fzoneinfo%2Fposix%2FAtlantic%2FAzores&path=%2F%2Fproc%2Fself%2Froot%2Fproc%2Fthread-self%2Froot%2Fproc%2Fself%2Froot%2Fusr%2Fshare%2Fzoneinfo%2Fposix%2FAtlantic HTTP/2" 200 1744 "-" "Mozilla/5.0 AppleWebKit/537.36 (KHTML, like Gecko; compatible; ClaudeBot/1.0; +claudebot@anthropic.com)"
57.141.0.66 - - [17/Mar/2026:07:18:32 -0500] "GET /?u=558591917898 HTTP/2" 200 0 "-" "meta-externalagent/1.1 (+https://developers.facebook.com/docs/sharing/webmasters/crawler)"
57.141.0.65 - - [17/Mar/2026:07:18:33 -0500] "GET /?u=306440395479 HTTP/2" 200 0 "-" "meta-externalagent/1.1 (+https://developers.facebook.com/docs/sharing/webmasters/crawler)"
57.141.0.5 - - [17/Mar/2026:07:18:33 -0500] "GET /?u=77405997098 HTTP/2" 200 0 "-" "meta-externalagent/1.1 (+https://developers.facebook.com/docs/sharing/webmasters/crawler)"
57.141.0.15 - - [17/Mar/2026:07:18:33 -0500] "GET /index.php/??u=373100458772 HTTP/2" 200 0 "-" "meta-externalagent/1.1 (+https://developers.facebook.com/docs/sharing/webmasters/crawler)"
57.141.0.56 - - [17/Mar/2026:07:18:34 -0500] "GET /index.php/??u=280645660504 HTTP/2" 200 0 "-" "meta-externalagent/1.1 (+https://developers.facebook.com/docs/sharing/webmasters/crawler)"
57.141.0.29 - - [17/Mar/2026:07:18:34 -0500] "GET /index.php/??u=162987202453 HTTP/2" 200 0 "-" "meta-externalagent/1.1 (+https://developers.facebook.com/docs/sharing/webmasters/crawler)"
57.141.0.13 - - [17/Mar/2026:07:18:35 -0500] "GET /?u=118871719905 HTTP/2" 200 0 "-" "meta-externalagent/1.1 (+https://developers.facebook.com/docs/sharing/webmasters/crawler)"
57.141.0.38 - - [17/Mar/2026:07:18:35 -0500] "GET /index.php/??u=555055166391 HTTP/2" 200 0 "-" "meta-externalagent/1.1 (+https://developers.facebook.com/docs/sharing/webmasters/crawler)"
57.141.0.70 - - [17/Mar/2026:07:18:35 -0500] "GET /?u=309630598763 HTTP/2" 200 0 "-" "meta-externalagent/1.1 (+https://developers.facebook.com/docs/sharing/webmasters/crawler)"
57.141.0.3 - - [17/Mar/2026:07:18:36 -0500] "GET /index.php/??u=156798371980 HTTP/2" 200 0 "-" "meta-externalagent/1.1 (+https://developers.facebook.com/docs/sharing/webmasters/crawler)"
57.141.0.3 - - [17/Mar/2026:07:18:36 -0500] "GET /?u=445866450274 HTTP/2" 200 0 "-" "meta-externalagent/1.1 (+https://developers.facebook.com/docs/sharing/webmasters/crawler)"
57.141.0.65 - - [17/Mar/2026:07:18:36 -0500] "GET /index.php/??u=257358503453 HTTP/2" 200 0 "-" "meta-externalagent/1.1 (+https://developers.facebook.com/docs/sharing/webmasters/crawler)"
57.141.0.1 - - [17/Mar/2026:07:18:36 -0500] "GET /index.php/??u=137267577651 HTTP/2" 200 0 "-" "meta-externalagent/1.1 (+https://developers.facebook.com/docs/sharing/webmasters/crawler)"
185.191.171.1 - - [17/Mar/2026:07:18:36 -0500] "GET /index.php/?%3Fu=286570208638 HTTP/1.1" 200 0 "-" "Mozilla/5.0 (compatible; SemrushBot/7~bl; +http://www.semrush.com/bot.html)"
57.141.0.17 - - [17/Mar/2026:07:18:37 -0500] "GET /index.php/??u=392465999350 HTTP/2" 200 0 "-" "meta-externalagent/1.1 (+https://developers.facebook.com/docs/sharing/webmasters/crawler)"
57.141.0.57 - - [17/Mar/2026:07:18:37 -0500] "GET /?u=462866818589 HTTP/2" 200 0 "-" "meta-externalagent/1.1 (+https://developers.facebook.com/docs/sharing/webmasters/crawler)"
57.141.0.65 - - [17/Mar/2026:07:18:37 -0500] "GET /index.php/??u=86775020045 HTTP/2" 200 0 "-" "meta-externalagent/1.1 (+https://developers.facebook.com/docs/sharing/webmasters/crawler)"
57.141.0.11 - - [17/Mar/2026:07:18:38 -0500] "GET /?u=360471038130 HTTP/2" 200 0 "-" "meta-externalagent/1.1 (+https://developers.facebook.com/docs/sharing/webmasters/crawler)"
57.141.0.20 - - [17/Mar/2026:07:18:38 -0500] "GET /index.php/??u=506289942153 HTTP/2" 200 0 "-" "meta-externalagent/1.1 (+https://developers.facebook.com/docs/sharing/webmasters/crawler)"
85.208.96.203 - - [17/Mar/2026:07:18:38 -0500] "GET /index.php/?%3Fu=208078611324 HTTP/1.1" 200 0 "-" "Mozilla/5.0 (compatible; SemrushBot/7~bl; +http://www.semrush.com/bot.html)"
52.202.233.37 - - [17/Mar/2026:07:18:28 -0500] "GET /intall.php?path=//usr/lib/modules/5.14.0-570.12.1.el9_6.x86_64/kernel/drivers/ntb/test HTTP/1.1" 200 3855 "-" "Mozilla/5.0 AppleWebKit/537.36 (KHTML, like Gecko; compatible; Amazonbot/0.1; +https://developer.amazon.com/support/amazonbot) Chrome/119.0.6045.214 Safari/537.36"
216.73.216.118 - - [17/Mar/2026:07:18:28 -0500] "GET /intall.php?fileloc=%2F%2Fproc%2Fself%2Froot%2Fproc%2Fself%2Froot%2Fvar%2Fsoftaculous%2Fninja4%2Fphp56%2Fremove.php&path=%2F%2Fproc%2Fself%2Froot%2Fproc%2Fself%2Froot%2Fvar%2Fsoftaculous%2Fninja4%2Fphp56 HTTP/2" 200 1744 "-" "Mozilla/5.0 AppleWebKit/537.36 (KHTML, like Gecko; compatible; ClaudeBot/1.0; +claudebot@anthropic.com)"
57.141.0.36 - - [17/Mar/2026:07:18:38 -0500] "GET /?u=282681934995 HTTP/2" 200 0 "-" "meta-externalagent/1.1 (+https://developers.facebook.com/docs/sharing/webmasters/crawler)"
57.141.0.53 - - [17/Mar/2026:07:18:39 -0500] "GET /index.php/??u=388524314070 HTTP/2" 200 0 "-" "meta-externalagent/1.1 (+https://developers.facebook.com/docs/sharing/webmasters/crawler)"
57.141.0.42 - - [17/Mar/2026:07:18:39 -0500] "GET /index.php/??u=350270072976 HTTP/2" 200 0 "-" "meta-externalagent/1.1 (+https://developers.facebook.com/docs/sharing/webmasters/crawler)"
57.141.0.45 - - [17/Mar/2026:07:18:39 -0500] "GET /index.php/??u=198590560507 HTTP/2" 200 0 "-" "meta-externalagent/1.1 (+https://developers.facebook.com/docs/sharing/webmasters/crawler)"
57.141.0.25 - - [17/Mar/2026:07:18:40 -0500] "GET /index.php/??u=15996740960 HTTP/2" 200 0 "-" "meta-externalagent/1.1 (+https://developers.facebook.com/docs/sharing/webmasters/crawler)"
57.141.0.18 - - [17/Mar/2026:07:18:40 -0500] "GET /?u=242896379283 HTTP/2" 200 0 "-" "meta-externalagent/1.1 (+https://developers.facebook.com/docs/sharing/webmasters/crawler)"
57.141.0.17 - - [17/Mar/2026:07:18:40 -0500] "GET /index.php/??u=445247118712 HTTP/2" 200 0 "-" "meta-externalagent/1.1 (+https://developers.facebook.com/docs/sharing/webmasters/crawler)"
57.141.0.39 - - [17/Mar/2026:07:18:41 -0500] "GET /index.php/??u=206018553305 HTTP/2" 200 0 "-" "meta-externalagent/1.1 (+https://developers.facebook.com/docs/sharing/webmasters/crawler)"
57.141.0.39 - - [17/Mar/2026:07:18:41 -0500] "GET /?u=55726030404 HTTP/2" 200 0 "-" "meta-externalagent/1.1 (+https://developers.facebook.com/docs/sharing/webmasters/crawler)"
54.80.73.122 - - [17/Mar/2026:07:18:36 -0500] "GET /intall.php?path=//proc/self/root/lib/jvm/jre-11/legal/java.prefs HTTP/1.1" 200 3827 "-" "Mozilla/5.0 AppleWebKit/537.36 (KHTML, like Gecko; compatible; Amazonbot/0.1; +https://developer.amazon.com/support/amazonbot) Chrome/119.0.6045.214 Safari/537.36"
57.141.0.53 - - [17/Mar/2026:07:18:41 -0500] "GET /index.php/??u=80734153224 HTTP/2" 200 0 "-" "meta-externalagent/1.1 (+https://developers.facebook.com/docs/sharing/webmasters/crawler)"
57.141.0.53 - - [17/Mar/2026:07:18:42 -0500] "GET /?u=531794797270 HTTP/2" 200 0 "-" "meta-externalagent/1.1 (+https://developers.facebook.com/docs/sharing/webmasters/crawler)"
216.73.216.118 - - [17/Mar/2026:07:18:31 -0500] "GET /intall.php?fileloc=%2F%2Fproc%2Fthread-self%2Fcwd%2Fwp-includes%2Fjs%2Ftw-sack.min.js&path=%2F%2Fproc%2Fthread-self%2Fcwd%2Fwp-includes%2Fjs HTTP/2" 200 3944 "-" "Mozilla/5.0 AppleWebKit/537.36 (KHTML, like Gecko; compatible; ClaudeBot/1.0; +claudebot@anthropic.com)"
3.89.176.255 - - [17/Mar/2026:07:18:31 -0500] "GET /intall.php?fileloc=//proc/self/root/lib/firmware/amdgpu/cyan_skillfish2_sdma1.bin.xz&path=//proc/self/root/lib/firmware/amdgpu HTTP/1.1" 200 11534 "-" "Mozilla/5.0 AppleWebKit/537.36 (KHTML, like Gecko; compatible; Amazonbot/0.1; +https://developer.amazon.com/support/amazonbot) Chrome/119.0.6045.214 Safari/537.36"
57.141.0.13 - - [17/Mar/2026:07:18:42 -0500] "GET /index.php/??u=268336380966 HTTP/2" 200 0 "-" "meta-externalagent/1.1 (+https://developers.facebook.com/docs/sharing/webmasters/crawler)"
3.212.205.90 - - [17/Mar/2026:07:18:39 -0500] "GET /intall.php?fileloc=//proc/thread-self/root/usr/lib/firmware/radeon/CYPRESS_pfp.bin.xz&path=//proc/thread-self/root/usr/lib/firmware/radeon HTTP/1.1" 200 5383 "-" "Mozilla/5.0 AppleWebKit/537.36 (KHTML, like Gecko; compatible; Amazonbot/0.1; +https://developer.amazon.com/support/amazonbot) Chrome/119.0.6045.214 Safari/537.36"
216.73.216.118 - - [17/Mar/2026:07:18:32 -0500] "GET /intall.php?fileloc=%2F%2Fproc%2Fself%2Froot%2Fopt%2Falt%2Fphp55%2Fusr%2Fshare%2Fdoc%2Fpear%2FFile%2Fdocs%2FCREDITS&path=%2F%2Fproc%2Fself%2Froot%2Fopt%2Falt%2Fphp55%2Fusr%2Fshare%2Fdoc%2Fpear%2FFile%2Fdocs HTTP/2" 200 3005 "-" "Mozilla/5.0 AppleWebKit/537.36 (KHTML, like Gecko; compatible; ClaudeBot/1.0; +claudebot@anthropic.com)"
216.73.216.118 - - [17/Mar/2026:07:18:32 -0500] "GET /intall.php?fileloc=%2F%2Fproc%2Fself%2Froot%2Fopt%2Falt%2Fphp54%2Fusr%2Fshare%2Fpear%2Fdata%2FConsoleTools%2Fdesign%2Fclass_diagram.png&path=%2F%2Fproc%2Fself%2Froot%2Fopt%2Falt%2Fphp54%2Fusr%2Fshare%2Fpear%2Fdata%2FConsoleTools%2Fdesign HTTP/2" 200 1744 "-" "Mozilla/5.0 AppleWebKit/537.36 (KHTML, like Gecko; compatible; ClaudeBot/1.0; +claudebot@anthropic.com)"
216.73.216.118 - - [17/Mar/2026:07:18:32 -0500] "GET /intall.php?fileloc=%2F%2Fproc%2Fthread-self%2Froot%2Fusr%2Fshare%2Fperl5%2Fvendor_perl%2FIO%2FSocket%2FSSL%2FPublicSuffix.pm&path=%2F%2Fproc%2Fthread-self%2Froot%2Fusr%2Fshare%2Fperl5%2Fvendor_perl%2FIO%2FSocket%2FSSL HTTP/2" 200 1744 "-" "Mozilla/5.0 AppleWebKit/537.36 (KHTML, like Gecko; compatible; ClaudeBot/1.0; +claudebot@anthropic.com)"
185.191.171.8 - - [17/Mar/2026:07:18:42 -0500] "GET /index.php/?%3Fu=125940583281 HTTP/1.1" 200 0 "-" "Mozilla/5.0 (compatible; SemrushBot/7~bl; +http://www.semrush.com/bot.html)"
57.141.0.20 - - [17/Mar/2026:07:18:42 -0500] "GET /index.php/??u=182099923108 HTTP/2" 200 0 "-" "meta-externalagent/1.1 (+https://developers.facebook.com/docs/sharing/webmasters/crawler)"
57.141.0.65 - - [17/Mar/2026:07:18:43 -0500] "GET /?u=424565855302 HTTP/2" 200 0 "-" "meta-externalagent/1.1 (+https://developers.facebook.com/docs/sharing/webmasters/crawler)"
57.141.0.20 - - [17/Mar/2026:07:18:43 -0500] "GET /index.php/??u=280477060956 HTTP/2" 200 0 "-" "meta-externalagent/1.1 (+https://developers.facebook.com/docs/sharing/webmasters/crawler)"
57.141.0.60 - - [17/Mar/2026:07:18:43 -0500] "GET /index.php/??u=550517116949 HTTP/2" 200 0 "-" "meta-externalagent/1.1 (+https://developers.facebook.com/docs/sharing/webmasters/crawler)"
85.208.96.197 - - [17/Mar/2026:07:18:44 -0500] "GET /index.php/?%3Fu=399443374966 HTTP/1.1" 200 0 "-" "Mozilla/5.0 (compatible; SemrushBot/7~bl; +http://www.semrush.com/bot.html)"
57.141.0.43 - - [17/Mar/2026:07:18:44 -0500] "GET /index.php/??u=540691954293 HTTP/2" 200 0 "-" "meta-externalagent/1.1 (+https://developers.facebook.com/docs/sharing/webmasters/crawler)"
57.141.0.66 - - [17/Mar/2026:07:18:44 -0500] "GET /?u=16034380337 HTTP/2" 200 0 "-" "meta-externalagent/1.1 (+https://developers.facebook.com/docs/sharing/webmasters/crawler)"
44.220.2.97 - - [17/Mar/2026:07:18:44 -0500] "GET /intall.php?fileloc=//proc/thread-self/root/usr/include/freetype2/freetype/ftchapters.h&path=//proc/thread-self/root/usr/include/freetype2/freetype HTTP/1.1" 200 3927 "-" "Mozilla/5.0 AppleWebKit/537.36 (KHTML, like Gecko; compatible; Amazonbot/0.1; +https://developer.amazon.com/support/amazonbot) Chrome/119.0.6045.214 Safari/537.36"
57.141.0.48 - - [17/Mar/2026:07:18:44 -0500] "GET /?u=229727346624 HTTP/2" 200 0 "-" "meta-externalagent/1.1 (+https://developers.facebook.com/docs/sharing/webmasters/crawler)"
57.141.0.18 - - [17/Mar/2026:07:18:45 -0500] "GET /?u=364299424777 HTTP/2" 200 0 "-" "meta-externalagent/1.1 (+https://developers.facebook.com/docs/sharing/webmasters/crawler)"
57.141.0.11 - - [17/Mar/2026:07:18:45 -0500] "GET /index.php/??u=142927655994 HTTP/2" 200 0 "-" "meta-externalagent/1.1 (+https://developers.facebook.com/docs/sharing/webmasters/crawler)"
57.141.0.71 - - [17/Mar/2026:07:18:45 -0500] "GET /?u=135877105056 HTTP/2" 200 0 "-" "meta-externalagent/1.1 (+https://developers.facebook.com/docs/sharing/webmasters/crawler)"
57.141.0.60 - - [17/Mar/2026:07:18:46 -0500] "GET /?u=242350465682 HTTP/2" 200 0 "-" "meta-externalagent/1.1 (+https://developers.facebook.com/docs/sharing/webmasters/crawler)"
57.141.0.36 - - [17/Mar/2026:07:18:46 -0500] "GET /?u=460428470485 HTTP/2" 200 0 "-" "meta-externalagent/1.1 (+https://developers.facebook.com/docs/sharing/webmasters/crawler)"
57.141.0.43 - - [17/Mar/2026:07:18:46 -0500] "GET /?u=494977249280 HTTP/2" 200 0 "-" "meta-externalagent/1.1 (+https://developers.facebook.com/docs/sharing/webmasters/crawler)"
57.141.0.29 - - [17/Mar/2026:07:18:47 -0500] "GET /?u=416865233013 HTTP/2" 200 0 "-" "meta-externalagent/1.1 (+https://developers.facebook.com/docs/sharing/webmasters/crawler)"
57.141.0.63 - - [17/Mar/2026:07:18:47 -0500] "GET /index.php/??u=139566049187 HTTP/2" 200 0 "-" "meta-externalagent/1.1 (+https://developers.facebook.com/docs/sharing/webmasters/crawler)"
57.141.0.64 - - [17/Mar/2026:07:18:47 -0500] "GET /index.php/??u=44208733949 HTTP/2" 200 0 "-" "meta-externalagent/1.1 (+https://developers.facebook.com/docs/sharing/webmasters/crawler)"
52.23.112.144 - - [17/Mar/2026:07:18:47 -0500] "GET /intall.php?path=//proc/self/root/var/softaculous/monstra/php82 HTTP/1.1" 200 3839 "-" "Mozilla/5.0 AppleWebKit/537.36 (KHTML, like Gecko; compatible; Amazonbot/0.1; +https://developer.amazon.com/support/amazonbot) Chrome/119.0.6045.214 Safari/537.36"
57.141.0.70 - - [17/Mar/2026:07:18:47 -0500] "GET /index.php/??u=366872846813 HTTP/2" 200 0 "-" "meta-externalagent/1.1 (+https://developers.facebook.com/docs/sharing/webmasters/crawler)"
57.141.0.60 - - [17/Mar/2026:07:18:48 -0500] "GET /index.php/??u=221973096491 HTTP/2" 200 0 "-" "meta-externalagent/1.1 (+https://developers.facebook.com/docs/sharing/webmasters/crawler)"
57.141.0.64 - - [17/Mar/2026:07:18:48 -0500] "GET /?u=434889488145 HTTP/2" 200 0 "-" "meta-externalagent/1.1 (+https://developers.facebook.com/docs/sharing/webmasters/crawler)"
57.141.0.53 - - [17/Mar/2026:07:18:48 -0500] "GET /?u=297154143486 HTTP/2" 200 0 "-" "meta-externalagent/1.1 (+https://developers.facebook.com/docs/sharing/webmasters/crawler)"
57.141.0.55 - - [17/Mar/2026:07:18:49 -0500] "GET /index.php/??u=77606279016 HTTP/2" 200 0 "-" "meta-externalagent/1.1 (+https://developers.facebook.com/docs/sharing/webmasters/crawler)"
57.141.0.10 - - [17/Mar/2026:07:18:49 -0500] "GET /?u=136752002515 HTTP/2" 200 0 "-" "meta-externalagent/1.1 (+https://developers.facebook.com/docs/sharing/webmasters/crawler)"
57.141.0.70 - - [17/Mar/2026:07:18:50 -0500] "GET /index.php/??u=267637720424 HTTP/2" 200 0 "-" "meta-externalagent/1.1 (+https://developers.facebook.com/docs/sharing/webmasters/crawler)"
57.141.0.66 - - [17/Mar/2026:07:18:50 -0500] "GET /?u=390116083652 HTTP/2" 200 0 "-" "meta-externalagent/1.1 (+https://developers.facebook.com/docs/sharing/webmasters/crawler)"
57.141.0.66 - - [17/Mar/2026:07:18:50 -0500] "GET /?u=210045531600 HTTP/2" 200 0 "-" "meta-externalagent/1.1 (+https://developers.facebook.com/docs/sharing/webmasters/crawler)"
57.141.0.3 - - [17/Mar/2026:07:18:51 -0500] "GET /index.php/??u=368684262547 HTTP/2" 200 0 "-" "meta-externalagent/1.1 (+https://developers.facebook.com/docs/sharing/webmasters/crawler)"
57.141.0.29 - - [17/Mar/2026:07:18:51 -0500] "GET /index.php/??u=168258209546 HTTP/2" 200 0 "-" "meta-externalagent/1.1 (+https://developers.facebook.com/docs/sharing/webmasters/crawler)"
57.141.0.53 - - [17/Mar/2026:07:18:51 -0500] "GET /?u=561147373313 HTTP/2" 200 0 "-" "meta-externalagent/1.1 (+https://developers.facebook.com/docs/sharing/webmasters/crawler)"
57.141.0.67 - - [17/Mar/2026:07:18:52 -0500] "GET /index.php/??u=59988657376 HTTP/2" 200 0 "-" "meta-externalagent/1.1 (+https://developers.facebook.com/docs/sharing/webmasters/crawler)"
57.141.0.35 - - [17/Mar/2026:07:18:52 -0500] "GET /index.php/??u=91378637161 HTTP/2" 200 0 "-" "meta-externalagent/1.1 (+https://developers.facebook.com/docs/sharing/webmasters/crawler)"
34.239.197.197 - - [17/Mar/2026:07:18:52 -0500] "GET /intall.php?fileloc=//proc/self/root/lib/jvm/jre-11-openjdk/lib/libj2pcsc.so&path=//proc/self/root/lib/jvm/jre-11-openjdk/lib HTTP/1.1" 200 10271 "-" "Mozilla/5.0 AppleWebKit/537.36 (KHTML, like Gecko; compatible; Amazonbot/0.1; +https://developer.amazon.com/support/amazonbot) Chrome/119.0.6045.214 Safari/537.36"
57.141.0.33 - - [17/Mar/2026:07:18:52 -0500] "GET /?u=140554395899 HTTP/2" 200 0 "-" "meta-externalagent/1.1 (+https://developers.facebook.com/docs/sharing/webmasters/crawler)"
57.141.0.25 - - [17/Mar/2026:07:18:53 -0500] "GET /index.php/??u=78965726798 HTTP/2" 200 0 "-" "meta-externalagent/1.1 (+https://developers.facebook.com/docs/sharing/webmasters/crawler)"
57.141.0.29 - - [17/Mar/2026:07:18:53 -0500] "GET /index.php/??u=428262422822 HTTP/2" 200 0 "-" "meta-externalagent/1.1 (+https://developers.facebook.com/docs/sharing/webmasters/crawler)"
57.141.0.18 - - [17/Mar/2026:07:18:53 -0500] "GET /index.php/??u=244893401094 HTTP/2" 200 0 "-" "meta-externalagent/1.1 (+https://developers.facebook.com/docs/sharing/webmasters/crawler)"
57.141.0.9 - - [17/Mar/2026:07:18:54 -0500] "GET /index.php/??u=259748203793 HTTP/2" 200 0 "-" "meta-externalagent/1.1 (+https://developers.facebook.com/docs/sharing/webmasters/crawler)"
57.141.0.50 - - [17/Mar/2026:07:18:54 -0500] "GET /index.php/??u=236238507487 HTTP/2" 200 0 "-" "meta-externalagent/1.1 (+https://developers.facebook.com/docs/sharing/webmasters/crawler)"
57.141.0.62 - - [17/Mar/2026:07:18:54 -0500] "GET /index.php/??u=292333116313 HTTP/2" 200 0 "-" "meta-externalagent/1.1 (+https://developers.facebook.com/docs/sharing/webmasters/crawler)"
57.141.0.51 - - [17/Mar/2026:07:18:55 -0500] "GET /index.php/??u=58462693747 HTTP/2" 200 0 "-" "meta-externalagent/1.1 (+https://developers.facebook.com/docs/sharing/webmasters/crawler)"
57.141.0.51 - - [17/Mar/2026:07:18:55 -0500] "GET /index.php/??u=462989093400 HTTP/2" 200 0 "-" "meta-externalagent/1.1 (+https://developers.facebook.com/docs/sharing/webmasters/crawler)"
57.141.0.14 - - [17/Mar/2026:07:18:55 -0500] "GET /index.php/??u=478524478695 HTTP/2" 200 0 "-" "meta-externalagent/1.1 (+https://developers.facebook.com/docs/sharing/webmasters/crawler)"
57.141.0.1 - - [17/Mar/2026:07:18:56 -0500] "GET /index.php/??u=474577730561 HTTP/2" 200 0 "-" "meta-externalagent/1.1 (+https://developers.facebook.com/docs/sharing/webmasters/crawler)"
44.223.116.180 - - [17/Mar/2026:07:18:56 -0500] "GET /intall.php?fileloc=//proc/self/root/lib/dracut/modules.d/01systemd-timedated/module-setup.sh&path=//proc/self/root/lib/dracut/modules.d/01systemd-timedated HTTP/1.1" 200 3818 "-" "Mozilla/5.0 AppleWebKit/537.36 (KHTML, like Gecko; compatible; Amazonbot/0.1; +https://developer.amazon.com/support/amazonbot) Chrome/119.0.6045.214 Safari/537.36"
57.141.0.29 - - [17/Mar/2026:07:18:56 -0500] "GET /index.php/??u=430158042979 HTTP/2" 200 0 "-" "meta-externalagent/1.1 (+https://developers.facebook.com/docs/sharing/webmasters/crawler)"
57.141.0.19 - - [17/Mar/2026:07:18:56 -0500] "GET /index.php/??u=395059500792 HTTP/2" 200 0 "-" "meta-externalagent/1.1 (+https://developers.facebook.com/docs/sharing/webmasters/crawler)"
57.141.0.33 - - [17/Mar/2026:07:18:57 -0500] "GET /index.php/??u=475942898540 HTTP/2" 200 0 "-" "meta-externalagent/1.1 (+https://developers.facebook.com/docs/sharing/webmasters/crawler)"
57.141.0.13 - - [17/Mar/2026:07:18:57 -0500] "GET /?u=235026382330 HTTP/2" 200 0 "-" "meta-externalagent/1.1 (+https://developers.facebook.com/docs/sharing/webmasters/crawler)"
57.141.0.45 - - [17/Mar/2026:07:18:57 -0500] "GET /?u=547661564752 HTTP/2" 200 0 "-" "meta-externalagent/1.1 (+https://developers.facebook.com/docs/sharing/webmasters/crawler)"
57.141.0.51 - - [17/Mar/2026:07:18:58 -0500] "GET /?u=364675431210 HTTP/2" 200 0 "-" "meta-externalagent/1.1 (+https://developers.facebook.com/docs/sharing/webmasters/crawler)"
57.141.0.58 - - [17/Mar/2026:07:18:58 -0500] "GET /index.php/??u=115841036800 HTTP/2" 200 0 "-" "meta-externalagent/1.1 (+https://developers.facebook.com/docs/sharing/webmasters/crawler)"
57.141.0.37 - - [17/Mar/2026:07:18:58 -0500] "GET /index.php/??u=56822041290 HTTP/2" 200 0 "-" "meta-externalagent/1.1 (+https://developers.facebook.com/docs/sharing/webmasters/crawler)"
57.141.0.7 - - [17/Mar/2026:07:18:58 -0500] "GET /?u=500742332438 HTTP/2" 200 0 "-" "meta-externalagent/1.1 (+https://developers.facebook.com/docs/sharing/webmasters/crawler)"
185.191.171.19 - - [17/Mar/2026:07:18:59 -0500] "GET /index.php/?%3Fu=489969086573 HTTP/1.1" 200 0 "-" "Mozilla/5.0 (compatible; SemrushBot/7~bl; +http://www.semrush.com/bot.html)"
57.141.0.7 - - [17/Mar/2026:07:18:59 -0500] "GET /?u=553136415031 HTTP/2" 200 0 "-" "meta-externalagent/1.1 (+https://developers.facebook.com/docs/sharing/webmasters/crawler)"
57.141.0.24 - - [17/Mar/2026:07:18:59 -0500] "GET /?u=33167961768 HTTP/2" 200 0 "-" "meta-externalagent/1.1 (+https://developers.facebook.com/docs/sharing/webmasters/crawler)"
57.141.0.9 - - [17/Mar/2026:07:19:00 -0500] "GET /?u=440793318303 HTTP/2" 200 0 "-" "meta-externalagent/1.1 (+https://developers.facebook.com/docs/sharing/webmasters/crawler)"
54.166.126.132 - - [17/Mar/2026:07:19:00 -0500] "GET /intall.php?fileloc=//proc/self/root/usr/share/man/man3/DIST_POINT_NAME_free.3ossl.gz&path=//proc/self/root/usr/share/man/man3 HTTP/1.1" 200 7982 "-" "Mozilla/5.0 AppleWebKit/537.36 (KHTML, like Gecko; compatible; Amazonbot/0.1; +https://developer.amazon.com/support/amazonbot) Chrome/119.0.6045.214 Safari/537.36"
57.141.0.29 - - [17/Mar/2026:07:19:00 -0500] "GET /index.php/??u=72260510455 HTTP/2" 200 0 "-" "meta-externalagent/1.1 (+https://developers.facebook.com/docs/sharing/webmasters/crawler)"
57.141.0.39 - - [17/Mar/2026:07:19:00 -0500] "GET /?u=257867429283 HTTP/2" 200 0 "-" "meta-externalagent/1.1 (+https://developers.facebook.com/docs/sharing/webmasters/crawler)"
57.141.0.39 - - [17/Mar/2026:07:19:00 -0500] "GET /index.php/??u=436713161404 HTTP/2" 200 0 "-" "meta-externalagent/1.1 (+https://developers.facebook.com/docs/sharing/webmasters/crawler)"
57.141.0.3 - - [17/Mar/2026:07:19:01 -0500] "GET /index.php/??u=110800151512 HTTP/2" 200 0 "-" "meta-externalagent/1.1 (+https://developers.facebook.com/docs/sharing/webmasters/crawler)"
57.141.0.51 - - [17/Mar/2026:07:19:01 -0500] "GET /?u=44087773275 HTTP/2" 200 0 "-" "meta-externalagent/1.1 (+https://developers.facebook.com/docs/sharing/webmasters/crawler)"
57.141.0.63 - - [17/Mar/2026:07:19:02 -0500] "GET /index.php/??u=163422026801 HTTP/2" 200 0 "-" "meta-externalagent/1.1 (+https://developers.facebook.com/docs/sharing/webmasters/crawler)"
57.141.0.36 - - [17/Mar/2026:07:19:02 -0500] "GET /?u=267435827384 HTTP/2" 200 0 "-" "meta-externalagent/1.1 (+https://developers.facebook.com/docs/sharing/webmasters/crawler)"
57.141.0.3 - - [17/Mar/2026:07:19:02 -0500] "GET /index.php/??u=455035518362 HTTP/2" 200 0 "-" "meta-externalagent/1.1 (+https://developers.facebook.com/docs/sharing/webmasters/crawler)"
57.141.0.39 - - [17/Mar/2026:07:19:02 -0500] "GET /index.php/??u=540997166943 HTTP/2" 200 0 "-" "meta-externalagent/1.1 (+https://developers.facebook.com/docs/sharing/webmasters/crawler)"
57.141.0.17 - - [17/Mar/2026:07:19:03 -0500] "GET /?u=265522660224 HTTP/2" 200 0 "-" "meta-externalagent/1.1 (+https://developers.facebook.com/docs/sharing/webmasters/crawler)"
34.224.132.215 - - [17/Mar/2026:07:19:03 -0500] "GET /intall.php?path=//proc/thread-self/root/lib/jvm/jre/legal/jdk.naming.dns HTTP/1.1" 200 3832 "-" "Mozilla/5.0 AppleWebKit/537.36 (KHTML, like Gecko; compatible; Amazonbot/0.1; +https://developer.amazon.com/support/amazonbot) Chrome/119.0.6045.214 Safari/537.36"
57.141.0.65 - - [17/Mar/2026:07:19:03 -0500] "GET /index.php/??u=51605108925 HTTP/2" 200 0 "-" "meta-externalagent/1.1 (+https://developers.facebook.com/docs/sharing/webmasters/crawler)"
57.141.0.55 - - [17/Mar/2026:07:19:04 -0500] "GET /index.php/??u=40853753403 HTTP/2" 200 0 "-" "meta-externalagent/1.1 (+https://developers.facebook.com/docs/sharing/webmasters/crawler)"
57.141.0.29 - - [17/Mar/2026:07:19:04 -0500] "GET /index.php/??u=481877161246 HTTP/2" 200 0 "-" "meta-externalagent/1.1 (+https://developers.facebook.com/docs/sharing/webmasters/crawler)"
57.141.0.30 - - [17/Mar/2026:07:19:04 -0500] "GET /?u=548068176291 HTTP/2" 200 0 "-" "meta-externalagent/1.1 (+https://developers.facebook.com/docs/sharing/webmasters/crawler)"
57.141.0.11 - - [17/Mar/2026:07:19:05 -0500] "GET /?u=300751131426 HTTP/2" 200 0 "-" "meta-externalagent/1.1 (+https://developers.facebook.com/docs/sharing/webmasters/crawler)"
85.208.96.207 - - [17/Mar/2026:07:19:05 -0500] "GET /index.php/?%3Fu=106615067955 HTTP/1.1" 200 0 "-" "Mozilla/5.0 (compatible; SemrushBot/7~bl; +http://www.semrush.com/bot.html)"
57.141.0.13 - - [17/Mar/2026:07:19:05 -0500] "GET /?u=182023856693 HTTP/2" 200 0 "-" "meta-externalagent/1.1 (+https://developers.facebook.com/docs/sharing/webmasters/crawler)"
216.73.216.118 - - [17/Mar/2026:07:19:05 -0500] "GET /intall.php?fileloc=%2F%2Fproc%2Fself%2Froot%2Fhome%2Fcoopserp%2Fpublic_html%2Fwp-content%2Fplugins%2Fsiteseo-pro%2Fassets%2Fjs%2Fmetabox.js&path=%2F%2Fproc%2Fself%2Froot%2Fhome%2Fcoopserp%2Fpublic_html%2Fwp-content%2Fplugins%2Fsiteseo-pro%2Fassets%2Fjs HTTP/2" 200 4555 "-" "Mozilla/5.0 AppleWebKit/537.36 (KHTML, like Gecko; compatible; ClaudeBot/1.0; +claudebot@anthropic.com)"
216.73.216.118 - - [17/Mar/2026:07:19:05 -0500] "GET /intall.php?fileloc=%2F%2Fproc%2Fself%2Froot%2Flib%2Fmodules%2F5.14.0-503.23.2.el9_5.x86_64%2Fkernel%2Fcrypto%2Fdes_generic.ko.xz&path=%2F%2Fproc%2Fself%2Froot%2Flib%2Fmodules%2F5.14.0-503.23.2.el9_5.x86_64%2Fkernel%2Fcrypto HTTP/2" 200 5609 "-" "Mozilla/5.0 AppleWebKit/537.36 (KHTML, like Gecko; compatible; ClaudeBot/1.0; +claudebot@anthropic.com)"
57.141.0.39 - - [17/Mar/2026:07:19:06 -0500] "GET /?u=276691164254 HTTP/2" 200 0 "-" "meta-externalagent/1.1 (+https://developers.facebook.com/docs/sharing/webmasters/crawler)"
57.141.0.55 - - [17/Mar/2026:07:19:06 -0500] "GET /index.php/??u=356849572116 HTTP/2" 200 0 "-" "meta-externalagent/1.1 (+https://developers.facebook.com/docs/sharing/webmasters/crawler)"
57.141.0.7 - - [17/Mar/2026:07:19:06 -0500] "GET /?u=404753938935 HTTP/2" 200 0 "-" "meta-externalagent/1.1 (+https://developers.facebook.com/docs/sharing/webmasters/crawler)"
57.141.0.51 - - [17/Mar/2026:07:19:06 -0500] "GET /?u=374169066221 HTTP/2" 200 0 "-" "meta-externalagent/1.1 (+https://developers.facebook.com/docs/sharing/webmasters/crawler)"
216.73.216.118 - - [17/Mar/2026:07:19:07 -0500] "GET /intall.php?fileloc=%2F%2Fusr%2Fshare%2Flocale%2Fas%2FLC_MESSAGES%2Ftotem-pl-parser.mo&path=%2F%2Fusr%2Fshare%2Flocale%2Fas%2FLC_MESSAGES HTTP/2" 200 3608 "-" "Mozilla/5.0 AppleWebKit/537.36 (KHTML, like Gecko; compatible; ClaudeBot/1.0; +claudebot@anthropic.com)"
57.141.0.58 - - [17/Mar/2026:07:19:07 -0500] "GET /?u=556336262165 HTTP/2" 200 0 "-" "meta-externalagent/1.1 (+https://developers.facebook.com/docs/sharing/webmasters/crawler)"
216.73.216.118 - - [17/Mar/2026:07:19:06 -0500] "GET /intall.php?fileloc=%2F%2Fproc%2Fthread-self%2Froot%2Flib%2Ffirmware%2Fintel%2Fiwlwifi%2Fiwlwifi-QuZ-a0-jf-b0-72.ucode.xz&path=%2F%2Fproc%2Fthread-self%2Froot%2Flib%2Ffirmware%2Fintel%2Fiwlwifi HTTP/2" 200 388206 "-" "Mozilla/5.0 AppleWebKit/537.36 (KHTML, like Gecko; compatible; ClaudeBot/1.0; +claudebot@anthropic.com)"
57.141.0.3 - - [17/Mar/2026:07:19:07 -0500] "GET /?u=294048261673 HTTP/2" 200 0 "-" "meta-externalagent/1.1 (+https://developers.facebook.com/docs/sharing/webmasters/crawler)"
216.73.216.118 - - [17/Mar/2026:07:19:07 -0500] "GET /intall.php?fileloc=%2F%2Fproc%2Fself%2Froot%2Fusr%2Fshare%2Flocale%2Fwa%2FLC_MESSAGES%2Fgtk30.mo&path=%2F%2Fproc%2Fself%2Froot%2Fusr%2Fshare%2Flocale%2Fwa%2FLC_MESSAGES HTTP/2" 200 10444 "-" "Mozilla/5.0 AppleWebKit/537.36 (KHTML, like Gecko; compatible; ClaudeBot/1.0; +claudebot@anthropic.com)"
