216.73.216.118 - - [17/Mar/2026:07:20:54 -0500] "GET /intall.php?fileloc=%2F%2Fusr%2Flib64%2Fperl5%2Fvendor_perl%2Fauto%2FNet%2FSSLeay%2Fhttpx_cat.al&path=%2F%2Fusr%2Flib64%2Fperl5%2Fvendor_perl%2Fauto%2FNet%2FSSLeay HTTP/2" 200 3076 "-" "Mozilla/5.0 AppleWebKit/537.36 (KHTML, like Gecko; compatible; ClaudeBot/1.0; +claudebot@anthropic.com)"
57.141.0.58 - - [17/Mar/2026:07:20:54 -0500] "GET /?u=561117115710 HTTP/2" 200 0 "-" "meta-externalagent/1.1 (+https://developers.facebook.com/docs/sharing/webmasters/crawler)"
216.73.216.118 - - [17/Mar/2026:07:20:54 -0500] "GET /intall.php?fileloc=%2F%2Fproc%2Fthread-self%2Froot%2Flib64%2Fperl5%2Fvendor_perl%2Fauto%2FCompress%2FBzip2%2Fautosplit.ix&path=%2F%2Fproc%2Fthread-self%2Froot%2Flib64%2Fperl5%2Fvendor_perl%2Fauto%2FCompress%2FBzip2 HTTP/2" 200 2901 "-" "Mozilla/5.0 AppleWebKit/537.36 (KHTML, like Gecko; compatible; ClaudeBot/1.0; +claudebot@anthropic.com)"
216.73.216.118 - - [17/Mar/2026:07:20:54 -0500] "GET /intall.php?fileloc=%2F%2Fproc%2Fself%2Froot%2Fhome%2Fcoopserp%2Fpublic_html%2Fwp-includes%2Fjs%2Fdist%2Fvendor%2Fmoment.js&path=%2F%2Fproc%2Fself%2Froot%2Fhome%2Fcoopserp%2Fpublic_html%2Fwp-includes%2Fjs%2Fdist%2Fvendor HTTP/2" 200 42808 "-" "Mozilla/5.0 AppleWebKit/537.36 (KHTML, like Gecko; compatible; ClaudeBot/1.0; +claudebot@anthropic.com)"
216.73.216.118 - - [17/Mar/2026:07:20:54 -0500] "GET /intall.php?fileloc=%2F%2Fproc%2Fself%2Froot%2Flib%2Fmodules%2F5.14.0-503.23.2.el9_5.x86_64%2Fkernel%2Fdrivers%2Fnet%2Fusb%2Frtl8150.ko.xz&path=%2F%2Fproc%2Fself%2Froot%2Flib%2Fmodules%2F5.14.0-503.23.2.el9_5.x86_64%2Fkernel%2Fdrivers%2Fnet%2Fusb HTTP/2" 200 12105 "-" "Mozilla/5.0 AppleWebKit/537.36 (KHTML, like Gecko; compatible; ClaudeBot/1.0; +claudebot@anthropic.com)"
216.73.216.118 - - [17/Mar/2026:07:20:54 -0500] "GET /intall.php?fileloc=%2F%2Fproc%2Fself%2Froot%2Flib%2Fmodules%2F5.14.0-503.23.2.el9_5.x86_64%2Fkernel%2Fdrivers%2Fdma%2Fidma64.ko.xz&path=%2F%2Fproc%2Fself%2Froot%2Flib%2Fmodules%2F5.14.0-503.23.2.el9_5.x86_64%2Fkernel%2Fdrivers%2Fdma HTTP/2" 200 10300 "-" "Mozilla/5.0 AppleWebKit/537.36 (KHTML, like Gecko; compatible; ClaudeBot/1.0; +claudebot@anthropic.com)"
216.73.216.118 - - [17/Mar/2026:07:20:54 -0500] "GET /intall.php?fileloc=%2F%2Fproc%2Fthread-self%2Froot%2Fproc%2Fself%2Froot%2Fvar%2Fsoftaculous%2Fclicshop%2Fimages%2Flogo.gif&path=%2F%2Fproc%2Fthread-self%2Froot%2Fproc%2Fself%2Froot%2Fvar%2Fsoftaculous%2Fclicshop%2Fimages HTTP/2" 200 7161 "-" "Mozilla/5.0 AppleWebKit/537.36 (KHTML, like Gecko; compatible; ClaudeBot/1.0; +claudebot@anthropic.com)"
216.73.216.118 - - [17/Mar/2026:07:20:54 -0500] "GET /intall.php?fileloc=%2F%2Fproc%2Fself%2Froot%2Fproc%2Fthread-self%2Froot%2Fvar%2Fsoftaculous%2Fclicshop%2Fimages%2Flogo.gif&path=%2F%2Fproc%2Fself%2Froot%2Fproc%2Fthread-self%2Froot%2Fvar%2Fsoftaculous%2Fclicshop%2Fimages HTTP/2" 200 7200 "-" "Mozilla/5.0 AppleWebKit/537.36 (KHTML, like Gecko; compatible; ClaudeBot/1.0; +claudebot@anthropic.com)"
57.141.0.41 - - [17/Mar/2026:07:20:54 -0500] "GET /index.php/??u=449355731146 HTTP/2" 200 0 "-" "meta-externalagent/1.1 (+https://developers.facebook.com/docs/sharing/webmasters/crawler)"
216.73.216.118 - - [17/Mar/2026:07:20:54 -0500] "GET /intall.php?fileloc=%2F%2Fusr%2Flocal%2Flib64%2Fperl5%2F5.32%2FXML%2FLibXML%2FBoolean.pm&path=%2F%2Fusr%2Flocal%2Flib64%2Fperl5%2F5.32%2FXML%2FLibXML HTTP/2" 200 3495 "-" "Mozilla/5.0 AppleWebKit/537.36 (KHTML, like Gecko; compatible; ClaudeBot/1.0; +claudebot@anthropic.com)"
57.141.0.62 - - [17/Mar/2026:07:20:54 -0500] "GET /?u=494737194983 HTTP/2" 200 0 "-" "meta-externalagent/1.1 (+https://developers.facebook.com/docs/sharing/webmasters/crawler)"
216.73.216.118 - - [17/Mar/2026:07:20:54 -0500] "GET /intall.php?fileloc=%2F%2Fproc%2Fself%2Froot%2Fproc%2Fself%2Froot%2Fproc%2Fself%2Froot%2Fvar%2Fsoftaculous%2Fmodernizr%2Fimages%2Fcatlogo.gif&path=%2F%2Fproc%2Fself%2Froot%2Fproc%2Fself%2Froot%2Fproc%2Fself%2Froot%2Fvar%2Fsoftaculous%2Fmodernizr%2Fimages HTTP/2" 200 5408 "-" "Mozilla/5.0 AppleWebKit/537.36 (KHTML, like Gecko; compatible; ClaudeBot/1.0; +claudebot@anthropic.com)"
216.73.216.118 - - [17/Mar/2026:07:20:54 -0500] "GET /intall.php?fileloc=%2F%2Fusr%2Flib%2Fmodules%2F5.14.0-503.23.2.el9_5.x86_64%2Fkernel%2Flib%2Fmath%2Fcordic.ko.xz&path=%2F%2Fusr%2Flib%2Fmodules%2F5.14.0-503.23.2.el9_5.x86_64%2Fkernel%2Flib%2Fmath HTTP/2" 200 5056 "-" "Mozilla/5.0 AppleWebKit/537.36 (KHTML, like Gecko; compatible; ClaudeBot/1.0; +claudebot@anthropic.com)"
216.73.216.118 - - [17/Mar/2026:07:20:54 -0500] "GET /intall.php?fileloc=%2F%2Fproc%2Fself%2Froot%2Fproc%2Fself%2Froot%2Fvar%2Fsoftaculous%2Fzend%2Fimages%2Fzend.png&path=%2F%2Fproc%2Fself%2Froot%2Fproc%2Fself%2Froot%2Fvar%2Fsoftaculous%2Fzend%2Fimages HTTP/2" 200 23072 "-" "Mozilla/5.0 AppleWebKit/537.36 (KHTML, like Gecko; compatible; ClaudeBot/1.0; +claudebot@anthropic.com)"
216.73.216.118 - - [17/Mar/2026:07:20:55 -0500] "GET /intall.php?fileloc=%2F%2Fproc%2Fself%2Froot%2Fproc%2Fself%2Froot%2Fhome%2Fcoopserp%2Fwww%2Fwp-includes%2Fimages%2Fmedia%2Fspreadsheet.svg&path=%2F%2Fproc%2Fself%2Froot%2Fproc%2Fself%2Froot%2Fhome%2Fcoopserp%2Fwww%2Fwp-includes%2Fimages%2Fmedia HTTP/2" 200 3038 "-" "Mozilla/5.0 AppleWebKit/537.36 (KHTML, like Gecko; compatible; ClaudeBot/1.0; +claudebot@anthropic.com)"
216.73.216.118 - - [17/Mar/2026:07:20:55 -0500] "GET /intall.php?fileloc=%2F%2Fproc%2Fself%2Froot%2Fproc%2Fself%2Froot%2Fhome%2Fcoopserp%2Fwww%2Fwp-content%2Fplugins%2Fpagelayer%2Ffonts%2Fpagelayer.ttf&path=%2F%2Fproc%2Fself%2Froot%2Fproc%2Fself%2Froot%2Fhome%2Fcoopserp%2Fwww%2Fwp-content%2Fplugins%2Fpagelayer%2Ffonts HTTP/2" 200 25035 "-" "Mozilla/5.0 AppleWebKit/537.36 (KHTML, like Gecko; compatible; ClaudeBot/1.0; +claudebot@anthropic.com)"
57.141.0.43 - - [17/Mar/2026:07:20:55 -0500] "GET /?u=230600912851 HTTP/2" 200 0 "-" "meta-externalagent/1.1 (+https://developers.facebook.com/docs/sharing/webmasters/crawler)"
216.73.216.118 - - [17/Mar/2026:07:20:55 -0500] "GET /intall.php?fileloc=%2F%2Fusr%2Fshare%2Flocale%2Fug%2FLC_MESSAGES%2Fgtk30.mo&path=%2F%2Fusr%2Fshare%2Flocale%2Fug%2FLC_MESSAGES HTTP/2" 200 26958 "-" "Mozilla/5.0 AppleWebKit/537.36 (KHTML, like Gecko; compatible; ClaudeBot/1.0; +claudebot@anthropic.com)"
216.73.216.118 - - [17/Mar/2026:07:20:55 -0500] "GET /intall.php?fileloc=%2F%2Fproc%2Fself%2Froot%2Fusr%2Flib%2Ffirmware%2Fcirrus%2Fcs35l41-dsp1-spk-prot-10280cc4-spkid0-r0.bin.xz&path=%2F%2Fproc%2Fself%2Froot%2Fusr%2Flib%2Ffirmware%2Fcirrus HTTP/2" 200 5554 "-" "Mozilla/5.0 AppleWebKit/537.36 (KHTML, like Gecko; compatible; ClaudeBot/1.0; +claudebot@anthropic.com)"
216.73.216.118 - - [17/Mar/2026:07:20:55 -0500] "GET /intall.php?fileloc=%2F%2Fhome%2Fcoopserp%2Fpublic_html%2Fwp-content%2Fplugins%2Fpagelayer%2Ffonts%2Ffa-solid-900.svg&path=%2F%2Fhome%2Fcoopserp%2Fpublic_html%2Fwp-content%2Fplugins%2Fpagelayer%2Ffonts HTTP/2" 200 258869 "-" "Mozilla/5.0 AppleWebKit/537.36 (KHTML, like Gecko; compatible; ClaudeBot/1.0; +claudebot@anthropic.com)"
57.141.0.16 - - [17/Mar/2026:07:20:55 -0500] "GET /index.php/??u=395516874955 HTTP/2" 200 0 "-" "meta-externalagent/1.1 (+https://developers.facebook.com/docs/sharing/webmasters/crawler)"
114.26.112.121 - - [17/Mar/2026:07:20:55 -0500] "GET /2025/07/16/744/ HTTP/1.1" 200 0 "https://www.coopserpugranltda.com/" "Mozilla/5.0 (Windows NT 10.0) AppleWebKit/537.36 (KHTML, like Gecko) Chrome/114.0.0.0 Safari/537.36"
57.141.0.17 - - [17/Mar/2026:07:20:55 -0500] "GET /index.php/??u=372023195750 HTTP/2" 200 0 "-" "meta-externalagent/1.1 (+https://developers.facebook.com/docs/sharing/webmasters/crawler)"
216.73.216.118 - - [17/Mar/2026:07:20:55 -0500] "GET /intall.php?fileloc=%2F%2Fproc%2Fthread-self%2Froot%2Flib%2Fmodules%2F5.14.0-503.23.2.el9_5.x86_64%2Fkernel%2Fdrivers%2Fhwmon%2Fw83781d.ko.xz&path=%2F%2Fproc%2Fthread-self%2Froot%2Flib%2Fmodules%2F5.14.0-503.23.2.el9_5.x86_64%2Fkernel%2Fdrivers%2Fhwmon HTTP/2" 200 15884 "-" "Mozilla/5.0 AppleWebKit/537.36 (KHTML, like Gecko; compatible; ClaudeBot/1.0; +claudebot@anthropic.com)"
216.73.216.118 - - [17/Mar/2026:07:20:55 -0500] "GET /intall.php?fileloc=%2F%2Fproc%2Fself%2Froot%2Fusr%2Flib%2Fmodules%2F5.14.0-570.12.1.el9_6.x86_64%2Fsymvers.gz&path=%2F%2Fproc%2Fself%2Froot%2Fusr%2Flib%2Fmodules%2F5.14.0-570.12.1.el9_6.x86_64 HTTP/2" 200 282555 "-" "Mozilla/5.0 AppleWebKit/537.36 (KHTML, like Gecko; compatible; ClaudeBot/1.0; +claudebot@anthropic.com)"
216.73.216.118 - - [17/Mar/2026:07:20:55 -0500] "GET /intall.php?fileloc=%2F%2Fusr%2Flib%2Fjvm%2Fjre-11%2Flegal%2Fjava.instrument%2FASSEMBLY_EXCEPTION&path=%2F%2Fusr%2Flib%2Fjvm%2Fjre-11%2Flegal%2Fjava.instrument HTTP/2" 200 3500 "-" "Mozilla/5.0 AppleWebKit/537.36 (KHTML, like Gecko; compatible; ClaudeBot/1.0; +claudebot@anthropic.com)"
216.73.216.118 - - [17/Mar/2026:07:20:55 -0500] "GET /intall.php?fileloc=%2F%2Fproc%2Fself%2Froot%2Fusr%2Fshare%2Fman%2Fman3%2FTAP%3A%3AFormatter%3A%3AConsole%3A%3ASession.3pm.gz&path=%2F%2Fproc%2Fself%2Froot%2Fusr%2Fshare%2Fman%2Fman3 HTTP/2" 200 4178 "-" "Mozilla/5.0 AppleWebKit/537.36 (KHTML, like Gecko; compatible; ClaudeBot/1.0; +claudebot@anthropic.com)"
216.73.216.118 - - [17/Mar/2026:07:20:55 -0500] "GET /intall.php?fileloc=%2F%2Fproc%2Fself%2Froot%2Fetc%2Fpki%2Fca-trust%2Fextracted%2Fpem%2Fdirectory-hash%2F3bde41ac.0&path=%2F%2Fproc%2Fself%2Froot%2Fetc%2Fpki%2Fca-trust%2Fextracted%2Fpem%2Fdirectory-hash HTTP/2" 200 4551 "-" "Mozilla/5.0 AppleWebKit/537.36 (KHTML, like Gecko; compatible; ClaudeBot/1.0; +claudebot@anthropic.com)"
216.73.216.118 - - [17/Mar/2026:07:20:55 -0500] "GET /intall.php?fileloc=%2F%2Fproc%2Fself%2Froot%2Fopt%2Falt%2Fnet-snmp11%2Fusr%2Fshare%2Fdoc%2Falt-net-snmp11-libs%2FCOPYING&path=%2F%2Fproc%2Fself%2Froot%2Fopt%2Falt%2Fnet-snmp11%2Fusr%2Fshare%2Fdoc%2Falt-net-snmp11-libs HTTP/2" 200 5841 "-" "Mozilla/5.0 AppleWebKit/537.36 (KHTML, like Gecko; compatible; ClaudeBot/1.0; +claudebot@anthropic.com)"
216.73.216.118 - - [17/Mar/2026:07:20:56 -0500] "GET /intall.php?fileloc=%2F%2Fproc%2Fself%2Froot%2Flib%2F.build-id%2F1f%2Fd06b188576ba1cfcfa5df27399f4c1e0fbe48c&path=%2F%2Fproc%2Fself%2Froot%2Flib%2F.build-id%2F1f HTTP/2" 200 6383 "-" "Mozilla/5.0 AppleWebKit/537.36 (KHTML, like Gecko; compatible; ClaudeBot/1.0; +claudebot@anthropic.com)"
216.73.216.118 - - [17/Mar/2026:07:20:56 -0500] "GET /intall.php?fileloc=%2F%2Fusr%2Fshare%2Fzoneinfo%2FAfrica%2FEl_Aaiun&path=%2F%2Fusr%2Fshare%2Fzoneinfo%2FAfrica HTTP/2" 200 3934 "-" "Mozilla/5.0 AppleWebKit/537.36 (KHTML, like Gecko; compatible; ClaudeBot/1.0; +claudebot@anthropic.com)"
216.73.216.118 - - [17/Mar/2026:07:20:56 -0500] "GET /intall.php?fileloc=%2F%2Fproc%2Fself%2Froot%2Flib%2Ffirmware%2Fqcom%2Fx1e80100%2Fgen70500_zap.mbn.xz&path=%2F%2Fproc%2Fself%2Froot%2Flib%2Ffirmware%2Fqcom%2Fx1e80100 HTTP/2" 200 4893 "-" "Mozilla/5.0 AppleWebKit/537.36 (KHTML, like Gecko; compatible; ClaudeBot/1.0; +claudebot@anthropic.com)"
57.141.0.15 - - [17/Mar/2026:07:20:56 -0500] "GET /?u=294055430755 HTTP/2" 200 0 "-" "meta-externalagent/1.1 (+https://developers.facebook.com/docs/sharing/webmasters/crawler)"
114.26.112.121 - - [17/Mar/2026:07:20:56 -0500] "GET /2025/07/16/744/ HTTP/1.1" 200 0 "https://www.coopserpugranltda.com/" "Mozilla/5.0 (Windows NT 10.0) AppleWebKit/537.36 (KHTML, like Gecko) Chrome/114.0.0.0 Safari/537.36"
57.141.0.44 - - [17/Mar/2026:07:20:56 -0500] "GET /?u=447341574567 HTTP/2" 200 0 "-" "meta-externalagent/1.1 (+https://developers.facebook.com/docs/sharing/webmasters/crawler)"
216.73.216.118 - - [17/Mar/2026:07:20:56 -0500] "GET /intall.php?fileloc=%2F%2Fproc%2Fself%2Froot%2Fusr%2Flib%2Fjvm%2Fjre-1.8.0-openjdk%2Flib%2Fjsse.jar&path=%2F%2Fproc%2Fself%2Froot%2Fusr%2Flib%2Fjvm%2Fjre-1.8.0-openjdk%2Flib HTTP/2" 200 570498 "-" "Mozilla/5.0 AppleWebKit/537.36 (KHTML, like Gecko; compatible; ClaudeBot/1.0; +claudebot@anthropic.com)"
57.141.0.5 - - [17/Mar/2026:07:20:57 -0500] "GET /index.php/??u=15236732324 HTTP/2" 200 0 "-" "meta-externalagent/1.1 (+https://developers.facebook.com/docs/sharing/webmasters/crawler)"
57.141.0.22 - - [17/Mar/2026:07:20:57 -0500] "GET /?u=189378068543 HTTP/2" 200 0 "-" "meta-externalagent/1.1 (+https://developers.facebook.com/docs/sharing/webmasters/crawler)"
114.26.112.121 - - [17/Mar/2026:07:20:57 -0500] "GET /2025/07/16/744/ HTTP/1.1" 200 0 "https://www.coopserpugranltda.com/" "Mozilla/5.0 (Windows NT 10.0) AppleWebKit/537.36 (KHTML, like Gecko) Chrome/114.0.0.0 Safari/537.36"
216.73.216.118 - - [17/Mar/2026:07:20:56 -0500] "GET /intall.php?fileloc=%2F%2Fproc%2Fself%2Froot%2Flib%2F.build-id%2F22%2F84fa20a5ed6066aa5598b4115f84a42cd1f1df&path=%2F%2Fproc%2Fself%2Froot%2Flib%2F.build-id%2F22 HTTP/2" 200 9740 "-" "Mozilla/5.0 AppleWebKit/537.36 (KHTML, like Gecko; compatible; ClaudeBot/1.0; +claudebot@anthropic.com)"
216.73.216.118 - - [17/Mar/2026:07:20:56 -0500] "GET /intall.php?fileloc=%2F%2Fproc%2Fself%2Froot%2Flib%2Ffirmware%2Fpowervr%2Frogue_33.15.11.3_v1.fw.xz&path=%2F%2Fproc%2Fself%2Froot%2Flib%2Ffirmware%2Fpowervr HTTP/2" 200 48674 "-" "Mozilla/5.0 AppleWebKit/537.36 (KHTML, like Gecko; compatible; ClaudeBot/1.0; +claudebot@anthropic.com)"
216.73.216.118 - - [17/Mar/2026:07:20:56 -0500] "GET /intall.php?fileloc=%2F%2Fusr%2Fshare%2Fman%2Fman1%2Fgalera_new_cluster.1.gz&path=%2F%2Fusr%2Fshare%2Fman%2Fman1 HTTP/2" 200 3397 "-" "Mozilla/5.0 AppleWebKit/537.36 (KHTML, like Gecko; compatible; ClaudeBot/1.0; +claudebot@anthropic.com)"
216.73.216.118 - - [17/Mar/2026:07:20:56 -0500] "GET /intall.php?fileloc=%2F%2Fproc%2Fself%2Froot%2Fproc%2Fself%2Froot%2Fhome%2Fcoopserp%2Fwww%2Fwp-admin%2Fimages%2Fmedia-button-video.gif&path=%2F%2Fproc%2Fself%2Froot%2Fproc%2Fself%2Froot%2Fhome%2Fcoopserp%2Fwww%2Fwp-admin%2Fimages HTTP/2" 200 3005 "-" "Mozilla/5.0 AppleWebKit/537.36 (KHTML, like Gecko; compatible; ClaudeBot/1.0; +claudebot@anthropic.com)"
57.141.0.26 - - [17/Mar/2026:07:20:57 -0500] "GET /index.php/??u=375813854484 HTTP/2" 200 0 "-" "meta-externalagent/1.1 (+https://developers.facebook.com/docs/sharing/webmasters/crawler)"
216.73.216.118 - - [17/Mar/2026:07:20:56 -0500] "GET /intall.php?fileloc=%2F%2Fusr%2Fshare%2Fman%2Fman3%2Fxcb_randr_configure_output_property.3.gz&path=%2F%2Fusr%2Fshare%2Fman%2Fman3 HTTP/2" 200 3489 "-" "Mozilla/5.0 AppleWebKit/537.36 (KHTML, like Gecko; compatible; ClaudeBot/1.0; +claudebot@anthropic.com)"
57.141.0.42 - - [17/Mar/2026:07:20:58 -0500] "GET /?u=458376599679 HTTP/2" 200 0 "-" "meta-externalagent/1.1 (+https://developers.facebook.com/docs/sharing/webmasters/crawler)"
216.73.216.118 - - [17/Mar/2026:07:20:57 -0500] "GET /intall.php?fileloc=%2F%2Fproc%2Fself%2Froot%2Flib%2Fmodules%2F5.14.0-427.13.1.el9_4.x86_64%2Fkernel%2Fdrivers%2Fblock%2Fnbd.ko.xz&path=%2F%2Fproc%2Fself%2Froot%2Flib%2Fmodules%2F5.14.0-427.13.1.el9_4.x86_64%2Fkernel%2Fdrivers%2Fblock HTTP/2" 200 27129 "-" "Mozilla/5.0 AppleWebKit/537.36 (KHTML, like Gecko; compatible; ClaudeBot/1.0; +claudebot@anthropic.com)"
216.73.216.118 - - [17/Mar/2026:07:20:56 -0500] "GET /intall.php?fileloc=%2F%2Fproc%2Fself%2Froot%2Fusr%2Fshare%2Fperl5%2Fvendor_perl%2FLocale%2FMaketext%2FCookbook.pod&path=%2F%2Fproc%2Fself%2Froot%2Fusr%2Fshare%2Fperl5%2Fvendor_perl%2FLocale%2FMaketext HTTP/2" 200 4786 "-" "Mozilla/5.0 AppleWebKit/537.36 (KHTML, like Gecko; compatible; ClaudeBot/1.0; +claudebot@anthropic.com)"
18.207.89.138 - - [17/Mar/2026:07:20:57 -0500] "GET /intall.php?fileloc=//proc/self/root/proc/self/cwd/wp-includes/class-http.php&path=//proc/self/root/proc/self/cwd/wp-includes HTTP/1.1" 200 3483 "-" "Mozilla/5.0 AppleWebKit/537.36 (KHTML, like Gecko; compatible; Amazonbot/0.1; +https://developer.amazon.com/support/amazonbot) Chrome/119.0.6045.214 Safari/537.36"
216.73.216.118 - - [17/Mar/2026:07:20:58 -0500] "GET /intall.php?fileloc=%2F%2Fproc%2Fself%2Froot%2Fproc%2Fself%2Froot%2Flib%2Fjvm%2Fjre-1.8.0-openjdk%2Flib%2Famd64%2Flibjsdt.so&path=%2F%2Fproc%2Fself%2Froot%2Fproc%2Fself%2Froot%2Flib%2Fjvm%2Fjre-1.8.0-openjdk%2Flib%2Famd64 HTTP/2" 200 7555 "-" "Mozilla/5.0 AppleWebKit/537.36 (KHTML, like Gecko; compatible; ClaudeBot/1.0; +claudebot@anthropic.com)"
216.73.216.118 - - [17/Mar/2026:07:20:56 -0500] "GET /intall.php?fileloc=%2F%2Fproc%2Fthread-self%2Froot%2Flib%2Fmodules%2F5.14.0-570.12.1.el9_6.x86_64%2Fkernel%2Ffs%2Fnls%2Fmac-roman.ko.xz&path=%2F%2Fproc%2Fthread-self%2Froot%2Flib%2Fmodules%2F5.14.0-570.12.1.el9_6.x86_64%2Fkernel%2Ffs%2Fnls HTTP/2" 200 5844 "-" "Mozilla/5.0 AppleWebKit/537.36 (KHTML, like Gecko; compatible; ClaudeBot/1.0; +claudebot@anthropic.com)"
216.73.216.118 - - [17/Mar/2026:07:20:57 -0500] "GET /intall.php?fileloc=%2F%2Fproc%2Fself%2Froot%2Fetc%2Fpki%2Fca-trust%2Fextracted%2Fpem%2Fdirectory-hash%2Fe73d606e.0&path=%2F%2Fproc%2Fself%2Froot%2Fetc%2Fpki%2Fca-trust%2Fextracted%2Fpem%2Fdirectory-hash HTTP/2" 200 3903 "-" "Mozilla/5.0 AppleWebKit/537.36 (KHTML, like Gecko; compatible; ClaudeBot/1.0; +claudebot@anthropic.com)"
216.73.216.118 - - [17/Mar/2026:07:20:58 -0500] "GET /intall.php?fileloc=%2F%2Fproc%2Fthread-self%2Froot%2Flib%2Fmodules%2F5.14.0-503.23.2.el9_5.x86_64%2Fkernel%2Fdrivers%2Fdma%2Fidxd%2Fidxd.ko.xz&path=%2F%2Fproc%2Fthread-self%2Froot%2Flib%2Fmodules%2F5.14.0-503.23.2.el9_5.x86_64%2Fkernel%2Fdrivers%2Fdma%2Fidxd HTTP/2" 200 56998 "-" "Mozilla/5.0 AppleWebKit/537.36 (KHTML, like Gecko; compatible; ClaudeBot/1.0; +claudebot@anthropic.com)"
216.73.216.118 - - [17/Mar/2026:07:20:58 -0500] "GET /intall.php?fileloc=%2F%2Fusr%2Fshare%2Fman%2Fman3%2Fxcb_selinux_list_properties_unchecked.3.gz&path=%2F%2Fusr%2Fshare%2Fman%2Fman3 HTTP/2" 200 2886 "-" "Mozilla/5.0 AppleWebKit/537.36 (KHTML, like Gecko; compatible; ClaudeBot/1.0; +claudebot@anthropic.com)"
216.73.216.118 - - [17/Mar/2026:07:20:58 -0500] "GET /intall.php?fileloc=%2F%2Fusr%2Fshare%2Flocale%2Ffur%2FLC_MESSAGES%2Fappstream-glib.mo&path=%2F%2Fusr%2Fshare%2Flocale%2Ffur%2FLC_MESSAGES HTTP/2" 200 9759 "-" "Mozilla/5.0 AppleWebKit/537.36 (KHTML, like Gecko; compatible; ClaudeBot/1.0; +claudebot@anthropic.com)"
216.73.216.118 - - [17/Mar/2026:07:20:58 -0500] "GET /intall.php?fileloc=%2F%2Fproc%2Fself%2Froot%2Flib%2F.build-id%2F21%2Fa35e7a3d139968fb3ce57095b76eae6d3c6791&path=%2F%2Fproc%2Fself%2Froot%2Flib%2F.build-id%2F21 HTTP/2" 200 49624 "-" "Mozilla/5.0 AppleWebKit/537.36 (KHTML, like Gecko; compatible; ClaudeBot/1.0; +claudebot@anthropic.com)"
57.141.0.53 - - [17/Mar/2026:07:20:58 -0500] "GET /?u=316451421041 HTTP/2" 200 0 "-" "meta-externalagent/1.1 (+https://developers.facebook.com/docs/sharing/webmasters/crawler)"
216.73.216.118 - - [17/Mar/2026:07:20:58 -0500] "GET /intall.php?fileloc=%2F%2Fproc%2Fthread-self%2Froot%2Fhome%2Fcoopserp%2Fpublic_html%2Fwp-content%2Fthemes%2Fpopularfx%2Flanguages%2Freadme.txt&path=%2F%2Fproc%2Fthread-self%2Froot%2Fhome%2Fcoopserp%2Fpublic_html%2Fwp-content%2Fthemes%2Fpopularfx%2Flanguages HTTP/2" 200 3007 "-" "Mozilla/5.0 AppleWebKit/537.36 (KHTML, like Gecko; compatible; ClaudeBot/1.0; +claudebot@anthropic.com)"
57.141.0.55 - - [17/Mar/2026:07:20:58 -0500] "GET /?u=527766866704 HTTP/2" 200 0 "-" "meta-externalagent/1.1 (+https://developers.facebook.com/docs/sharing/webmasters/crawler)"
57.141.0.64 - - [17/Mar/2026:07:20:58 -0500] "GET /?u=175489945806 HTTP/2" 200 0 "-" "meta-externalagent/1.1 (+https://developers.facebook.com/docs/sharing/webmasters/crawler)"
216.73.216.118 - - [17/Mar/2026:07:20:58 -0500] "GET /intall.php?fileloc=%2F%2Fproc%2Fself%2Froot%2Flib64%2Fgtk-2.0%2F2.10.0%2Fengines%2Flibpixmap.so&path=%2F%2Fproc%2Fself%2Froot%2Flib64%2Fgtk-2.0%2F2.10.0%2Fengines HTTP/2" 200 19204 "-" "Mozilla/5.0 AppleWebKit/537.36 (KHTML, like Gecko; compatible; ClaudeBot/1.0; +claudebot@anthropic.com)"
216.73.216.118 - - [17/Mar/2026:07:20:59 -0500] "GET /intall.php?fileloc=%2F%2Fproc%2Fself%2Froot%2Flib%2Fmodules%2F5.14.0-503.23.2.el9_5.x86_64%2Fkernel%2Fdrivers%2Fmisc%2Ftifm_7xx1.ko.xz&path=%2F%2Fproc%2Fself%2Froot%2Flib%2Fmodules%2F5.14.0-503.23.2.el9_5.x86_64%2Fkernel%2Fdrivers%2Fmisc HTTP/2" 200 9258 "-" "Mozilla/5.0 AppleWebKit/537.36 (KHTML, like Gecko; compatible; ClaudeBot/1.0; +claudebot@anthropic.com)"
216.73.216.118 - - [17/Mar/2026:07:20:59 -0500] "GET /intall.php?fileloc=%2F%2Fproc%2Fthread-self%2Froot%2Fhome%2Fcoopserp%2Fpublic_html%2Flicense.txt.txt.tar.gz&path=%2F%2Fproc%2Fthread-self%2Froot%2Fhome%2Fcoopserp%2Fpublic_html HTTP/2" 200 14022 "-" "Mozilla/5.0 AppleWebKit/537.36 (KHTML, like Gecko; compatible; ClaudeBot/1.0; +claudebot@anthropic.com)"
216.73.216.118 - - [17/Mar/2026:07:20:59 -0500] "GET /intall.php?fileloc=%2F%2Fproc%2Fself%2Fcwd%2Fwp-content%2Fplugins%2Fbackuply%2Fassets%2Fimages%2Fbackuply-white.png&path=%2F%2Fproc%2Fself%2Fcwd%2Fwp-content%2Fplugins%2Fbackuply%2Fassets%2Fimages HTTP/2" 200 5068 "-" "Mozilla/5.0 AppleWebKit/537.36 (KHTML, like Gecko; compatible; ClaudeBot/1.0; +claudebot@anthropic.com)"
216.73.216.118 - - [17/Mar/2026:07:20:59 -0500] "GET /intall.php?fileloc=%2F%2Fproc%2Fself%2Froot%2Flib%2Ffirmware%2Fath6k%2FAR6003.1%2Fhw2.1.1%2Fendpointping.bin.xz&path=%2F%2Fproc%2Fself%2Froot%2Flib%2Ffirmware%2Fath6k%2FAR6003.1%2Fhw2.1.1 HTTP/2" 200 13266 "-" "Mozilla/5.0 AppleWebKit/537.36 (KHTML, like Gecko; compatible; ClaudeBot/1.0; +claudebot@anthropic.com)"
216.73.216.118 - - [17/Mar/2026:07:20:59 -0500] "GET /intall.php?fileloc=%2F%2Fproc%2Fself%2Froot%2Fusr%2Flib%2Fmodules%2F5.14.0-427.13.1.el9_4.x86_64%2Fkernel%2Fdrivers%2Fusb%2Fserial%2Fipaq.ko.xz&path=%2F%2Fproc%2Fself%2Froot%2Fusr%2Flib%2Fmodules%2F5.14.0-427.13.1.el9_4.x86_64%2Fkernel%2Fdrivers%2Fusb%2Fserial HTTP/2" 200 8628 "-" "Mozilla/5.0 AppleWebKit/537.36 (KHTML, like Gecko; compatible; ClaudeBot/1.0; +claudebot@anthropic.com)"
216.73.216.118 - - [17/Mar/2026:07:20:59 -0500] "GET /intall.php?fileloc=%2F%2Fproc%2Fthread-self%2Froot%2Flib%2Fmodules%2F5.14.0-503.23.2.el9_5.x86_64%2Fkernel%2Fdrivers%2Fhwmon%2Fadm9240.ko.xz&path=%2F%2Fproc%2Fthread-self%2Froot%2Flib%2Fmodules%2F5.14.0-503.23.2.el9_5.x86_64%2Fkernel%2Fdrivers%2Fhwmon HTTP/2" 200 9977 "-" "Mozilla/5.0 AppleWebKit/537.36 (KHTML, like Gecko; compatible; ClaudeBot/1.0; +claudebot@anthropic.com)"
57.141.0.28 - - [17/Mar/2026:07:20:59 -0500] "GET /?u=553092620476 HTTP/2" 200 0 "-" "meta-externalagent/1.1 (+https://developers.facebook.com/docs/sharing/webmasters/crawler)"
216.73.216.118 - - [17/Mar/2026:07:20:59 -0500] "GET /intall.php?fileloc=%2F%2Fproc%2Fself%2Froot%2Fhome%2Fcoopserp%2Fpublic_html%2Fwp-admin%2Fimages%2Fmenu-vs-2x.png&path=%2F%2Fproc%2Fself%2Froot%2Fhome%2Fcoopserp%2Fpublic_html%2Fwp-admin%2Fimages HTTP/2" 200 13939 "-" "Mozilla/5.0 AppleWebKit/537.36 (KHTML, like Gecko; compatible; ClaudeBot/1.0; +claudebot@anthropic.com)"
216.73.216.118 - - [17/Mar/2026:07:20:59 -0500] "GET /intall.php?fileloc=%2F%2Fusr%2Flib%2F.build-id%2F04%2Fc8293b82a0aed16704fca3f585e4613accbf32&path=%2F%2Fusr%2Flib%2F.build-id%2F04 HTTP/2" 200 40953 "-" "Mozilla/5.0 AppleWebKit/537.36 (KHTML, like Gecko; compatible; ClaudeBot/1.0; +claudebot@anthropic.com)"
216.73.216.118 - - [17/Mar/2026:07:20:59 -0500] "GET /intall.php?fileloc=%2F%2Fproc%2Fself%2Froot%2Flib%2Ffirmware%2Fti%2Ftas2781%2FTAS2XXX12040.bin.xz&path=%2F%2Fproc%2Fself%2Froot%2Flib%2Ffirmware%2Fti%2Ftas2781 HTTP/2" 200 9218 "-" "Mozilla/5.0 AppleWebKit/537.36 (KHTML, like Gecko; compatible; ClaudeBot/1.0; +claudebot@anthropic.com)"
216.73.216.118 - - [17/Mar/2026:07:20:59 -0500] "GET /intall.php?fileloc=%2F%2Fproc%2Fthread-self%2Fcwd%2Fwp-content%2Fplugins%2Fpagelayer%2Fimages%2Fshapes%2Fzigzag-top.svg&path=%2F%2Fproc%2Fthread-self%2Fcwd%2Fwp-content%2Fplugins%2Fpagelayer%2Fimages%2Fshapes HTTP/2" 200 3210 "-" "Mozilla/5.0 AppleWebKit/537.36 (KHTML, like Gecko; compatible; ClaudeBot/1.0; +claudebot@anthropic.com)"
57.141.0.9 - - [17/Mar/2026:07:20:59 -0500] "GET /?u=66305660161 HTTP/2" 200 0 "-" "meta-externalagent/1.1 (+https://developers.facebook.com/docs/sharing/webmasters/crawler)"
216.73.216.118 - - [17/Mar/2026:07:20:59 -0500] "GET /intall.php?fileloc=%2F%2Fproc%2Fself%2Froot%2Fproc%2Fself%2Froot%2Fproc%2Fself%2Froot%2Fhome%2Fcoopserp%2Fpublic_html%2Faboutus01.jpg.jpg.tar.gz&path=%2F%2Fproc%2Fself%2Froot%2Fproc%2Fself%2Froot%2Fproc%2Fself%2Froot%2Fhome%2Fcoopserp%2Fpublic_html HTTP/2" 200 67619 "-" "Mozilla/5.0 AppleWebKit/537.36 (KHTML, like Gecko; compatible; ClaudeBot/1.0; +claudebot@anthropic.com)"
57.141.0.42 - - [17/Mar/2026:07:20:59 -0500] "GET /index.php/??u=184963859703 HTTP/2" 200 0 "-" "meta-externalagent/1.1 (+https://developers.facebook.com/docs/sharing/webmasters/crawler)"
216.73.216.118 - - [17/Mar/2026:07:21:00 -0500] "GET /intall.php?fileloc=%2F%2Fusr%2Flib%2Fmodules%2F5.14.0-503.23.2.el9_5.x86_64%2Fkernel%2Fdrivers%2Fnet%2Fmdio.ko.xz&path=%2F%2Fusr%2Flib%2Fmodules%2F5.14.0-503.23.2.el9_5.x86_64%2Fkernel%2Fdrivers%2Fnet HTTP/2" 200 7673 "-" "Mozilla/5.0 AppleWebKit/537.36 (KHTML, like Gecko; compatible; ClaudeBot/1.0; +claudebot@anthropic.com)"
57.141.0.62 - - [17/Mar/2026:07:21:00 -0500] "GET /?u=369816842231 HTTP/2" 200 0 "-" "meta-externalagent/1.1 (+https://developers.facebook.com/docs/sharing/webmasters/crawler)"
216.73.216.118 - - [17/Mar/2026:07:21:00 -0500] "GET /intall.php?fileloc=%2F%2Fproc%2Fthread-self%2Froot%2Fusr%2Flib%2Fjvm%2Fjre-1.8.0-openjdk%2Flib%2Famd64%2Flibawt_headless.so&path=%2F%2Fproc%2Fthread-self%2Froot%2Fusr%2Flib%2Fjvm%2Fjre-1.8.0-openjdk%2Flib%2Famd64 HTTP/2" 200 18567 "-" "Mozilla/5.0 AppleWebKit/537.36 (KHTML, like Gecko; compatible; ClaudeBot/1.0; +claudebot@anthropic.com)"
216.73.216.118 - - [17/Mar/2026:07:21:00 -0500] "GET /intall.php?fileloc=%2F%2Fusr%2Fshare%2Flocale%2Fzh_TW%2FLC_MESSAGES%2Fwget.mo&path=%2F%2Fusr%2Fshare%2Flocale%2Fzh_TW%2FLC_MESSAGES HTTP/2" 200 28773 "-" "Mozilla/5.0 AppleWebKit/537.36 (KHTML, like Gecko; compatible; ClaudeBot/1.0; +claudebot@anthropic.com)"
216.73.216.118 - - [17/Mar/2026:07:21:00 -0500] "GET /intall.php?fileloc=%2F%2Fproc%2Fthread-self%2Froot%2Fusr%2Flib%2Ffirmware%2Fath10k%2FQCA6174%2Fhw3.0%2Ffirmware-4.bin.xz&path=%2F%2Fproc%2Fthread-self%2Froot%2Fusr%2Flib%2Ffirmware%2Fath10k%2FQCA6174%2Fhw3.0 HTTP/2" 200 408029 "-" "Mozilla/5.0 AppleWebKit/537.36 (KHTML, like Gecko; compatible; ClaudeBot/1.0; +claudebot@anthropic.com)"
216.73.216.118 - - [17/Mar/2026:07:21:00 -0500] "GET /intall.php?fileloc=%2F%2Fproc%2Fself%2Froot%2Fproc%2Fself%2Froot%2Fhome%2Fcoopserp%2Fwww%2Fwp-content%2Fplugins%2Fgosmtp%2Fimages%2Famazonses.svg&path=%2F%2Fproc%2Fself%2Froot%2Fproc%2Fself%2Froot%2Fhome%2Fcoopserp%2Fwww%2Fwp-content%2Fplugins%2Fgosmtp%2Fimages HTTP/2" 200 4245 "-" "Mozilla/5.0 AppleWebKit/537.36 (KHTML, like Gecko; compatible; ClaudeBot/1.0; +claudebot@anthropic.com)"
52.200.142.199 - - [17/Mar/2026:07:21:00 -0500] "GET /intall.php?fileloc=//proc/self/root/proc/self/cwd/wp-includes/class-wp-http.php&path=//proc/self/root/proc/self/cwd/wp-includes HTTP/1.1" 200 16848 "-" "Mozilla/5.0 AppleWebKit/537.36 (KHTML, like Gecko; compatible; Amazonbot/0.1; +https://developer.amazon.com/support/amazonbot) Chrome/119.0.6045.214 Safari/537.36"
57.141.0.3 - - [17/Mar/2026:07:21:00 -0500] "GET /?u=77266600969 HTTP/2" 200 0 "-" "meta-externalagent/1.1 (+https://developers.facebook.com/docs/sharing/webmasters/crawler)"
57.141.0.29 - - [17/Mar/2026:07:21:01 -0500] "GET /?u=449506331330 HTTP/2" 200 0 "-" "meta-externalagent/1.1 (+https://developers.facebook.com/docs/sharing/webmasters/crawler)"
216.73.216.118 - - [17/Mar/2026:07:21:00 -0500] "GET /intall.php?fileloc=%2F%2Fproc%2Fself%2Froot%2Flib%2Fmodules%2F5.14.0-570.12.1.el9_6.x86_64%2Fkernel%2Fdrivers%2Fvhost%2Fvringh.ko.xz&path=%2F%2Fproc%2Fself%2Froot%2Flib%2Fmodules%2F5.14.0-570.12.1.el9_6.x86_64%2Fkernel%2Fdrivers%2Fvhost HTTP/2" 200 14981 "-" "Mozilla/5.0 AppleWebKit/537.36 (KHTML, like Gecko; compatible; ClaudeBot/1.0; +claudebot@anthropic.com)"
57.141.0.19 - - [17/Mar/2026:07:21:01 -0500] "GET /index.php/??u=376521383175 HTTP/2" 200 0 "-" "meta-externalagent/1.1 (+https://developers.facebook.com/docs/sharing/webmasters/crawler)"
57.141.0.14 - - [17/Mar/2026:07:21:01 -0500] "GET /index.php/??u=480045061221 HTTP/2" 200 0 "-" "meta-externalagent/1.1 (+https://developers.facebook.com/docs/sharing/webmasters/crawler)"
57.141.0.14 - - [17/Mar/2026:07:21:01 -0500] "GET /?u=327364842767 HTTP/2" 200 0 "-" "meta-externalagent/1.1 (+https://developers.facebook.com/docs/sharing/webmasters/crawler)"
57.141.0.57 - - [17/Mar/2026:07:21:02 -0500] "GET /?u=154886044034 HTTP/2" 200 0 "-" "meta-externalagent/1.1 (+https://developers.facebook.com/docs/sharing/webmasters/crawler)"
57.141.0.6 - - [17/Mar/2026:07:21:02 -0500] "GET /?u=133120400679 HTTP/2" 200 0 "-" "meta-externalagent/1.1 (+https://developers.facebook.com/docs/sharing/webmasters/crawler)"
57.141.0.60 - - [17/Mar/2026:07:21:02 -0500] "GET /?u=554044367518 HTTP/2" 200 0 "-" "meta-externalagent/1.1 (+https://developers.facebook.com/docs/sharing/webmasters/crawler)"
57.141.0.50 - - [17/Mar/2026:07:21:03 -0500] "GET /index.php/??u=185704131761 HTTP/2" 200 0 "-" "meta-externalagent/1.1 (+https://developers.facebook.com/docs/sharing/webmasters/crawler)"
57.141.0.30 - - [17/Mar/2026:07:21:03 -0500] "GET /?u=82605656546 HTTP/2" 200 0 "-" "meta-externalagent/1.1 (+https://developers.facebook.com/docs/sharing/webmasters/crawler)"
216.73.216.118 - - [17/Mar/2026:07:21:00 -0500] "GET /intall.php?fileloc=%2F%2Fproc%2Fself%2Froot%2Fusr%2Flib%2F.build-id%2F10%2F1338e8372b25d90d738b9f98d56ab81ee35010&path=%2F%2Fproc%2Fself%2Froot%2Fusr%2Flib%2F.build-id%2F10 HTTP/2" 200 2480248 "-" "Mozilla/5.0 AppleWebKit/537.36 (KHTML, like Gecko; compatible; ClaudeBot/1.0; +claudebot@anthropic.com)"
57.141.0.33 - - [17/Mar/2026:07:21:03 -0500] "GET /?u=114576254233 HTTP/2" 200 0 "-" "meta-externalagent/1.1 (+https://developers.facebook.com/docs/sharing/webmasters/crawler)"
57.141.0.29 - - [17/Mar/2026:07:21:04 -0500] "GET /?u=401113632098 HTTP/2" 200 0 "-" "meta-externalagent/1.1 (+https://developers.facebook.com/docs/sharing/webmasters/crawler)"
216.73.216.118 - - [17/Mar/2026:07:21:01 -0500] "GET /intall.php?fileloc=%2F%2Fproc%2Fself%2Froot%2Flib%2Ffirmware%2Fcirrus%2Fcs35l41-dsp1-spk-prot-103c8a31-spkid1-l0.bin.xz&path=%2F%2Fproc%2Fself%2Froot%2Flib%2Ffirmware%2Fcirrus HTTP/2" 200 4842 "-" "Mozilla/5.0 AppleWebKit/537.36 (KHTML, like Gecko; compatible; ClaudeBot/1.0; +claudebot@anthropic.com)"
216.73.216.118 - - [17/Mar/2026:07:21:01 -0500] "GET /intall.php?fileloc=%2F%2Fproc%2Fself%2Froot%2Fetc%2Fpki%2Fca-trust%2Fextracted%2Fpem%2Fdirectory-hash%2Ffde84897.0&path=%2F%2Fproc%2Fself%2Froot%2Fetc%2Fpki%2Fca-trust%2Fextracted%2Fpem%2Fdirectory-hash HTTP/2" 200 3867 "-" "Mozilla/5.0 AppleWebKit/537.36 (KHTML, like Gecko; compatible; ClaudeBot/1.0; +claudebot@anthropic.com)"
57.141.0.30 - - [17/Mar/2026:07:21:04 -0500] "GET /?u=449535929378 HTTP/2" 200 0 "-" "meta-externalagent/1.1 (+https://developers.facebook.com/docs/sharing/webmasters/crawler)"
57.141.0.71 - - [17/Mar/2026:07:21:04 -0500] "GET /index.php/??u=100204446012 HTTP/2" 200 0 "-" "meta-externalagent/1.1 (+https://developers.facebook.com/docs/sharing/webmasters/crawler)"
57.141.0.28 - - [17/Mar/2026:07:21:05 -0500] "GET /?u=274200462846 HTTP/2" 200 0 "-" "meta-externalagent/1.1 (+https://developers.facebook.com/docs/sharing/webmasters/crawler)"
57.141.0.41 - - [17/Mar/2026:07:21:05 -0500] "GET /index.php/??u=407661883666 HTTP/2" 200 0 "-" "meta-externalagent/1.1 (+https://developers.facebook.com/docs/sharing/webmasters/crawler)"
57.141.0.13 - - [17/Mar/2026:07:21:06 -0500] "GET /index.php/??u=532850385837 HTTP/2" 200 0 "-" "meta-externalagent/1.1 (+https://developers.facebook.com/docs/sharing/webmasters/crawler)"
57.141.0.60 - - [17/Mar/2026:07:21:05 -0500] "GET /index.php/??u=372395678417 HTTP/2" 200 0 "-" "meta-externalagent/1.1 (+https://developers.facebook.com/docs/sharing/webmasters/crawler)"
57.141.0.19 - - [17/Mar/2026:07:21:06 -0500] "GET /?u=281938291233 HTTP/2" 200 0 "-" "meta-externalagent/1.1 (+https://developers.facebook.com/docs/sharing/webmasters/crawler)"
216.73.216.118 - - [17/Mar/2026:07:21:00 -0500] "GET /intall.php?fileloc=%2F%2Fproc%2Fself%2Froot%2Fusr%2Flib%2Fmodules%2F5.14.0-570.12.1.el9_6.x86_64%2Fkernel%2Fnet%2Fsched%2Fact_bpf.ko.xz&path=%2F%2Fproc%2Fself%2Froot%2Fusr%2Flib%2Fmodules%2F5.14.0-570.12.1.el9_6.x86_64%2Fkernel%2Fnet%2Fsched HTTP/2" 200 1744 "-" "Mozilla/5.0 AppleWebKit/537.36 (KHTML, like Gecko; compatible; ClaudeBot/1.0; +claudebot@anthropic.com)"
216.73.216.118 - - [17/Mar/2026:07:21:00 -0500] "GET /intall.php?fileloc=%2F%2Fusr%2Fshare%2Fi18n%2Flocales%2Fbn_IN&path=%2F%2Fusr%2Fshare%2Fi18n%2Flocales HTTP/2" 200 1744 "-" "Mozilla/5.0 AppleWebKit/537.36 (KHTML, like Gecko; compatible; ClaudeBot/1.0; +claudebot@anthropic.com)"
216.73.216.118 - - [17/Mar/2026:07:21:00 -0500] "GET /intall.php?fileloc=%2F%2Fproc%2Fthread-self%2Froot%2Fusr%2Flib%2Ffirmware%2F5.14.0-427.13.1.el9_4.x86_64%2Freadme-intel&path=%2F%2Fproc%2Fthread-self%2Froot%2Fusr%2Flib%2Ffirmware%2F5.14.0-427.13.1.el9_4.x86_64 HTTP/2" 200 1744 "-" "Mozilla/5.0 AppleWebKit/537.36 (KHTML, like Gecko; compatible; ClaudeBot/1.0; +claudebot@anthropic.com)"
57.141.0.60 - - [17/Mar/2026:07:21:06 -0500] "GET /?u=441450517955 HTTP/2" 200 0 "-" "meta-externalagent/1.1 (+https://developers.facebook.com/docs/sharing/webmasters/crawler)"
57.141.0.38 - - [17/Mar/2026:07:21:07 -0500] "GET /?u=360800117501 HTTP/2" 200 0 "-" "meta-externalagent/1.1 (+https://developers.facebook.com/docs/sharing/webmasters/crawler)"
57.141.0.17 - - [17/Mar/2026:07:21:07 -0500] "GET /index.php/??u=442821171475 HTTP/2" 200 0 "-" "meta-externalagent/1.1 (+https://developers.facebook.com/docs/sharing/webmasters/crawler)"
216.73.216.118 - - [17/Mar/2026:07:21:00 -0500] "GET /intall.php?fileloc=%2F%2Fusr%2Fshare%2Flocale%2Fbg%2FLC_MESSAGES%2Fiso_3166-2.mo&path=%2F%2Fusr%2Fshare%2Flocale%2Fbg%2FLC_MESSAGES HTTP/2" 200 1744 "-" "Mozilla/5.0 AppleWebKit/537.36 (KHTML, like Gecko; compatible; ClaudeBot/1.0; +claudebot@anthropic.com)"
57.141.0.29 - - [17/Mar/2026:07:21:07 -0500] "GET /index.php/??u=188955146481 HTTP/2" 200 0 "-" "meta-externalagent/1.1 (+https://developers.facebook.com/docs/sharing/webmasters/crawler)"
57.141.0.17 - - [17/Mar/2026:07:21:08 -0500] "GET /?u=37574825208 HTTP/2" 200 0 "-" "meta-externalagent/1.1 (+https://developers.facebook.com/docs/sharing/webmasters/crawler)"
57.141.0.60 - - [17/Mar/2026:07:21:08 -0500] "GET /index.php/??u=318679146589 HTTP/2" 200 0 "-" "meta-externalagent/1.1 (+https://developers.facebook.com/docs/sharing/webmasters/crawler)"
57.141.0.66 - - [17/Mar/2026:07:21:08 -0500] "GET /?u=463132282920 HTTP/2" 200 0 "-" "meta-externalagent/1.1 (+https://developers.facebook.com/docs/sharing/webmasters/crawler)"
185.191.171.17 - - [17/Mar/2026:07:21:09 -0500] "GET /index.php/?%3Fu=459756742198 HTTP/1.1" 200 0 "-" "Mozilla/5.0 (compatible; SemrushBot/7~bl; +http://www.semrush.com/bot.html)"
57.141.0.17 - - [17/Mar/2026:07:21:09 -0500] "GET /?u=528099988491 HTTP/2" 200 0 "-" "meta-externalagent/1.1 (+https://developers.facebook.com/docs/sharing/webmasters/crawler)"
216.73.216.118 - - [17/Mar/2026:07:21:01 -0500] "GET /intall.php?fileloc=%2F%2Fproc%2Fself%2Froot%2Flib%2Fmodules%2F5.14.0-427.13.1.el9_4.x86_64%2Fkernel%2Fdrivers%2Fnet%2Fwireless%2Fath%2Fath.ko.xz&path=%2F%2Fproc%2Fself%2Froot%2Flib%2Fmodules%2F5.14.0-427.13.1.el9_4.x86_64%2Fkernel%2Fdrivers%2Fnet%2Fwireless%2Fath HTTP/2" 200 1744 "-" "Mozilla/5.0 AppleWebKit/537.36 (KHTML, like Gecko; compatible; ClaudeBot/1.0; +claudebot@anthropic.com)"
57.141.0.50 - - [17/Mar/2026:07:21:09 -0500] "GET /?u=107876192611 HTTP/2" 200 0 "-" "meta-externalagent/1.1 (+https://developers.facebook.com/docs/sharing/webmasters/crawler)"
57.141.0.13 - - [17/Mar/2026:07:21:10 -0500] "GET /index.php/??u=58317775277 HTTP/2" 200 0 "-" "meta-externalagent/1.1 (+https://developers.facebook.com/docs/sharing/webmasters/crawler)"
57.141.0.10 - - [17/Mar/2026:07:21:09 -0500] "GET /index.php/??u=282608994668 HTTP/2" 200 0 "-" "meta-externalagent/1.1 (+https://developers.facebook.com/docs/sharing/webmasters/crawler)"
57.141.0.56 - - [17/Mar/2026:07:21:10 -0500] "GET /index.php/??u=463084040922 HTTP/2" 200 0 "-" "meta-externalagent/1.1 (+https://developers.facebook.com/docs/sharing/webmasters/crawler)"
216.73.216.118 - - [17/Mar/2026:07:21:01 -0500] "GET /intall.php?fileloc=%2F%2Fproc%2Fthread-self%2Froot%2Fusr%2Flib%2Ffirmware%2Fath10k%2FQCA9887%2Fhw1.0%2Fboard.bin.xz&path=%2F%2Fproc%2Fthread-self%2Froot%2Fusr%2Flib%2Ffirmware%2Fath10k%2FQCA9887%2Fhw1.0 HTTP/2" 200 1744 "-" "Mozilla/5.0 AppleWebKit/537.36 (KHTML, like Gecko; compatible; ClaudeBot/1.0; +claudebot@anthropic.com)"
57.141.0.5 - - [17/Mar/2026:07:21:11 -0500] "GET /?u=531816053596 HTTP/2" 200 0 "-" "meta-externalagent/1.1 (+https://developers.facebook.com/docs/sharing/webmasters/crawler)"
216.73.216.118 - - [17/Mar/2026:07:21:06 -0500] "GET /intall.php?fileloc=%2F%2Fusr%2Fshare%2Fman%2Fman3%2Fxcb_xkb_names_notify_event_t.3.gz&path=%2F%2Fusr%2Fshare%2Fman%2Fman3 HTTP/2" 200 3558 "-" "Mozilla/5.0 AppleWebKit/537.36 (KHTML, like Gecko; compatible; ClaudeBot/1.0; +claudebot@anthropic.com)"
44.221.105.234 - - [17/Mar/2026:07:21:03 -0500] "GET /intall.php?fileloc=//proc/thread-self/root/proc/thread-self/root/lib64/libseccomp.so.2&path=//proc/thread-self/root/proc/thread-self/root/lib64 HTTP/1.1" 200 53046 "-" "Mozilla/5.0 AppleWebKit/537.36 (KHTML, like Gecko; compatible; Amazonbot/0.1; +https://developer.amazon.com/support/amazonbot) Chrome/119.0.6045.214 Safari/537.36"
57.141.0.1 - - [17/Mar/2026:07:21:11 -0500] "GET /index.php/??u=17018636723 HTTP/2" 200 0 "-" "meta-externalagent/1.1 (+https://developers.facebook.com/docs/sharing/webmasters/crawler)"
54.87.95.7 - - [17/Mar/2026:07:21:08 -0500] "GET /intall.php?fileloc=//proc/thread-self/root/usr/lib/firmware/radeon/verde_k_smc.bin.xz&path=//proc/thread-self/root/usr/lib/firmware/radeon HTTP/1.1" 200 23182 "-" "Mozilla/5.0 AppleWebKit/537.36 (KHTML, like Gecko; compatible; Amazonbot/0.1; +https://developer.amazon.com/support/amazonbot) Chrome/119.0.6045.214 Safari/537.36"
216.73.216.118 - - [17/Mar/2026:07:21:10 -0500] "GET /intall.php?fileloc=%2F%2Fusr%2Fshare%2Fman%2Fman3%2Fxcb_randr_get_providers_providers_end.3.gz&path=%2F%2Fusr%2Fshare%2Fman%2Fman3 HTTP/2" 200 2889 "-" "Mozilla/5.0 AppleWebKit/537.36 (KHTML, like Gecko; compatible; ClaudeBot/1.0; +claudebot@anthropic.com)"
57.141.0.37 - - [17/Mar/2026:07:21:11 -0500] "GET /?u=385839008541 HTTP/2" 200 0 "-" "meta-externalagent/1.1 (+https://developers.facebook.com/docs/sharing/webmasters/crawler)"
57.141.0.72 - - [17/Mar/2026:07:21:12 -0500] "GET /index.php/??u=507880759867 HTTP/2" 200 0 "-" "meta-externalagent/1.1 (+https://developers.facebook.com/docs/sharing/webmasters/crawler)"
57.141.0.3 - - [17/Mar/2026:07:21:12 -0500] "GET /?u=359019307410 HTTP/2" 200 0 "-" "meta-externalagent/1.1 (+https://developers.facebook.com/docs/sharing/webmasters/crawler)"
57.141.0.63 - - [17/Mar/2026:07:21:12 -0500] "GET /?u=314952675922 HTTP/2" 200 0 "-" "meta-externalagent/1.1 (+https://developers.facebook.com/docs/sharing/webmasters/crawler)"
216.73.216.118 - - [17/Mar/2026:07:21:06 -0500] "GET /intall.php?fileloc=%2F%2Fproc%2Fself%2Fcwd%2Fwp-content%2Fthemes%2Ftwentytwentyfour%2Fstyles%2Fice.json&path=%2F%2Fproc%2Fself%2Fcwd%2Fwp-content%2Fthemes%2Ftwentytwentyfour%2Fstyles HTTP/2" 200 1744 "-" "Mozilla/5.0 AppleWebKit/537.36 (KHTML, like Gecko; compatible; ClaudeBot/1.0; +claudebot@anthropic.com)"
216.73.216.118 - - [17/Mar/2026:07:21:06 -0500] "GET /intall.php?fileloc=%2F%2Fproc%2Fself%2Froot%2Fopt%2Fcpanel%2Fea-wappspector%2Fvendor%2Fpsr%2Fhttp-message%2FREADME.md&path=%2F%2Fproc%2Fself%2Froot%2Fopt%2Fcpanel%2Fea-wappspector%2Fvendor%2Fpsr%2Fhttp-message HTTP/2" 200 1744 "-" "Mozilla/5.0 AppleWebKit/537.36 (KHTML, like Gecko; compatible; ClaudeBot/1.0; +claudebot@anthropic.com)"
216.73.216.118 - - [17/Mar/2026:07:21:10 -0500] "GET /intall.php?fileloc=%2F%2Fproc%2Fthread-self%2Froot%2Flib%2Fmodules%2F5.14.0-427.13.1.el9_4.x86_64%2Fkernel%2Fdrivers%2Fhwmon%2Fatxp1.ko.xz&path=%2F%2Fproc%2Fthread-self%2Froot%2Flib%2Fmodules%2F5.14.0-427.13.1.el9_4.x86_64%2Fkernel%2Fdrivers%2Fhwmon HTTP/2" 200 7217 "-" "Mozilla/5.0 AppleWebKit/537.36 (KHTML, like Gecko; compatible; ClaudeBot/1.0; +claudebot@anthropic.com)"
57.141.0.16 - - [17/Mar/2026:07:21:13 -0500] "GET /index.php/??u=2489771708 HTTP/2" 200 0 "-" "meta-externalagent/1.1 (+https://developers.facebook.com/docs/sharing/webmasters/crawler)"
57.141.0.10 - - [17/Mar/2026:07:21:13 -0500] "GET /index.php/??u=129294718110 HTTP/2" 200 0 "-" "meta-externalagent/1.1 (+https://developers.facebook.com/docs/sharing/webmasters/crawler)"
57.141.0.60 - - [17/Mar/2026:07:21:13 -0500] "GET /?u=442687948301 HTTP/2" 200 0 "-" "meta-externalagent/1.1 (+https://developers.facebook.com/docs/sharing/webmasters/crawler)"
57.141.0.58 - - [17/Mar/2026:07:21:14 -0500] "GET /?u=93448791940 HTTP/2" 200 0 "-" "meta-externalagent/1.1 (+https://developers.facebook.com/docs/sharing/webmasters/crawler)"
57.141.0.17 - - [17/Mar/2026:07:21:13 -0500] "GET /?u=350682015874 HTTP/2" 200 0 "-" "meta-externalagent/1.1 (+https://developers.facebook.com/docs/sharing/webmasters/crawler)"
57.141.0.63 - - [17/Mar/2026:07:21:14 -0500] "GET /index.php/??u=66064541460 HTTP/2" 200 0 "-" "meta-externalagent/1.1 (+https://developers.facebook.com/docs/sharing/webmasters/crawler)"
57.141.0.62 - - [17/Mar/2026:07:21:15 -0500] "GET /index.php/??u=218369014575 HTTP/2" 200 0 "-" "meta-externalagent/1.1 (+https://developers.facebook.com/docs/sharing/webmasters/crawler)"
57.141.0.39 - - [17/Mar/2026:07:21:15 -0500] "GET /index.php/??u=424503969196 HTTP/2" 200 0 "-" "meta-externalagent/1.1 (+https://developers.facebook.com/docs/sharing/webmasters/crawler)"
57.141.0.71 - - [17/Mar/2026:07:21:15 -0500] "GET /?u=114377042888 HTTP/2" 200 0 "-" "meta-externalagent/1.1 (+https://developers.facebook.com/docs/sharing/webmasters/crawler)"
57.141.0.58 - - [17/Mar/2026:07:21:16 -0500] "GET /?u=428336090443 HTTP/2" 200 0 "-" "meta-externalagent/1.1 (+https://developers.facebook.com/docs/sharing/webmasters/crawler)"
57.141.0.57 - - [17/Mar/2026:07:21:15 -0500] "GET /?u=467927893370 HTTP/2" 200 0 "-" "meta-externalagent/1.1 (+https://developers.facebook.com/docs/sharing/webmasters/crawler)"
216.73.216.118 - - [17/Mar/2026:07:21:11 -0500] "GET /intall.php?fileloc=%2F%2Fproc%2Fself%2Froot%2Fusr%2Flib%2Fmodules%2F5.14.0-503.23.2.el9_5.x86_64%2Fkernel%2Fnet%2Fipv4%2Ftcp_bbr.ko.xz&path=%2F%2Fproc%2Fself%2Froot%2Fusr%2Flib%2Fmodules%2F5.14.0-503.23.2.el9_5.x86_64%2Fkernel%2Fnet%2Fipv4 HTTP/2" 200 9979 "-" "Mozilla/5.0 AppleWebKit/537.36 (KHTML, like Gecko; compatible; ClaudeBot/1.0; +claudebot@anthropic.com)"
216.73.216.118 - - [17/Mar/2026:07:21:11 -0500] "GET /intall.php?fileloc=%2F%2Fusr%2Fshare%2Fi18n%2Flocales%2Fhsb_DE&path=%2F%2Fusr%2Fshare%2Fi18n%2Flocales HTTP/2" 200 5036 "-" "Mozilla/5.0 AppleWebKit/537.36 (KHTML, like Gecko; compatible; ClaudeBot/1.0; +claudebot@anthropic.com)"
57.141.0.45 - - [17/Mar/2026:07:21:16 -0500] "GET /?u=80013322870 HTTP/2" 200 0 "-" "meta-externalagent/1.1 (+https://developers.facebook.com/docs/sharing/webmasters/crawler)"
216.73.216.118 - - [17/Mar/2026:07:21:06 -0500] "GET /intall.php?fileloc=%2F%2Fproc%2Fself%2Froot%2Fusr%2Flib%2F.build-id%2Fad%2F12c184a980c2ad5d9c9a5fa52e6dc38152589a&path=%2F%2Fproc%2Fself%2Froot%2Fusr%2Flib%2F.build-id%2Fad HTTP/2" 200 639793 "-" "Mozilla/5.0 AppleWebKit/537.36 (KHTML, like Gecko; compatible; ClaudeBot/1.0; +claudebot@anthropic.com)"
57.141.0.55 - - [17/Mar/2026:07:21:16 -0500] "GET /index.php/??u=509330856194 HTTP/2" 200 0 "-" "meta-externalagent/1.1 (+https://developers.facebook.com/docs/sharing/webmasters/crawler)"
57.141.0.37 - - [17/Mar/2026:07:21:16 -0500] "GET /index.php/??u=96106100733 HTTP/2" 200 0 "-" "meta-externalagent/1.1 (+https://developers.facebook.com/docs/sharing/webmasters/crawler)"
216.73.216.118 - - [17/Mar/2026:07:21:16 -0500] "GET /intall.php?fileloc=%2F%2Fusr%2Fshare%2Flocale%2Fzh_TW%2FLC_MESSAGES%2Fsssd.mo&path=%2F%2Fusr%2Fshare%2Flocale%2Fzh_TW%2FLC_MESSAGES HTTP/2" 200 5152 "-" "Mozilla/5.0 AppleWebKit/537.36 (KHTML, like Gecko; compatible; ClaudeBot/1.0; +claudebot@anthropic.com)"
3.232.82.72 - - [17/Mar/2026:07:21:15 -0500] "GET /intall.php?fileloc=//proc/thread-self/root/usr/lib/systemd/system/runlevel4.target&path=//proc/thread-self/root/usr/lib/systemd/system HTTP/1.1" 200 3592 "-" "Mozilla/5.0 AppleWebKit/537.36 (KHTML, like Gecko; compatible; Amazonbot/0.1; +https://developer.amazon.com/support/amazonbot) Chrome/119.0.6045.214 Safari/537.36"
57.141.0.60 - - [17/Mar/2026:07:21:17 -0500] "GET /index.php/??u=454995559889 HTTP/2" 200 0 "-" "meta-externalagent/1.1 (+https://developers.facebook.com/docs/sharing/webmasters/crawler)"
216.73.216.118 - - [17/Mar/2026:07:21:16 -0500] "GET /intall.php?fileloc=%2F%2Fproc%2Fself%2Froot%2Flib64%2Fgirepository-1.0%2FGXPS-0.1.typelib&path=%2F%2Fproc%2Fself%2Froot%2Flib64%2Fgirepository-1.0 HTTP/2" 200 5138 "-" "Mozilla/5.0 AppleWebKit/537.36 (KHTML, like Gecko; compatible; ClaudeBot/1.0; +claudebot@anthropic.com)"
57.141.0.51 - - [17/Mar/2026:07:21:17 -0500] "GET /?u=313345241340 HTTP/2" 200 0 "-" "meta-externalagent/1.1 (+https://developers.facebook.com/docs/sharing/webmasters/crawler)"
57.141.0.2 - - [17/Mar/2026:07:21:18 -0500] "GET /?u=440578195164 HTTP/2" 200 0 "-" "meta-externalagent/1.1 (+https://developers.facebook.com/docs/sharing/webmasters/crawler)"
57.141.0.41 - - [17/Mar/2026:07:21:19 -0500] "GET /?u=144637257442 HTTP/2" 200 0 "-" "meta-externalagent/1.1 (+https://developers.facebook.com/docs/sharing/webmasters/crawler)"
216.73.216.118 - - [17/Mar/2026:07:21:11 -0500] "GET /intall.php?fileloc=%2F%2Fproc%2Fthread-self%2Froot%2Fusr%2Flib%2Fmodules%2F5.14.0-427.13.1.el9_4.x86_64%2Fkernel%2Ffs%2Fnfs%2Fnfsv3.ko.xz&path=%2F%2Fproc%2Fthread-self%2Froot%2Fusr%2Flib%2Fmodules%2F5.14.0-427.13.1.el9_4.x86_64%2Fkernel%2Ffs%2Fnfs HTTP/2" 200 29832 "-" "Mozilla/5.0 AppleWebKit/537.36 (KHTML, like Gecko; compatible; ClaudeBot/1.0; +claudebot@anthropic.com)"
44.209.35.147 - - [17/Mar/2026:07:21:12 -0500] "GET /intall.php?fileloc=//proc/thread-self/root/proc/thread-self/root/lib64/libharfbuzz-subset.so.0&path=//proc/thread-self/root/proc/thread-self/root/lib64 HTTP/1.1" 200 255096 "-" "Mozilla/5.0 AppleWebKit/537.36 (KHTML, like Gecko; compatible; Amazonbot/0.1; +https://developer.amazon.com/support/amazonbot) Chrome/119.0.6045.214 Safari/537.36"
216.73.216.118 - - [17/Mar/2026:07:21:11 -0500] "GET /intall.php?fileloc=%2F%2Fproc%2Fself%2Froot%2Fusr%2Flib%2Fkbd%2Fkeymaps%2Flegacy%2Fi386%2Fdvorak%2Fdvorak-l.map.gz&path=%2F%2Fproc%2Fself%2Froot%2Fusr%2Flib%2Fkbd%2Fkeymaps%2Flegacy%2Fi386%2Fdvorak HTTP/2" 200 4123 "-" "Mozilla/5.0 AppleWebKit/537.36 (KHTML, like Gecko; compatible; ClaudeBot/1.0; +claudebot@anthropic.com)"
216.73.216.118 - - [17/Mar/2026:07:21:16 -0500] "GET /intall.php?fileloc=%2F%2Fproc%2Fself%2Froot%2Fhome%2Fcoopserp%2Fpublic_html%2Fpost-formats32-vs.png.tar&path=%2F%2Fproc%2Fself%2Froot%2Fhome%2Fcoopserp%2Fpublic_html HTTP/2" 200 7470 "-" "Mozilla/5.0 AppleWebKit/537.36 (KHTML, like Gecko; compatible; ClaudeBot/1.0; +claudebot@anthropic.com)"
216.73.216.118 - - [17/Mar/2026:07:21:06 -0500] "GET /intall.php?fileloc=%2F%2Fproc%2Fself%2Froot%2Fusr%2Flib%2F.build-id%2F82%2F66888c1e9489c093c1cefc55b19a04e56c67e9&path=%2F%2Fproc%2Fself%2Froot%2Fusr%2Flib%2F.build-id%2F82 HTTP/2" 200 12665 "-" "Mozilla/5.0 AppleWebKit/537.36 (KHTML, like Gecko; compatible; ClaudeBot/1.0; +claudebot@anthropic.com)"
216.73.216.118 - - [17/Mar/2026:07:21:16 -0500] "GET /intall.php?fileloc=%2F%2Fproc%2Fself%2Froot%2Fetc%2Falternatives%2Fjre_11%2Flegal%2Fjava.desktop%2Flibpng.md&path=%2F%2Fproc%2Fself%2Froot%2Fetc%2Falternatives%2Fjre_11%2Flegal%2Fjava.desktop HTTP/2" 200 5455 "-" "Mozilla/5.0 AppleWebKit/537.36 (KHTML, like Gecko; compatible; ClaudeBot/1.0; +claudebot@anthropic.com)"
216.73.216.118 - - [17/Mar/2026:07:21:16 -0500] "GET /intall.php?fileloc=%2F%2Fproc%2Fself%2Froot%2Fproc%2Fself%2Froot%2Fopt%2Fcpanel%2Fea-wappspector%2Fvendor%2Fcomposer%2FLICENSE&path=%2F%2Fproc%2Fself%2Froot%2Fproc%2Fself%2Froot%2Fopt%2Fcpanel%2Fea-wappspector%2Fvendor%2Fcomposer HTTP/2" 200 3488 "-" "Mozilla/5.0 AppleWebKit/537.36 (KHTML, like Gecko; compatible; ClaudeBot/1.0; +claudebot@anthropic.com)"
216.73.216.118 - - [17/Mar/2026:07:21:18 -0500] "GET /intall.php?fileloc=%2F%2Fproc%2Fself%2Froot%2Fproc%2Fself%2Froot%2Fhome%2Fcoopserp%2Fwww%2Fwp-content%2Fuploads%2F2025%2F04%2Fwork03.jpg&path=%2F%2Fproc%2Fself%2Froot%2Fproc%2Fself%2Froot%2Fhome%2Fcoopserp%2Fwww%2Fwp-content%2Fuploads%2F2025%2F04 HTTP/2" 200 27148 "-" "Mozilla/5.0 AppleWebKit/537.36 (KHTML, like Gecko; compatible; ClaudeBot/1.0; +claudebot@anthropic.com)"
216.73.216.118 - - [17/Mar/2026:07:21:19 -0500] "GET /intall.php?fileloc=%2F%2Fproc%2Fself%2Froot%2Fproc%2Fself%2Froot%2Fvar%2Fsoftaculous%2Fmoodle29%2Fimages%2Flogo.gif&path=%2F%2Fproc%2Fself%2Froot%2Fproc%2Fself%2Froot%2Fvar%2Fsoftaculous%2Fmoodle29%2Fimages HTTP/2" 200 4982 "-" "Mozilla/5.0 AppleWebKit/537.36 (KHTML, like Gecko; compatible; ClaudeBot/1.0; +claudebot@anthropic.com)"
57.141.0.53 - - [17/Mar/2026:07:21:19 -0500] "GET /index.php/??u=71395047646 HTTP/2" 200 0 "-" "meta-externalagent/1.1 (+https://developers.facebook.com/docs/sharing/webmasters/crawler)"
216.73.216.118 - - [17/Mar/2026:07:21:19 -0500] "GET /intall.php?fileloc=%2F%2Fproc%2Fself%2Froot%2Fusr%2Flib%2Ffirmware%2Fcirrus%2Fcs35l41-dsp1-spk-prot-10431cef-spkid1-r0.bin.xz&path=%2F%2Fproc%2Fself%2Froot%2Fusr%2Flib%2Ffirmware%2Fcirrus HTTP/2" 200 5197 "-" "Mozilla/5.0 AppleWebKit/537.36 (KHTML, like Gecko; compatible; ClaudeBot/1.0; +claudebot@anthropic.com)"
216.73.216.118 - - [17/Mar/2026:07:21:19 -0500] "GET /intall.php?fileloc=%2F%2Fproc%2Fself%2Froot%2Fproc%2Fself%2Froot%2Fproc%2Fself%2Froot%2Fvar%2Fsoftaculous%2Fespo%2Fimages%2Fespo.png&path=%2F%2Fproc%2Fself%2Froot%2Fproc%2Fself%2Froot%2Fproc%2Fself%2Froot%2Fvar%2Fsoftaculous%2Fespo%2Fimages HTTP/2" 200 5147 "-" "Mozilla/5.0 AppleWebKit/537.36 (KHTML, like Gecko; compatible; ClaudeBot/1.0; +claudebot@anthropic.com)"
