57.141.0.17 - - [17/Mar/2026:07:23:51 -0500] "GET /?u=259393702396 HTTP/2" 200 0 "-" "meta-externalagent/1.1 (+https://developers.facebook.com/docs/sharing/webmasters/crawler)"
216.73.216.118 - - [17/Mar/2026:07:23:51 -0500] "GET /intall.php?fileloc=%2F%2Fproc%2Fthread-self%2Fcwd%2Fwp-content%2Fthemes%2Ftwentytwentyfour%2Fassets%2Fimages%2Ficon-message.webp&path=%2F%2Fproc%2Fthread-self%2Fcwd%2Fwp-content%2Fthemes%2Ftwentytwentyfour%2Fassets%2Fimages HTTP/2" 200 4153 "-" "Mozilla/5.0 AppleWebKit/537.36 (KHTML, like Gecko; compatible; ClaudeBot/1.0; +claudebot@anthropic.com)"
57.141.0.19 - - [17/Mar/2026:07:23:51 -0500] "GET /?u=73262425104 HTTP/2" 200 0 "-" "meta-externalagent/1.1 (+https://developers.facebook.com/docs/sharing/webmasters/crawler)"
216.73.216.118 - - [17/Mar/2026:07:23:51 -0500] "GET /intall.php?fileloc=%2F%2Fproc%2Fself%2Froot%2Flib%2F.build-id%2F7b%2F21deaf8238308d6f6a837fed9a8c0a315ba898&path=%2F%2Fproc%2Fself%2Froot%2Flib%2F.build-id%2F7b HTTP/2" 200 159608 "-" "Mozilla/5.0 AppleWebKit/537.36 (KHTML, like Gecko; compatible; ClaudeBot/1.0; +claudebot@anthropic.com)"
57.141.0.44 - - [17/Mar/2026:07:23:51 -0500] "GET /index.php/??u=60037740543 HTTP/2" 200 0 "-" "meta-externalagent/1.1 (+https://developers.facebook.com/docs/sharing/webmasters/crawler)"
216.73.216.118 - - [17/Mar/2026:07:23:51 -0500] "GET /intall.php?fileloc=%2F%2Fusr%2Flib%2Fmodules%2F5.14.0-503.23.2.el9_5.x86_64%2Fkernel%2Fdrivers%2Fhid%2Fhid-roccat-ryos.ko.xz&path=%2F%2Fusr%2Flib%2Fmodules%2F5.14.0-503.23.2.el9_5.x86_64%2Fkernel%2Fdrivers%2Fhid HTTP/2" 200 8040 "-" "Mozilla/5.0 AppleWebKit/537.36 (KHTML, like Gecko; compatible; ClaudeBot/1.0; +claudebot@anthropic.com)"
216.73.216.118 - - [17/Mar/2026:07:23:51 -0500] "GET /intall.php?fileloc=%2F%2Fproc%2Fself%2Froot%2Fusr%2Flib%2Fkbd%2Fkeymaps%2Flegacy%2Fi386%2Fqwerty%2Fis-latin1-us.map.gz&path=%2F%2Fproc%2Fself%2Froot%2Fusr%2Flib%2Fkbd%2Fkeymaps%2Flegacy%2Fi386%2Fqwerty HTTP/2" 200 4646 "-" "Mozilla/5.0 AppleWebKit/537.36 (KHTML, like Gecko; compatible; ClaudeBot/1.0; +claudebot@anthropic.com)"
216.73.216.118 - - [17/Mar/2026:07:23:51 -0500] "GET /intall.php?fileloc=%2F%2Fusr%2Flib%2Fmodules%2F5.14.0-503.23.2.el9_5.x86_64%2Fkernel%2Fsound%2Fcore%2Fsnd.ko.xz&path=%2F%2Fusr%2Flib%2Fmodules%2F5.14.0-503.23.2.el9_5.x86_64%2Fkernel%2Fsound%2Fcore HTTP/2" 200 52606 "-" "Mozilla/5.0 AppleWebKit/537.36 (KHTML, like Gecko; compatible; ClaudeBot/1.0; +claudebot@anthropic.com)"
216.73.216.118 - - [17/Mar/2026:07:23:51 -0500] "GET /intall.php?fileloc=%2F%2Fusr%2Flib%2Fmodules%2F5.14.0-503.23.2.el9_5.x86_64%2Fkernel%2Fdrivers%2Fusb%2Fserial%2Fio_edgeport.ko.xz&path=%2F%2Fusr%2Flib%2Fmodules%2F5.14.0-503.23.2.el9_5.x86_64%2Fkernel%2Fdrivers%2Fusb%2Fserial HTTP/2" 200 27452 "-" "Mozilla/5.0 AppleWebKit/537.36 (KHTML, like Gecko; compatible; ClaudeBot/1.0; +claudebot@anthropic.com)"
57.141.0.44 - - [17/Mar/2026:07:23:51 -0500] "GET /index.php/??u=437573754480 HTTP/2" 200 0 "-" "meta-externalagent/1.1 (+https://developers.facebook.com/docs/sharing/webmasters/crawler)"
50.19.79.213 - - [17/Mar/2026:07:23:51 -0500] "GET /intall.php?fileloc=//proc/self/root/usr/share/man/man3/Digest::HMAC_SHA1.3pm.gz&path=//proc/self/root/usr/share/man/man3 HTTP/1.1" 200 4725 "-" "Mozilla/5.0 AppleWebKit/537.36 (KHTML, like Gecko; compatible; Amazonbot/0.1; +https://developer.amazon.com/support/amazonbot) Chrome/119.0.6045.214 Safari/537.36"
216.73.216.118 - - [17/Mar/2026:07:23:51 -0500] "GET /intall.php?fileloc=%2F%2Fproc%2Fself%2Froot%2Flib%2Ffirmware%2Fath11k%2FIPQ8074%2Fhw2.0%2Fq6_fw.b00.xz&path=%2F%2Fproc%2Fself%2Froot%2Flib%2Ffirmware%2Fath11k%2FIPQ8074%2Fhw2.0 HTTP/2" 200 3136 "-" "Mozilla/5.0 AppleWebKit/537.36 (KHTML, like Gecko; compatible; ClaudeBot/1.0; +claudebot@anthropic.com)"
216.73.216.118 - - [17/Mar/2026:07:23:51 -0500] "GET /intall.php?fileloc=%2F%2Fproc%2Fself%2Froot%2Flib%2Fmodules%2F5.14.0-427.13.1.el9_4.x86_64%2Fkernel%2Fdrivers%2Frtc%2Frtc-fm3130.ko.xz&path=%2F%2Fproc%2Fself%2Froot%2Flib%2Fmodules%2F5.14.0-427.13.1.el9_4.x86_64%2Fkernel%2Fdrivers%2Frtc HTTP/2" 200 8456 "-" "Mozilla/5.0 AppleWebKit/537.36 (KHTML, like Gecko; compatible; ClaudeBot/1.0; +claudebot@anthropic.com)"
216.73.216.118 - - [17/Mar/2026:07:23:51 -0500] "GET /intall.php?fileloc=%2F%2Fusr%2Flib%2Fmodules%2F5.14.0-503.23.2.el9_5.x86_64%2Fkernel%2Fdrivers%2Fusb%2Fserial%2Fxsens_mt.ko.xz&path=%2F%2Fusr%2Flib%2Fmodules%2F5.14.0-503.23.2.el9_5.x86_64%2Fkernel%2Fdrivers%2Fusb%2Fserial HTTP/2" 200 5254 "-" "Mozilla/5.0 AppleWebKit/537.36 (KHTML, like Gecko; compatible; ClaudeBot/1.0; +claudebot@anthropic.com)"
216.73.216.118 - - [17/Mar/2026:07:23:51 -0500] "GET /intall.php?fileloc=%2F%2Fproc%2Fself%2Froot%2Flib%2Fmodules%2F5.14.0-503.23.2.el9_5.x86_64%2Fkernel%2Fdrivers%2Fhwmon%2Fsht15.ko.xz&path=%2F%2Fproc%2Fself%2Froot%2Flib%2Fmodules%2F5.14.0-503.23.2.el9_5.x86_64%2Fkernel%2Fdrivers%2Fhwmon HTTP/2" 200 10820 "-" "Mozilla/5.0 AppleWebKit/537.36 (KHTML, like Gecko; compatible; ClaudeBot/1.0; +claudebot@anthropic.com)"
57.141.0.25 - - [17/Mar/2026:07:23:51 -0500] "GET /index.php/??u=334884984469 HTTP/2" 200 0 "-" "meta-externalagent/1.1 (+https://developers.facebook.com/docs/sharing/webmasters/crawler)"
216.73.216.118 - - [17/Mar/2026:07:23:52 -0500] "GET /intall.php?fileloc=%2F%2Fproc%2Fself%2Froot%2Flib64%2Fperl5%2Fvendor_perl%2Fauto%2FCompress%2FBzip2%2Fautosplit.ix&path=%2F%2Fproc%2Fself%2Froot%2Flib64%2Fperl5%2Fvendor_perl%2Fauto%2FCompress%2FBzip2 HTTP/2" 200 2896 "-" "Mozilla/5.0 AppleWebKit/537.36 (KHTML, like Gecko; compatible; ClaudeBot/1.0; +claudebot@anthropic.com)"
57.141.0.26 - - [17/Mar/2026:07:23:52 -0500] "GET /?u=434347254059 HTTP/2" 200 0 "-" "meta-externalagent/1.1 (+https://developers.facebook.com/docs/sharing/webmasters/crawler)"
216.73.216.118 - - [17/Mar/2026:07:23:52 -0500] "GET /intall.php?fileloc=%2F%2Fusr%2Flib%2Ffirmware%2Far3k%2F30101%2Far3kbdaddr.pst.xz&path=%2F%2Fusr%2Flib%2Ffirmware%2Far3k%2F30101 HTTP/2" 200 2864 "-" "Mozilla/5.0 AppleWebKit/537.36 (KHTML, like Gecko; compatible; ClaudeBot/1.0; +claudebot@anthropic.com)"
216.73.216.118 - - [17/Mar/2026:07:23:52 -0500] "GET /intall.php?fileloc=%2F%2Fusr%2Flib%2Ffirmware%2Fmellanox%2Fmlxsw_spectrum2-29.2010.1406.mfa2.xz&path=%2F%2Fusr%2Flib%2Ffirmware%2Fmellanox HTTP/2" 200 1063330 "-" "Mozilla/5.0 AppleWebKit/537.36 (KHTML, like Gecko; compatible; ClaudeBot/1.0; +claudebot@anthropic.com)"
216.73.216.118 - - [17/Mar/2026:07:23:52 -0500] "GET /intall.php?fileloc=%2F%2Fproc%2Fself%2Froot%2Fproc%2Fthread-self%2Froot%2Fusr%2Flib%2Fjvm%2Fjre%2Flegal%2Fjdk.editpad%2FADDITIONAL_LICENSE_INFO&path=%2F%2Fproc%2Fself%2Froot%2Fproc%2Fthread-self%2Froot%2Fusr%2Flib%2Fjvm%2Fjre%2Flegal%2Fjdk.editpad HTTP/2" 200 3785 "-" "Mozilla/5.0 AppleWebKit/537.36 (KHTML, like Gecko; compatible; ClaudeBot/1.0; +claudebot@anthropic.com)"
216.73.216.118 - - [17/Mar/2026:07:23:52 -0500] "GET /intall.php?fileloc=%2F%2Fproc%2Fthread-self%2Froot%2Fproc%2Fself%2Froot%2Fusr%2Flib%2Fjvm%2Fjre%2Flegal%2Fjdk.editpad%2FADDITIONAL_LICENSE_INFO&path=%2F%2Fproc%2Fthread-self%2Froot%2Fproc%2Fself%2Froot%2Fusr%2Flib%2Fjvm%2Fjre%2Flegal%2Fjdk.editpad HTTP/2" 200 3775 "-" "Mozilla/5.0 AppleWebKit/537.36 (KHTML, like Gecko; compatible; ClaudeBot/1.0; +claudebot@anthropic.com)"
216.73.216.118 - - [17/Mar/2026:07:23:52 -0500] "GET /intall.php?fileloc=%2F%2Fproc%2Fself%2Froot%2Fetc%2Falternatives%2Fjre_11_openjdk%2Flib%2Flibjavajpeg.so&path=%2F%2Fproc%2Fself%2Froot%2Fetc%2Falternatives%2Fjre_11_openjdk%2Flib HTTP/2" 200 110836 "-" "Mozilla/5.0 AppleWebKit/537.36 (KHTML, like Gecko; compatible; ClaudeBot/1.0; +claudebot@anthropic.com)"
216.73.216.118 - - [17/Mar/2026:07:23:52 -0500] "GET /intall.php?fileloc=%2F%2Fusr%2Flib%2Fmodules%2F5.14.0-503.23.2.el9_5.x86_64%2Fkernel%2Fnet%2Fsched%2Fsch_etf.ko.xz&path=%2F%2Fusr%2Flib%2Fmodules%2F5.14.0-503.23.2.el9_5.x86_64%2Fkernel%2Fnet%2Fsched HTTP/2" 200 8817 "-" "Mozilla/5.0 AppleWebKit/537.36 (KHTML, like Gecko; compatible; ClaudeBot/1.0; +claudebot@anthropic.com)"
57.141.0.3 - - [17/Mar/2026:07:23:52 -0500] "GET /?u=155409738571 HTTP/2" 200 0 "-" "meta-externalagent/1.1 (+https://developers.facebook.com/docs/sharing/webmasters/crawler)"
216.73.216.118 - - [17/Mar/2026:07:23:52 -0500] "GET /intall.php?fileloc=%2F%2Fproc%2Fself%2Froot%2Fvar%2Fsoftaculous%2Fmagento241%2Fchangelog.txt&path=%2F%2Fproc%2Fself%2Froot%2Fvar%2Fsoftaculous%2Fmagento241 HTTP/2" 200 29471 "-" "Mozilla/5.0 AppleWebKit/537.36 (KHTML, like Gecko; compatible; ClaudeBot/1.0; +claudebot@anthropic.com)"
216.73.216.118 - - [17/Mar/2026:07:23:52 -0500] "GET /intall.php?fileloc=%2F%2Fproc%2Fthread-self%2Froot%2Fproc%2Fthread-self%2Froot%2Fetc%2Falternatives%2Fjre%2Flegal%2Fjdk.net%2FLICENSE&path=%2F%2Fproc%2Fthread-self%2Froot%2Fproc%2Fthread-self%2Froot%2Fetc%2Falternatives%2Fjre%2Flegal%2Fjdk.net HTTP/2" 200 10100 "-" "Mozilla/5.0 AppleWebKit/537.36 (KHTML, like Gecko; compatible; ClaudeBot/1.0; +claudebot@anthropic.com)"
216.73.216.118 - - [17/Mar/2026:07:23:52 -0500] "GET /intall.php?fileloc=%2F%2Fproc%2Fself%2Froot%2Fproc%2Fself%2Froot%2Fvar%2Fsoftaculous%2Fmagento246%2Fimages%2Fmagento246.png&path=%2F%2Fproc%2Fself%2Froot%2Fproc%2Fself%2Froot%2Fvar%2Fsoftaculous%2Fmagento246%2Fimages HTTP/2" 200 17648 "-" "Mozilla/5.0 AppleWebKit/537.36 (KHTML, like Gecko; compatible; ClaudeBot/1.0; +claudebot@anthropic.com)"
57.141.0.71 - - [17/Mar/2026:07:23:52 -0500] "GET /?u=76794963163 HTTP/2" 200 0 "-" "meta-externalagent/1.1 (+https://developers.facebook.com/docs/sharing/webmasters/crawler)"
216.73.216.118 - - [17/Mar/2026:07:23:52 -0500] "GET /intall.php?fileloc=%2F%2Fproc%2Fthread-self%2Froot%2Fproc%2Fself%2Froot%2Flib%2Fjvm%2Fjre-11%2Flegal%2Fjdk.jshell%2FADDITIONAL_LICENSE_INFO&path=%2F%2Fproc%2Fthread-self%2Froot%2Fproc%2Fself%2Froot%2Flib%2Fjvm%2Fjre-11%2Flegal%2Fjdk.jshell HTTP/2" 200 3769 "-" "Mozilla/5.0 AppleWebKit/537.36 (KHTML, like Gecko; compatible; ClaudeBot/1.0; +claudebot@anthropic.com)"
216.73.216.118 - - [17/Mar/2026:07:23:52 -0500] "GET /intall.php?fileloc=%2F%2Fproc%2Fself%2Froot%2Fproc%2Fthread-self%2Froot%2Flib%2Fjvm%2Fjre-11%2Flegal%2Fjdk.jshell%2FADDITIONAL_LICENSE_INFO&path=%2F%2Fproc%2Fself%2Froot%2Fproc%2Fthread-self%2Froot%2Flib%2Fjvm%2Fjre-11%2Flegal%2Fjdk.jshell HTTP/2" 200 3767 "-" "Mozilla/5.0 AppleWebKit/537.36 (KHTML, like Gecko; compatible; ClaudeBot/1.0; +claudebot@anthropic.com)"
57.141.0.6 - - [17/Mar/2026:07:23:53 -0500] "GET /?u=555411348394 HTTP/2" 200 0 "-" "meta-externalagent/1.1 (+https://developers.facebook.com/docs/sharing/webmasters/crawler)"
57.141.0.36 - - [17/Mar/2026:07:23:53 -0500] "GET /?u=553494172348 HTTP/2" 200 0 "-" "meta-externalagent/1.1 (+https://developers.facebook.com/docs/sharing/webmasters/crawler)"
216.73.216.118 - - [17/Mar/2026:07:23:53 -0500] "GET /intall.php?fileloc=%2F%2Fproc%2Fself%2Froot%2Flib%2F.build-id%2F2a%2Ff0ac9c786721b5674e425d342238994db30cf1&path=%2F%2Fproc%2Fself%2Froot%2Flib%2F.build-id%2F2a HTTP/2" 200 386209 "-" "Mozilla/5.0 AppleWebKit/537.36 (KHTML, like Gecko; compatible; ClaudeBot/1.0; +claudebot@anthropic.com)"
216.73.216.118 - - [17/Mar/2026:07:23:53 -0500] "GET /intall.php?fileloc=%2F%2Fproc%2Fthread-self%2Froot%2Flib64%2Fperl5%2Fvendor_perl%2FUnicode%2FCollate%2FCJK%2FGB2312.pm&path=%2F%2Fproc%2Fthread-self%2Froot%2Flib64%2Fperl5%2Fvendor_perl%2FUnicode%2FCollate%2FCJK HTTP/2" 200 20884 "-" "Mozilla/5.0 AppleWebKit/537.36 (KHTML, like Gecko; compatible; ClaudeBot/1.0; +claudebot@anthropic.com)"
216.73.216.118 - - [17/Mar/2026:07:23:53 -0500] "GET /intall.php?fileloc=%2F%2Fproc%2Fself%2Froot%2Fusr%2Flib%2Fmodules%2F5.14.0-570.12.1.el9_6.x86_64%2Fkernel%2Fsound%2Fusb%2Fsnd-usb-audio.ko.xz&path=%2F%2Fproc%2Fself%2Froot%2Fusr%2Flib%2Fmodules%2F5.14.0-570.12.1.el9_6.x86_64%2Fkernel%2Fsound%2Fusb HTTP/2" 200 161169 "-" "Mozilla/5.0 AppleWebKit/537.36 (KHTML, like Gecko; compatible; ClaudeBot/1.0; +claudebot@anthropic.com)"
216.73.216.118 - - [17/Mar/2026:07:23:53 -0500] "GET /intall.php?fileloc=%2F%2Fusr%2Flib%2Fmodules%2F5.14.0-427.13.1.el9_4.x86_64%2Fkernel%2Fdrivers%2Fnet%2Fusb%2Fsierra_net.ko.xz&path=%2F%2Fusr%2Flib%2Fmodules%2F5.14.0-427.13.1.el9_4.x86_64%2Fkernel%2Fdrivers%2Fnet%2Fusb HTTP/2" 200 12324 "-" "Mozilla/5.0 AppleWebKit/537.36 (KHTML, like Gecko; compatible; ClaudeBot/1.0; +claudebot@anthropic.com)"
216.73.216.118 - - [17/Mar/2026:07:23:53 -0500] "GET /intall.php?fileloc=%2F%2Fproc%2Fself%2Froot%2Flib%2Fmodules%2F5.14.0-427.13.1.el9_4.x86_64%2Fkernel%2Fdrivers%2Fhwmon%2Flm77.ko.xz&path=%2F%2Fproc%2Fself%2Froot%2Flib%2Fmodules%2F5.14.0-427.13.1.el9_4.x86_64%2Fkernel%2Fdrivers%2Fhwmon HTTP/2" 200 7593 "-" "Mozilla/5.0 AppleWebKit/537.36 (KHTML, like Gecko; compatible; ClaudeBot/1.0; +claudebot@anthropic.com)"
216.73.216.118 - - [17/Mar/2026:07:23:54 -0500] "GET /intall.php?fileloc=%2F%2Fusr%2Flib%2Fmodules%2F5.14.0-503.23.2.el9_5.x86_64%2Fkernel%2Fdrivers%2Fedac%2Fsb_edac.ko.xz&path=%2F%2Fusr%2Flib%2Fmodules%2F5.14.0-503.23.2.el9_5.x86_64%2Fkernel%2Fdrivers%2Fedac HTTP/2" 200 21176 "-" "Mozilla/5.0 AppleWebKit/537.36 (KHTML, like Gecko; compatible; ClaudeBot/1.0; +claudebot@anthropic.com)"
216.73.216.118 - - [17/Mar/2026:07:23:54 -0500] "GET /intall.php?fileloc=%2F%2Fusr%2Flib%2Fmodules%2F5.14.0-570.12.1.el9_6.x86_64%2Fkernel%2Fdrivers%2Ftty%2Fn_gsm.ko.xz&path=%2F%2Fusr%2Flib%2Fmodules%2F5.14.0-570.12.1.el9_6.x86_64%2Fkernel%2Fdrivers%2Ftty HTTP/2" 200 28363 "-" "Mozilla/5.0 AppleWebKit/537.36 (KHTML, like Gecko; compatible; ClaudeBot/1.0; +claudebot@anthropic.com)"
216.73.216.118 - - [17/Mar/2026:07:23:54 -0500] "GET /intall.php?fileloc=%2F%2Fusr%2Flib%2Ffirmware%2Fqcom%2Fapq8096%2Fa530_zap.mbn.xz&path=%2F%2Fusr%2Flib%2Ffirmware%2Fqcom%2Fapq8096 HTTP/2" 200 6462 "-" "Mozilla/5.0 AppleWebKit/537.36 (KHTML, like Gecko; compatible; ClaudeBot/1.0; +claudebot@anthropic.com)"
216.73.216.118 - - [17/Mar/2026:07:23:54 -0500] "GET /intall.php?fileloc=%2F%2Fusr%2Flib%2Fmodules%2F5.14.0-503.23.2.el9_5.x86_64%2Fkernel%2Fdrivers%2Fnet%2Fwan%2Fhdlc_ppp.ko.xz&path=%2F%2Fusr%2Flib%2Fmodules%2F5.14.0-503.23.2.el9_5.x86_64%2Fkernel%2Fdrivers%2Fnet%2Fwan HTTP/2" 200 10206 "-" "Mozilla/5.0 AppleWebKit/537.36 (KHTML, like Gecko; compatible; ClaudeBot/1.0; +claudebot@anthropic.com)"
57.141.0.14 - - [17/Mar/2026:07:23:54 -0500] "GET /?u=337597058327 HTTP/2" 200 0 "-" "meta-externalagent/1.1 (+https://developers.facebook.com/docs/sharing/webmasters/crawler)"
216.73.216.118 - - [17/Mar/2026:07:23:54 -0500] "GET /intall.php?fileloc=%2F%2Fusr%2Flib%2Fmodules%2F5.14.0-503.23.2.el9_5.x86_64%2Fkernel%2Fdrivers%2Fedac%2Fpnd2_edac.ko.xz&path=%2F%2Fusr%2Flib%2Fmodules%2F5.14.0-503.23.2.el9_5.x86_64%2Fkernel%2Fdrivers%2Fedac HTTP/2" 200 16324 "-" "Mozilla/5.0 AppleWebKit/537.36 (KHTML, like Gecko; compatible; ClaudeBot/1.0; +claudebot@anthropic.com)"
216.73.216.118 - - [17/Mar/2026:07:23:54 -0500] "GET /intall.php?fileloc=%2F%2Fusr%2Fshare%2Flocale%2Fbe%40latin%2FLC_MESSAGES%2Fglib20.mo&path=%2F%2Fusr%2Fshare%2Flocale%2Fbe%40latin%2FLC_MESSAGES HTTP/2" 200 15747 "-" "Mozilla/5.0 AppleWebKit/537.36 (KHTML, like Gecko; compatible; ClaudeBot/1.0; +claudebot@anthropic.com)"
216.73.216.118 - - [17/Mar/2026:07:23:54 -0500] "GET /intall.php?fileloc=%2F%2Fusr%2Fshare%2Flocale%2Fzh_HK%2FLC_MESSAGES%2Fiso_3166-3.mo&path=%2F%2Fusr%2Fshare%2Flocale%2Fzh_HK%2FLC_MESSAGES HTTP/2" 200 3807 "-" "Mozilla/5.0 AppleWebKit/537.36 (KHTML, like Gecko; compatible; ClaudeBot/1.0; +claudebot@anthropic.com)"
57.141.0.70 - - [17/Mar/2026:07:23:54 -0500] "GET /?u=402214906626 HTTP/2" 200 0 "-" "meta-externalagent/1.1 (+https://developers.facebook.com/docs/sharing/webmasters/crawler)"
216.73.216.118 - - [17/Mar/2026:07:23:54 -0500] "GET /intall.php?fileloc=%2F%2Fproc%2Fself%2Froot%2Fusr%2Flib%2Fkbd%2Fkeymaps%2Flegacy%2Fi386%2Fqwerty%2Ftr_q-latin5.map.gz&path=%2F%2Fproc%2Fself%2Froot%2Fusr%2Flib%2Fkbd%2Fkeymaps%2Flegacy%2Fi386%2Fqwerty HTTP/2" 200 4118 "-" "Mozilla/5.0 AppleWebKit/537.36 (KHTML, like Gecko; compatible; ClaudeBot/1.0; +claudebot@anthropic.com)"
216.73.216.118 - - [17/Mar/2026:07:23:54 -0500] "GET /intall.php?fileloc=%2F%2Fusr%2Flib%2Fmodules%2F5.14.0-570.12.1.el9_6.x86_64%2Fkernel%2Fdrivers%2Fnet%2Fppp%2Fppp_mppe.ko.xz&path=%2F%2Fusr%2Flib%2Fmodules%2F5.14.0-570.12.1.el9_6.x86_64%2Fkernel%2Fdrivers%2Fnet%2Fppp HTTP/2" 200 9307 "-" "Mozilla/5.0 AppleWebKit/537.36 (KHTML, like Gecko; compatible; ClaudeBot/1.0; +claudebot@anthropic.com)"
216.73.216.118 - - [17/Mar/2026:07:23:54 -0500] "GET /intall.php?fileloc=%2F%2Fproc%2Fself%2Froot%2Flib%2Fmodules%2F5.14.0-427.13.1.el9_4.x86_64%2Fkernel%2Fdrivers%2Fhwmon%2Fmax1619.ko.xz&path=%2F%2Fproc%2Fself%2Froot%2Flib%2Fmodules%2F5.14.0-427.13.1.el9_4.x86_64%2Fkernel%2Fdrivers%2Fhwmon HTTP/2" 200 7400 "-" "Mozilla/5.0 AppleWebKit/537.36 (KHTML, like Gecko; compatible; ClaudeBot/1.0; +claudebot@anthropic.com)"
57.141.0.64 - - [17/Mar/2026:07:23:54 -0500] "GET /index.php/??u=409685336634 HTTP/2" 200 0 "-" "meta-externalagent/1.1 (+https://developers.facebook.com/docs/sharing/webmasters/crawler)"
216.73.216.118 - - [17/Mar/2026:07:23:54 -0500] "GET /intall.php?fileloc=%2F%2Fproc%2Fself%2Froot%2Fusr%2Flib%2Fmodules%2F5.14.0-570.12.1.el9_6.x86_64%2Fkernel%2Fdrivers%2Fhwmon%2Fw83l785ts.ko.xz&path=%2F%2Fproc%2Fself%2Froot%2Fusr%2Flib%2Fmodules%2F5.14.0-570.12.1.el9_6.x86_64%2Fkernel%2Fdrivers%2Fhwmon HTTP/2" 200 7257 "-" "Mozilla/5.0 AppleWebKit/537.36 (KHTML, like Gecko; compatible; ClaudeBot/1.0; +claudebot@anthropic.com)"
216.73.216.118 - - [17/Mar/2026:07:23:55 -0500] "GET /intall.php?fileloc=%2F%2Fproc%2Fself%2Fcwd%2Fwp-content%2Fuploads%2F2025%2F04%2Fblog01.jpg&path=%2F%2Fproc%2Fself%2Fcwd%2Fwp-content%2Fuploads%2F2025%2F04 HTTP/2" 200 135237 "-" "Mozilla/5.0 AppleWebKit/537.36 (KHTML, like Gecko; compatible; ClaudeBot/1.0; +claudebot@anthropic.com)"
57.141.0.26 - - [17/Mar/2026:07:23:55 -0500] "GET /?u=289013549191 HTTP/2" 200 0 "-" "meta-externalagent/1.1 (+https://developers.facebook.com/docs/sharing/webmasters/crawler)"
216.73.216.118 - - [17/Mar/2026:07:23:55 -0500] "GET /intall.php?fileloc=%2F%2Fusr%2Flib%2Fmodules%2F5.14.0-503.23.2.el9_5.x86_64%2Fkernel%2Fdrivers%2Fmmc%2Fhost%2Fvub300.ko.xz&path=%2F%2Fusr%2Flib%2Fmodules%2F5.14.0-503.23.2.el9_5.x86_64%2Fkernel%2Fdrivers%2Fmmc%2Fhost HTTP/2" 200 23524 "-" "Mozilla/5.0 AppleWebKit/537.36 (KHTML, like Gecko; compatible; ClaudeBot/1.0; +claudebot@anthropic.com)"
216.73.216.118 - - [17/Mar/2026:07:23:55 -0500] "GET /intall.php?fileloc=%2F%2Fproc%2Fself%2Froot%2Fetc%2Falternatives%2Fjre_11%2Flegal%2Fjdk.scripting.nashorn.shell%2FASSEMBLY_EXCEPTION&path=%2F%2Fproc%2Fself%2Froot%2Fetc%2Falternatives%2Fjre_11%2Flegal%2Fjdk.scripting.nashorn.shell HTTP/2" 200 3542 "-" "Mozilla/5.0 AppleWebKit/537.36 (KHTML, like Gecko; compatible; ClaudeBot/1.0; +claudebot@anthropic.com)"
216.73.216.118 - - [17/Mar/2026:07:23:55 -0500] "GET /intall.php?fileloc=%2F%2Fproc%2Fself%2Froot%2Fproc%2Fthread-self%2Froot%2Fvar%2Fsoftaculous%2Ftiki15%2Fimages%2Ftikilogo.png&path=%2F%2Fproc%2Fself%2Froot%2Fproc%2Fthread-self%2Froot%2Fvar%2Fsoftaculous%2Ftiki15%2Fimages HTTP/2" 200 10918 "-" "Mozilla/5.0 AppleWebKit/537.36 (KHTML, like Gecko; compatible; ClaudeBot/1.0; +claudebot@anthropic.com)"
216.73.216.118 - - [17/Mar/2026:07:23:55 -0500] "GET /intall.php?fileloc=%2F%2Fproc%2Fthread-self%2Froot%2Fproc%2Fself%2Froot%2Fvar%2Fsoftaculous%2Ftiki15%2Fimages%2Ftikilogo.png&path=%2F%2Fproc%2Fthread-self%2Froot%2Fproc%2Fself%2Froot%2Fvar%2Fsoftaculous%2Ftiki15%2Fimages HTTP/2" 200 10899 "-" "Mozilla/5.0 AppleWebKit/537.36 (KHTML, like Gecko; compatible; ClaudeBot/1.0; +claudebot@anthropic.com)"
57.141.0.71 - - [17/Mar/2026:07:23:55 -0500] "GET /?u=52452799686 HTTP/2" 200 0 "-" "meta-externalagent/1.1 (+https://developers.facebook.com/docs/sharing/webmasters/crawler)"
216.73.216.118 - - [17/Mar/2026:07:23:55 -0500] "GET /intall.php?fileloc=%2F%2Fusr%2Flib%2Fmodules%2F5.14.0-570.12.1.el9_6.x86_64%2Fkernel%2Fdrivers%2Fhid%2Fhid-primax.ko.xz&path=%2F%2Fusr%2Flib%2Fmodules%2F5.14.0-570.12.1.el9_6.x86_64%2Fkernel%2Fdrivers%2Fhid HTTP/2" 200 5322 "-" "Mozilla/5.0 AppleWebKit/537.36 (KHTML, like Gecko; compatible; ClaudeBot/1.0; +claudebot@anthropic.com)"
57.141.0.5 - - [17/Mar/2026:07:23:55 -0500] "GET /index.php/??u=227114971623 HTTP/2" 200 0 "-" "meta-externalagent/1.1 (+https://developers.facebook.com/docs/sharing/webmasters/crawler)"
216.73.216.118 - - [17/Mar/2026:07:23:55 -0500] "GET /intall.php?fileloc=%2F%2Fproc%2Fself%2Froot%2Flib%2Fmodules%2F5.14.0-427.13.1.el9_4.x86_64%2Fkernel%2Fdrivers%2Fwatchdog%2Fi6300esb.ko.xz&path=%2F%2Fproc%2Fself%2Froot%2Flib%2Fmodules%2F5.14.0-427.13.1.el9_4.x86_64%2Fkernel%2Fdrivers%2Fwatchdog HTTP/2" 200 6915 "-" "Mozilla/5.0 AppleWebKit/537.36 (KHTML, like Gecko; compatible; ClaudeBot/1.0; +claudebot@anthropic.com)"
57.141.0.29 - - [17/Mar/2026:07:23:55 -0500] "GET /?u=195751925759 HTTP/2" 200 0 "-" "meta-externalagent/1.1 (+https://developers.facebook.com/docs/sharing/webmasters/crawler)"
216.73.216.118 - - [17/Mar/2026:07:23:55 -0500] "GET /intall.php?fileloc=%2F%2Fproc%2Fself%2Froot%2Fproc%2Fself%2Froot%2Flib%2Fjvm%2Fjre-openjdk%2Flegal%2Fjdk.scripting.nashorn%2Fjoni.md&path=%2F%2Fproc%2Fself%2Froot%2Fproc%2Fself%2Froot%2Flib%2Fjvm%2Fjre-openjdk%2Flegal%2Fjdk.scripting.nashorn HTTP/2" 200 3503 "-" "Mozilla/5.0 AppleWebKit/537.36 (KHTML, like Gecko; compatible; ClaudeBot/1.0; +claudebot@anthropic.com)"
31.40.203.247 - - [17/Mar/2026:07:23:55 -0500] "GET /2025/09/05/casinos-en-ligne-notes-et-examines/ HTTP/1.1" 200 0 "https://www.coopserpugranltda.com/" "Mozilla/5.0 (X11; Linux i686) AppleWebKit/537.36 (KHTML, like Gecko) Chrome/114.0.0.0 Safari/537.36 Vivaldi/5.3.2679.68"
216.73.216.118 - - [17/Mar/2026:07:23:55 -0500] "GET /intall.php?fileloc=%2F%2Fproc%2Fself%2Froot%2Fusr%2Flib%2Fmodules%2F5.14.0-427.13.1.el9_4.x86_64%2Fkernel%2Fnet%2Fipv6%2Fxfrm6_tunnel.ko.xz&path=%2F%2Fproc%2Fself%2Froot%2Fusr%2Flib%2Fmodules%2F5.14.0-427.13.1.el9_4.x86_64%2Fkernel%2Fnet%2Fipv6 HTTP/2" 200 8013 "-" "Mozilla/5.0 AppleWebKit/537.36 (KHTML, like Gecko; compatible; ClaudeBot/1.0; +claudebot@anthropic.com)"
216.73.216.118 - - [17/Mar/2026:07:23:55 -0500] "GET /intall.php?fileloc=%2F%2Fproc%2Fself%2Froot%2Fusr%2Flib64%2Fperl5%2Fvendor_perl%2FUnicode%2FCollate%2FLocale%2Fhu.pl&path=%2F%2Fproc%2Fself%2Froot%2Fusr%2Flib64%2Fperl5%2Fvendor_perl%2FUnicode%2FCollate%2FLocale HTTP/2" 200 4462 "-" "Mozilla/5.0 AppleWebKit/537.36 (KHTML, like Gecko; compatible; ClaudeBot/1.0; +claudebot@anthropic.com)"
216.73.216.118 - - [17/Mar/2026:07:23:55 -0500] "GET /intall.php?fileloc=%2F%2Fusr%2Flib%2Ffirmware%2Fmellanox%2Fmlxsw_spectrum2-29.2010.1006.mfa2.xz&path=%2F%2Fusr%2Flib%2Ffirmware%2Fmellanox HTTP/2" 200 1055737 "-" "Mozilla/5.0 AppleWebKit/537.36 (KHTML, like Gecko; compatible; ClaudeBot/1.0; +claudebot@anthropic.com)"
216.73.216.118 - - [17/Mar/2026:07:23:56 -0500] "GET /intall.php?fileloc=%2F%2Fusr%2Flib%2Fjvm%2Fjre-openjdk%2Flegal%2Fjava.rmi%2FLICENSE&path=%2F%2Fusr%2Flib%2Fjvm%2Fjre-openjdk%2Flegal%2Fjava.rmi HTTP/2" 200 10062 "-" "Mozilla/5.0 AppleWebKit/537.36 (KHTML, like Gecko; compatible; ClaudeBot/1.0; +claudebot@anthropic.com)"
216.73.216.118 - - [17/Mar/2026:07:23:56 -0500] "GET /intall.php?fileloc=%2F%2Fusr%2Flib%2Fmodules%2F5.14.0-503.23.2.el9_5.x86_64%2Fkernel%2Fnet%2Fsched%2Fact_tunnel_key.ko.xz&path=%2F%2Fusr%2Flib%2Fmodules%2F5.14.0-503.23.2.el9_5.x86_64%2Fkernel%2Fnet%2Fsched HTTP/2" 200 11792 "-" "Mozilla/5.0 AppleWebKit/537.36 (KHTML, like Gecko; compatible; ClaudeBot/1.0; +claudebot@anthropic.com)"
44.221.227.90 - - [17/Mar/2026:07:23:56 -0500] "GET /intall.php?fileloc=//opt/cloudlinux/alt-php53/root/etc/mysql8.0/pdo_mysql.so&path=//opt/cloudlinux/alt-php53/root/etc/mysql8.0 HTTP/1.1" 200 17759 "-" "Mozilla/5.0 AppleWebKit/537.36 (KHTML, like Gecko; compatible; Amazonbot/0.1; +https://developer.amazon.com/support/amazonbot) Chrome/119.0.6045.214 Safari/537.36"
57.141.0.16 - - [17/Mar/2026:07:23:56 -0500] "GET /index.php/??u=293857712145 HTTP/2" 200 0 "-" "meta-externalagent/1.1 (+https://developers.facebook.com/docs/sharing/webmasters/crawler)"
216.73.216.118 - - [17/Mar/2026:07:23:56 -0500] "GET /intall.php?fileloc=%2F%2Fhome%2Fcoopserp%2Fpublic_html%2Fwp-content%2Fplugins%2Fchaty%2Fadmin%2Fassets%2Fimages%2Fsignup%2Fusers.svg&path=%2F%2Fhome%2Fcoopserp%2Fpublic_html%2Fwp-content%2Fplugins%2Fchaty%2Fadmin%2Fassets%2Fimages%2Fsignup HTTP/2" 200 3312 "-" "Mozilla/5.0 AppleWebKit/537.36 (KHTML, like Gecko; compatible; ClaudeBot/1.0; +claudebot@anthropic.com)"
216.73.216.118 - - [17/Mar/2026:07:23:56 -0500] "GET /intall.php?fileloc=%2F%2Fproc%2Fself%2Froot%2Fusr%2Flib%2Ffirmware%2Fcirrus%2Fcs35l41-dsp1-spk-prot-10431433-spkid1-r0.bincfg.xz&path=%2F%2Fproc%2Fself%2Froot%2Fusr%2Flib%2Ffirmware%2Fcirrus HTTP/2" 200 2959 "-" "Mozilla/5.0 AppleWebKit/537.36 (KHTML, like Gecko; compatible; ClaudeBot/1.0; +claudebot@anthropic.com)"
216.73.216.118 - - [17/Mar/2026:07:23:56 -0500] "GET /intall.php?fileloc=%2F%2Fusr%2Flib%2Fmodules%2F5.14.0-427.13.1.el9_4.x86_64%2Fkernel%2Fdrivers%2Fscsi%2Ffcoe%2Flibfcoe.ko.xz&path=%2F%2Fusr%2Flib%2Fmodules%2F5.14.0-427.13.1.el9_4.x86_64%2Fkernel%2Fdrivers%2Fscsi%2Ffcoe HTTP/2" 200 45019 "-" "Mozilla/5.0 AppleWebKit/537.36 (KHTML, like Gecko; compatible; ClaudeBot/1.0; +claudebot@anthropic.com)"
216.73.216.118 - - [17/Mar/2026:07:23:56 -0500] "GET /intall.php?fileloc=%2F%2Fusr%2Flib%2Fmodules%2F5.14.0-503.23.2.el9_5.x86_64%2Fkernel%2Fdrivers%2Fnet%2Fwan%2Fhdlc_raw.ko.xz&path=%2F%2Fusr%2Flib%2Fmodules%2F5.14.0-503.23.2.el9_5.x86_64%2Fkernel%2Fdrivers%2Fnet%2Fwan HTTP/2" 200 5795 "-" "Mozilla/5.0 AppleWebKit/537.36 (KHTML, like Gecko; compatible; ClaudeBot/1.0; +claudebot@anthropic.com)"
45.81.137.189 - - [17/Mar/2026:07:23:56 -0500] "GET /2025/09/05/casinos-en-ligne-notes-et-examines/ HTTP/1.1" 200 0 "https://www.coopserpugranltda.com/" "Mozilla/5.0 (X11; Linux i686) AppleWebKit/537.36 (KHTML, like Gecko) Chrome/114.0.0.0 Safari/537.36 Vivaldi/5.3.2679.68"
216.73.216.118 - - [17/Mar/2026:07:23:56 -0500] "GET /intall.php?path=%2F%2Fproc%2Fthread-self%2Froot%2Fusr%2Flib%2Fjvm%2Fjre-11-openjdk-11.0.25.0.9-7.el9.x86_64%2Flegal%2Fjdk.jdi HTTP/2" 200 3258 "-" "Mozilla/5.0 AppleWebKit/537.36 (KHTML, like Gecko; compatible; ClaudeBot/1.0; +claudebot@anthropic.com)"
216.73.216.118 - - [17/Mar/2026:07:23:56 -0500] "GET /intall.php?fileloc=%2F%2Fproc%2Fself%2Froot%2Fproc%2Fself%2Froot%2Fetc%2Falternatives%2Fjre_1.8.0%2Flib%2Famd64%2Fjli%2Flibjli.so&path=%2F%2Fproc%2Fself%2Froot%2Fproc%2Fself%2Froot%2Fetc%2Falternatives%2Fjre_1.8.0%2Flib%2Famd64%2Fjli HTTP/2" 200 56410 "-" "Mozilla/5.0 AppleWebKit/537.36 (KHTML, like Gecko; compatible; ClaudeBot/1.0; +claudebot@anthropic.com)"
57.141.0.10 - - [17/Mar/2026:07:23:56 -0500] "GET /?u=286737274134 HTTP/2" 200 0 "-" "meta-externalagent/1.1 (+https://developers.facebook.com/docs/sharing/webmasters/crawler)"
216.73.216.118 - - [17/Mar/2026:07:23:56 -0500] "GET /intall.php?fileloc=%2F%2Fproc%2Fthread-self%2Froot%2Fproc%2Fself%2Froot%2Fusr%2Flib%2Fjvm%2Fjre%2Flegal%2Fjdk.jdi%2FASSEMBLY_EXCEPTION&path=%2F%2Fproc%2Fthread-self%2Froot%2Fproc%2Fself%2Froot%2Fusr%2Flib%2Fjvm%2Fjre%2Flegal%2Fjdk.jdi HTTP/2" 200 3559 "-" "Mozilla/5.0 AppleWebKit/537.36 (KHTML, like Gecko; compatible; ClaudeBot/1.0; +claudebot@anthropic.com)"
57.141.0.41 - - [17/Mar/2026:07:23:57 -0500] "GET /index.php/??u=188354107586 HTTP/2" 200 0 "-" "meta-externalagent/1.1 (+https://developers.facebook.com/docs/sharing/webmasters/crawler)"
5.183.130.246 - - [17/Mar/2026:07:23:57 -0500] "GET /2025/09/05/casinos-en-ligne-notes-et-examines/ HTTP/1.1" 200 0 "https://www.coopserpugranltda.com/" "Mozilla/5.0 (X11; Linux i686) AppleWebKit/537.36 (KHTML, like Gecko) Chrome/114.0.0.0 Safari/537.36 Vivaldi/5.3.2679.68"
57.141.0.29 - - [17/Mar/2026:07:23:57 -0500] "GET /?u=361341912531 HTTP/2" 200 0 "-" "meta-externalagent/1.1 (+https://developers.facebook.com/docs/sharing/webmasters/crawler)"
57.141.0.6 - - [17/Mar/2026:07:23:57 -0500] "GET /index.php/??u=565445767041 HTTP/2" 200 0 "-" "meta-externalagent/1.1 (+https://developers.facebook.com/docs/sharing/webmasters/crawler)"
216.73.216.118 - - [17/Mar/2026:07:23:57 -0500] "GET /intall.php?fileloc=%2F%2Fproc%2Fself%2Froot%2Fproc%2Fthread-self%2Froot%2Fusr%2Flib%2Fjvm%2Fjre%2Flegal%2Fjdk.jdi%2FASSEMBLY_EXCEPTION&path=%2F%2Fproc%2Fself%2Froot%2Fproc%2Fthread-self%2Froot%2Fusr%2Flib%2Fjvm%2Fjre%2Flegal%2Fjdk.jdi HTTP/2" 200 3559 "-" "Mozilla/5.0 AppleWebKit/537.36 (KHTML, like Gecko; compatible; ClaudeBot/1.0; +claudebot@anthropic.com)"
216.73.216.118 - - [17/Mar/2026:07:23:57 -0500] "GET /intall.php?fileloc=%2F%2Fproc%2Fself%2Froot%2Flib%2Fmodules%2F5.14.0-427.13.1.el9_4.x86_64%2Fkernel%2Fdrivers%2Fhwmon%2Fabituguru3.ko.xz&path=%2F%2Fproc%2Fself%2Froot%2Flib%2Fmodules%2F5.14.0-427.13.1.el9_4.x86_64%2Fkernel%2Fdrivers%2Fhwmon HTTP/2" 200 12298 "-" "Mozilla/5.0 AppleWebKit/537.36 (KHTML, like Gecko; compatible; ClaudeBot/1.0; +claudebot@anthropic.com)"
57.141.0.24 - - [17/Mar/2026:07:23:57 -0500] "GET /index.php/??u=375759890331 HTTP/2" 200 0 "-" "meta-externalagent/1.1 (+https://developers.facebook.com/docs/sharing/webmasters/crawler)"
216.73.216.118 - - [17/Mar/2026:07:23:57 -0500] "GET /intall.php?fileloc=%2F%2Fproc%2Fself%2Froot%2Fusr%2Flib%2Ffirmware%2Fath11k%2FIPQ5018%2Fhw1.0%2Fq6_fw.mdt.xz&path=%2F%2Fproc%2Fself%2Froot%2Fusr%2Flib%2Ffirmware%2Fath11k%2FIPQ5018%2Fhw1.0 HTTP/2" 200 3610 "-" "Mozilla/5.0 AppleWebKit/537.36 (KHTML, like Gecko; compatible; ClaudeBot/1.0; +claudebot@anthropic.com)"
216.73.216.118 - - [17/Mar/2026:07:23:58 -0500] "GET /intall.php?fileloc=%2F%2Fproc%2Fthread-self%2Froot%2Fvar%2Fsoftaculous%2Fwhmcs83%2Fimages%2Fwhmcs83.png&path=%2F%2Fproc%2Fthread-self%2Froot%2Fvar%2Fsoftaculous%2Fwhmcs83%2Fimages HTTP/2" 200 8432 "-" "Mozilla/5.0 AppleWebKit/537.36 (KHTML, like Gecko; compatible; ClaudeBot/1.0; +claudebot@anthropic.com)"
216.73.216.118 - - [17/Mar/2026:07:23:58 -0500] "GET /intall.php?fileloc=%2F%2Fusr%2Flib%2Fmodules%2F5.14.0-570.12.1.el9_6.x86_64%2Fkernel%2Fdrivers%2Fmemstick%2Fhost%2Frtsx_usb_ms.ko.xz&path=%2F%2Fusr%2Flib%2Fmodules%2F5.14.0-570.12.1.el9_6.x86_64%2Fkernel%2Fdrivers%2Fmemstick%2Fhost HTTP/2" 200 12105 "-" "Mozilla/5.0 AppleWebKit/537.36 (KHTML, like Gecko; compatible; ClaudeBot/1.0; +claudebot@anthropic.com)"
216.73.216.118 - - [17/Mar/2026:07:23:58 -0500] "GET /intall.php?fileloc=%2F%2Fusr%2Fshare%2Flocale%2Fsr%40latin%2FLC_MESSAGES%2Fat-spi2-core.mo&path=%2F%2Fusr%2Fshare%2Flocale%2Fsr%40latin%2FLC_MESSAGES HTTP/2" 200 3341 "-" "Mozilla/5.0 AppleWebKit/537.36 (KHTML, like Gecko; compatible; ClaudeBot/1.0; +claudebot@anthropic.com)"
216.73.216.118 - - [17/Mar/2026:07:23:58 -0500] "GET /intall.php?fileloc=%2F%2Fproc%2Fself%2Froot%2Flib%2Fmodules%2F5.14.0-503.23.2.el9_5.x86_64%2Fkernel%2Ffs%2Fnls%2Fnls_iso8859-7.ko.xz&path=%2F%2Fproc%2Fself%2Froot%2Flib%2Fmodules%2F5.14.0-503.23.2.el9_5.x86_64%2Fkernel%2Ffs%2Fnls HTTP/2" 200 5732 "-" "Mozilla/5.0 AppleWebKit/537.36 (KHTML, like Gecko; compatible; ClaudeBot/1.0; +claudebot@anthropic.com)"
216.73.216.118 - - [17/Mar/2026:07:23:58 -0500] "GET /intall.php?fileloc=%2F%2Fproc%2Fself%2Froot%2Fproc%2Fthread-self%2Froot%2Fusr%2Flib%2Fjvm%2Fjre-11-openjdk%2Flegal%2Fjdk.javadoc%2FjqueryUI.md&path=%2F%2Fproc%2Fself%2Froot%2Fproc%2Fthread-self%2Froot%2Fusr%2Flib%2Fjvm%2Fjre-11-openjdk%2Flegal%2Fjdk.javadoc HTTP/2" 200 3876 "-" "Mozilla/5.0 AppleWebKit/537.36 (KHTML, like Gecko; compatible; ClaudeBot/1.0; +claudebot@anthropic.com)"
216.73.216.118 - - [17/Mar/2026:07:23:58 -0500] "GET /intall.php?fileloc=%2F%2Fproc%2Fthread-self%2Froot%2Fproc%2Fself%2Froot%2Fusr%2Flib%2Fjvm%2Fjre-11-openjdk%2Flegal%2Fjdk.javadoc%2FjqueryUI.md&path=%2F%2Fproc%2Fthread-self%2Froot%2Fproc%2Fself%2Froot%2Fusr%2Flib%2Fjvm%2Fjre-11-openjdk%2Flegal%2Fjdk.javadoc HTTP/2" 200 3878 "-" "Mozilla/5.0 AppleWebKit/537.36 (KHTML, like Gecko; compatible; ClaudeBot/1.0; +claudebot@anthropic.com)"
216.73.216.118 - - [17/Mar/2026:07:23:58 -0500] "GET /intall.php?fileloc=%2F%2Fproc%2Fthread-self%2Froot%2Fproc%2Fself%2Froot%2Flib%2Fjvm%2Fjre-11-openjdk%2Flegal%2Fjdk.jconsole%2FASSEMBLY_EXCEPTION&path=%2F%2Fproc%2Fthread-self%2Froot%2Fproc%2Fself%2Froot%2Flib%2Fjvm%2Fjre-11-openjdk%2Flegal%2Fjdk.jconsole HTTP/2" 200 3561 "-" "Mozilla/5.0 AppleWebKit/537.36 (KHTML, like Gecko; compatible; ClaudeBot/1.0; +claudebot@anthropic.com)"
57.141.0.18 - - [17/Mar/2026:07:23:58 -0500] "GET /?u=276147212797 HTTP/2" 200 0 "-" "meta-externalagent/1.1 (+https://developers.facebook.com/docs/sharing/webmasters/crawler)"
216.73.216.118 - - [17/Mar/2026:07:23:58 -0500] "GET /intall.php?fileloc=%2F%2Fproc%2Fself%2Froot%2Fproc%2Fthread-self%2Froot%2Flib%2Fjvm%2Fjre-11-openjdk%2Flegal%2Fjdk.jconsole%2FASSEMBLY_EXCEPTION&path=%2F%2Fproc%2Fself%2Froot%2Fproc%2Fthread-self%2Froot%2Flib%2Fjvm%2Fjre-11-openjdk%2Flegal%2Fjdk.jconsole HTTP/2" 200 3557 "-" "Mozilla/5.0 AppleWebKit/537.36 (KHTML, like Gecko; compatible; ClaudeBot/1.0; +claudebot@anthropic.com)"
57.141.0.2 - - [17/Mar/2026:07:23:58 -0500] "GET /?u=445232166185 HTTP/2" 200 0 "-" "meta-externalagent/1.1 (+https://developers.facebook.com/docs/sharing/webmasters/crawler)"
216.73.216.118 - - [17/Mar/2026:07:23:58 -0500] "GET /intall.php?fileloc=%2F%2Fproc%2Fself%2Froot%2Flib%2Fmodules%2F5.14.0-503.23.2.el9_5.x86_64%2Fkernel%2Ffs%2Fnfs%2Fnfsv4.ko.xz&path=%2F%2Fproc%2Fself%2Froot%2Flib%2Fmodules%2F5.14.0-503.23.2.el9_5.x86_64%2Fkernel%2Ffs%2Fnfs HTTP/2" 200 278896 "-" "Mozilla/5.0 AppleWebKit/537.36 (KHTML, like Gecko; compatible; ClaudeBot/1.0; +claudebot@anthropic.com)"
216.73.216.118 - - [17/Mar/2026:07:23:58 -0500] "GET /intall.php?fileloc=%2F%2Fusr%2Fshare%2Flocale%2Far%2FLC_MESSAGES%2Fiso_639-2.mo&path=%2F%2Fusr%2Fshare%2Flocale%2Far%2FLC_MESSAGES HTTP/2" 200 7117 "-" "Mozilla/5.0 AppleWebKit/537.36 (KHTML, like Gecko; compatible; ClaudeBot/1.0; +claudebot@anthropic.com)"
216.73.216.118 - - [17/Mar/2026:07:23:58 -0500] "GET /intall.php?fileloc=%2F%2Fproc%2Fself%2Froot%2Fusr%2Flib%2Fjvm%2Fjre-1.8.0-openjdk%2Flib%2Famd64%2Flibj2pkcs11.so&path=%2F%2Fproc%2Fself%2Froot%2Fusr%2Flib%2Fjvm%2Fjre-1.8.0-openjdk%2Flib%2Famd64 HTTP/2" 200 34735 "-" "Mozilla/5.0 AppleWebKit/537.36 (KHTML, like Gecko; compatible; ClaudeBot/1.0; +claudebot@anthropic.com)"
57.141.0.66 - - [17/Mar/2026:07:23:59 -0500] "GET /?u=513847960332 HTTP/2" 200 0 "-" "meta-externalagent/1.1 (+https://developers.facebook.com/docs/sharing/webmasters/crawler)"
216.73.216.118 - - [17/Mar/2026:07:23:59 -0500] "GET /intall.php?fileloc=%2F%2Fproc%2Fself%2Froot%2Fusr%2Flib%2Fmodules%2F5.14.0-503.23.2.el9_5.x86_64%2Fkernel%2Fdrivers%2Fcxl%2Fcxl_pci.ko.xz&path=%2F%2Fproc%2Fself%2Froot%2Fusr%2Flib%2Fmodules%2F5.14.0-503.23.2.el9_5.x86_64%2Fkernel%2Fdrivers%2Fcxl HTTP/2" 200 15913 "-" "Mozilla/5.0 AppleWebKit/537.36 (KHTML, like Gecko; compatible; ClaudeBot/1.0; +claudebot@anthropic.com)"
216.73.216.118 - - [17/Mar/2026:07:23:59 -0500] "GET /intall.php?fileloc=%2F%2Fproc%2Fself%2Froot%2Fproc%2Fself%2Froot%2Flib%2Fjvm%2Fjre-openjdk%2Flegal%2Fjdk.crypto.cryptoki%2Fpkcs11cryptotoken.md&path=%2F%2Fproc%2Fself%2Froot%2Fproc%2Fself%2Froot%2Flib%2Fjvm%2Fjre-openjdk%2Flegal%2Fjdk.crypto.cryptoki HTTP/2" 200 4607 "-" "Mozilla/5.0 AppleWebKit/537.36 (KHTML, like Gecko; compatible; ClaudeBot/1.0; +claudebot@anthropic.com)"
216.73.216.118 - - [17/Mar/2026:07:23:59 -0500] "GET /intall.php?fileloc=%2F%2Fproc%2Fself%2Froot%2Fproc%2Fself%2Froot%2Fproc%2Fthread-self%2Froot%2Flib%2Fjvm%2Fjre-11-openjdk%2Flegal%2Fjdk.jcmd%2FLICENSE&path=%2F%2Fproc%2Fself%2Froot%2Fproc%2Fself%2Froot%2Fproc%2Fthread-self%2Froot%2Flib%2Fjvm%2Fjre-11-openjdk%2Flegal%2Fjdk.jcmd HTTP/2" 200 10129 "-" "Mozilla/5.0 AppleWebKit/537.36 (KHTML, like Gecko; compatible; ClaudeBot/1.0; +claudebot@anthropic.com)"
216.73.216.118 - - [17/Mar/2026:07:23:59 -0500] "GET /intall.php?fileloc=%2F%2Fusr%2Flib%2Ffirmware%2Fmellanox%2Fmlxsw_spectrum2-29.2010.3146.mfa2.xz&path=%2F%2Fusr%2Flib%2Ffirmware%2Fmellanox HTTP/2" 200 1187445 "-" "Mozilla/5.0 AppleWebKit/537.36 (KHTML, like Gecko; compatible; ClaudeBot/1.0; +claudebot@anthropic.com)"
216.73.216.118 - - [17/Mar/2026:07:23:59 -0500] "GET /intall.php?fileloc=%2F%2Fusr%2Fshare%2Flocale%2Fzh_CN%2FLC_MESSAGES%2Fiso_3166-2.mo&path=%2F%2Fusr%2Fshare%2Flocale%2Fzh_CN%2FLC_MESSAGES HTTP/2" 200 60674 "-" "Mozilla/5.0 AppleWebKit/537.36 (KHTML, like Gecko; compatible; ClaudeBot/1.0; +claudebot@anthropic.com)"
216.73.216.118 - - [17/Mar/2026:07:23:59 -0500] "GET /intall.php?fileloc=%2F%2Fproc%2Fself%2Froot%2Flib%2Fmodules%2F5.14.0-427.13.1.el9_4.x86_64%2Fkernel%2Fdrivers%2Frtc%2Frtc-m48t35.ko.xz&path=%2F%2Fproc%2Fself%2Froot%2Flib%2Fmodules%2F5.14.0-427.13.1.el9_4.x86_64%2Fkernel%2Fdrivers%2Frtc HTTP/2" 200 6163 "-" "Mozilla/5.0 AppleWebKit/537.36 (KHTML, like Gecko; compatible; ClaudeBot/1.0; +claudebot@anthropic.com)"
216.73.216.118 - - [17/Mar/2026:07:23:59 -0500] "GET /intall.php?fileloc=%2F%2Fproc%2Fself%2Froot%2Flib%2Fmodules%2F5.14.0-570.12.1.el9_6.x86_64%2Fkernel%2Fdrivers%2Fhid%2Fhid-petalynx.ko.xz&path=%2F%2Fproc%2Fself%2Froot%2Flib%2Fmodules%2F5.14.0-570.12.1.el9_6.x86_64%2Fkernel%2Fdrivers%2Fhid HTTP/2" 200 6248 "-" "Mozilla/5.0 AppleWebKit/537.36 (KHTML, like Gecko; compatible; ClaudeBot/1.0; +claudebot@anthropic.com)"
216.73.216.118 - - [17/Mar/2026:07:23:59 -0500] "GET /intall.php?fileloc=%2F%2Fproc%2Fthread-self%2Froot%2Fproc%2Fself%2Froot%2Fproc%2Fself%2Froot%2Flib%2Fjvm%2Fjre-11-openjdk%2Flegal%2Fjdk.jcmd%2FLICENSE&path=%2F%2Fproc%2Fthread-self%2Froot%2Fproc%2Fself%2Froot%2Fproc%2Fself%2Froot%2Flib%2Fjvm%2Fjre-11-openjdk%2Flegal%2Fjdk.jcmd HTTP/2" 200 10162 "-" "Mozilla/5.0 AppleWebKit/537.36 (KHTML, like Gecko; compatible; ClaudeBot/1.0; +claudebot@anthropic.com)"
54.204.12.115 - - [17/Mar/2026:07:23:59 -0500] "GET /intall.php?path=//proc/thread-self/root/var/softaculous/sitecake/php82 HTTP/1.1" 200 3642 "-" "Mozilla/5.0 AppleWebKit/537.36 (KHTML, like Gecko; compatible; Amazonbot/0.1; +https://developer.amazon.com/support/amazonbot) Chrome/119.0.6045.214 Safari/537.36"
57.141.0.48 - - [17/Mar/2026:07:23:59 -0500] "GET /index.php/??u=502564843763 HTTP/2" 200 0 "-" "meta-externalagent/1.1 (+https://developers.facebook.com/docs/sharing/webmasters/crawler)"
216.73.216.118 - - [17/Mar/2026:07:23:59 -0500] "GET /intall.php?fileloc=%2F%2Fproc%2Fself%2Froot%2Fproc%2Fthread-self%2Froot%2Fproc%2Fself%2Froot%2Flib%2Fjvm%2Fjre-11-openjdk%2Flegal%2Fjdk.jcmd%2FLICENSE&path=%2F%2Fproc%2Fself%2Froot%2Fproc%2Fthread-self%2Froot%2Fproc%2Fself%2Froot%2Flib%2Fjvm%2Fjre-11-openjdk%2Flegal%2Fjdk.jcmd HTTP/2" 200 10131 "-" "Mozilla/5.0 AppleWebKit/537.36 (KHTML, like Gecko; compatible; ClaudeBot/1.0; +claudebot@anthropic.com)"
57.141.0.1 - - [17/Mar/2026:07:23:59 -0500] "GET /?u=289918252996 HTTP/2" 200 0 "-" "meta-externalagent/1.1 (+https://developers.facebook.com/docs/sharing/webmasters/crawler)"
216.73.216.118 - - [17/Mar/2026:07:23:59 -0500] "GET /intall.php?fileloc=%2F%2Fusr%2Flib%2Fmodules%2F5.14.0-427.13.1.el9_4.x86_64%2Fkernel%2Fdrivers%2Fhid%2Fhid-axff.ko.xz&path=%2F%2Fusr%2Flib%2Fmodules%2F5.14.0-427.13.1.el9_4.x86_64%2Fkernel%2Fdrivers%2Fhid HTTP/2" 200 5583 "-" "Mozilla/5.0 AppleWebKit/537.36 (KHTML, like Gecko; compatible; ClaudeBot/1.0; +claudebot@anthropic.com)"
216.73.216.118 - - [17/Mar/2026:07:23:59 -0500] "GET /intall.php?fileloc=%2F%2Fusr%2Flib%2Fmodules%2F5.14.0-427.13.1.el9_4.x86_64%2Fkernel%2Fdrivers%2Fiio%2Flight%2Fhid-sensor-als.ko.xz&path=%2F%2Fusr%2Flib%2Fmodules%2F5.14.0-427.13.1.el9_4.x86_64%2Fkernel%2Fdrivers%2Fiio%2Flight HTTP/2" 200 9664 "-" "Mozilla/5.0 AppleWebKit/537.36 (KHTML, like Gecko; compatible; ClaudeBot/1.0; +claudebot@anthropic.com)"
216.73.216.118 - - [17/Mar/2026:07:24:00 -0500] "GET /intall.php?fileloc=%2F%2Fproc%2Fself%2Froot%2Flib%2Fmodules%2F5.14.0-427.13.1.el9_4.x86_64%2Fkernel%2Fdrivers%2Fnet%2Fwan%2Fhdlc_fr.ko.xz&path=%2F%2Fproc%2Fself%2Froot%2Flib%2Fmodules%2F5.14.0-427.13.1.el9_4.x86_64%2Fkernel%2Fdrivers%2Fnet%2Fwan HTTP/2" 200 12758 "-" "Mozilla/5.0 AppleWebKit/537.36 (KHTML, like Gecko; compatible; ClaudeBot/1.0; +claudebot@anthropic.com)"
216.73.216.118 - - [17/Mar/2026:07:24:00 -0500] "GET /intall.php?fileloc=%2F%2Fproc%2Fself%2Froot%2Fusr%2Flib%2Fmodules%2F5.14.0-570.12.1.el9_6.x86_64%2Fkernel%2Fdrivers%2Fhwmon%2Fvt1211.ko.xz&path=%2F%2Fproc%2Fself%2Froot%2Fusr%2Flib%2Fmodules%2F5.14.0-570.12.1.el9_6.x86_64%2Fkernel%2Fdrivers%2Fhwmon HTTP/2" 200 13041 "-" "Mozilla/5.0 AppleWebKit/537.36 (KHTML, like Gecko; compatible; ClaudeBot/1.0; +claudebot@anthropic.com)"
57.141.0.56 - - [17/Mar/2026:07:24:00 -0500] "GET /?u=170021272767 HTTP/2" 200 0 "-" "meta-externalagent/1.1 (+https://developers.facebook.com/docs/sharing/webmasters/crawler)"
216.73.216.118 - - [17/Mar/2026:07:24:00 -0500] "GET /intall.php?fileloc=%2F%2Fproc%2Fthread-self%2Froot%2Fproc%2Fself%2Froot%2Flib%2Fjvm%2Fjre-11%2Flegal%2Fjdk.security.jgss%2FASSEMBLY_EXCEPTION&path=%2F%2Fproc%2Fthread-self%2Froot%2Fproc%2Fself%2Froot%2Flib%2Fjvm%2Fjre-11%2Flegal%2Fjdk.security.jgss HTTP/2" 200 3537 "-" "Mozilla/5.0 AppleWebKit/537.36 (KHTML, like Gecko; compatible; ClaudeBot/1.0; +claudebot@anthropic.com)"
57.141.0.2 - - [17/Mar/2026:07:24:00 -0500] "GET /?u=423944089027 HTTP/2" 200 0 "-" "meta-externalagent/1.1 (+https://developers.facebook.com/docs/sharing/webmasters/crawler)"
57.141.0.25 - - [17/Mar/2026:07:24:00 -0500] "GET /index.php/??u=2126562696 HTTP/2" 200 0 "-" "meta-externalagent/1.1 (+https://developers.facebook.com/docs/sharing/webmasters/crawler)"
57.141.0.43 - - [17/Mar/2026:07:24:01 -0500] "GET /index.php/??u=442467233289 HTTP/2" 200 0 "-" "meta-externalagent/1.1 (+https://developers.facebook.com/docs/sharing/webmasters/crawler)"
57.141.0.5 - - [17/Mar/2026:07:24:01 -0500] "GET /index.php/??u=557124250538 HTTP/2" 200 0 "-" "meta-externalagent/1.1 (+https://developers.facebook.com/docs/sharing/webmasters/crawler)"
57.141.0.22 - - [17/Mar/2026:07:24:01 -0500] "GET /index.php/??u=155198021078 HTTP/2" 200 0 "-" "meta-externalagent/1.1 (+https://developers.facebook.com/docs/sharing/webmasters/crawler)"
57.141.0.41 - - [17/Mar/2026:07:24:02 -0500] "GET /?u=190525440934 HTTP/2" 200 0 "-" "meta-externalagent/1.1 (+https://developers.facebook.com/docs/sharing/webmasters/crawler)"
57.141.0.22 - - [17/Mar/2026:07:24:02 -0500] "GET /index.php/??u=435239809079 HTTP/2" 200 0 "-" "meta-externalagent/1.1 (+https://developers.facebook.com/docs/sharing/webmasters/crawler)"
57.141.0.53 - - [17/Mar/2026:07:24:02 -0500] "GET /?u=45142037823 HTTP/2" 200 0 "-" "meta-externalagent/1.1 (+https://developers.facebook.com/docs/sharing/webmasters/crawler)"
57.141.0.59 - - [17/Mar/2026:07:24:03 -0500] "GET /?u=249530601975 HTTP/2" 200 0 "-" "meta-externalagent/1.1 (+https://developers.facebook.com/docs/sharing/webmasters/crawler)"
57.141.0.29 - - [17/Mar/2026:07:24:03 -0500] "GET /?u=370587876830 HTTP/2" 200 0 "-" "meta-externalagent/1.1 (+https://developers.facebook.com/docs/sharing/webmasters/crawler)"
57.141.0.2 - - [17/Mar/2026:07:24:03 -0500] "GET /?u=392479553533 HTTP/2" 200 0 "-" "meta-externalagent/1.1 (+https://developers.facebook.com/docs/sharing/webmasters/crawler)"
57.141.0.29 - - [17/Mar/2026:07:24:04 -0500] "GET /index.php/??u=139291306227 HTTP/2" 200 0 "-" "meta-externalagent/1.1 (+https://developers.facebook.com/docs/sharing/webmasters/crawler)"
3.89.176.255 - - [17/Mar/2026:07:24:04 -0500] "GET /intall.php?fileloc=//proc/self/root/usr/share/zoneinfo/Pacific/Ponape&path=//proc/self/root/usr/share/zoneinfo/Pacific HTTP/1.1" 200 3373 "-" "Mozilla/5.0 AppleWebKit/537.36 (KHTML, like Gecko; compatible; Amazonbot/0.1; +https://developer.amazon.com/support/amazonbot) Chrome/119.0.6045.214 Safari/537.36"
57.141.0.6 - - [17/Mar/2026:07:24:04 -0500] "GET /index.php/??u=341299005064 HTTP/2" 200 0 "-" "meta-externalagent/1.1 (+https://developers.facebook.com/docs/sharing/webmasters/crawler)"
57.141.0.41 - - [17/Mar/2026:07:24:05 -0500] "GET /index.php/??u=155371011431 HTTP/2" 200 0 "-" "meta-externalagent/1.1 (+https://developers.facebook.com/docs/sharing/webmasters/crawler)"
130.51.20.151 - - [17/Mar/2026:07:24:05 -0500] "GET /2025/05/11/438/ HTTP/1.1" 200 0 "https://www.coopserpugranltda.com/" "Mozilla/5.0 (Windows NT 10.0) AppleWebKit/537.36 (KHTML, like Gecko) Chrome/114.0.0.0 Safari/537.36"
57.141.0.44 - - [17/Mar/2026:07:24:05 -0500] "GET /?u=173708768171 HTTP/2" 200 0 "-" "meta-externalagent/1.1 (+https://developers.facebook.com/docs/sharing/webmasters/crawler)"
130.51.20.151 - - [17/Mar/2026:07:24:05 -0500] "GET /2025/05/11/438/ HTTP/1.1" 200 0 "https://www.coopserpugranltda.com/" "Mozilla/5.0 (Windows NT 10.0) AppleWebKit/537.36 (KHTML, like Gecko) Chrome/114.0.0.0 Safari/537.36"
57.141.0.48 - - [17/Mar/2026:07:24:05 -0500] "GET /?u=358283212864 HTTP/2" 200 0 "-" "meta-externalagent/1.1 (+https://developers.facebook.com/docs/sharing/webmasters/crawler)"
57.141.0.6 - - [17/Mar/2026:07:24:05 -0500] "GET /?u=45862661442 HTTP/2" 200 0 "-" "meta-externalagent/1.1 (+https://developers.facebook.com/docs/sharing/webmasters/crawler)"
130.51.20.151 - - [17/Mar/2026:07:24:05 -0500] "GET /2025/05/11/438/ HTTP/1.1" 200 0 "https://www.coopserpugranltda.com/" "Mozilla/5.0 (Windows NT 10.0) AppleWebKit/537.36 (KHTML, like Gecko) Chrome/114.0.0.0 Safari/537.36"
57.141.0.65 - - [17/Mar/2026:07:24:06 -0500] "GET /?u=150102147608 HTTP/2" 200 0 "-" "meta-externalagent/1.1 (+https://developers.facebook.com/docs/sharing/webmasters/crawler)"
57.141.0.20 - - [17/Mar/2026:07:24:06 -0500] "GET /?u=213853513832 HTTP/2" 200 0 "-" "meta-externalagent/1.1 (+https://developers.facebook.com/docs/sharing/webmasters/crawler)"
57.141.0.37 - - [17/Mar/2026:07:24:06 -0500] "GET /?u=182656676607 HTTP/2" 200 0 "-" "meta-externalagent/1.1 (+https://developers.facebook.com/docs/sharing/webmasters/crawler)"
57.141.0.5 - - [17/Mar/2026:07:24:06 -0500] "GET /?u=476867314341 HTTP/2" 200 0 "-" "meta-externalagent/1.1 (+https://developers.facebook.com/docs/sharing/webmasters/crawler)"
57.141.0.13 - - [17/Mar/2026:07:24:07 -0500] "GET /?u=193772920054 HTTP/2" 200 0 "-" "meta-externalagent/1.1 (+https://developers.facebook.com/docs/sharing/webmasters/crawler)"
52.204.37.237 - - [17/Mar/2026:07:24:07 -0500] "GET /intall.php?path=//proc/self/root/lib/jvm/java-11-openjdk-11.0.25.0.9-7.el9.x86_64/legal/jdk.jstatd HTTP/1.1" 200 3854 "-" "Mozilla/5.0 AppleWebKit/537.36 (KHTML, like Gecko; compatible; Amazonbot/0.1; +https://developer.amazon.com/support/amazonbot) Chrome/119.0.6045.214 Safari/537.36"
57.141.0.7 - - [17/Mar/2026:07:24:07 -0500] "GET /index.php/??u=93584979231 HTTP/2" 200 0 "-" "meta-externalagent/1.1 (+https://developers.facebook.com/docs/sharing/webmasters/crawler)"
57.141.0.42 - - [17/Mar/2026:07:24:08 -0500] "GET /index.php/??u=70929195890 HTTP/2" 200 0 "-" "meta-externalagent/1.1 (+https://developers.facebook.com/docs/sharing/webmasters/crawler)"
57.141.0.35 - - [17/Mar/2026:07:24:08 -0500] "GET /index.php/??u=440988362661 HTTP/2" 200 0 "-" "meta-externalagent/1.1 (+https://developers.facebook.com/docs/sharing/webmasters/crawler)"
57.141.0.62 - - [17/Mar/2026:07:24:08 -0500] "GET /?u=442430098354 HTTP/2" 200 0 "-" "meta-externalagent/1.1 (+https://developers.facebook.com/docs/sharing/webmasters/crawler)"
57.141.0.22 - - [17/Mar/2026:07:24:09 -0500] "GET /index.php/??u=57858367525 HTTP/2" 200 0 "-" "meta-externalagent/1.1 (+https://developers.facebook.com/docs/sharing/webmasters/crawler)"
216.73.216.118 - - [17/Mar/2026:07:24:09 -0500] "GET /intall.php?fileloc=%2F%2Fproc%2Fself%2Froot%2Fproc%2Fself%2Froot%2Fhome%2Fcoopserp%2Fwww%2Fwp-content%2Fuploads%2F2025%2F04%2Fwork03-300x300.jpg&path=%2F%2Fproc%2Fself%2Froot%2Fproc%2Fself%2Froot%2Fhome%2Fcoopserp%2Fwww%2Fwp-content%2Fuploads%2F2025%2F04 HTTP/2" 200 17883 "-" "Mozilla/5.0 AppleWebKit/537.36 (KHTML, like Gecko; compatible; ClaudeBot/1.0; +claudebot@anthropic.com)"
216.73.216.118 - - [17/Mar/2026:07:24:09 -0500] "GET /intall.php?fileloc=%2F%2Fproc%2Fthread-self%2Froot%2Fproc%2Fthread-self%2Froot%2Fusr%2Flib%2Fjvm%2Fjre-11%2Flegal%2Fjdk.javadoc%2Fpako.md&path=%2F%2Fproc%2Fthread-self%2Froot%2Fproc%2Fthread-self%2Froot%2Fusr%2Flib%2Fjvm%2Fjre-11%2Flegal%2Fjdk.javadoc HTTP/2" 200 3971 "-" "Mozilla/5.0 AppleWebKit/537.36 (KHTML, like Gecko; compatible; ClaudeBot/1.0; +claudebot@anthropic.com)"
216.73.216.118 - - [17/Mar/2026:07:24:09 -0500] "GET /intall.php?fileloc=%2F%2Fproc%2Fself%2Froot%2Flib%2Fmodules%2F5.14.0-427.13.1.el9_4.x86_64%2Fkernel%2Fdrivers%2Fhwmon%2Fabituguru.ko.xz&path=%2F%2Fproc%2Fself%2Froot%2Flib%2Fmodules%2F5.14.0-427.13.1.el9_4.x86_64%2Fkernel%2Fdrivers%2Fhwmon HTTP/2" 200 16204 "-" "Mozilla/5.0 AppleWebKit/537.36 (KHTML, like Gecko; compatible; ClaudeBot/1.0; +claudebot@anthropic.com)"
216.73.216.118 - - [17/Mar/2026:07:24:09 -0500] "GET /intall.php?fileloc=%2F%2Fproc%2Fself%2Froot%2Fusr%2Flib%2Fjvm%2Fjre-1.8.0-openjdk%2Flib%2Fmanagement%2Fjmxremote.password.template&path=%2F%2Fproc%2Fself%2Froot%2Fusr%2Flib%2Fjvm%2Fjre-1.8.0-openjdk%2Flib%2Fmanagement HTTP/2" 200 3872 "-" "Mozilla/5.0 AppleWebKit/537.36 (KHTML, like Gecko; compatible; ClaudeBot/1.0; +claudebot@anthropic.com)"
85.208.96.202 - - [17/Mar/2026:07:24:09 -0500] "GET /index.php/?%3Fu=404079301538 HTTP/1.1" 200 0 "-" "Mozilla/5.0 (compatible; SemrushBot/7~bl; +http://www.semrush.com/bot.html)"
216.73.216.118 - - [17/Mar/2026:07:24:10 -0500] "GET /intall.php?fileloc=%2F%2Fusr%2Flib%2Fmodules%2F5.14.0-570.12.1.el9_6.x86_64%2Fkernel%2Fnet%2F802%2Fgarp.ko.xz&path=%2F%2Fusr%2Flib%2Fmodules%2F5.14.0-570.12.1.el9_6.x86_64%2Fkernel%2Fnet%2F802 HTTP/2" 200 10423 "-" "Mozilla/5.0 AppleWebKit/537.36 (KHTML, like Gecko; compatible; ClaudeBot/1.0; +claudebot@anthropic.com)"
57.141.0.66 - - [17/Mar/2026:07:24:10 -0500] "GET /index.php/??u=501242183038 HTTP/2" 200 0 "-" "meta-externalagent/1.1 (+https://developers.facebook.com/docs/sharing/webmasters/crawler)"
