216.73.216.118 - - [17/Mar/2026:07:13:17 -0500] "GET /intall.php?fileloc=%2F%2Fproc%2Fself%2Froot%2Fproc%2Fself%2Froot%2Fhome%2Fcoopserp%2Fwww%2Fwp-includes%2Fblocks%2Fnextpage%2Feditor-rtl.min.css&path=%2F%2Fproc%2Fself%2Froot%2Fproc%2Fself%2Froot%2Fhome%2Fcoopserp%2Fwww%2Fwp-includes%2Fblocks%2Fnextpage HTTP/2" 200 3136 "-" "Mozilla/5.0 AppleWebKit/537.36 (KHTML, like Gecko; compatible; ClaudeBot/1.0; +claudebot@anthropic.com)"
57.141.0.67 - - [17/Mar/2026:07:13:17 -0500] "GET /?u=125595508928 HTTP/2" 200 0 "-" "meta-externalagent/1.1 (+https://developers.facebook.com/docs/sharing/webmasters/crawler)"
57.141.0.11 - - [17/Mar/2026:07:13:17 -0500] "GET /?u=454805398686 HTTP/2" 200 0 "-" "meta-externalagent/1.1 (+https://developers.facebook.com/docs/sharing/webmasters/crawler)"
57.141.0.20 - - [17/Mar/2026:07:13:17 -0500] "GET /index.php/??u=9197778367 HTTP/2" 200 0 "-" "meta-externalagent/1.1 (+https://developers.facebook.com/docs/sharing/webmasters/crawler)"
216.73.216.118 - - [17/Mar/2026:07:13:17 -0500] "GET /intall.php?fileloc=%2F%2Fproc%2Fself%2Froot%2Fusr%2Flib%2F.build-id%2Fbb%2F5877c87182ec026ac8a8b1e106f2a05e2ce1ca&path=%2F%2Fproc%2Fself%2Froot%2Fusr%2Flib%2F.build-id%2Fbb HTTP/2" 200 22581 "-" "Mozilla/5.0 AppleWebKit/537.36 (KHTML, like Gecko; compatible; ClaudeBot/1.0; +claudebot@anthropic.com)"
57.141.0.3 - - [17/Mar/2026:07:13:18 -0500] "GET /index.php/??u=325146723050 HTTP/2" 200 0 "-" "meta-externalagent/1.1 (+https://developers.facebook.com/docs/sharing/webmasters/crawler)"
57.141.0.27 - - [17/Mar/2026:07:13:18 -0500] "GET /?u=491989444360 HTTP/2" 200 0 "-" "meta-externalagent/1.1 (+https://developers.facebook.com/docs/sharing/webmasters/crawler)"
57.141.0.56 - - [17/Mar/2026:07:13:18 -0500] "GET /index.php/??u=206166331151 HTTP/2" 200 0 "-" "meta-externalagent/1.1 (+https://developers.facebook.com/docs/sharing/webmasters/crawler)"
57.141.0.30 - - [17/Mar/2026:07:13:19 -0500] "GET /index.php/??u=346432050123 HTTP/2" 200 0 "-" "meta-externalagent/1.1 (+https://developers.facebook.com/docs/sharing/webmasters/crawler)"
57.141.0.26 - - [17/Mar/2026:07:13:19 -0500] "GET /?u=321315874701 HTTP/2" 200 0 "-" "meta-externalagent/1.1 (+https://developers.facebook.com/docs/sharing/webmasters/crawler)"
216.73.216.118 - - [17/Mar/2026:07:13:17 -0500] "GET /intall.php?fileloc=%2F%2Fproc%2Fthread-self%2Froot%2Fusr%2Flib%2F.build-id%2Fcc%2F03dec2852e6523ddb0d02dc9c31c620338766e&path=%2F%2Fproc%2Fthread-self%2Froot%2Fusr%2Flib%2F.build-id%2Fcc HTTP/2" 200 349210 "-" "Mozilla/5.0 AppleWebKit/537.36 (KHTML, like Gecko; compatible; ClaudeBot/1.0; +claudebot@anthropic.com)"
85.208.96.208 - - [17/Mar/2026:07:13:19 -0500] "GET /index.php/?%3Fu=354846679526 HTTP/1.1" 200 0 "-" "Mozilla/5.0 (compatible; SemrushBot/7~bl; +http://www.semrush.com/bot.html)"
57.141.0.20 - - [17/Mar/2026:07:13:19 -0500] "GET /index.php/??u=310268277442 HTTP/2" 200 0 "-" "meta-externalagent/1.1 (+https://developers.facebook.com/docs/sharing/webmasters/crawler)"
57.141.0.56 - - [17/Mar/2026:07:13:19 -0500] "GET /index.php/??u=428401027227 HTTP/2" 200 0 "-" "meta-externalagent/1.1 (+https://developers.facebook.com/docs/sharing/webmasters/crawler)"
52.204.253.129 - - [17/Mar/2026:07:13:19 -0500] "GET /intall.php?fileloc=//proc/thread-self/root/proc/sys/net/ipv4/tcp_abort_on_overflow&path=//proc/thread-self/root/proc/sys/net/ipv4 HTTP/1.1" 200 3253 "-" "Mozilla/5.0 AppleWebKit/537.36 (KHTML, like Gecko; compatible; Amazonbot/0.1; +https://developer.amazon.com/support/amazonbot) Chrome/119.0.6045.214 Safari/537.36"
57.141.0.45 - - [17/Mar/2026:07:13:21 -0500] "GET /index.php/??u=565777940278 HTTP/2" 200 0 "-" "meta-externalagent/1.1 (+https://developers.facebook.com/docs/sharing/webmasters/crawler)"
57.141.0.50 - - [17/Mar/2026:07:13:21 -0500] "GET /?u=428904475942 HTTP/2" 200 0 "-" "meta-externalagent/1.1 (+https://developers.facebook.com/docs/sharing/webmasters/crawler)"
57.141.0.43 - - [17/Mar/2026:07:13:21 -0500] "GET /index.php/??u=327331065214 HTTP/2" 200 0 "-" "meta-externalagent/1.1 (+https://developers.facebook.com/docs/sharing/webmasters/crawler)"
57.141.0.5 - - [17/Mar/2026:07:13:21 -0500] "GET /?u=450427589187 HTTP/2" 200 0 "-" "meta-externalagent/1.1 (+https://developers.facebook.com/docs/sharing/webmasters/crawler)"
57.141.0.72 - - [17/Mar/2026:07:13:22 -0500] "GET /index.php/??u=118836116436 HTTP/2" 200 0 "-" "meta-externalagent/1.1 (+https://developers.facebook.com/docs/sharing/webmasters/crawler)"
57.141.0.50 - - [17/Mar/2026:07:13:22 -0500] "GET /?u=25943034572 HTTP/2" 200 0 "-" "meta-externalagent/1.1 (+https://developers.facebook.com/docs/sharing/webmasters/crawler)"
57.141.0.26 - - [17/Mar/2026:07:13:22 -0500] "GET /?u=445342377985 HTTP/2" 200 0 "-" "meta-externalagent/1.1 (+https://developers.facebook.com/docs/sharing/webmasters/crawler)"
216.73.216.118 - - [17/Mar/2026:07:13:18 -0500] "GET /intall.php?fileloc=%2F%2Fproc%2Fthread-self%2Froot%2Fhome%2Fcoopserp%2F.cagefs%2Fopt%2Falt%2Fphp82%2Fvar%2Flib%2Fphp%2Fsession%2FywIXGhxR2gdjvh&path=%2F%2Fproc%2Fthread-self%2Froot%2Fhome%2Fcoopserp%2F.cagefs%2Fopt%2Falt%2Fphp82%2Fvar%2Flib%2Fphp%2Fsession HTTP/2" 200 3106 "-" "Mozilla/5.0 AppleWebKit/537.36 (KHTML, like Gecko; compatible; ClaudeBot/1.0; +claudebot@anthropic.com)"
57.141.0.37 - - [17/Mar/2026:07:13:23 -0500] "GET /index.php/??u=209587221974 HTTP/2" 200 0 "-" "meta-externalagent/1.1 (+https://developers.facebook.com/docs/sharing/webmasters/crawler)"
216.73.216.118 - - [17/Mar/2026:07:13:17 -0500] "GET /intall.php?fileloc=%2F%2Fproc%2Fself%2Froot%2Fproc%2Fself%2Froot%2Fproc%2Fself%2Froot%2Fproc%2F2375737%2Froot%2Flib64%2Fpolkit-1%2Flibmozjs-78.so&path=%2F%2Fproc%2Fself%2Froot%2Fproc%2Fself%2Froot%2Fproc%2Fself%2Froot%2Fproc%2F2375737%2Froot%2Flib64%2Fpolkit-1 HTTP/2" 200 9459678 "-" "Mozilla/5.0 AppleWebKit/537.36 (KHTML, like Gecko; compatible; ClaudeBot/1.0; +claudebot@anthropic.com)"
216.73.216.118 - - [17/Mar/2026:07:13:17 -0500] "GET /intall.php?fileloc=%2F%2Fproc%2Fthread-self%2Froot%2Fusr%2Fshare%2Flocale%2Fde%2FLC_MESSAGES%2Fgsettings-desktop-schemas.mo&path=%2F%2Fproc%2Fthread-self%2Froot%2Fusr%2Fshare%2Flocale%2Fde%2FLC_MESSAGES HTTP/2" 200 1744 "-" "Mozilla/5.0 AppleWebKit/537.36 (KHTML, like Gecko; compatible; ClaudeBot/1.0; +claudebot@anthropic.com)"
57.141.0.10 - - [17/Mar/2026:07:13:23 -0500] "GET /?u=260609364350 HTTP/2" 200 0 "-" "meta-externalagent/1.1 (+https://developers.facebook.com/docs/sharing/webmasters/crawler)"
216.73.216.118 - - [17/Mar/2026:07:13:17 -0500] "GET /intall.php?fileloc=%2F%2Fproc%2Fself%2Froot%2Fproc%2Fself%2Froot%2Fproc%2Fself%2Froot%2Fproc%2F2375737%2Froot%2Fvar%2Fsoftaculous%2Ftypo8%2Fnotes.txt&path=%2F%2Fproc%2Fself%2Froot%2Fproc%2Fself%2Froot%2Fproc%2Fself%2Froot%2Fproc%2F2375737%2Froot%2Fvar%2Fsoftaculous%2Ftypo8 HTTP/2" 200 1744 "-" "Mozilla/5.0 AppleWebKit/537.36 (KHTML, like Gecko; compatible; ClaudeBot/1.0; +claudebot@anthropic.com)"
57.141.0.27 - - [17/Mar/2026:07:13:24 -0500] "GET /?u=407757880047 HTTP/2" 200 0 "-" "meta-externalagent/1.1 (+https://developers.facebook.com/docs/sharing/webmasters/crawler)"
57.141.0.42 - - [17/Mar/2026:07:13:24 -0500] "GET /?u=139597535827 HTTP/2" 200 0 "-" "meta-externalagent/1.1 (+https://developers.facebook.com/docs/sharing/webmasters/crawler)"
57.141.0.72 - - [17/Mar/2026:07:13:24 -0500] "GET /index.php/??u=464306706048 HTTP/2" 200 0 "-" "meta-externalagent/1.1 (+https://developers.facebook.com/docs/sharing/webmasters/crawler)"
216.73.216.118 - - [17/Mar/2026:07:13:17 -0500] "GET /intall.php?fileloc=%2F%2Fproc%2Fself%2Froot%2Flib%2Ffirmware%2Fintel%2Fibt-18-16-1.sfi.xz&path=%2F%2Fproc%2Fself%2Froot%2Flib%2Ffirmware%2Fintel HTTP/2" 200 1744 "-" "Mozilla/5.0 AppleWebKit/537.36 (KHTML, like Gecko; compatible; ClaudeBot/1.0; +claudebot@anthropic.com)"
57.141.0.29 - - [17/Mar/2026:07:13:24 -0500] "GET /?u=494536817431 HTTP/2" 200 0 "-" "meta-externalagent/1.1 (+https://developers.facebook.com/docs/sharing/webmasters/crawler)"
57.141.0.53 - - [17/Mar/2026:07:13:25 -0500] "GET /?u=311779506213 HTTP/2" 200 0 "-" "meta-externalagent/1.1 (+https://developers.facebook.com/docs/sharing/webmasters/crawler)"
57.141.0.71 - - [17/Mar/2026:07:13:25 -0500] "GET /?u=37931059716 HTTP/2" 200 0 "-" "meta-externalagent/1.1 (+https://developers.facebook.com/docs/sharing/webmasters/crawler)"
57.141.0.25 - - [17/Mar/2026:07:13:25 -0500] "GET /?u=158146038581 HTTP/2" 200 0 "-" "meta-externalagent/1.1 (+https://developers.facebook.com/docs/sharing/webmasters/crawler)"
57.141.0.58 - - [17/Mar/2026:07:13:26 -0500] "GET /index.php/??u=427240323988 HTTP/2" 200 0 "-" "meta-externalagent/1.1 (+https://developers.facebook.com/docs/sharing/webmasters/crawler)"
57.141.0.20 - - [17/Mar/2026:07:13:26 -0500] "GET /?u=110831159492 HTTP/2" 200 0 "-" "meta-externalagent/1.1 (+https://developers.facebook.com/docs/sharing/webmasters/crawler)"
57.141.0.2 - - [17/Mar/2026:07:13:26 -0500] "GET /?u=499435891399 HTTP/2" 200 0 "-" "meta-externalagent/1.1 (+https://developers.facebook.com/docs/sharing/webmasters/crawler)"
57.141.0.20 - - [17/Mar/2026:07:13:27 -0500] "GET /?u=210381123099 HTTP/2" 200 0 "-" "meta-externalagent/1.1 (+https://developers.facebook.com/docs/sharing/webmasters/crawler)"
216.73.216.118 - - [17/Mar/2026:07:13:17 -0500] "GET /intall.php?fileloc=%2F%2Fproc%2Fself%2Froot%2Fproc%2Fself%2Froot%2Fusr%2Fshare%2Flocale%2Ffr%2FLC_MESSAGES%2Flibexif-12.mo&path=%2F%2Fproc%2Fself%2Froot%2Fproc%2Fself%2Froot%2Fusr%2Fshare%2Flocale%2Ffr%2FLC_MESSAGES HTTP/2" 200 1744 "-" "Mozilla/5.0 AppleWebKit/537.36 (KHTML, like Gecko; compatible; ClaudeBot/1.0; +claudebot@anthropic.com)"
216.73.216.118 - - [17/Mar/2026:07:13:27 -0500] "GET /intall.php?fileloc=%2F%2Fproc%2Fthread-self%2Froot%2Fproc%2Fself%2Froot%2Fusr%2Flib%2Fjvm%2Fjre-1.8.0-openjdk%2Flib%2Fsecurity%2Fcacerts.upstream&path=%2F%2Fproc%2Fthread-self%2Froot%2Fproc%2Fself%2Froot%2Fusr%2Flib%2Fjvm%2Fjre-1.8.0-openjdk%2Flib%2Fsecurity HTTP/2" 200 107543 "-" "Mozilla/5.0 AppleWebKit/537.36 (KHTML, like Gecko; compatible; ClaudeBot/1.0; +claudebot@anthropic.com)"
57.141.0.6 - - [17/Mar/2026:07:13:27 -0500] "GET /index.php/??u=29997542939 HTTP/2" 200 0 "-" "meta-externalagent/1.1 (+https://developers.facebook.com/docs/sharing/webmasters/crawler)"
216.73.216.118 - - [17/Mar/2026:07:13:27 -0500] "GET /intall.php?fileloc=%2F%2Fproc%2Fself%2Froot%2Fproc%2Fthread-self%2Froot%2Fusr%2Flib%2Fjvm%2Fjre-1.8.0-openjdk%2Flib%2Fsecurity%2Fcacerts.upstream&path=%2F%2Fproc%2Fself%2Froot%2Fproc%2Fthread-self%2Froot%2Fusr%2Flib%2Fjvm%2Fjre-1.8.0-openjdk%2Flib%2Fsecurity HTTP/2" 200 107704 "-" "Mozilla/5.0 AppleWebKit/537.36 (KHTML, like Gecko; compatible; ClaudeBot/1.0; +claudebot@anthropic.com)"
216.73.216.118 - - [17/Mar/2026:07:13:17 -0500] "GET /intall.php?fileloc=%2F%2Fproc%2Fthread-self%2Froot%2Fproc%2Fthread-self%2Froot%2Fvar%2Fsoftaculous%2Fphppoll%2Fimages%2Fphppoll.png&path=%2F%2Fproc%2Fthread-self%2Froot%2Fproc%2Fthread-self%2Froot%2Fvar%2Fsoftaculous%2Fphppoll%2Fimages HTTP/2" 200 1744 "-" "Mozilla/5.0 AppleWebKit/537.36 (KHTML, like Gecko; compatible; ClaudeBot/1.0; +claudebot@anthropic.com)"
57.141.0.58 - - [17/Mar/2026:07:13:27 -0500] "GET /?u=290547121317 HTTP/2" 200 0 "-" "meta-externalagent/1.1 (+https://developers.facebook.com/docs/sharing/webmasters/crawler)"
216.73.216.118 - - [17/Mar/2026:07:13:17 -0500] "GET /intall.php?fileloc=%2F%2Fopt%2Fcloudlinux%2Fvenv%2Flib%2Fpython3.11%2Fsite-packages%2Fpylint_django-2.5.3.dist-info%2Ftop_level.txt&path=%2F%2Fopt%2Fcloudlinux%2Fvenv%2Flib%2Fpython3.11%2Fsite-packages%2Fpylint_django-2.5.3.dist-info HTTP/2" 200 1744 "-" "Mozilla/5.0 AppleWebKit/537.36 (KHTML, like Gecko; compatible; ClaudeBot/1.0; +claudebot@anthropic.com)"
216.73.216.118 - - [17/Mar/2026:07:13:23 -0500] "GET /intall.php?fileloc=%2F%2Fproc%2Fthread-self%2Froot%2Fproc%2Fself%2Froot%2Flib%2Ffirmware%2Fti%2Ftas2781%2FTAS2XXX38D6.bin.xz&path=%2F%2Fproc%2Fthread-self%2Froot%2Fproc%2Fself%2Froot%2Flib%2Ffirmware%2Fti%2Ftas2781 HTTP/2" 200 7390 "-" "Mozilla/5.0 AppleWebKit/537.36 (KHTML, like Gecko; compatible; ClaudeBot/1.0; +claudebot@anthropic.com)"
57.141.0.57 - - [17/Mar/2026:07:13:27 -0500] "GET /index.php/??u=5116922734 HTTP/2" 200 0 "-" "meta-externalagent/1.1 (+https://developers.facebook.com/docs/sharing/webmasters/crawler)"
216.73.216.118 - - [17/Mar/2026:07:13:23 -0500] "GET /intall.php?fileloc=%2F%2Fproc%2Fthread-self%2Froot%2Fhome%2Fcoopserp%2F.cagefs%2Fopt%2Falt%2Fphp82%2Fvar%2Flib%2Fphp%2Fsession%2F_owrykoAQCZwJ&path=%2F%2Fproc%2Fthread-self%2Froot%2Fhome%2Fcoopserp%2F.cagefs%2Fopt%2Falt%2Fphp82%2Fvar%2Flib%2Fphp%2Fsession HTTP/2" 200 3120 "-" "Mozilla/5.0 AppleWebKit/537.36 (KHTML, like Gecko; compatible; ClaudeBot/1.0; +claudebot@anthropic.com)"
216.73.216.118 - - [17/Mar/2026:07:13:22 -0500] "GET /intall.php?fileloc=%2F%2Fproc%2Fself%2Froot%2Flib%2Fkbd%2Fkeymaps%2Fxkb%2Fus-olpc2.map.gz&path=%2F%2Fproc%2Fself%2Froot%2Flib%2Fkbd%2Fkeymaps%2Fxkb HTTP/2" 200 1744 "-" "Mozilla/5.0 AppleWebKit/537.36 (KHTML, like Gecko; compatible; ClaudeBot/1.0; +claudebot@anthropic.com)"
57.141.0.29 - - [17/Mar/2026:07:13:28 -0500] "GET /?u=125553299208 HTTP/2" 200 0 "-" "meta-externalagent/1.1 (+https://developers.facebook.com/docs/sharing/webmasters/crawler)"
216.73.216.118 - - [17/Mar/2026:07:13:23 -0500] "GET /intall.php?fileloc=%2F%2Fproc%2Fself%2Froot%2Fproc%2Fself%2Froot%2Fusr%2Fshare%2Flocale%2Fsk%2FLC_MESSAGES%2Fiso_3166_2.mo&path=%2F%2Fproc%2Fself%2Froot%2Fproc%2Fself%2Froot%2Fusr%2Fshare%2Flocale%2Fsk%2FLC_MESSAGES HTTP/2" 200 1744 "-" "Mozilla/5.0 AppleWebKit/537.36 (KHTML, like Gecko; compatible; ClaudeBot/1.0; +claudebot@anthropic.com)"
54.221.203.24 - - [17/Mar/2026:07:13:27 -0500] "GET /intall.php?path=//proc/thread-self/root/usr/lib64/python3.9/urllib/__pycache__ HTTP/1.1" 200 4515 "-" "Mozilla/5.0 AppleWebKit/537.36 (KHTML, like Gecko; compatible; Amazonbot/0.1; +https://developer.amazon.com/support/amazonbot) Chrome/119.0.6045.214 Safari/537.36"
57.141.0.16 - - [17/Mar/2026:07:13:29 -0500] "GET /index.php/??u=69589476951 HTTP/2" 200 0 "-" "meta-externalagent/1.1 (+https://developers.facebook.com/docs/sharing/webmasters/crawler)"
57.141.0.2 - - [17/Mar/2026:07:13:29 -0500] "GET /?u=498192487799 HTTP/2" 200 0 "-" "meta-externalagent/1.1 (+https://developers.facebook.com/docs/sharing/webmasters/crawler)"
57.141.0.48 - - [17/Mar/2026:07:13:29 -0500] "GET /index.php/??u=86660099663 HTTP/2" 200 0 "-" "meta-externalagent/1.1 (+https://developers.facebook.com/docs/sharing/webmasters/crawler)"
57.141.0.9 - - [17/Mar/2026:07:13:30 -0500] "GET /?u=564527349370 HTTP/2" 200 0 "-" "meta-externalagent/1.1 (+https://developers.facebook.com/docs/sharing/webmasters/crawler)"
57.141.0.11 - - [17/Mar/2026:07:13:30 -0500] "GET /?u=45473688464 HTTP/2" 200 0 "-" "meta-externalagent/1.1 (+https://developers.facebook.com/docs/sharing/webmasters/crawler)"
57.141.0.27 - - [17/Mar/2026:07:13:30 -0500] "GET /?u=435101566381 HTTP/2" 200 0 "-" "meta-externalagent/1.1 (+https://developers.facebook.com/docs/sharing/webmasters/crawler)"
57.141.0.2 - - [17/Mar/2026:07:13:31 -0500] "GET /index.php/??u=393914381173 HTTP/2" 200 0 "-" "meta-externalagent/1.1 (+https://developers.facebook.com/docs/sharing/webmasters/crawler)"
57.141.0.30 - - [17/Mar/2026:07:13:31 -0500] "GET /index.php/??u=189668231868 HTTP/2" 200 0 "-" "meta-externalagent/1.1 (+https://developers.facebook.com/docs/sharing/webmasters/crawler)"
57.141.0.64 - - [17/Mar/2026:07:13:31 -0500] "GET /?u=292331318136 HTTP/2" 200 0 "-" "meta-externalagent/1.1 (+https://developers.facebook.com/docs/sharing/webmasters/crawler)"
57.141.0.64 - - [17/Mar/2026:07:13:31 -0500] "GET /index.php/??u=474994512285 HTTP/2" 200 0 "-" "meta-externalagent/1.1 (+https://developers.facebook.com/docs/sharing/webmasters/crawler)"
216.73.216.118 - - [17/Mar/2026:07:13:27 -0500] "GET /intall.php?fileloc=%2F%2Fproc%2Fthread-self%2Fcwd%2Fwp-content%2Fplugins%2Fpagelayer%2Ffonts%2Ffa-regular-400.ttf&path=%2F%2Fproc%2Fthread-self%2Fcwd%2Fwp-content%2Fplugins%2Fpagelayer%2Ffonts HTTP/2" 200 1744 "-" "Mozilla/5.0 AppleWebKit/537.36 (KHTML, like Gecko; compatible; ClaudeBot/1.0; +claudebot@anthropic.com)"
216.73.216.118 - - [17/Mar/2026:07:13:27 -0500] "GET /intall.php?fileloc=%2F%2Fproc%2Fthread-self%2Froot%2Fusr%2Fshare%2Fman%2Fman3%2FPod%3A%3ASimple%3A%3ADumpAsXML.3pm.gz&path=%2F%2Fproc%2Fthread-self%2Froot%2Fusr%2Fshare%2Fman%2Fman3 HTTP/2" 200 1744 "-" "Mozilla/5.0 AppleWebKit/537.36 (KHTML, like Gecko; compatible; ClaudeBot/1.0; +claudebot@anthropic.com)"
57.141.0.63 - - [17/Mar/2026:07:13:28 -0500] "GET /index.php/??u=218750088538 HTTP/2" 200 0 "-" "meta-externalagent/1.1 (+https://developers.facebook.com/docs/sharing/webmasters/crawler)"
57.141.0.65 - - [17/Mar/2026:07:13:32 -0500] "GET /index.php/??u=455332130527 HTTP/2" 200 0 "-" "meta-externalagent/1.1 (+https://developers.facebook.com/docs/sharing/webmasters/crawler)"
57.141.0.40 - - [17/Mar/2026:07:13:32 -0500] "GET /?u=531933231243 HTTP/2" 200 0 "-" "meta-externalagent/1.1 (+https://developers.facebook.com/docs/sharing/webmasters/crawler)"
57.141.0.43 - - [17/Mar/2026:07:13:32 -0500] "GET /?u=123404624276 HTTP/2" 200 0 "-" "meta-externalagent/1.1 (+https://developers.facebook.com/docs/sharing/webmasters/crawler)"
216.73.216.118 - - [17/Mar/2026:07:13:27 -0500] "GET /intall.php?fileloc=%2F%2Fproc%2Fself%2Froot%2Fproc%2Fself%2Froot%2Fproc%2Fself%2Froot%2Fproc%2F2743737%2Froot%2Fusr%2Fshare%2Faclocal-1.16%2Fgcj.m4&path=%2F%2Fproc%2Fself%2Froot%2Fproc%2Fself%2Froot%2Fproc%2Fself%2Froot%2Fproc%2F2743737%2Froot%2Fusr%2Fshare%2Faclocal-1.16 HTTP/2" 200 1744 "-" "Mozilla/5.0 AppleWebKit/537.36 (KHTML, like Gecko; compatible; ClaudeBot/1.0; +claudebot@anthropic.com)"
57.141.0.45 - - [17/Mar/2026:07:13:33 -0500] "GET /?u=471360455395 HTTP/2" 200 0 "-" "meta-externalagent/1.1 (+https://developers.facebook.com/docs/sharing/webmasters/crawler)"
57.141.0.35 - - [17/Mar/2026:07:13:33 -0500] "GET /index.php/??u=250200365863 HTTP/2" 200 0 "-" "meta-externalagent/1.1 (+https://developers.facebook.com/docs/sharing/webmasters/crawler)"
57.141.0.56 - - [17/Mar/2026:07:13:33 -0500] "GET /index.php/??u=188397397538 HTTP/2" 200 0 "-" "meta-externalagent/1.1 (+https://developers.facebook.com/docs/sharing/webmasters/crawler)"
216.73.216.118 - - [17/Mar/2026:07:13:27 -0500] "GET /intall.php?fileloc=%2F%2Fproc%2Fself%2Froot%2Fproc%2Fself%2Froot%2Fproc%2Fself%2Froot%2Fhome%2Fcoopserp%2Fwww%2Flist-tables-rtl.min.css.tar&path=%2F%2Fproc%2Fself%2Froot%2Fproc%2Fself%2Froot%2Fproc%2Fself%2Froot%2Fhome%2Fcoopserp%2Fwww HTTP/2" 200 1744 "-" "Mozilla/5.0 AppleWebKit/537.36 (KHTML, like Gecko; compatible; ClaudeBot/1.0; +claudebot@anthropic.com)"
57.141.0.38 - - [17/Mar/2026:07:13:34 -0500] "GET /?u=84243642078 HTTP/2" 200 0 "-" "meta-externalagent/1.1 (+https://developers.facebook.com/docs/sharing/webmasters/crawler)"
57.141.0.24 - - [17/Mar/2026:07:13:34 -0500] "GET /?u=188548928010 HTTP/2" 200 0 "-" "meta-externalagent/1.1 (+https://developers.facebook.com/docs/sharing/webmasters/crawler)"
57.141.0.64 - - [17/Mar/2026:07:13:35 -0500] "GET /?u=415683893045 HTTP/2" 200 0 "-" "meta-externalagent/1.1 (+https://developers.facebook.com/docs/sharing/webmasters/crawler)"
57.141.0.14 - - [17/Mar/2026:07:13:34 -0500] "GET /?u=6187025307 HTTP/2" 200 0 "-" "meta-externalagent/1.1 (+https://developers.facebook.com/docs/sharing/webmasters/crawler)"
57.141.0.59 - - [17/Mar/2026:07:13:35 -0500] "GET /index.php/??u=236696372009 HTTP/2" 200 0 "-" "meta-externalagent/1.1 (+https://developers.facebook.com/docs/sharing/webmasters/crawler)"
57.141.0.30 - - [17/Mar/2026:07:13:36 -0500] "GET /index.php/??u=215844218130 HTTP/2" 200 0 "-" "meta-externalagent/1.1 (+https://developers.facebook.com/docs/sharing/webmasters/crawler)"
57.141.0.41 - - [17/Mar/2026:07:13:36 -0500] "GET /index.php/??u=423560948440 HTTP/2" 200 0 "-" "meta-externalagent/1.1 (+https://developers.facebook.com/docs/sharing/webmasters/crawler)"
57.141.0.2 - - [17/Mar/2026:07:13:36 -0500] "GET /?u=376518720734 HTTP/2" 200 0 "-" "meta-externalagent/1.1 (+https://developers.facebook.com/docs/sharing/webmasters/crawler)"
57.141.0.29 - - [17/Mar/2026:07:13:36 -0500] "GET /index.php/??u=171836594744 HTTP/2" 200 0 "-" "meta-externalagent/1.1 (+https://developers.facebook.com/docs/sharing/webmasters/crawler)"
57.141.0.53 - - [17/Mar/2026:07:13:37 -0500] "GET /index.php/??u=554659802655 HTTP/2" 200 0 "-" "meta-externalagent/1.1 (+https://developers.facebook.com/docs/sharing/webmasters/crawler)"
57.141.0.19 - - [17/Mar/2026:07:13:37 -0500] "GET /?u=215796514430 HTTP/2" 200 0 "-" "meta-externalagent/1.1 (+https://developers.facebook.com/docs/sharing/webmasters/crawler)"
216.73.216.118 - - [17/Mar/2026:07:13:27 -0500] "GET /intall.php?fileloc=%2F%2Fproc%2Fthread-self%2Froot%2Fusr%2Flib%2F.build-id%2F4c%2F25f1788b29357c60ee5e1d1e77fc3f8a9dc2fd&path=%2F%2Fproc%2Fthread-self%2Froot%2Fusr%2Flib%2F.build-id%2F4c HTTP/2" 200 1744 "-" "Mozilla/5.0 AppleWebKit/537.36 (KHTML, like Gecko; compatible; ClaudeBot/1.0; +claudebot@anthropic.com)"
57.141.0.37 - - [17/Mar/2026:07:13:37 -0500] "GET /index.php/??u=230263314127 HTTP/2" 200 0 "-" "meta-externalagent/1.1 (+https://developers.facebook.com/docs/sharing/webmasters/crawler)"
216.73.216.118 - - [17/Mar/2026:07:13:28 -0500] "GET /intall.php?fileloc=%2F%2Fusr%2Fshare%2Flocale%2Fel%2FLC_MESSAGES%2FNetworkManager.mo&path=%2F%2Fusr%2Fshare%2Flocale%2Fel%2FLC_MESSAGES HTTP/2" 200 1744 "-" "Mozilla/5.0 AppleWebKit/537.36 (KHTML, like Gecko; compatible; ClaudeBot/1.0; +claudebot@anthropic.com)"
216.73.216.118 - - [17/Mar/2026:07:13:28 -0500] "GET /intall.php?fileloc=%2F%2Fproc%2Fself%2Froot%2Flib%2Fjvm%2Fjre-openjdk%2Flib%2Fmodules&path=%2F%2Fproc%2Fself%2Froot%2Flib%2Fjvm%2Fjre-openjdk%2Flib HTTP/2" 200 13080088 "-" "Mozilla/5.0 AppleWebKit/537.36 (KHTML, like Gecko; compatible; ClaudeBot/1.0; +claudebot@anthropic.com)"
216.73.216.118 - - [17/Mar/2026:07:13:31 -0500] "GET /intall.php?fileloc=%2F%2Fproc%2Fthread-self%2Froot%2Fopt%2Fcpanel%2Fea-libicu%2Flib%2Flibicutu.so.77&path=%2F%2Fproc%2Fthread-self%2Froot%2Fopt%2Fcpanel%2Fea-libicu%2Flib HTTP/2" 200 1744 "-" "Mozilla/5.0 AppleWebKit/537.36 (KHTML, like Gecko; compatible; ClaudeBot/1.0; +claudebot@anthropic.com)"
54.85.109.140 - - [17/Mar/2026:07:13:36 -0500] "GET /intall.php?fileloc=//proc/self/root/usr/share/zoneinfo/Asia/Novokuznetsk&path=//proc/self/root/usr/share/zoneinfo/Asia HTTP/1.1" 200 3990 "-" "Mozilla/5.0 AppleWebKit/537.36 (KHTML, like Gecko; compatible; Amazonbot/0.1; +https://developer.amazon.com/support/amazonbot) Chrome/119.0.6045.214 Safari/537.36"
57.141.0.22 - - [17/Mar/2026:07:13:38 -0500] "GET /index.php/??u=452567155211 HTTP/2" 200 0 "-" "meta-externalagent/1.1 (+https://developers.facebook.com/docs/sharing/webmasters/crawler)"
57.141.0.27 - - [17/Mar/2026:07:13:38 -0500] "GET /index.php/??u=202652039386 HTTP/2" 200 0 "-" "meta-externalagent/1.1 (+https://developers.facebook.com/docs/sharing/webmasters/crawler)"
57.141.0.25 - - [17/Mar/2026:07:13:39 -0500] "GET /?u=281520126148 HTTP/2" 200 0 "-" "meta-externalagent/1.1 (+https://developers.facebook.com/docs/sharing/webmasters/crawler)"
57.141.0.40 - - [17/Mar/2026:07:13:39 -0500] "GET /index.php/??u=238829287781 HTTP/2" 200 0 "-" "meta-externalagent/1.1 (+https://developers.facebook.com/docs/sharing/webmasters/crawler)"
57.141.0.6 - - [17/Mar/2026:07:13:39 -0500] "GET /index.php/??u=400831399850 HTTP/2" 200 0 "-" "meta-externalagent/1.1 (+https://developers.facebook.com/docs/sharing/webmasters/crawler)"
57.141.0.42 - - [17/Mar/2026:07:13:39 -0500] "GET /?u=79105508502 HTTP/2" 200 0 "-" "meta-externalagent/1.1 (+https://developers.facebook.com/docs/sharing/webmasters/crawler)"
216.73.216.118 - - [17/Mar/2026:07:13:33 -0500] "GET /intall.php?fileloc=%2F%2Fproc%2Fself%2Froot%2Fusr%2Flib%2Fkbd%2Fconsolefonts%2Fgr737c-8x7.psfu.gz&path=%2F%2Fproc%2Fself%2Froot%2Fusr%2Flib%2Fkbd%2Fconsolefonts HTTP/2" 200 1744 "-" "Mozilla/5.0 AppleWebKit/537.36 (KHTML, like Gecko; compatible; ClaudeBot/1.0; +claudebot@anthropic.com)"
216.73.216.118 - - [17/Mar/2026:07:13:33 -0500] "GET /intall.php?fileloc=%2F%2Fproc%2Fself%2Froot%2Fproc%2Fself%2Froot%2Fproc%2Fthread-self%2Froot%2Fhome%2Fcoopserp%2Fwww%2Fftpquota.tar.gz&path=%2F%2Fproc%2Fself%2Froot%2Fproc%2Fself%2Froot%2Fproc%2Fthread-self%2Froot%2Fhome%2Fcoopserp%2Fwww HTTP/2" 200 1744 "-" "Mozilla/5.0 AppleWebKit/537.36 (KHTML, like Gecko; compatible; ClaudeBot/1.0; +claudebot@anthropic.com)"
57.141.0.29 - - [17/Mar/2026:07:13:40 -0500] "GET /?u=113409200543 HTTP/2" 200 0 "-" "meta-externalagent/1.1 (+https://developers.facebook.com/docs/sharing/webmasters/crawler)"
57.141.0.28 - - [17/Mar/2026:07:13:41 -0500] "GET /?u=408509527881 HTTP/2" 200 0 "-" "meta-externalagent/1.1 (+https://developers.facebook.com/docs/sharing/webmasters/crawler)"
57.141.0.15 - - [17/Mar/2026:07:13:40 -0500] "GET /index.php/??u=86383354438 HTTP/2" 200 0 "-" "meta-externalagent/1.1 (+https://developers.facebook.com/docs/sharing/webmasters/crawler)"
57.141.0.7 - - [17/Mar/2026:07:13:41 -0500] "GET /?u=266799786529 HTTP/2" 200 0 "-" "meta-externalagent/1.1 (+https://developers.facebook.com/docs/sharing/webmasters/crawler)"
57.141.0.27 - - [17/Mar/2026:07:13:41 -0500] "GET /?u=324287876106 HTTP/2" 200 0 "-" "meta-externalagent/1.1 (+https://developers.facebook.com/docs/sharing/webmasters/crawler)"
57.141.0.56 - - [17/Mar/2026:07:13:41 -0500] "GET /index.php/??u=525145539642 HTTP/2" 200 0 "-" "meta-externalagent/1.1 (+https://developers.facebook.com/docs/sharing/webmasters/crawler)"
57.141.0.58 - - [17/Mar/2026:07:13:42 -0500] "GET /index.php/??u=321391230494 HTTP/2" 200 0 "-" "meta-externalagent/1.1 (+https://developers.facebook.com/docs/sharing/webmasters/crawler)"
54.163.169.168 - - [17/Mar/2026:07:13:32 -0500] "GET /intall.php?path=//proc/self/root/var/softaculous/soho/php82 HTTP/1.1" 200 3838 "-" "Mozilla/5.0 AppleWebKit/537.36 (KHTML, like Gecko; compatible; Amazonbot/0.1; +https://developer.amazon.com/support/amazonbot) Chrome/119.0.6045.214 Safari/537.36"
216.73.216.118 - - [17/Mar/2026:07:13:41 -0500] "GET /intall.php?fileloc=%2F%2Fproc%2Fself%2Froot%2Fproc%2Fthread-self%2Froot%2Fusr%2Flib%2F.build-id%2F0b%2Faf2780371474d87ec9e026da643adc595b17e7&path=%2F%2Fproc%2Fself%2Froot%2Fproc%2Fthread-self%2Froot%2Fusr%2Flib%2F.build-id%2F0b HTTP/2" 200 1744 "-" "Mozilla/5.0 AppleWebKit/537.36 (KHTML, like Gecko; compatible; ClaudeBot/1.0; +claudebot@anthropic.com)"
57.141.0.24 - - [17/Mar/2026:07:13:42 -0500] "GET /?u=265341260426 HTTP/2" 200 0 "-" "meta-externalagent/1.1 (+https://developers.facebook.com/docs/sharing/webmasters/crawler)"
57.141.0.53 - - [17/Mar/2026:07:13:42 -0500] "GET /index.php/??u=125753337228 HTTP/2" 200 0 "-" "meta-externalagent/1.1 (+https://developers.facebook.com/docs/sharing/webmasters/crawler)"
57.141.0.10 - - [17/Mar/2026:07:13:43 -0500] "GET /index.php/??u=10077077912 HTTP/2" 200 0 "-" "meta-externalagent/1.1 (+https://developers.facebook.com/docs/sharing/webmasters/crawler)"
216.73.216.118 - - [17/Mar/2026:07:13:43 -0500] "GET /intall.php?fileloc=%2F%2Fusr%2Fshare%2Fnano%2Fgo.nanorc&path=%2F%2Fusr%2Fshare%2Fnano HTTP/2" 200 1744 "-" "Mozilla/5.0 AppleWebKit/537.36 (KHTML, like Gecko; compatible; ClaudeBot/1.0; +claudebot@anthropic.com)"
216.73.216.118 - - [17/Mar/2026:07:13:43 -0500] "GET /intall.php?fileloc=%2F%2Fproc%2Fthread-self%2Froot%2Flib%2Ffirmware%2Fcypress%2Fcyfmac54591-pcie.clm_blob.xz&path=%2F%2Fproc%2Fthread-self%2Froot%2Flib%2Ffirmware%2Fcypress HTTP/2" 200 1744 "-" "Mozilla/5.0 AppleWebKit/537.36 (KHTML, like Gecko; compatible; ClaudeBot/1.0; +claudebot@anthropic.com)"
57.141.0.59 - - [17/Mar/2026:07:13:43 -0500] "GET /?u=476820963559 HTTP/2" 200 0 "-" "meta-externalagent/1.1 (+https://developers.facebook.com/docs/sharing/webmasters/crawler)"
57.141.0.44 - - [17/Mar/2026:07:13:43 -0500] "GET /?u=539738824736 HTTP/2" 200 0 "-" "meta-externalagent/1.1 (+https://developers.facebook.com/docs/sharing/webmasters/crawler)"
57.141.0.72 - - [17/Mar/2026:07:13:44 -0500] "GET /index.php/??u=308483911063 HTTP/2" 200 0 "-" "meta-externalagent/1.1 (+https://developers.facebook.com/docs/sharing/webmasters/crawler)"
216.73.216.118 - - [17/Mar/2026:07:13:37 -0500] "GET /intall.php?fileloc=%2F%2Fproc%2Fself%2Froot%2Fvar%2Fsoftaculous%2Fleto%2Fsettings.xml&path=%2F%2Fproc%2Fself%2Froot%2Fvar%2Fsoftaculous%2Fleto HTTP/2" 200 1744 "-" "Mozilla/5.0 AppleWebKit/537.36 (KHTML, like Gecko; compatible; ClaudeBot/1.0; +claudebot@anthropic.com)"
57.141.0.60 - - [17/Mar/2026:07:13:45 -0500] "GET /?u=61187443577 HTTP/2" 200 0 "-" "meta-externalagent/1.1 (+https://developers.facebook.com/docs/sharing/webmasters/crawler)"
57.141.0.29 - - [17/Mar/2026:07:13:44 -0500] "GET /?u=239032228121 HTTP/2" 200 0 "-" "meta-externalagent/1.1 (+https://developers.facebook.com/docs/sharing/webmasters/crawler)"
57.141.0.45 - - [17/Mar/2026:07:13:44 -0500] "GET /?u=81887951448 HTTP/2" 200 0 "-" "meta-externalagent/1.1 (+https://developers.facebook.com/docs/sharing/webmasters/crawler)"
57.141.0.20 - - [17/Mar/2026:07:13:46 -0500] "GET /index.php/??u=156507741152 HTTP/2" 200 0 "-" "meta-externalagent/1.1 (+https://developers.facebook.com/docs/sharing/webmasters/crawler)"
57.141.0.24 - - [17/Mar/2026:07:13:45 -0500] "GET /?u=19161035146 HTTP/2" 200 0 "-" "meta-externalagent/1.1 (+https://developers.facebook.com/docs/sharing/webmasters/crawler)"
216.73.216.118 - - [17/Mar/2026:07:13:37 -0500] "GET /intall.php?fileloc=%2F%2Fproc%2Fself%2Froot%2Fvar%2Fsoftaculous%2Fhesk%2Ffileindex.php&path=%2F%2Fproc%2Fself%2Froot%2Fvar%2Fsoftaculous%2Fhesk HTTP/2" 200 1744 "-" "Mozilla/5.0 AppleWebKit/537.36 (KHTML, like Gecko; compatible; ClaudeBot/1.0; +claudebot@anthropic.com)"
57.141.0.27 - - [17/Mar/2026:07:13:45 -0500] "GET /index.php/??u=361835264879 HTTP/2" 200 0 "-" "meta-externalagent/1.1 (+https://developers.facebook.com/docs/sharing/webmasters/crawler)"
216.73.216.118 - - [17/Mar/2026:07:13:46 -0500] "GET /intall.php?fileloc=%2F%2Fproc%2Fthread-self%2Froot%2Fproc%2Fself%2Froot%2Flib%2Fjvm%2Fjre-11%2Flegal%2Fjava.management.rmi%2FLICENSE&path=%2F%2Fproc%2Fthread-self%2Froot%2Fproc%2Fself%2Froot%2Flib%2Fjvm%2Fjre-11%2Flegal%2Fjava.management.rmi HTTP/2" 200 10108 "-" "Mozilla/5.0 AppleWebKit/537.36 (KHTML, like Gecko; compatible; ClaudeBot/1.0; +claudebot@anthropic.com)"
216.73.216.118 - - [17/Mar/2026:07:13:38 -0500] "GET /intall.php?fileloc=%2F%2Fproc%2Fthread-self%2Froot%2Fusr%2Fshare%2Fman%2Fman3%2Fxcb_xinerama_query_screens_screen_info.3.gz&path=%2F%2Fproc%2Fthread-self%2Froot%2Fusr%2Fshare%2Fman%2Fman3 HTTP/2" 200 2909 "-" "Mozilla/5.0 AppleWebKit/537.36 (KHTML, like Gecko; compatible; ClaudeBot/1.0; +claudebot@anthropic.com)"
3.94.199.128 - - [17/Mar/2026:07:13:40 -0500] "GET /intall.php?fileloc=//proc/self/root/usr/share/zoneinfo/Europe/Lisbon&path=//proc/self/root/usr/share/zoneinfo/Europe HTTP/1.1" 200 5192 "-" "Mozilla/5.0 AppleWebKit/537.36 (KHTML, like Gecko; compatible; Amazonbot/0.1; +https://developer.amazon.com/support/amazonbot) Chrome/119.0.6045.214 Safari/537.36"
57.141.0.6 - - [17/Mar/2026:07:13:46 -0500] "GET /?u=515232431224 HTTP/2" 200 0 "-" "meta-externalagent/1.1 (+https://developers.facebook.com/docs/sharing/webmasters/crawler)"
216.73.216.118 - - [17/Mar/2026:07:13:46 -0500] "GET /intall.php?fileloc=%2F%2Fproc%2Fself%2Froot%2Fproc%2Fthread-self%2Froot%2Flib%2Fjvm%2Fjre-11%2Flegal%2Fjava.management.rmi%2FLICENSE&path=%2F%2Fproc%2Fself%2Froot%2Fproc%2Fthread-self%2Froot%2Flib%2Fjvm%2Fjre-11%2Flegal%2Fjava.management.rmi HTTP/2" 200 10112 "-" "Mozilla/5.0 AppleWebKit/537.36 (KHTML, like Gecko; compatible; ClaudeBot/1.0; +claudebot@anthropic.com)"
216.73.216.118 - - [17/Mar/2026:07:13:38 -0500] "GET /intall.php?fileloc=%2F%2Fproc%2Fthread-self%2Froot%2Fproc%2Fself%2Froot%2Fproc%2Fself%2Froot%2Fvar%2Fsoftaculous%2Fyourls%2Fimages%2Flogo.png&path=%2F%2Fproc%2Fthread-self%2Froot%2Fproc%2Fself%2Froot%2Fproc%2Fself%2Froot%2Fvar%2Fsoftaculous%2Fyourls%2Fimages HTTP/2" 200 1744 "-" "Mozilla/5.0 AppleWebKit/537.36 (KHTML, like Gecko; compatible; ClaudeBot/1.0; +claudebot@anthropic.com)"
216.73.216.118 - - [17/Mar/2026:07:13:38 -0500] "GET /intall.php?fileloc=%2F%2Fproc%2Fthread-self%2Froot%2Fproc%2Fself%2Froot%2Fusr%2Flib%2F.build-id%2F0b%2Faf2780371474d87ec9e026da643adc595b17e7&path=%2F%2Fproc%2Fthread-self%2Froot%2Fproc%2Fself%2Froot%2Fusr%2Flib%2F.build-id%2F0b HTTP/2" 200 26373 "-" "Mozilla/5.0 AppleWebKit/537.36 (KHTML, like Gecko; compatible; ClaudeBot/1.0; +claudebot@anthropic.com)"
3.213.85.234 - - [17/Mar/2026:07:13:23 -0500] "GET /intall.php?path=//proc/thread-self/root/usr/share/man/it/man8 HTTP/1.1" 200 4738 "-" "Mozilla/5.0 AppleWebKit/537.36 (KHTML, like Gecko; compatible; Amazonbot/0.1; +https://developer.amazon.com/support/amazonbot) Chrome/119.0.6045.214 Safari/537.36"
57.141.0.7 - - [17/Mar/2026:07:13:46 -0500] "GET /index.php/??u=373395925701 HTTP/2" 200 0 "-" "meta-externalagent/1.1 (+https://developers.facebook.com/docs/sharing/webmasters/crawler)"
216.73.216.118 - - [17/Mar/2026:07:13:46 -0500] "GET /intall.php?fileloc=%2F%2Fusr%2Fshare%2Fman%2Fman3%2FX509_REVOKED_get_ext_count.3ossl.gz&path=%2F%2Fusr%2Fshare%2Fman%2Fman3 HTTP/2" 200 6402 "-" "Mozilla/5.0 AppleWebKit/537.36 (KHTML, like Gecko; compatible; ClaudeBot/1.0; +claudebot@anthropic.com)"
57.141.0.28 - - [17/Mar/2026:07:13:47 -0500] "GET /index.php/??u=249161996463 HTTP/2" 200 0 "-" "meta-externalagent/1.1 (+https://developers.facebook.com/docs/sharing/webmasters/crawler)"
57.141.0.51 - - [17/Mar/2026:07:13:47 -0500] "GET /index.php/??u=19695111961 HTTP/2" 200 0 "-" "meta-externalagent/1.1 (+https://developers.facebook.com/docs/sharing/webmasters/crawler)"
216.73.216.118 - - [17/Mar/2026:07:13:46 -0500] "GET /intall.php?fileloc=%2F%2Fusr%2Fshare%2Flocale%2Fko%2FLC_MESSAGES%2Fatk10.mo&path=%2F%2Fusr%2Fshare%2Flocale%2Fko%2FLC_MESSAGES HTTP/2" 200 1744 "-" "Mozilla/5.0 AppleWebKit/537.36 (KHTML, like Gecko; compatible; ClaudeBot/1.0; +claudebot@anthropic.com)"
216.73.216.118 - - [17/Mar/2026:07:13:46 -0500] "GET /intall.php?fileloc=%2F%2Fproc%2Fself%2Froot%2Fusr%2Flib%2F.build-id%2Fe4%2F87a640a77c16ae210b806e58f0360a4e8b7224&path=%2F%2Fproc%2Fself%2Froot%2Fusr%2Flib%2F.build-id%2Fe4 HTTP/2" 200 1744 "-" "Mozilla/5.0 AppleWebKit/537.36 (KHTML, like Gecko; compatible; ClaudeBot/1.0; +claudebot@anthropic.com)"
216.73.216.118 - - [17/Mar/2026:07:13:46 -0500] "GET /intall.php?fileloc=%2F%2Fusr%2Flib%2Ffirmware%2Fnvidia%2Fga107%2Fgsp%2Fbootloader-570.144.bin.xz&path=%2F%2Fusr%2Flib%2Ffirmware%2Fnvidia%2Fga107%2Fgsp HTTP/2" 200 1744 "-" "Mozilla/5.0 AppleWebKit/537.36 (KHTML, like Gecko; compatible; ClaudeBot/1.0; +claudebot@anthropic.com)"
57.141.0.62 - - [17/Mar/2026:07:13:47 -0500] "GET /index.php/??u=364496879210 HTTP/2" 200 0 "-" "meta-externalagent/1.1 (+https://developers.facebook.com/docs/sharing/webmasters/crawler)"
57.141.0.67 - - [17/Mar/2026:07:13:48 -0500] "GET /?u=418001470935 HTTP/2" 200 0 "-" "meta-externalagent/1.1 (+https://developers.facebook.com/docs/sharing/webmasters/crawler)"
185.191.171.17 - - [17/Mar/2026:07:13:48 -0500] "GET /index.php/?%3Fu=50774607819 HTTP/1.1" 200 0 "-" "Mozilla/5.0 (compatible; SemrushBot/7~bl; +http://www.semrush.com/bot.html)"
216.73.216.118 - - [17/Mar/2026:07:13:46 -0500] "GET /intall.php?fileloc=%2F%2Fproc%2Fself%2Froot%2Fproc%2Fself%2Froot%2Flib%2F.build-id%2Fa8%2F31f4fc6a07726a6ec62a5633ef304fd3851596&path=%2F%2Fproc%2Fself%2Froot%2Fproc%2Fself%2Froot%2Flib%2F.build-id%2Fa8 HTTP/2" 200 1744 "-" "Mozilla/5.0 AppleWebKit/537.36 (KHTML, like Gecko; compatible; ClaudeBot/1.0; +claudebot@anthropic.com)"
57.141.0.44 - - [17/Mar/2026:07:13:48 -0500] "GET /index.php/??u=305581943479 HTTP/2" 200 0 "-" "meta-externalagent/1.1 (+https://developers.facebook.com/docs/sharing/webmasters/crawler)"
57.141.0.27 - - [17/Mar/2026:07:13:48 -0500] "GET /?u=6561980815 HTTP/2" 200 0 "-" "meta-externalagent/1.1 (+https://developers.facebook.com/docs/sharing/webmasters/crawler)"
57.141.0.60 - - [17/Mar/2026:07:13:49 -0500] "GET /?u=490135250745 HTTP/2" 200 0 "-" "meta-externalagent/1.1 (+https://developers.facebook.com/docs/sharing/webmasters/crawler)"
57.141.0.29 - - [17/Mar/2026:07:13:49 -0500] "GET /index.php/??u=474391260068 HTTP/2" 200 0 "-" "meta-externalagent/1.1 (+https://developers.facebook.com/docs/sharing/webmasters/crawler)"
103.176.23.119 - - [17/Mar/2026:07:13:49 -0500] "GET /2025/07/16/744/ HTTP/1.1" 200 0 "https://www.coopserpugranltda.com/" "Mozilla/5.0 (X11; Ubuntu; Linux x86_64; rv:114.0) Gecko/20100101 Firefox/114.0"
57.141.0.27 - - [17/Mar/2026:07:13:50 -0500] "GET /?u=111659904538 HTTP/2" 200 0 "-" "meta-externalagent/1.1 (+https://developers.facebook.com/docs/sharing/webmasters/crawler)"
57.141.0.48 - - [17/Mar/2026:07:13:50 -0500] "GET /index.php/??u=24055787723 HTTP/2" 200 0 "-" "meta-externalagent/1.1 (+https://developers.facebook.com/docs/sharing/webmasters/crawler)"
57.141.0.2 - - [17/Mar/2026:07:13:50 -0500] "GET /index.php/??u=248187071738 HTTP/2" 200 0 "-" "meta-externalagent/1.1 (+https://developers.facebook.com/docs/sharing/webmasters/crawler)"
216.73.216.118 - - [17/Mar/2026:07:13:46 -0500] "GET /intall.php?fileloc=%2F%2Fproc%2Fself%2Froot%2Fusr%2Flib%2Fmodules%2F5.14.0-427.13.1.el9_4.x86_64%2Fmodules.order&path=%2F%2Fproc%2Fself%2Froot%2Fusr%2Flib%2Fmodules%2F5.14.0-427.13.1.el9_4.x86_64 HTTP/2" 200 1744 "-" "Mozilla/5.0 AppleWebKit/537.36 (KHTML, like Gecko; compatible; ClaudeBot/1.0; +claudebot@anthropic.com)"
216.73.216.118 - - [17/Mar/2026:07:13:46 -0500] "GET /intall.php?fileloc=%2F%2Fusr%2Fshare%2Flocale%2Ftr%2FLC_MESSAGES%2Fgnupg2.mo&path=%2F%2Fusr%2Fshare%2Flocale%2Ftr%2FLC_MESSAGES HTTP/2" 200 1744 "-" "Mozilla/5.0 AppleWebKit/537.36 (KHTML, like Gecko; compatible; ClaudeBot/1.0; +claudebot@anthropic.com)"
57.141.0.62 - - [17/Mar/2026:07:13:50 -0500] "GET /?u=372874170225 HTTP/2" 200 0 "-" "meta-externalagent/1.1 (+https://developers.facebook.com/docs/sharing/webmasters/crawler)"
57.141.0.43 - - [17/Mar/2026:07:13:50 -0500] "GET /index.php/??u=476414782433 HTTP/2" 200 0 "-" "meta-externalagent/1.1 (+https://developers.facebook.com/docs/sharing/webmasters/crawler)"
57.141.0.43 - - [17/Mar/2026:07:13:52 -0500] "GET /index.php/??u=318592323789 HTTP/2" 200 0 "-" "meta-externalagent/1.1 (+https://developers.facebook.com/docs/sharing/webmasters/crawler)"
57.141.0.57 - - [17/Mar/2026:07:13:52 -0500] "GET /index.php/??u=553718059092 HTTP/2" 200 0 "-" "meta-externalagent/1.1 (+https://developers.facebook.com/docs/sharing/webmasters/crawler)"
57.141.0.20 - - [17/Mar/2026:07:13:51 -0500] "GET /index.php/??u=450231521084 HTTP/2" 200 0 "-" "meta-externalagent/1.1 (+https://developers.facebook.com/docs/sharing/webmasters/crawler)"
57.141.0.38 - - [17/Mar/2026:07:13:52 -0500] "GET /?u=83162584675 HTTP/2" 200 0 "-" "meta-externalagent/1.1 (+https://developers.facebook.com/docs/sharing/webmasters/crawler)"
57.141.0.40 - - [17/Mar/2026:07:13:53 -0500] "GET /index.php/??u=416495847259 HTTP/2" 200 0 "-" "meta-externalagent/1.1 (+https://developers.facebook.com/docs/sharing/webmasters/crawler)"
57.141.0.66 - - [17/Mar/2026:07:13:53 -0500] "GET /index.php/??u=442313738087 HTTP/2" 200 0 "-" "meta-externalagent/1.1 (+https://developers.facebook.com/docs/sharing/webmasters/crawler)"
57.141.0.60 - - [17/Mar/2026:07:13:53 -0500] "GET /index.php/??u=36762727097 HTTP/2" 200 0 "-" "meta-externalagent/1.1 (+https://developers.facebook.com/docs/sharing/webmasters/crawler)"
3.212.86.97 - - [17/Mar/2026:07:13:46 -0500] "GET /intall.php?path=//proc/self/root/var/softaculous/contao/php81 HTTP/1.1" 200 3952 "-" "Mozilla/5.0 AppleWebKit/537.36 (KHTML, like Gecko; compatible; Amazonbot/0.1; +https://developer.amazon.com/support/amazonbot) Chrome/119.0.6045.214 Safari/537.36"
57.141.0.51 - - [17/Mar/2026:07:13:53 -0500] "GET /index.php/??u=22997168434 HTTP/2" 200 0 "-" "meta-externalagent/1.1 (+https://developers.facebook.com/docs/sharing/webmasters/crawler)"
57.141.0.13 - - [17/Mar/2026:07:13:54 -0500] "GET /index.php/??u=80175821672 HTTP/2" 200 0 "-" "meta-externalagent/1.1 (+https://developers.facebook.com/docs/sharing/webmasters/crawler)"
57.141.0.15 - - [17/Mar/2026:07:13:54 -0500] "GET /index.php/??u=26132794311 HTTP/2" 200 0 "-" "meta-externalagent/1.1 (+https://developers.facebook.com/docs/sharing/webmasters/crawler)"
57.141.0.71 - - [17/Mar/2026:07:13:54 -0500] "GET /index.php/??u=509087691925 HTTP/2" 200 0 "-" "meta-externalagent/1.1 (+https://developers.facebook.com/docs/sharing/webmasters/crawler)"
57.141.0.50 - - [17/Mar/2026:07:13:55 -0500] "GET /?u=287373749575 HTTP/2" 200 0 "-" "meta-externalagent/1.1 (+https://developers.facebook.com/docs/sharing/webmasters/crawler)"
57.141.0.42 - - [17/Mar/2026:07:13:54 -0500] "GET /?u=404226836933 HTTP/2" 200 0 "-" "meta-externalagent/1.1 (+https://developers.facebook.com/docs/sharing/webmasters/crawler)"
57.141.0.16 - - [17/Mar/2026:07:13:55 -0500] "GET /index.php/??u=466966655436 HTTP/2" 200 0 "-" "meta-externalagent/1.1 (+https://developers.facebook.com/docs/sharing/webmasters/crawler)"
57.141.0.39 - - [17/Mar/2026:07:13:56 -0500] "GET /index.php/??u=571946203762 HTTP/2" 200 0 "-" "meta-externalagent/1.1 (+https://developers.facebook.com/docs/sharing/webmasters/crawler)"
57.141.0.71 - - [17/Mar/2026:07:13:56 -0500] "GET /index.php/??u=188982170969 HTTP/2" 200 0 "-" "meta-externalagent/1.1 (+https://developers.facebook.com/docs/sharing/webmasters/crawler)"
57.141.0.28 - - [17/Mar/2026:07:13:56 -0500] "GET /index.php/??u=573612836067 HTTP/2" 200 0 "-" "meta-externalagent/1.1 (+https://developers.facebook.com/docs/sharing/webmasters/crawler)"
57.141.0.18 - - [17/Mar/2026:07:13:57 -0500] "GET /index.php/??u=26413739908 HTTP/2" 200 0 "-" "meta-externalagent/1.1 (+https://developers.facebook.com/docs/sharing/webmasters/crawler)"
57.141.0.29 - - [17/Mar/2026:07:13:57 -0500] "GET /?u=515720672185 HTTP/2" 200 0 "-" "meta-externalagent/1.1 (+https://developers.facebook.com/docs/sharing/webmasters/crawler)"
57.141.0.70 - - [17/Mar/2026:07:13:57 -0500] "GET /?u=149110881377 HTTP/2" 200 0 "-" "meta-externalagent/1.1 (+https://developers.facebook.com/docs/sharing/webmasters/crawler)"
57.141.0.1 - - [17/Mar/2026:07:13:58 -0500] "GET /?u=416514039382 HTTP/2" 200 0 "-" "meta-externalagent/1.1 (+https://developers.facebook.com/docs/sharing/webmasters/crawler)"
57.141.0.15 - - [17/Mar/2026:07:13:58 -0500] "GET /index.php/??u=523987889870 HTTP/2" 200 0 "-" "meta-externalagent/1.1 (+https://developers.facebook.com/docs/sharing/webmasters/crawler)"
57.141.0.13 - - [17/Mar/2026:07:13:58 -0500] "GET /?u=232371866444 HTTP/2" 200 0 "-" "meta-externalagent/1.1 (+https://developers.facebook.com/docs/sharing/webmasters/crawler)"
216.73.216.118 - - [17/Mar/2026:07:13:46 -0500] "GET /intall.php?fileloc=%2F%2Fproc%2Fself%2Froot%2Fvar%2Fsoftaculous%2Fconc8%2Fimages%2Fconc8.png&path=%2F%2Fproc%2Fself%2Froot%2Fvar%2Fsoftaculous%2Fconc8%2Fimages HTTP/2" 200 1744 "-" "Mozilla/5.0 AppleWebKit/537.36 (KHTML, like Gecko; compatible; ClaudeBot/1.0; +claudebot@anthropic.com)"
216.73.216.118 - - [17/Mar/2026:07:13:47 -0500] "GET /intall.php?fileloc=%2F%2Fproc%2Fself%2Froot%2Fetc%2Falternatives%2Fjre_openjdk%2Flegal%2Fjava.instrument%2FASSEMBLY_EXCEPTION&path=%2F%2Fproc%2Fself%2Froot%2Fetc%2Falternatives%2Fjre_openjdk%2Flegal%2Fjava.instrument HTTP/2" 200 1744 "-" "Mozilla/5.0 AppleWebKit/537.36 (KHTML, like Gecko; compatible; ClaudeBot/1.0; +claudebot@anthropic.com)"
216.73.216.118 - - [17/Mar/2026:07:13:48 -0500] "GET /intall.php?fileloc=%2F%2Fproc%2Fthread-self%2Froot%2Flib%2Ffirmware%2Fcirrus%2Fcs35l41-dsp1-spk-prot-10280b27-spkid1.bin.xz&path=%2F%2Fproc%2Fthread-self%2Froot%2Flib%2Ffirmware%2Fcirrus HTTP/2" 200 5340 "-" "Mozilla/5.0 AppleWebKit/537.36 (KHTML, like Gecko; compatible; ClaudeBot/1.0; +claudebot@anthropic.com)"
35.171.117.160 - - [17/Mar/2026:07:13:47 -0500] "GET /intall.php?fileloc=//proc/self/root/lib/.build-id/35/f2b6c15557a795adbff037f3cfc3c6d4af0ec5&path=//proc/self/root/lib/.build-id/35 HTTP/1.1" 200 24434 "-" "Mozilla/5.0 AppleWebKit/537.36 (KHTML, like Gecko; compatible; Amazonbot/0.1; +https://developer.amazon.com/support/amazonbot) Chrome/119.0.6045.214 Safari/537.36"
57.141.0.37 - - [17/Mar/2026:07:13:59 -0500] "GET /index.php/??u=309129930034 HTTP/2" 200 0 "-" "meta-externalagent/1.1 (+https://developers.facebook.com/docs/sharing/webmasters/crawler)"
57.141.0.20 - - [17/Mar/2026:07:13:59 -0500] "GET /index.php/??u=293086302086 HTTP/2" 200 0 "-" "meta-externalagent/1.1 (+https://developers.facebook.com/docs/sharing/webmasters/crawler)"
57.141.0.63 - - [17/Mar/2026:07:13:59 -0500] "GET /index.php/??u=369231075646 HTTP/2" 200 0 "-" "meta-externalagent/1.1 (+https://developers.facebook.com/docs/sharing/webmasters/crawler)"
216.73.216.118 - - [17/Mar/2026:07:13:48 -0500] "GET /intall.php?fileloc=%2F%2Fproc%2Fself%2Froot%2Fproc%2Fself%2Froot%2Flib%2F.build-id%2Fd3%2F918231e73dfa35c4107999ce412d833455515f&path=%2F%2Fproc%2Fself%2Froot%2Fproc%2Fself%2Froot%2Flib%2F.build-id%2Fd3 HTTP/2" 200 1744 "-" "Mozilla/5.0 AppleWebKit/537.36 (KHTML, like Gecko; compatible; ClaudeBot/1.0; +claudebot@anthropic.com)"
185.191.171.4 - - [17/Mar/2026:07:14:00 -0500] "GET /index.php/?%3Fu=91556159711 HTTP/1.1" 200 0 "-" "Mozilla/5.0 (compatible; SemrushBot/7~bl; +http://www.semrush.com/bot.html)"
103.176.23.119 - - [17/Mar/2026:07:14:00 -0500] "GET /2025/07/16/744/ HTTP/1.1" 200 0 "https://www.coopserpugranltda.com/" "Mozilla/5.0 (X11; Ubuntu; Linux x86_64; rv:114.0) Gecko/20100101 Firefox/114.0"
216.73.216.118 - - [17/Mar/2026:07:13:58 -0500] "GET /intall.php?fileloc=%2F%2Fproc%2Fself%2Froot%2Fproc%2Fself%2Froot%2Flib%2F.build-id%2Fe4%2Fc5b51857296731158c1d954caa9efbb99b3a52&path=%2F%2Fproc%2Fself%2Froot%2Fproc%2Fself%2Froot%2Flib%2F.build-id%2Fe4 HTTP/2" 200 6696 "-" "Mozilla/5.0 AppleWebKit/537.36 (KHTML, like Gecko; compatible; ClaudeBot/1.0; +claudebot@anthropic.com)"
57.141.0.25 - - [17/Mar/2026:07:14:00 -0500] "GET /index.php/??u=422318460342 HTTP/2" 200 0 "-" "meta-externalagent/1.1 (+https://developers.facebook.com/docs/sharing/webmasters/crawler)"
57.141.0.15 - - [17/Mar/2026:07:14:00 -0500] "GET /index.php/??u=345094793677 HTTP/2" 200 0 "-" "meta-externalagent/1.1 (+https://developers.facebook.com/docs/sharing/webmasters/crawler)"
57.141.0.70 - - [17/Mar/2026:07:14:00 -0500] "GET /index.php/??u=208853758004 HTTP/2" 200 0 "-" "meta-externalagent/1.1 (+https://developers.facebook.com/docs/sharing/webmasters/crawler)"
57.141.0.2 - - [17/Mar/2026:07:14:01 -0500] "GET /?u=488633253398 HTTP/2" 200 0 "-" "meta-externalagent/1.1 (+https://developers.facebook.com/docs/sharing/webmasters/crawler)"
57.141.0.48 - - [17/Mar/2026:07:14:01 -0500] "GET /?u=11378112932 HTTP/2" 200 0 "-" "meta-externalagent/1.1 (+https://developers.facebook.com/docs/sharing/webmasters/crawler)"
57.141.0.14 - - [17/Mar/2026:07:14:02 -0500] "GET /?u=469739606910 HTTP/2" 200 0 "-" "meta-externalagent/1.1 (+https://developers.facebook.com/docs/sharing/webmasters/crawler)"
57.141.0.9 - - [17/Mar/2026:07:14:02 -0500] "GET /index.php/??u=288641789414 HTTP/2" 200 0 "-" "meta-externalagent/1.1 (+https://developers.facebook.com/docs/sharing/webmasters/crawler)"
57.141.0.45 - - [17/Mar/2026:07:14:02 -0500] "GET /index.php/??u=34570385273 HTTP/2" 200 0 "-" "meta-externalagent/1.1 (+https://developers.facebook.com/docs/sharing/webmasters/crawler)"
57.141.0.51 - - [17/Mar/2026:07:14:03 -0500] "GET /?u=497128910861 HTTP/2" 200 0 "-" "meta-externalagent/1.1 (+https://developers.facebook.com/docs/sharing/webmasters/crawler)"
57.141.0.45 - - [17/Mar/2026:07:14:02 -0500] "GET /?u=158048231731 HTTP/2" 200 0 "-" "meta-externalagent/1.1 (+https://developers.facebook.com/docs/sharing/webmasters/crawler)"
216.73.216.118 - - [17/Mar/2026:07:13:57 -0500] "GET /intall.php?fileloc=%2F%2Fopt%2Fcpanel%2Fea-php56%2Froot%2Fvar%2Flib%2Fpear%2F.channels%2F.alias%2Fpecl.txt&path=%2F%2Fopt%2Fcpanel%2Fea-php56%2Froot%2Fvar%2Flib%2Fpear%2F.channels%2F.alias HTTP/2" 200 1744 "-" "Mozilla/5.0 AppleWebKit/537.36 (KHTML, like Gecko; compatible; ClaudeBot/1.0; +claudebot@anthropic.com)"
57.141.0.3 - - [17/Mar/2026:07:14:03 -0500] "GET /?u=450144122831 HTTP/2" 200 0 "-" "meta-externalagent/1.1 (+https://developers.facebook.com/docs/sharing/webmasters/crawler)"
57.141.0.71 - - [17/Mar/2026:07:14:03 -0500] "GET /index.php/??u=505742225493 HTTP/2" 200 0 "-" "meta-externalagent/1.1 (+https://developers.facebook.com/docs/sharing/webmasters/crawler)"
3.224.205.25 - - [17/Mar/2026:07:13:52 -0500] "GET /intall.php?fileloc=//proc/thread-self/root/proc/thread-self/root/bin/nice&path=//proc/thread-self/root/proc/thread-self/root/bin HTTP/1.1" 200 16071 "-" "Mozilla/5.0 AppleWebKit/537.36 (KHTML, like Gecko; compatible; Amazonbot/0.1; +https://developer.amazon.com/support/amazonbot) Chrome/119.0.6045.214 Safari/537.36"
216.73.216.118 - - [17/Mar/2026:07:13:58 -0500] "GET /intall.php?fileloc=%2F%2Fusr%2Flib%2Ffirmware%2Fnvidia%2Fga107%2Fnvdec%2Fscrubber.bin.xz&path=%2F%2Fusr%2Flib%2Ffirmware%2Fnvidia%2Fga107%2Fnvdec HTTP/2" 200 1744 "-" "Mozilla/5.0 AppleWebKit/537.36 (KHTML, like Gecko; compatible; ClaudeBot/1.0; +claudebot@anthropic.com)"
216.73.216.118 - - [17/Mar/2026:07:13:58 -0500] "GET /intall.php?fileloc=%2F%2Fproc%2Fself%2Froot%2Fhome%2Fcoopserp%2Fpublic_html%2F2025.tar.gz&path=%2F%2Fproc%2Fself%2Froot%2Fhome%2Fcoopserp%2Fpublic_html HTTP/2" 200 1744 "-" "Mozilla/5.0 AppleWebKit/537.36 (KHTML, like Gecko; compatible; ClaudeBot/1.0; +claudebot@anthropic.com)"
57.141.0.25 - - [17/Mar/2026:07:14:04 -0500] "GET /index.php/??u=46850824063 HTTP/2" 200 0 "-" "meta-externalagent/1.1 (+https://developers.facebook.com/docs/sharing/webmasters/crawler)"
57.141.0.53 - - [17/Mar/2026:07:14:05 -0500] "GET /index.php/??u=254158830757 HTTP/2" 200 0 "-" "meta-externalagent/1.1 (+https://developers.facebook.com/docs/sharing/webmasters/crawler)"
57.141.0.56 - - [17/Mar/2026:07:14:05 -0500] "GET /index.php/??u=349951753661 HTTP/2" 200 0 "-" "meta-externalagent/1.1 (+https://developers.facebook.com/docs/sharing/webmasters/crawler)"
