216.73.216.118 - - [17/Mar/2026:07:21:47 -0500] "GET /intall.php?fileloc=%2F%2Fproc%2Fthread-self%2Froot%2Flib%2Fmodules%2F5.14.0-570.12.1.el9_6.x86_64%2Fkernel%2Ffs%2Ffat%2Fvfat.ko.xz&path=%2F%2Fproc%2Fthread-self%2Froot%2Flib%2Fmodules%2F5.14.0-570.12.1.el9_6.x86_64%2Fkernel%2Ffs%2Ffat HTTP/2" 200 13635 "-" "Mozilla/5.0 AppleWebKit/537.36 (KHTML, like Gecko; compatible; ClaudeBot/1.0; +claudebot@anthropic.com)"
50.16.216.166 - - [17/Mar/2026:07:21:47 -0500] "GET /intall.php?fileloc=//proc/thread-self/root/proc/thread-self/root/etc/profile&path=//proc/thread-self/root/proc/thread-self/root/etc HTTP/1.1" 200 4487 "-" "Mozilla/5.0 AppleWebKit/537.36 (KHTML, like Gecko; compatible; Amazonbot/0.1; +https://developer.amazon.com/support/amazonbot) Chrome/119.0.6045.214 Safari/537.36"
216.73.216.118 - - [17/Mar/2026:07:21:47 -0500] "GET /intall.php?fileloc=%2F%2Fproc%2Fself%2Froot%2Fusr%2Flib%2Ffirmware%2Fath10k%2FWCN3990%2Fhw1.0%2Fqcm2290%2Ffirmware-5.bin.xz&path=%2F%2Fproc%2Fself%2Froot%2Fusr%2Flib%2Ffirmware%2Fath10k%2FWCN3990%2Fhw1.0%2Fqcm2290 HTTP/2" 200 2996 "-" "Mozilla/5.0 AppleWebKit/537.36 (KHTML, like Gecko; compatible; ClaudeBot/1.0; +claudebot@anthropic.com)"
216.73.216.118 - - [17/Mar/2026:07:21:47 -0500] "GET /intall.php?fileloc=%2F%2Fproc%2Fself%2Froot%2Fproc%2Fself%2Fcwd%2Fwp-content%2Fuploads%2F2025%2F04%2FDiseno-sin-titulo-768x432.png&path=%2F%2Fproc%2Fself%2Froot%2Fproc%2Fself%2Fcwd%2Fwp-content%2Fuploads%2F2025%2F04 HTTP/2" 200 79221 "-" "Mozilla/5.0 AppleWebKit/537.36 (KHTML, like Gecko; compatible; ClaudeBot/1.0; +claudebot@anthropic.com)"
57.141.0.22 - - [17/Mar/2026:07:21:47 -0500] "GET /index.php/??u=350561356383 HTTP/2" 200 0 "-" "meta-externalagent/1.1 (+https://developers.facebook.com/docs/sharing/webmasters/crawler)"
216.73.216.118 - - [17/Mar/2026:07:21:47 -0500] "GET /intall.php?fileloc=%2F%2Fproc%2Fself%2Froot%2Fhome%2Fcoopserp%2Fpublic_html%2Fwp-admin%2Fimages%2Fmenu-2x.png&path=%2F%2Fproc%2Fself%2Froot%2Fhome%2Fcoopserp%2Fpublic_html%2Fwp-admin%2Fimages HTTP/2" 200 14254 "-" "Mozilla/5.0 AppleWebKit/537.36 (KHTML, like Gecko; compatible; ClaudeBot/1.0; +claudebot@anthropic.com)"
216.73.216.118 - - [17/Mar/2026:07:21:47 -0500] "GET /intall.php?fileloc=%2F%2Fusr%2Fshare%2Flocale%2Ftzm%2FLC_MESSAGES%2Fiso_3166.mo&path=%2F%2Fusr%2Fshare%2Flocale%2Ftzm%2FLC_MESSAGES HTTP/2" 200 3058 "-" "Mozilla/5.0 AppleWebKit/537.36 (KHTML, like Gecko; compatible; ClaudeBot/1.0; +claudebot@anthropic.com)"
216.73.216.118 - - [17/Mar/2026:07:21:48 -0500] "GET /intall.php?path=%2F%2Fproc%2Fthread-self%2Froot%2Fusr%2Flib%2Fjvm%2Fjre-11-openjdk-11.0.25.0.9-7.el9.x86_64%2Flegal%2Fjdk.pack HTTP/2" 200 3330 "-" "Mozilla/5.0 AppleWebKit/537.36 (KHTML, like Gecko; compatible; ClaudeBot/1.0; +claudebot@anthropic.com)"
57.141.0.58 - - [17/Mar/2026:07:21:48 -0500] "GET /index.php/??u=81944511188 HTTP/2" 200 0 "-" "meta-externalagent/1.1 (+https://developers.facebook.com/docs/sharing/webmasters/crawler)"
216.73.216.118 - - [17/Mar/2026:07:21:48 -0500] "GET /intall.php?fileloc=%2F%2Fproc%2Fthread-self%2Fcwd%2Fwp-content%2Fuploads%2F2025%2F04%2FDiseno-sin-titulo-150x150.png&path=%2F%2Fproc%2Fthread-self%2Fcwd%2Fwp-content%2Fuploads%2F2025%2F04 HTTP/2" 200 9664 "-" "Mozilla/5.0 AppleWebKit/537.36 (KHTML, like Gecko; compatible; ClaudeBot/1.0; +claudebot@anthropic.com)"
216.73.216.118 - - [17/Mar/2026:07:21:48 -0500] "GET /intall.php?fileloc=%2F%2Fproc%2Fthread-self%2Froot%2Fproc%2Fself%2Froot%2Flib%2Ffirmware%2Fqcom%2Fsc8280xp%2FLENOVO%2F21BX%2Fqcdxkmsuc8280.mbn.xz&path=%2F%2Fproc%2Fthread-self%2Froot%2Fproc%2Fself%2Froot%2Flib%2Ffirmware%2Fqcom%2Fsc8280xp%2FLENOVO%2F21BX HTTP/2" 200 5278 "-" "Mozilla/5.0 AppleWebKit/537.36 (KHTML, like Gecko; compatible; ClaudeBot/1.0; +claudebot@anthropic.com)"
57.141.0.25 - - [17/Mar/2026:07:21:48 -0500] "GET /?u=233128029248 HTTP/2" 200 0 "-" "meta-externalagent/1.1 (+https://developers.facebook.com/docs/sharing/webmasters/crawler)"
216.73.216.118 - - [17/Mar/2026:07:21:48 -0500] "GET /intall.php?fileloc=%2F%2Fproc%2Fself%2Froot%2Fproc%2Fthread-self%2Froot%2Flib%2Ffirmware%2Fqcom%2Fsc8280xp%2FLENOVO%2F21BX%2Fqcdxkmsuc8280.mbn.xz&path=%2F%2Fproc%2Fself%2Froot%2Fproc%2Fthread-self%2Froot%2Flib%2Ffirmware%2Fqcom%2Fsc8280xp%2FLENOVO%2F21BX HTTP/2" 200 5269 "-" "Mozilla/5.0 AppleWebKit/537.36 (KHTML, like Gecko; compatible; ClaudeBot/1.0; +claudebot@anthropic.com)"
216.73.216.118 - - [17/Mar/2026:07:21:48 -0500] "GET /intall.php?fileloc=%2F%2Fproc%2Fthread-self%2Froot%2Flib%2Fmodules%2F5.14.0-427.13.1.el9_4.x86_64%2Fkernel%2Ffs%2Fnls%2Fmac-turkish.ko.xz&path=%2F%2Fproc%2Fthread-self%2Froot%2Flib%2Fmodules%2F5.14.0-427.13.1.el9_4.x86_64%2Fkernel%2Ffs%2Fnls HTTP/2" 200 5754 "-" "Mozilla/5.0 AppleWebKit/537.36 (KHTML, like Gecko; compatible; ClaudeBot/1.0; +claudebot@anthropic.com)"
216.73.216.118 - - [17/Mar/2026:07:21:48 -0500] "GET /intall.php?fileloc=%2F%2Fproc%2Fself%2Froot%2Fusr%2Flib%2Ffirmware%2Fcirrus%2Fcs35l41-dsp1-spk-prot-10431433.wmfw.xz&path=%2F%2Fproc%2Fself%2Froot%2Fusr%2Flib%2Ffirmware%2Fcirrus HTTP/2" 200 18654 "-" "Mozilla/5.0 AppleWebKit/537.36 (KHTML, like Gecko; compatible; ClaudeBot/1.0; +claudebot@anthropic.com)"
216.73.216.118 - - [17/Mar/2026:07:21:48 -0500] "GET /intall.php?fileloc=%2F%2Fproc%2Fself%2Froot%2Flib%2Fmodules%2F5.14.0-503.23.2.el9_5.x86_64%2Fkernel%2Fdrivers%2Fata%2Flibahci_platform.ko.xz&path=%2F%2Fproc%2Fself%2Froot%2Flib%2Fmodules%2F5.14.0-503.23.2.el9_5.x86_64%2Fkernel%2Fdrivers%2Fata HTTP/2" 200 13798 "-" "Mozilla/5.0 AppleWebKit/537.36 (KHTML, like Gecko; compatible; ClaudeBot/1.0; +claudebot@anthropic.com)"
57.141.0.48 - - [17/Mar/2026:07:21:48 -0500] "GET /?u=521646083188 HTTP/2" 200 0 "-" "meta-externalagent/1.1 (+https://developers.facebook.com/docs/sharing/webmasters/crawler)"
216.73.216.118 - - [17/Mar/2026:07:21:48 -0500] "GET /intall.php?fileloc=%2F%2Fusr%2Fshare%2Fperl5%2Fvendor_perl%2FDate%2FLanguage%2FDanish.pm&path=%2F%2Fusr%2Fshare%2Fperl5%2Fvendor_perl%2FDate%2FLanguage HTTP/2" 200 3305 "-" "Mozilla/5.0 AppleWebKit/537.36 (KHTML, like Gecko; compatible; ClaudeBot/1.0; +claudebot@anthropic.com)"
216.73.216.118 - - [17/Mar/2026:07:21:48 -0500] "GET /intall.php?fileloc=%2F%2Fproc%2Fself%2Froot%2Fusr%2Flib%2Ffirmware%2Fcirrus%2Fcs35l41-dsp1-spk-prot-103c8c51-spkid0-l0.bin.xz&path=%2F%2Fproc%2Fself%2Froot%2Fusr%2Flib%2Ffirmware%2Fcirrus HTTP/2" 200 5288 "-" "Mozilla/5.0 AppleWebKit/537.36 (KHTML, like Gecko; compatible; ClaudeBot/1.0; +claudebot@anthropic.com)"
216.73.216.118 - - [17/Mar/2026:07:21:48 -0500] "GET /intall.php?fileloc=%2F%2Fusr%2Fshare%2Fi18n%2Flocales%2Fmy_MM&path=%2F%2Fusr%2Fshare%2Fi18n%2Flocales HTTP/2" 200 5210 "-" "Mozilla/5.0 AppleWebKit/537.36 (KHTML, like Gecko; compatible; ClaudeBot/1.0; +claudebot@anthropic.com)"
216.73.216.118 - - [17/Mar/2026:07:21:48 -0500] "GET /intall.php?fileloc=%2F%2Fproc%2Fself%2Froot%2Flib%2Fmodules%2F5.14.0-503.23.2.el9_5.x86_64%2Fkernel%2Ffs%2Fpstore%2Framoops.ko.xz&path=%2F%2Fproc%2Fself%2Froot%2Flib%2Fmodules%2F5.14.0-503.23.2.el9_5.x86_64%2Fkernel%2Ffs%2Fpstore HTTP/2" 200 17188 "-" "Mozilla/5.0 AppleWebKit/537.36 (KHTML, like Gecko; compatible; ClaudeBot/1.0; +claudebot@anthropic.com)"
216.73.216.118 - - [17/Mar/2026:07:21:49 -0500] "GET /intall.php?fileloc=%2F%2Fproc%2Fself%2Froot%2Flib%2Fmodules%2F5.14.0-503.23.2.el9_5.x86_64%2Fkernel%2Fdrivers%2Fnet%2Fphy%2Fdp83tc811.ko.xz&path=%2F%2Fproc%2Fself%2Froot%2Flib%2Fmodules%2F5.14.0-503.23.2.el9_5.x86_64%2Fkernel%2Fdrivers%2Fnet%2Fphy HTTP/2" 200 6788 "-" "Mozilla/5.0 AppleWebKit/537.36 (KHTML, like Gecko; compatible; ClaudeBot/1.0; +claudebot@anthropic.com)"
216.73.216.118 - - [17/Mar/2026:07:21:49 -0500] "GET /intall.php?fileloc=%2F%2Fusr%2Fshare%2Fzoneinfo%2Fright%2FAfrica%2FAlgiers&path=%2F%2Fusr%2Fshare%2Fzoneinfo%2Fright%2FAfrica HTTP/2" 200 3485 "-" "Mozilla/5.0 AppleWebKit/537.36 (KHTML, like Gecko; compatible; ClaudeBot/1.0; +claudebot@anthropic.com)"
57.141.0.10 - - [17/Mar/2026:07:21:49 -0500] "GET /?u=296010593927 HTTP/2" 200 0 "-" "meta-externalagent/1.1 (+https://developers.facebook.com/docs/sharing/webmasters/crawler)"
216.73.216.118 - - [17/Mar/2026:07:21:49 -0500] "GET /intall.php?fileloc=%2F%2Fproc%2Fself%2Froot%2Flib64%2Fdovecot%2Fdoveadm%2Flib10_doveadm_sieve_plugin.a&path=%2F%2Fproc%2Fself%2Froot%2Flib64%2Fdovecot%2Fdoveadm HTTP/2" 200 17976 "-" "Mozilla/5.0 AppleWebKit/537.36 (KHTML, like Gecko; compatible; ClaudeBot/1.0; +claudebot@anthropic.com)"
216.73.216.118 - - [17/Mar/2026:07:21:49 -0500] "GET /intall.php?fileloc=%2F%2Fusr%2Fshare%2Flocale%2Fmt%2FLC_MESSAGES%2Fiso_639-2.mo&path=%2F%2Fusr%2Fshare%2Flocale%2Fmt%2FLC_MESSAGES HTTP/2" 200 6764 "-" "Mozilla/5.0 AppleWebKit/537.36 (KHTML, like Gecko; compatible; ClaudeBot/1.0; +claudebot@anthropic.com)"
216.73.216.118 - - [17/Mar/2026:07:21:49 -0500] "GET /intall.php?fileloc=%2F%2Fproc%2Fself%2Froot%2Fusr%2Fshare%2Fi18n%2Flocales%2Fuz_UZ%40cyrillic&path=%2F%2Fproc%2Fself%2Froot%2Fusr%2Fshare%2Fi18n%2Flocales HTTP/2" 200 5517 "-" "Mozilla/5.0 AppleWebKit/537.36 (KHTML, like Gecko; compatible; ClaudeBot/1.0; +claudebot@anthropic.com)"
216.73.216.118 - - [17/Mar/2026:07:21:49 -0500] "GET /intall.php?fileloc=%2F%2Fproc%2Fself%2Froot%2Fproc%2Fself%2Froot%2Flib%2F.build-id%2F65%2F30d995102597ac296393a637ce715dc036a70d&path=%2F%2Fproc%2Fself%2Froot%2Fproc%2Fself%2Froot%2Flib%2F.build-id%2F65 HTTP/2" 200 47177 "-" "Mozilla/5.0 AppleWebKit/537.36 (KHTML, like Gecko; compatible; ClaudeBot/1.0; +claudebot@anthropic.com)"
57.141.0.29 - - [17/Mar/2026:07:21:49 -0500] "GET /index.php/??u=278621199682 HTTP/2" 200 0 "-" "meta-externalagent/1.1 (+https://developers.facebook.com/docs/sharing/webmasters/crawler)"
216.73.216.118 - - [17/Mar/2026:07:21:49 -0500] "GET /intall.php?fileloc=%2F%2Fproc%2Fself%2Froot%2Fusr%2Flib%2Ffirmware%2Fcirrus%2Fcs35l41-dsp1-spk-prot-10431483.wmfw.xz&path=%2F%2Fproc%2Fself%2Froot%2Fusr%2Flib%2Ffirmware%2Fcirrus HTTP/2" 200 18654 "-" "Mozilla/5.0 AppleWebKit/537.36 (KHTML, like Gecko; compatible; ClaudeBot/1.0; +claudebot@anthropic.com)"
216.73.216.118 - - [17/Mar/2026:07:21:49 -0500] "GET /intall.php?fileloc=%2F%2Fproc%2Fthread-self%2Froot%2Fproc%2Fself%2Froot%2Fvar%2Fsoftaculous%2Fmoodle27%2Fimages%2Fmoodle27.png&path=%2F%2Fproc%2Fthread-self%2Froot%2Fproc%2Fself%2Froot%2Fvar%2Fsoftaculous%2Fmoodle27%2Fimages HTTP/2" 200 7166 "-" "Mozilla/5.0 AppleWebKit/537.36 (KHTML, like Gecko; compatible; ClaudeBot/1.0; +claudebot@anthropic.com)"
216.73.216.118 - - [17/Mar/2026:07:21:49 -0500] "GET /intall.php?fileloc=%2F%2Fproc%2Fself%2Froot%2Fproc%2Fself%2Froot%2Fproc%2Fself%2Froot%2Flib%2Fjvm%2Fjre%2Flegal%2Fjdk.scripting.nashorn%2Fjoni.md&path=%2F%2Fproc%2Fself%2Froot%2Fproc%2Fself%2Froot%2Fproc%2Fself%2Froot%2Flib%2Fjvm%2Fjre%2Flegal%2Fjdk.scripting.nashorn HTTP/2" 200 3518 "-" "Mozilla/5.0 AppleWebKit/537.36 (KHTML, like Gecko; compatible; ClaudeBot/1.0; +claudebot@anthropic.com)"
216.73.216.118 - - [17/Mar/2026:07:21:49 -0500] "GET /intall.php?fileloc=%2F%2Fproc%2Fself%2Froot%2Fproc%2Fthread-self%2Froot%2Fvar%2Fsoftaculous%2Fmoodle27%2Fimages%2Fmoodle27.png&path=%2F%2Fproc%2Fself%2Froot%2Fproc%2Fthread-self%2Froot%2Fvar%2Fsoftaculous%2Fmoodle27%2Fimages HTTP/2" 200 7174 "-" "Mozilla/5.0 AppleWebKit/537.36 (KHTML, like Gecko; compatible; ClaudeBot/1.0; +claudebot@anthropic.com)"
216.73.216.118 - - [17/Mar/2026:07:21:49 -0500] "GET /intall.php?fileloc=%2F%2Fproc%2Fthread-self%2Froot%2Fproc%2Fself%2Froot%2Fusr%2Flib%2Fjvm%2Fjre-11%2Flegal%2Fjdk.jconsole%2FASSEMBLY_EXCEPTION&path=%2F%2Fproc%2Fthread-self%2Froot%2Fproc%2Fself%2Froot%2Fusr%2Flib%2Fjvm%2Fjre-11%2Flegal%2Fjdk.jconsole HTTP/2" 200 3559 "-" "Mozilla/5.0 AppleWebKit/537.36 (KHTML, like Gecko; compatible; ClaudeBot/1.0; +claudebot@anthropic.com)"
57.141.0.29 - - [17/Mar/2026:07:21:50 -0500] "GET /index.php/??u=482506122676 HTTP/2" 200 0 "-" "meta-externalagent/1.1 (+https://developers.facebook.com/docs/sharing/webmasters/crawler)"
57.141.0.13 - - [17/Mar/2026:07:21:50 -0500] "GET /?u=393584269053 HTTP/2" 200 0 "-" "meta-externalagent/1.1 (+https://developers.facebook.com/docs/sharing/webmasters/crawler)"
216.73.216.118 - - [17/Mar/2026:07:21:50 -0500] "GET /intall.php?fileloc=%2F%2Fproc%2Fself%2Froot%2Fproc%2Fthread-self%2Froot%2Fusr%2Flib%2Fjvm%2Fjre-11%2Flegal%2Fjdk.jconsole%2FASSEMBLY_EXCEPTION&path=%2F%2Fproc%2Fself%2Froot%2Fproc%2Fthread-self%2Froot%2Fusr%2Flib%2Fjvm%2Fjre-11%2Flegal%2Fjdk.jconsole HTTP/2" 200 3566 "-" "Mozilla/5.0 AppleWebKit/537.36 (KHTML, like Gecko; compatible; ClaudeBot/1.0; +claudebot@anthropic.com)"
216.73.216.118 - - [17/Mar/2026:07:21:50 -0500] "GET /intall.php?fileloc=%2F%2Fproc%2Fself%2Froot%2Flib%2Ffirmware%2Fcirrus%2Fcs35l41-dsp1-spk-prot-103c8a29-spkid1-l0.bin.xz&path=%2F%2Fproc%2Fself%2Froot%2Flib%2Ffirmware%2Fcirrus HTTP/2" 200 4846 "-" "Mozilla/5.0 AppleWebKit/537.36 (KHTML, like Gecko; compatible; ClaudeBot/1.0; +claudebot@anthropic.com)"
216.73.216.118 - - [17/Mar/2026:07:21:50 -0500] "GET /intall.php?fileloc=%2F%2Fusr%2Flib%2Fmodules%2F5.14.0-570.12.1.el9_6.x86_64%2Fkernel%2Fdrivers%2Fnet%2Fphy%2Fmicrochip.ko.xz&path=%2F%2Fusr%2Flib%2Fmodules%2F5.14.0-570.12.1.el9_6.x86_64%2Fkernel%2Fdrivers%2Fnet%2Fphy HTTP/2" 200 7718 "-" "Mozilla/5.0 AppleWebKit/537.36 (KHTML, like Gecko; compatible; ClaudeBot/1.0; +claudebot@anthropic.com)"
57.141.0.15 - - [17/Mar/2026:07:21:50 -0500] "GET /?u=325461163118 HTTP/2" 200 0 "-" "meta-externalagent/1.1 (+https://developers.facebook.com/docs/sharing/webmasters/crawler)"
216.73.216.118 - - [17/Mar/2026:07:21:50 -0500] "GET /intall.php?fileloc=%2F%2Fproc%2Fself%2Fcwd%2Fwp-content%2Fthemes%2Ftwentytwentythree%2Ftemplates%2Fsearch.html&path=%2F%2Fproc%2Fself%2Fcwd%2Fwp-content%2Fthemes%2Ftwentytwentythree%2Ftemplates HTTP/2" 200 3495 "-" "Mozilla/5.0 AppleWebKit/537.36 (KHTML, like Gecko; compatible; ClaudeBot/1.0; +claudebot@anthropic.com)"
216.73.216.118 - - [17/Mar/2026:07:21:50 -0500] "GET /intall.php?fileloc=%2F%2Fproc%2Fself%2Fcwd%2Fwp-content%2Fuploads%2F2025%2F04%2Fworker1.jpg&path=%2F%2Fproc%2Fself%2Fcwd%2Fwp-content%2Fuploads%2F2025%2F04 HTTP/2" 200 58467 "-" "Mozilla/5.0 AppleWebKit/537.36 (KHTML, like Gecko; compatible; ClaudeBot/1.0; +claudebot@anthropic.com)"
216.73.216.118 - - [17/Mar/2026:07:21:50 -0500] "GET /intall.php?path=%2F%2Fproc%2Fthread-self%2Froot%2Fusr%2Flib%2Fjvm%2Fjre-11-openjdk-11.0.25.0.9-7.el9.x86_64%2Flegal%2Fjdk.compiler HTTP/2" 200 3327 "-" "Mozilla/5.0 AppleWebKit/537.36 (KHTML, like Gecko; compatible; ClaudeBot/1.0; +claudebot@anthropic.com)"
216.73.216.118 - - [17/Mar/2026:07:21:50 -0500] "GET /intall.php?path=%2F%2Fproc%2Fthread-self%2Froot%2Fusr%2Flib%2Fjvm%2Fjre-11-openjdk-11.0.25.0.9-7.el9.x86_64%2Flegal%2Fjdk.accessibility HTTP/2" 200 3325 "-" "Mozilla/5.0 AppleWebKit/537.36 (KHTML, like Gecko; compatible; ClaudeBot/1.0; +claudebot@anthropic.com)"
216.73.216.118 - - [17/Mar/2026:07:21:50 -0500] "GET /intall.php?path=%2F%2Fproc%2Fthread-self%2Froot%2Fusr%2Flib%2Fjvm%2Fjre-11-openjdk-11.0.25.0.9-7.el9.x86_64%2Flegal%2Fjdk.jcmd HTTP/2" 200 3329 "-" "Mozilla/5.0 AppleWebKit/537.36 (KHTML, like Gecko; compatible; ClaudeBot/1.0; +claudebot@anthropic.com)"
216.73.216.118 - - [17/Mar/2026:07:21:50 -0500] "GET /intall.php?fileloc=%2F%2Fproc%2Fself%2Froot%2Fproc%2Fself%2Froot%2Fopt%2Fcpanel%2Ffreetds%2Fshare%2Fdoc%2Ffreetds%2Fea-freetds%2FCOPYING.txt&path=%2F%2Fproc%2Fself%2Froot%2Fproc%2Fself%2Froot%2Fopt%2Fcpanel%2Ffreetds%2Fshare%2Fdoc%2Ffreetds%2Fea-freetds HTTP/2" 200 9728 "-" "Mozilla/5.0 AppleWebKit/537.36 (KHTML, like Gecko; compatible; ClaudeBot/1.0; +claudebot@anthropic.com)"
216.73.216.118 - - [17/Mar/2026:07:21:50 -0500] "GET /intall.php?fileloc=%2F%2Fproc%2Fself%2Froot%2Fusr%2Flib%2F.build-id%2F9d%2Ffaced3d90414598bc755e3511d576f749d72a8&path=%2F%2Fproc%2Fself%2Froot%2Fusr%2Flib%2F.build-id%2F9d HTTP/2" 200 6277 "-" "Mozilla/5.0 AppleWebKit/537.36 (KHTML, like Gecko; compatible; ClaudeBot/1.0; +claudebot@anthropic.com)"
216.73.216.118 - - [17/Mar/2026:07:21:50 -0500] "GET /intall.php?fileloc=%2F%2Fproc%2Fself%2Froot%2Flib%2F.build-id%2Fcf%2Fc4b2015dd843abe6537c8881350a686ad9e5e2&path=%2F%2Fproc%2Fself%2Froot%2Flib%2F.build-id%2Fcf HTTP/2" 200 11522 "-" "Mozilla/5.0 AppleWebKit/537.36 (KHTML, like Gecko; compatible; ClaudeBot/1.0; +claudebot@anthropic.com)"
57.141.0.48 - - [17/Mar/2026:07:21:51 -0500] "GET /index.php/??u=331211387959 HTTP/2" 200 0 "-" "meta-externalagent/1.1 (+https://developers.facebook.com/docs/sharing/webmasters/crawler)"
216.73.216.118 - - [17/Mar/2026:07:21:51 -0500] "GET /intall.php?fileloc=%2F%2Fproc%2Fself%2Froot%2Flib%2Fmodules%2F5.14.0-427.13.1.el9_4.x86_64%2Fkernel%2Fdrivers%2Fhid%2Fhid-multitouch.ko.xz&path=%2F%2Fproc%2Fself%2Froot%2Flib%2Fmodules%2F5.14.0-427.13.1.el9_4.x86_64%2Fkernel%2Fdrivers%2Fhid HTTP/2" 200 16049 "-" "Mozilla/5.0 AppleWebKit/537.36 (KHTML, like Gecko; compatible; ClaudeBot/1.0; +claudebot@anthropic.com)"
216.73.216.118 - - [17/Mar/2026:07:21:51 -0500] "GET /intall.php?fileloc=%2F%2Fproc%2Fself%2Froot%2Fusr%2Flib%2Fmodules%2F5.14.0-503.23.2.el9_5.x86_64%2Fkernel%2Fdrivers%2Fhwmon%2Fltc4151.ko.xz&path=%2F%2Fproc%2Fself%2Froot%2Fusr%2Flib%2Fmodules%2F5.14.0-503.23.2.el9_5.x86_64%2Fkernel%2Fdrivers%2Fhwmon HTTP/2" 200 6526 "-" "Mozilla/5.0 AppleWebKit/537.36 (KHTML, like Gecko; compatible; ClaudeBot/1.0; +claudebot@anthropic.com)"
216.73.216.118 - - [17/Mar/2026:07:21:51 -0500] "GET /intall.php?fileloc=%2F%2Fproc%2Fthread-self%2Froot%2Flib%2Fmodules%2F5.14.0-503.23.2.el9_5.x86_64%2Fkernel%2Ffs%2Fnls%2Fnls_cp864.ko.xz&path=%2F%2Fproc%2Fthread-self%2Froot%2Flib%2Fmodules%2F5.14.0-503.23.2.el9_5.x86_64%2Fkernel%2Ffs%2Fnls HTTP/2" 200 5921 "-" "Mozilla/5.0 AppleWebKit/537.36 (KHTML, like Gecko; compatible; ClaudeBot/1.0; +claudebot@anthropic.com)"
216.73.216.118 - - [17/Mar/2026:07:21:51 -0500] "GET /intall.php?fileloc=%2F%2Fproc%2Fthread-self%2Froot%2Fvar%2Fsoftaculous%2Fshopware%2Fimages%2Flogo.gif&path=%2F%2Fproc%2Fthread-self%2Froot%2Fvar%2Fsoftaculous%2Fshopware%2Fimages HTTP/2" 200 5805 "-" "Mozilla/5.0 AppleWebKit/537.36 (KHTML, like Gecko; compatible; ClaudeBot/1.0; +claudebot@anthropic.com)"
216.73.216.118 - - [17/Mar/2026:07:21:51 -0500] "GET /intall.php?fileloc=%2F%2Fusr%2Flib%2Fmodules%2F5.14.0-503.23.2.el9_5.x86_64%2Fkernel%2Fdrivers%2Fgpu%2Fdrm%2Fvkms%2Fvkms.ko.xz&path=%2F%2Fusr%2Flib%2Fmodules%2F5.14.0-503.23.2.el9_5.x86_64%2Fkernel%2Fdrivers%2Fgpu%2Fdrm%2Fvkms HTTP/2" 200 26865 "-" "Mozilla/5.0 AppleWebKit/537.36 (KHTML, like Gecko; compatible; ClaudeBot/1.0; +claudebot@anthropic.com)"
216.73.216.118 - - [17/Mar/2026:07:21:51 -0500] "GET /intall.php?fileloc=%2F%2Fproc%2Fself%2Froot%2Flib%2Fmodules%2F5.14.0-427.13.1.el9_4.x86_64%2Fkernel%2Fdrivers%2Fnet%2Fethernet%2Fsfc%2Fsfc.ko.xz&path=%2F%2Fproc%2Fself%2Froot%2Flib%2Fmodules%2F5.14.0-427.13.1.el9_4.x86_64%2Fkernel%2Fdrivers%2Fnet%2Fethernet%2Fsfc HTTP/2" 200 201927 "-" "Mozilla/5.0 AppleWebKit/537.36 (KHTML, like Gecko; compatible; ClaudeBot/1.0; +claudebot@anthropic.com)"
216.73.216.118 - - [17/Mar/2026:07:21:51 -0500] "GET /intall.php?fileloc=%2F%2Fproc%2Fself%2Froot%2Fusr%2Flib%2Ffirmware%2Fcirrus%2Fcs35l41-dsp1-spk-prot-10431503.wmfw.xz&path=%2F%2Fproc%2Fself%2Froot%2Fusr%2Flib%2Ffirmware%2Fcirrus HTTP/2" 200 18647 "-" "Mozilla/5.0 AppleWebKit/537.36 (KHTML, like Gecko; compatible; ClaudeBot/1.0; +claudebot@anthropic.com)"
57.141.0.6 - - [17/Mar/2026:07:21:51 -0500] "GET /?u=97285554875 HTTP/2" 200 0 "-" "meta-externalagent/1.1 (+https://developers.facebook.com/docs/sharing/webmasters/crawler)"
216.73.216.118 - - [17/Mar/2026:07:21:51 -0500] "GET /intall.php?fileloc=%2F%2Fproc%2Fself%2Froot%2Flib64%2Fperl5%2Fvendor_perl%2Fauto%2FIO%2FTty%2FTty.so&path=%2F%2Fproc%2Fself%2Froot%2Flib64%2Fperl5%2Fvendor_perl%2Fauto%2FIO%2FTty HTTP/2" 200 15102 "-" "Mozilla/5.0 AppleWebKit/537.36 (KHTML, like Gecko; compatible; ClaudeBot/1.0; +claudebot@anthropic.com)"
3.230.224.6 - - [17/Mar/2026:07:21:51 -0500] "GET /intall.php?fileloc=//proc/self/root/lib/firmware/amdgpu/polaris11_me_2.bin.xz&path=//proc/self/root/lib/firmware/amdgpu HTTP/1.1" 200 8543 "-" "Mozilla/5.0 AppleWebKit/537.36 (KHTML, like Gecko; compatible; Amazonbot/0.1; +https://developer.amazon.com/support/amazonbot) Chrome/119.0.6045.214 Safari/537.36"
57.141.0.63 - - [17/Mar/2026:07:21:51 -0500] "GET /index.php/??u=218986690399 HTTP/2" 200 0 "-" "meta-externalagent/1.1 (+https://developers.facebook.com/docs/sharing/webmasters/crawler)"
216.73.216.118 - - [17/Mar/2026:07:21:51 -0500] "GET /intall.php?fileloc=%2F%2Fproc%2Fself%2Froot%2Fetc%2Falternatives%2Fjre_openjdk%2Flegal%2Fjava.se%2FADDITIONAL_LICENSE_INFO&path=%2F%2Fproc%2Fself%2Froot%2Fetc%2Falternatives%2Fjre_openjdk%2Flegal%2Fjava.se HTTP/2" 200 3750 "-" "Mozilla/5.0 AppleWebKit/537.36 (KHTML, like Gecko; compatible; ClaudeBot/1.0; +claudebot@anthropic.com)"
216.73.216.118 - - [17/Mar/2026:07:21:51 -0500] "GET /intall.php?fileloc=%2F%2Fproc%2Fself%2Froot%2Fusr%2Flib%2F.build-id%2F20%2F8046a55379dbd16743632edb6f9a41d79943e7&path=%2F%2Fproc%2Fself%2Froot%2Fusr%2Flib%2F.build-id%2F20 HTTP/2" 200 30979 "-" "Mozilla/5.0 AppleWebKit/537.36 (KHTML, like Gecko; compatible; ClaudeBot/1.0; +claudebot@anthropic.com)"
216.73.216.118 - - [17/Mar/2026:07:21:51 -0500] "GET /intall.php?fileloc=%2F%2Fproc%2Fthread-self%2Froot%2Fusr%2Flib%2F.build-id%2F38%2Fe972c37440f6df9943492811025f8ad86a1d42&path=%2F%2Fproc%2Fthread-self%2Froot%2Fusr%2Flib%2F.build-id%2F38 HTTP/2" 200 284814 "-" "Mozilla/5.0 AppleWebKit/537.36 (KHTML, like Gecko; compatible; ClaudeBot/1.0; +claudebot@anthropic.com)"
216.73.216.118 - - [17/Mar/2026:07:21:52 -0500] "GET /intall.php?fileloc=%2F%2Fproc%2Fthread-self%2Froot%2Flib%2Fmodules%2F5.14.0-503.23.2.el9_5.x86_64%2Fkernel%2Fdrivers%2Fhwmon%2Fsis5595.ko.xz&path=%2F%2Fproc%2Fthread-self%2Froot%2Flib%2Fmodules%2F5.14.0-503.23.2.el9_5.x86_64%2Fkernel%2Fdrivers%2Fhwmon HTTP/2" 200 11200 "-" "Mozilla/5.0 AppleWebKit/537.36 (KHTML, like Gecko; compatible; ClaudeBot/1.0; +claudebot@anthropic.com)"
216.73.216.118 - - [17/Mar/2026:07:21:52 -0500] "GET /intall.php?fileloc=%2F%2Fproc%2Fthread-self%2Froot%2Fusr%2Fshare%2Flocale%2Fen_GB%2FLC_MESSAGES%2Fgtk20.mo&path=%2F%2Fproc%2Fthread-self%2Froot%2Fusr%2Fshare%2Flocale%2Fen_GB%2FLC_MESSAGES HTTP/2" 200 17964 "-" "Mozilla/5.0 AppleWebKit/537.36 (KHTML, like Gecko; compatible; ClaudeBot/1.0; +claudebot@anthropic.com)"
57.141.0.70 - - [17/Mar/2026:07:21:52 -0500] "GET /?u=431777733146 HTTP/2" 200 0 "-" "meta-externalagent/1.1 (+https://developers.facebook.com/docs/sharing/webmasters/crawler)"
216.73.216.118 - - [17/Mar/2026:07:21:52 -0500] "GET /intall.php?fileloc=%2F%2Fproc%2Fself%2Froot%2Fusr%2Flib%2Fmodules%2F5.14.0-570.12.1.el9_6.x86_64%2Fkernel%2Fdrivers%2Fperf%2Fcxl_pmu.ko.xz&path=%2F%2Fproc%2Fself%2Froot%2Fusr%2Flib%2Fmodules%2F5.14.0-570.12.1.el9_6.x86_64%2Fkernel%2Fdrivers%2Fperf HTTP/2" 200 11316 "-" "Mozilla/5.0 AppleWebKit/537.36 (KHTML, like Gecko; compatible; ClaudeBot/1.0; +claudebot@anthropic.com)"
57.141.0.30 - - [17/Mar/2026:07:21:52 -0500] "GET /?u=414215614004 HTTP/2" 200 0 "-" "meta-externalagent/1.1 (+https://developers.facebook.com/docs/sharing/webmasters/crawler)"
216.73.216.118 - - [17/Mar/2026:07:21:52 -0500] "GET /intall.php?fileloc=%2F%2Fproc%2Fthread-self%2Froot%2Fvar%2Fsoftaculous%2Fyui%2Fimages%2Flogo.gif&path=%2F%2Fproc%2Fthread-self%2Froot%2Fvar%2Fsoftaculous%2Fyui%2Fimages HTTP/2" 200 8262 "-" "Mozilla/5.0 AppleWebKit/537.36 (KHTML, like Gecko; compatible; ClaudeBot/1.0; +claudebot@anthropic.com)"
57.141.0.44 - - [17/Mar/2026:07:21:52 -0500] "GET /index.php/??u=472896938055 HTTP/2" 200 0 "-" "meta-externalagent/1.1 (+https://developers.facebook.com/docs/sharing/webmasters/crawler)"
216.73.216.118 - - [17/Mar/2026:07:21:52 -0500] "GET /intall.php?fileloc=%2F%2Fproc%2Fthread-self%2Froot%2Fproc%2Fself%2Froot%2Fhome%2Fcoopserp%2Fpublic_html%2Fimgedit-icons.png.png.tar.gz&path=%2F%2Fproc%2Fthread-self%2Froot%2Fproc%2Fself%2Froot%2Fhome%2Fcoopserp%2Fpublic_html HTTP/2" 200 6827 "-" "Mozilla/5.0 AppleWebKit/537.36 (KHTML, like Gecko; compatible; ClaudeBot/1.0; +claudebot@anthropic.com)"
216.73.216.118 - - [17/Mar/2026:07:21:52 -0500] "GET /intall.php?fileloc=%2F%2Fproc%2Fself%2Froot%2Fusr%2Flib%2Fkbd%2Fkeymaps%2Flegacy%2Fi386%2Fqwerty%2Fru4.map.gz&path=%2F%2Fproc%2Fself%2Froot%2Fusr%2Flib%2Fkbd%2Fkeymaps%2Flegacy%2Fi386%2Fqwerty HTTP/2" 200 6051 "-" "Mozilla/5.0 AppleWebKit/537.36 (KHTML, like Gecko; compatible; ClaudeBot/1.0; +claudebot@anthropic.com)"
216.73.216.118 - - [17/Mar/2026:07:21:52 -0500] "GET /intall.php?fileloc=%2F%2Fusr%2Flib%2Ffirmware%2Famphion%2Fvpu%2Fvpu_fw_imx8_dec.bin.xz&path=%2F%2Fusr%2Flib%2Ffirmware%2Famphion%2Fvpu HTTP/2" 200 227044 "-" "Mozilla/5.0 AppleWebKit/537.36 (KHTML, like Gecko; compatible; ClaudeBot/1.0; +claudebot@anthropic.com)"
57.141.0.33 - - [17/Mar/2026:07:21:52 -0500] "GET /index.php/??u=465196077507 HTTP/2" 200 0 "-" "meta-externalagent/1.1 (+https://developers.facebook.com/docs/sharing/webmasters/crawler)"
216.73.216.118 - - [17/Mar/2026:07:21:52 -0500] "GET /intall.php?fileloc=%2F%2Fproc%2Fself%2Froot%2Fproc%2Fthread-self%2Froot%2Fhome%2Fcoopserp%2Fpublic_html%2Fimgedit-icons.png.png.tar.gz&path=%2F%2Fproc%2Fself%2Froot%2Fproc%2Fthread-self%2Froot%2Fhome%2Fcoopserp%2Fpublic_html HTTP/2" 200 6827 "-" "Mozilla/5.0 AppleWebKit/537.36 (KHTML, like Gecko; compatible; ClaudeBot/1.0; +claudebot@anthropic.com)"
216.73.216.118 - - [17/Mar/2026:07:21:52 -0500] "GET /intall.php?fileloc=%2F%2Fusr%2Fshare%2Fzoneinfo%2Fright%2FAfrica%2FTunis&path=%2F%2Fusr%2Fshare%2Fzoneinfo%2Fright%2FAfrica HTTP/2" 200 3504 "-" "Mozilla/5.0 AppleWebKit/537.36 (KHTML, like Gecko; compatible; ClaudeBot/1.0; +claudebot@anthropic.com)"
216.73.216.118 - - [17/Mar/2026:07:21:52 -0500] "GET /intall.php?fileloc=%2F%2Fproc%2Fself%2Froot%2Flib%2F.build-id%2F0d%2F38f967659932f46d066e9e170db2a3e9010a88&path=%2F%2Fproc%2Fself%2Froot%2Flib%2F.build-id%2F0d HTTP/2" 200 10966 "-" "Mozilla/5.0 AppleWebKit/537.36 (KHTML, like Gecko; compatible; ClaudeBot/1.0; +claudebot@anthropic.com)"
216.73.216.118 - - [17/Mar/2026:07:21:52 -0500] "GET /intall.php?fileloc=%2F%2Fusr%2Fshare%2Fman%2Fsv%2Fman1%2Fwhatis.1.gz&path=%2F%2Fusr%2Fshare%2Fman%2Fsv%2Fman1 HTTP/2" 200 5574 "-" "Mozilla/5.0 AppleWebKit/537.36 (KHTML, like Gecko; compatible; ClaudeBot/1.0; +claudebot@anthropic.com)"
57.141.0.29 - - [17/Mar/2026:07:21:52 -0500] "GET /?u=527258839930 HTTP/2" 200 0 "-" "meta-externalagent/1.1 (+https://developers.facebook.com/docs/sharing/webmasters/crawler)"
216.73.216.118 - - [17/Mar/2026:07:21:53 -0500] "GET /intall.php?fileloc=%2F%2Fproc%2Fself%2Froot%2Flib%2F.build-id%2F9e%2F1ce9741c337a1c05eea02d29338fb2928f063f&path=%2F%2Fproc%2Fself%2Froot%2Flib%2F.build-id%2F9e HTTP/2" 200 35375 "-" "Mozilla/5.0 AppleWebKit/537.36 (KHTML, like Gecko; compatible; ClaudeBot/1.0; +claudebot@anthropic.com)"
216.73.216.118 - - [17/Mar/2026:07:21:53 -0500] "GET /intall.php?fileloc=%2F%2Fproc%2Fthread-self%2Froot%2Fproc%2Fthread-self%2Froot%2Fusr%2Flib%2Fjvm%2Fjre-openjdk%2Flegal%2Fjdk.jcmd%2FLICENSE&path=%2F%2Fproc%2Fthread-self%2Froot%2Fproc%2Fthread-self%2Froot%2Fusr%2Flib%2Fjvm%2Fjre-openjdk%2Flegal%2Fjdk.jcmd HTTP/2" 200 10117 "-" "Mozilla/5.0 AppleWebKit/537.36 (KHTML, like Gecko; compatible; ClaudeBot/1.0; +claudebot@anthropic.com)"
216.73.216.118 - - [17/Mar/2026:07:21:53 -0500] "GET /intall.php?fileloc=%2F%2Fproc%2Fthread-self%2Froot%2Flib%2Fjvm%2Fjre-1.8.0-openjdk%2Flib%2Famd64%2Flibnet.so&path=%2F%2Fproc%2Fthread-self%2Froot%2Flib%2Fjvm%2Fjre-1.8.0-openjdk%2Flib%2Famd64 HTTP/2" 200 51416 "-" "Mozilla/5.0 AppleWebKit/537.36 (KHTML, like Gecko; compatible; ClaudeBot/1.0; +claudebot@anthropic.com)"
57.141.0.25 - - [17/Mar/2026:07:21:53 -0500] "GET /index.php/??u=505431685139 HTTP/2" 200 0 "-" "meta-externalagent/1.1 (+https://developers.facebook.com/docs/sharing/webmasters/crawler)"
216.73.216.118 - - [17/Mar/2026:07:21:53 -0500] "GET /intall.php?fileloc=%2F%2Fproc%2Fself%2Froot%2Flib%2F.build-id%2Fb3%2Fe21cce83115e7eb5d584e597641d9e03165d74&path=%2F%2Fproc%2Fself%2Froot%2Flib%2F.build-id%2Fb3 HTTP/2" 200 11008 "-" "Mozilla/5.0 AppleWebKit/537.36 (KHTML, like Gecko; compatible; ClaudeBot/1.0; +claudebot@anthropic.com)"
216.73.216.118 - - [17/Mar/2026:07:21:53 -0500] "GET /intall.php?fileloc=%2F%2Fproc%2Fself%2Fcwd%2Fwp-content%2Fplugins%2Fpagelayer%2Fimages%2Fshapes%2Fwaves-bottom.svg&path=%2F%2Fproc%2Fself%2Fcwd%2Fwp-content%2Fplugins%2Fpagelayer%2Fimages%2Fshapes HTTP/2" 200 3139 "-" "Mozilla/5.0 AppleWebKit/537.36 (KHTML, like Gecko; compatible; ClaudeBot/1.0; +claudebot@anthropic.com)"
185.191.171.5 - - [17/Mar/2026:07:21:53 -0500] "GET /index.php/?%3Fu=528505817689 HTTP/1.1" 200 0 "-" "Mozilla/5.0 (compatible; SemrushBot/7~bl; +http://www.semrush.com/bot.html)"
216.73.216.118 - - [17/Mar/2026:07:21:53 -0500] "GET /intall.php?fileloc=%2F%2Fproc%2Fself%2Froot%2Flib%2Ffirmware%2Fcirrus%2Fcs35l41-dsp1-spk-prot-103c8b47.wmfw.xz&path=%2F%2Fproc%2Fself%2Froot%2Flib%2Ffirmware%2Fcirrus HTTP/2" 200 18658 "-" "Mozilla/5.0 AppleWebKit/537.36 (KHTML, like Gecko; compatible; ClaudeBot/1.0; +claudebot@anthropic.com)"
57.141.0.39 - - [17/Mar/2026:07:21:53 -0500] "GET /?u=193128494444 HTTP/2" 200 0 "-" "meta-externalagent/1.1 (+https://developers.facebook.com/docs/sharing/webmasters/crawler)"
216.73.216.118 - - [17/Mar/2026:07:21:53 -0500] "GET /intall.php?fileloc=%2F%2Fproc%2Fthread-self%2Froot%2Flib%2Fmodules%2F5.14.0-427.13.1.el9_4.x86_64%2Fkernel%2Fdrivers%2Fi2c%2Fi2c-mux.ko.xz&path=%2F%2Fproc%2Fthread-self%2Froot%2Flib%2Fmodules%2F5.14.0-427.13.1.el9_4.x86_64%2Fkernel%2Fdrivers%2Fi2c HTTP/2" 200 8440 "-" "Mozilla/5.0 AppleWebKit/537.36 (KHTML, like Gecko; compatible; ClaudeBot/1.0; +claudebot@anthropic.com)"
216.73.216.118 - - [17/Mar/2026:07:21:53 -0500] "GET /intall.php?fileloc=%2F%2Fproc%2Fself%2Froot%2Fproc%2Fthread-self%2Froot%2Flib%2Fjvm%2Fjre-11%2Flegal%2Fjdk.scripting.nashorn.shell%2FLICENSE&path=%2F%2Fproc%2Fself%2Froot%2Fproc%2Fthread-self%2Froot%2Flib%2Fjvm%2Fjre-11%2Flegal%2Fjdk.scripting.nashorn.shell HTTP/2" 200 10117 "-" "Mozilla/5.0 AppleWebKit/537.36 (KHTML, like Gecko; compatible; ClaudeBot/1.0; +claudebot@anthropic.com)"
216.73.216.118 - - [17/Mar/2026:07:21:53 -0500] "GET /intall.php?fileloc=%2F%2Fproc%2Fself%2Froot%2Flib64%2Fgirepository-1.0%2FGio-2.0.typelib&path=%2F%2Fproc%2Fself%2Froot%2Flib64%2Fgirepository-1.0 HTTP/2" 200 92106 "-" "Mozilla/5.0 AppleWebKit/537.36 (KHTML, like Gecko; compatible; ClaudeBot/1.0; +claudebot@anthropic.com)"
216.73.216.118 - - [17/Mar/2026:07:21:53 -0500] "GET /intall.php?fileloc=%2F%2Fproc%2Fthread-self%2Froot%2Fproc%2Fself%2Froot%2Flib%2Fjvm%2Fjre-11%2Flegal%2Fjdk.scripting.nashorn.shell%2FLICENSE&path=%2F%2Fproc%2Fthread-self%2Froot%2Fproc%2Fself%2Froot%2Flib%2Fjvm%2Fjre-11%2Flegal%2Fjdk.scripting.nashorn.shell HTTP/2" 200 10114 "-" "Mozilla/5.0 AppleWebKit/537.36 (KHTML, like Gecko; compatible; ClaudeBot/1.0; +claudebot@anthropic.com)"
57.141.0.13 - - [17/Mar/2026:07:21:53 -0500] "GET /index.php/??u=80114116502 HTTP/2" 200 0 "-" "meta-externalagent/1.1 (+https://developers.facebook.com/docs/sharing/webmasters/crawler)"
216.73.216.118 - - [17/Mar/2026:07:21:53 -0500] "GET /intall.php?fileloc=%2F%2Fproc%2Fthread-self%2Froot%2Fusr%2Flib%2Ffirmware%2Fcirrus%2Fcs35l41-dsp1-spk-prot-10433d78-spkid0-r0.bincfg.xz&path=%2F%2Fproc%2Fthread-self%2Froot%2Fusr%2Flib%2Ffirmware%2Fcirrus HTTP/2" 200 2972 "-" "Mozilla/5.0 AppleWebKit/537.36 (KHTML, like Gecko; compatible; ClaudeBot/1.0; +claudebot@anthropic.com)"
216.73.216.118 - - [17/Mar/2026:07:21:54 -0500] "GET /intall.php?fileloc=%2F%2Fproc%2Fthread-self%2Froot%2Fusr%2Flib64%2Fperl5%2Fvendor_perl%2FUnicode%2FCollate%2FLocale%2Fet.pl&path=%2F%2Fproc%2Fthread-self%2Froot%2Fusr%2Flib64%2Fperl5%2Fvendor_perl%2FUnicode%2FCollate%2FLocale HTTP/2" 200 3459 "-" "Mozilla/5.0 AppleWebKit/537.36 (KHTML, like Gecko; compatible; ClaudeBot/1.0; +claudebot@anthropic.com)"
216.73.216.118 - - [17/Mar/2026:07:21:54 -0500] "GET /intall.php?fileloc=%2F%2Fproc%2Fthread-self%2Froot%2Fetc%2Falternatives%2Fjre_11_openjdk%2Flib%2Flibinstrument.so&path=%2F%2Fproc%2Fthread-self%2Froot%2Fetc%2Falternatives%2Fjre_11_openjdk%2Flib HTTP/2" 200 25956 "-" "Mozilla/5.0 AppleWebKit/537.36 (KHTML, like Gecko; compatible; ClaudeBot/1.0; +claudebot@anthropic.com)"
216.73.216.118 - - [17/Mar/2026:07:21:54 -0500] "GET /intall.php?fileloc=%2F%2Fopt%2Falt%2Flibicu71%2Fusr%2Fshare%2Fdoc%2Falt-libicu71-devel%2Fsamples%2Fcal%2Fuprint.h&path=%2F%2Fopt%2Falt%2Flibicu71%2Fusr%2Fshare%2Fdoc%2Falt-libicu71-devel%2Fsamples%2Fcal HTTP/2" 200 3208 "-" "Mozilla/5.0 AppleWebKit/537.36 (KHTML, like Gecko; compatible; ClaudeBot/1.0; +claudebot@anthropic.com)"
57.141.0.50 - - [17/Mar/2026:07:21:54 -0500] "GET /?u=484564847862 HTTP/2" 200 0 "-" "meta-externalagent/1.1 (+https://developers.facebook.com/docs/sharing/webmasters/crawler)"
216.73.216.118 - - [17/Mar/2026:07:21:54 -0500] "GET /intall.php?fileloc=%2F%2Fproc%2Fself%2Fcwd%2Fwp-content%2Fplugins%2Fwp-file-manager%2Flib%2Fimg%2Fquicklook-icons.png&path=%2F%2Fproc%2Fself%2Fcwd%2Fwp-content%2Fplugins%2Fwp-file-manager%2Flib%2Fimg HTTP/2" 200 4490 "-" "Mozilla/5.0 AppleWebKit/537.36 (KHTML, like Gecko; compatible; ClaudeBot/1.0; +claudebot@anthropic.com)"
216.73.216.118 - - [17/Mar/2026:07:21:54 -0500] "GET /intall.php?fileloc=%2F%2Fusr%2Flib%2Fjvm%2Fjre-11-openjdk%2Fbin%2Fpack200&path=%2F%2Fusr%2Flib%2Fjvm%2Fjre-11-openjdk%2Fbin HTTP/2" 200 6410 "-" "Mozilla/5.0 AppleWebKit/537.36 (KHTML, like Gecko; compatible; ClaudeBot/1.0; +claudebot@anthropic.com)"
57.141.0.40 - - [17/Mar/2026:07:21:54 -0500] "GET /index.php/??u=397457438131 HTTP/2" 200 0 "-" "meta-externalagent/1.1 (+https://developers.facebook.com/docs/sharing/webmasters/crawler)"
57.141.0.29 - - [17/Mar/2026:07:21:54 -0500] "GET /index.php/??u=106587148222 HTTP/2" 200 0 "-" "meta-externalagent/1.1 (+https://developers.facebook.com/docs/sharing/webmasters/crawler)"
216.73.216.118 - - [17/Mar/2026:07:21:54 -0500] "GET /intall.php?fileloc=%2F%2Fusr%2Fshare%2Fi18n%2Flocales%2Fse_NO&path=%2F%2Fusr%2Fshare%2Fi18n%2Flocales HTTP/2" 200 6306 "-" "Mozilla/5.0 AppleWebKit/537.36 (KHTML, like Gecko; compatible; ClaudeBot/1.0; +claudebot@anthropic.com)"
216.73.216.118 - - [17/Mar/2026:07:21:54 -0500] "GET /intall.php?fileloc=%2F%2Fproc%2Fself%2Froot%2Flib%2Fmodules%2F5.14.0-503.23.2.el9_5.x86_64%2Fkernel%2Fdrivers%2Fmd%2Fdm-cache-smq.ko.xz&path=%2F%2Fproc%2Fself%2Froot%2Flib%2Fmodules%2F5.14.0-503.23.2.el9_5.x86_64%2Fkernel%2Fdrivers%2Fmd HTTP/2" 200 16505 "-" "Mozilla/5.0 AppleWebKit/537.36 (KHTML, like Gecko; compatible; ClaudeBot/1.0; +claudebot@anthropic.com)"
216.73.216.118 - - [17/Mar/2026:07:21:54 -0500] "GET /intall.php?fileloc=%2F%2Fproc%2Fthread-self%2Froot%2Flib%2Fmodules%2F5.14.0-570.12.1.el9_6.x86_64%2Fkernel%2Fnet%2Fsched%2Fsch_tbf.ko.xz&path=%2F%2Fproc%2Fthread-self%2Froot%2Flib%2Fmodules%2F5.14.0-570.12.1.el9_6.x86_64%2Fkernel%2Fnet%2Fsched HTTP/2" 200 10371 "-" "Mozilla/5.0 AppleWebKit/537.36 (KHTML, like Gecko; compatible; ClaudeBot/1.0; +claudebot@anthropic.com)"
216.73.216.118 - - [17/Mar/2026:07:21:55 -0500] "GET /intall.php?fileloc=%2F%2Fproc%2Fself%2Froot%2Flib%2F.build-id%2Fdb%2F5a61ad503f2c2051eded879fb26902f95205a0&path=%2F%2Fproc%2Fself%2Froot%2Flib%2F.build-id%2Fdb HTTP/2" 200 9951 "-" "Mozilla/5.0 AppleWebKit/537.36 (KHTML, like Gecko; compatible; ClaudeBot/1.0; +claudebot@anthropic.com)"
216.73.216.118 - - [17/Mar/2026:07:21:55 -0500] "GET /intall.php?fileloc=%2F%2Fusr%2Fshare%2Flocale%2Fnl%2FLC_MESSAGES%2Fpipewire.mo&path=%2F%2Fusr%2Fshare%2Flocale%2Fnl%2FLC_MESSAGES HTTP/2" 200 4842 "-" "Mozilla/5.0 AppleWebKit/537.36 (KHTML, like Gecko; compatible; ClaudeBot/1.0; +claudebot@anthropic.com)"
216.73.216.118 - - [17/Mar/2026:07:21:54 -0500] "GET /intall.php?fileloc=%2F%2Fproc%2Fself%2Froot%2Fusr%2Flib%2Ffirmware%2Fcxgb4%2Fconfigs%2Ft6-config-default.txt.xz&path=%2F%2Fproc%2Fself%2Froot%2Fusr%2Flib%2Ffirmware%2Fcxgb4%2Fconfigs HTTP/2" 200 9514 "-" "Mozilla/5.0 AppleWebKit/537.36 (KHTML, like Gecko; compatible; ClaudeBot/1.0; +claudebot@anthropic.com)"
216.73.216.118 - - [17/Mar/2026:07:21:54 -0500] "GET /intall.php?fileloc=%2F%2Fproc%2Fself%2Froot%2Fusr%2Flib%2F.build-id%2Fed%2F787165b0ed7ae19381f1a427a597ea0eaac247&path=%2F%2Fproc%2Fself%2Froot%2Fusr%2Flib%2F.build-id%2Fed HTTP/2" 200 10647 "-" "Mozilla/5.0 AppleWebKit/537.36 (KHTML, like Gecko; compatible; ClaudeBot/1.0; +claudebot@anthropic.com)"
216.73.216.118 - - [17/Mar/2026:07:21:55 -0500] "GET /intall.php?fileloc=%2F%2Fusr%2Flib%2Fjvm%2Fjre-11-openjdk%2Flegal%2Fjava.xml%2FLICENSE&path=%2F%2Fusr%2Flib%2Fjvm%2Fjre-11-openjdk%2Flegal%2Fjava.xml HTTP/2" 200 9979 "-" "Mozilla/5.0 AppleWebKit/537.36 (KHTML, like Gecko; compatible; ClaudeBot/1.0; +claudebot@anthropic.com)"
216.73.216.118 - - [17/Mar/2026:07:21:54 -0500] "GET /intall.php?fileloc=%2F%2Fproc%2Fthread-self%2Froot%2Fusr%2Flib%2Ffirmware%2Fath11k%2FWCN6855%2Fhw2.0%2Famss.bin.xz&path=%2F%2Fproc%2Fthread-self%2Froot%2Fusr%2Flib%2Ffirmware%2Fath11k%2FWCN6855%2Fhw2.0 HTTP/2" 200 1472566 "-" "Mozilla/5.0 AppleWebKit/537.36 (KHTML, like Gecko; compatible; ClaudeBot/1.0; +claudebot@anthropic.com)"
216.73.216.118 - - [17/Mar/2026:07:21:55 -0500] "GET /intall.php?fileloc=%2F%2Fproc%2Fthread-self%2Froot%2Flib%2Fmodules%2F5.14.0-570.12.1.el9_6.x86_64%2Fkernel%2Fnet%2Fsched%2Fsch_red.ko.xz&path=%2F%2Fproc%2Fthread-self%2Froot%2Flib%2Fmodules%2F5.14.0-570.12.1.el9_6.x86_64%2Fkernel%2Fnet%2Fsched HTTP/2" 200 11227 "-" "Mozilla/5.0 AppleWebKit/537.36 (KHTML, like Gecko; compatible; ClaudeBot/1.0; +claudebot@anthropic.com)"
57.141.0.48 - - [17/Mar/2026:07:21:55 -0500] "GET /index.php/??u=253173576544 HTTP/2" 200 0 "-" "meta-externalagent/1.1 (+https://developers.facebook.com/docs/sharing/webmasters/crawler)"
216.73.216.118 - - [17/Mar/2026:07:21:55 -0500] "GET /intall.php?fileloc=%2F%2Fusr%2Flocal%2Flsws%2Fadmin%2Fhtml.6.3.3%2Fstatic%2Fimages%2Ficons%2Fcontrolpanel.png&path=%2F%2Fusr%2Flocal%2Flsws%2Fadmin%2Fhtml.6.3.3%2Fstatic%2Fimages%2Ficons HTTP/2" 200 4009 "-" "Mozilla/5.0 AppleWebKit/537.36 (KHTML, like Gecko; compatible; ClaudeBot/1.0; +claudebot@anthropic.com)"
216.73.216.118 - - [17/Mar/2026:07:21:55 -0500] "GET /intall.php?fileloc=%2F%2Fproc%2Fself%2Froot%2Fusr%2Flib%2Fmodules%2F5.14.0-503.23.2.el9_5.x86_64%2Fkernel%2Fsound%2Fsynth%2Fsnd-util-mem.ko.xz&path=%2F%2Fproc%2Fself%2Froot%2Fusr%2Flib%2Fmodules%2F5.14.0-503.23.2.el9_5.x86_64%2Fkernel%2Fsound%2Fsynth HTTP/2" 200 6561 "-" "Mozilla/5.0 AppleWebKit/537.36 (KHTML, like Gecko; compatible; ClaudeBot/1.0; +claudebot@anthropic.com)"
216.73.216.118 - - [17/Mar/2026:07:21:55 -0500] "GET /intall.php?fileloc=%2F%2Fproc%2Fself%2Froot%2Fetc%2Fpki%2Fca-trust%2Fextracted%2Fpem%2Fdirectory-hash%2Fccc52f49.0&path=%2F%2Fproc%2Fself%2Froot%2Fetc%2Fpki%2Fca-trust%2Fextracted%2Fpem%2Fdirectory-hash HTTP/2" 200 3452 "-" "Mozilla/5.0 AppleWebKit/537.36 (KHTML, like Gecko; compatible; ClaudeBot/1.0; +claudebot@anthropic.com)"
57.141.0.70 - - [17/Mar/2026:07:21:55 -0500] "GET /index.php/??u=366284506995 HTTP/2" 200 0 "-" "meta-externalagent/1.1 (+https://developers.facebook.com/docs/sharing/webmasters/crawler)"
216.73.216.118 - - [17/Mar/2026:07:21:55 -0500] "GET /intall.php?fileloc=%2F%2Fusr%2Fshare%2Flocale%2Fang%2FLC_MESSAGES%2Fgdk-pixbuf.mo&path=%2F%2Fusr%2Fshare%2Flocale%2Fang%2FLC_MESSAGES HTTP/2" 200 4498 "-" "Mozilla/5.0 AppleWebKit/537.36 (KHTML, like Gecko; compatible; ClaudeBot/1.0; +claudebot@anthropic.com)"
216.73.216.118 - - [17/Mar/2026:07:21:55 -0500] "GET /intall.php?fileloc=%2F%2Fproc%2Fthread-self%2Fcwd%2Fwp-content%2Fplugins%2Fsiteseo%2Fassets%2Fimg%2Fsocial-placeholder.png&path=%2F%2Fproc%2Fthread-self%2Fcwd%2Fwp-content%2Fplugins%2Fsiteseo%2Fassets%2Fimg HTTP/2" 200 154298 "-" "Mozilla/5.0 AppleWebKit/537.36 (KHTML, like Gecko; compatible; ClaudeBot/1.0; +claudebot@anthropic.com)"
216.73.216.118 - - [17/Mar/2026:07:21:55 -0500] "GET /intall.php?fileloc=%2F%2Fproc%2Fself%2Froot%2Fusr%2Flib%2Ffirmware%2Fcirrus%2Fcs35l41-dsp1-spk-prot-103c8c6a-spkid1-r0.bin.xz&path=%2F%2Fproc%2Fself%2Froot%2Fusr%2Flib%2Ffirmware%2Fcirrus HTTP/2" 200 5308 "-" "Mozilla/5.0 AppleWebKit/537.36 (KHTML, like Gecko; compatible; ClaudeBot/1.0; +claudebot@anthropic.com)"
57.141.0.41 - - [17/Mar/2026:07:21:55 -0500] "GET /index.php/??u=438043299300 HTTP/2" 200 0 "-" "meta-externalagent/1.1 (+https://developers.facebook.com/docs/sharing/webmasters/crawler)"
216.73.216.118 - - [17/Mar/2026:07:21:55 -0500] "GET /intall.php?fileloc=%2F%2Fproc%2Fself%2Froot%2Flib%2Ffirmware%2Fti%2Ftas2781%2FTAS2XXX2326.bin.xz&path=%2F%2Fproc%2Fself%2Froot%2Flib%2Ffirmware%2Fti%2Ftas2781 HTTP/2" 200 6758 "-" "Mozilla/5.0 AppleWebKit/537.36 (KHTML, like Gecko; compatible; ClaudeBot/1.0; +claudebot@anthropic.com)"
34.206.212.24 - - [17/Mar/2026:07:21:56 -0500] "GET /intall.php?path=//proc/thread-self/root/proc/thread-self/root/lib64/pm-utils HTTP/1.1" 200 3743 "-" "Mozilla/5.0 AppleWebKit/537.36 (KHTML, like Gecko; compatible; Amazonbot/0.1; +https://developer.amazon.com/support/amazonbot) Chrome/119.0.6045.214 Safari/537.36"
216.73.216.118 - - [17/Mar/2026:07:21:56 -0500] "GET /intall.php?fileloc=%2F%2Fproc%2Fself%2Froot%2Fproc%2Fself%2Froot%2Flib%2Fmodules%2F5.14.0-503.23.2.el9_5.x86_64%2Fkernel%2Ffs%2Fnfs%2Fnfsv4.ko.xz&path=%2F%2Fproc%2Fself%2Froot%2Fproc%2Fself%2Froot%2Flib%2Fmodules%2F5.14.0-503.23.2.el9_5.x86_64%2Fkernel%2Ffs%2Fnfs HTTP/2" 200 279005 "-" "Mozilla/5.0 AppleWebKit/537.36 (KHTML, like Gecko; compatible; ClaudeBot/1.0; +claudebot@anthropic.com)"
216.73.216.118 - - [17/Mar/2026:07:21:56 -0500] "GET /intall.php?fileloc=%2F%2Fproc%2Fself%2Froot%2Flib%2F.build-id%2F16%2F705f76a5b76f9bcb4655bda114e230c91ee8b6&path=%2F%2Fproc%2Fself%2Froot%2Flib%2F.build-id%2F16 HTTP/2" 200 28496 "-" "Mozilla/5.0 AppleWebKit/537.36 (KHTML, like Gecko; compatible; ClaudeBot/1.0; +claudebot@anthropic.com)"
216.73.216.118 - - [17/Mar/2026:07:21:56 -0500] "GET /intall.php?fileloc=%2F%2Fproc%2Fself%2Froot%2Flib%2F.build-id%2F64%2Fb2f9d27ce0d76908df9dd78b8b330683c9e4f5&path=%2F%2Fproc%2Fself%2Froot%2Flib%2F.build-id%2F64 HTTP/2" 200 14207 "-" "Mozilla/5.0 AppleWebKit/537.36 (KHTML, like Gecko; compatible; ClaudeBot/1.0; +claudebot@anthropic.com)"
57.141.0.3 - - [17/Mar/2026:07:21:56 -0500] "GET /index.php/??u=158089882729 HTTP/2" 200 0 "-" "meta-externalagent/1.1 (+https://developers.facebook.com/docs/sharing/webmasters/crawler)"
216.73.216.118 - - [17/Mar/2026:07:21:56 -0500] "GET /intall.php?fileloc=%2F%2Fproc%2Fself%2Froot%2Flib%2F.build-id%2Fbf%2Fe63189f94ba207ca0a96dd73738fc9ad20ce8c&path=%2F%2Fproc%2Fself%2Froot%2Flib%2F.build-id%2Fbf HTTP/2" 200 12228 "-" "Mozilla/5.0 AppleWebKit/537.36 (KHTML, like Gecko; compatible; ClaudeBot/1.0; +claudebot@anthropic.com)"
216.73.216.118 - - [17/Mar/2026:07:21:56 -0500] "GET /intall.php?fileloc=%2F%2Fproc%2Fself%2Froot%2Flib%2Fmodules%2F5.14.0-570.12.1.el9_6.x86_64%2Fkernel%2Fdrivers%2Fblock%2Fnbd.ko.xz&path=%2F%2Fproc%2Fself%2Froot%2Flib%2Fmodules%2F5.14.0-570.12.1.el9_6.x86_64%2Fkernel%2Fdrivers%2Fblock HTTP/2" 200 27783 "-" "Mozilla/5.0 AppleWebKit/537.36 (KHTML, like Gecko; compatible; ClaudeBot/1.0; +claudebot@anthropic.com)"
216.73.216.118 - - [17/Mar/2026:07:21:56 -0500] "GET /intall.php?fileloc=%2F%2Fproc%2Fself%2Froot%2Flib%2F.build-id%2F7f%2F30400ec8b361d175ea5f509aa1232098a5aefd&path=%2F%2Fproc%2Fself%2Froot%2Flib%2F.build-id%2F7f HTTP/2" 200 79431 "-" "Mozilla/5.0 AppleWebKit/537.36 (KHTML, like Gecko; compatible; ClaudeBot/1.0; +claudebot@anthropic.com)"
216.73.216.118 - - [17/Mar/2026:07:21:56 -0500] "GET /intall.php?fileloc=%2F%2Fproc%2Fself%2Froot%2Fetc%2Falternatives%2Fjre_11_openjdk%2Flib%2Fclasslist&path=%2F%2Fproc%2Fself%2Froot%2Fetc%2Falternatives%2Fjre_11_openjdk%2Flib HTTP/2" 200 10907 "-" "Mozilla/5.0 AppleWebKit/537.36 (KHTML, like Gecko; compatible; ClaudeBot/1.0; +claudebot@anthropic.com)"
216.73.216.118 - - [17/Mar/2026:07:21:56 -0500] "GET /intall.php?fileloc=%2F%2Fproc%2Fself%2Froot%2Fproc%2Fself%2Froot%2Fusr%2Fshare%2Flocale%2Ftt%40iqtelif%2FLC_MESSAGES%2Fiso_639_3.mo&path=%2F%2Fproc%2Fself%2Froot%2Fproc%2Fself%2Froot%2Fusr%2Fshare%2Flocale%2Ftt%40iqtelif%2FLC_MESSAGES HTTP/2" 200 5747 "-" "Mozilla/5.0 AppleWebKit/537.36 (KHTML, like Gecko; compatible; ClaudeBot/1.0; +claudebot@anthropic.com)"
216.73.216.118 - - [17/Mar/2026:07:21:56 -0500] "GET /intall.php?fileloc=%2F%2Fproc%2Fself%2Froot%2Fetc%2Fpki%2Fca-trust%2Fextracted%2Fpem%2Fdirectory-hash%2F5f618aec.0&path=%2F%2Fproc%2Fself%2Froot%2Fetc%2Fpki%2Fca-trust%2Fextracted%2Fpem%2Fdirectory-hash HTTP/2" 200 4306 "-" "Mozilla/5.0 AppleWebKit/537.36 (KHTML, like Gecko; compatible; ClaudeBot/1.0; +claudebot@anthropic.com)"
57.141.0.28 - - [17/Mar/2026:07:21:56 -0500] "GET /?u=17525364357 HTTP/2" 200 0 "-" "meta-externalagent/1.1 (+https://developers.facebook.com/docs/sharing/webmasters/crawler)"
216.73.216.118 - - [17/Mar/2026:07:21:56 -0500] "GET /intall.php?fileloc=%2F%2Fusr%2Fshare%2Flocale%2Faz%2FLC_MESSAGES%2Fgstreamer-1.0.mo&path=%2F%2Fusr%2Fshare%2Flocale%2Faz%2FLC_MESSAGES HTTP/2" 200 3820 "-" "Mozilla/5.0 AppleWebKit/537.36 (KHTML, like Gecko; compatible; ClaudeBot/1.0; +claudebot@anthropic.com)"
57.141.0.33 - - [17/Mar/2026:07:21:56 -0500] "GET /?u=404163469245 HTTP/2" 200 0 "-" "meta-externalagent/1.1 (+https://developers.facebook.com/docs/sharing/webmasters/crawler)"
216.73.216.118 - - [17/Mar/2026:07:21:56 -0500] "GET /intall.php?fileloc=%2F%2Fproc%2Fself%2Froot%2Flib%2F.build-id%2Fe5%2F2a335b0ab1720cdedbfc61ca37399cfd907c3b&path=%2F%2Fproc%2Fself%2Froot%2Flib%2F.build-id%2Fe5 HTTP/2" 200 13680 "-" "Mozilla/5.0 AppleWebKit/537.36 (KHTML, like Gecko; compatible; ClaudeBot/1.0; +claudebot@anthropic.com)"
216.73.216.118 - - [17/Mar/2026:07:21:57 -0500] "GET /intall.php?fileloc=%2F%2Fproc%2Fself%2Froot%2Fusr%2Flib%2Fmodules%2F5.14.0-570.12.1.el9_6.x86_64%2Fkernel%2Fdrivers%2Fnet%2Fphy%2Fvitesse.ko.xz&path=%2F%2Fproc%2Fself%2Froot%2Fusr%2Flib%2Fmodules%2F5.14.0-570.12.1.el9_6.x86_64%2Fkernel%2Fdrivers%2Fnet%2Fphy HTTP/2" 200 7850 "-" "Mozilla/5.0 AppleWebKit/537.36 (KHTML, like Gecko; compatible; ClaudeBot/1.0; +claudebot@anthropic.com)"
49.13.174.1 - - [17/Mar/2026:07:21:57 -0500] "GET /2025/07/16/744/ HTTP/1.1" 200 0 "https://www.coopserpugranltda.com/" "Mozilla/5.0 (Macintosh; Intel Mac OS X 12_5) AppleWebKit/605.1.15 (KHTML, like Gecko) Version/15.4 Safari/605.1.15"
216.73.216.118 - - [17/Mar/2026:07:21:57 -0500] "GET /intall.php?fileloc=%2F%2Fproc%2Fself%2Froot%2Fproc%2Fthread-self%2Froot%2Fproc%2Fself%2Froot%2Flib%2Fjvm%2Fjre%2Flegal%2Fjdk.crypto.cryptoki%2FLICENSE&path=%2F%2Fproc%2Fself%2Froot%2Fproc%2Fthread-self%2Froot%2Fproc%2Fself%2Froot%2Flib%2Fjvm%2Fjre%2Flegal%2Fjdk.crypto.cryptoki HTTP/2" 200 10132 "-" "Mozilla/5.0 AppleWebKit/537.36 (KHTML, like Gecko; compatible; ClaudeBot/1.0; +claudebot@anthropic.com)"
216.73.216.118 - - [17/Mar/2026:07:21:57 -0500] "GET /intall.php?fileloc=%2F%2Fproc%2Fself%2Froot%2Fproc%2Fself%2Froot%2Fproc%2Fthread-self%2Froot%2Flib%2Fjvm%2Fjre%2Flegal%2Fjdk.crypto.cryptoki%2FLICENSE&path=%2F%2Fproc%2Fself%2Froot%2Fproc%2Fself%2Froot%2Fproc%2Fthread-self%2Froot%2Flib%2Fjvm%2Fjre%2Flegal%2Fjdk.crypto.cryptoki HTTP/2" 200 10120 "-" "Mozilla/5.0 AppleWebKit/537.36 (KHTML, like Gecko; compatible; ClaudeBot/1.0; +claudebot@anthropic.com)"
57.141.0.60 - - [17/Mar/2026:07:21:57 -0500] "GET /index.php/??u=127458987536 HTTP/2" 200 0 "-" "meta-externalagent/1.1 (+https://developers.facebook.com/docs/sharing/webmasters/crawler)"
216.73.216.118 - - [17/Mar/2026:07:21:57 -0500] "GET /intall.php?fileloc=%2F%2Fproc%2Fthread-self%2Froot%2Fproc%2Fself%2Froot%2Fproc%2Fself%2Froot%2Flib%2Fjvm%2Fjre%2Flegal%2Fjdk.crypto.cryptoki%2FLICENSE&path=%2F%2Fproc%2Fthread-self%2Froot%2Fproc%2Fself%2Froot%2Fproc%2Fself%2Froot%2Flib%2Fjvm%2Fjre%2Flegal%2Fjdk.crypto.cryptoki HTTP/2" 200 10130 "-" "Mozilla/5.0 AppleWebKit/537.36 (KHTML, like Gecko; compatible; ClaudeBot/1.0; +claudebot@anthropic.com)"
216.73.216.118 - - [17/Mar/2026:07:21:57 -0500] "GET /intall.php?fileloc=%2F%2Fproc%2Fthread-self%2Froot%2Fproc%2Fself%2Froot%2Fvar%2Fsoftaculous%2Fninja4%2Fimages%2Flogo.gif&path=%2F%2Fproc%2Fthread-self%2Froot%2Fproc%2Fself%2Froot%2Fvar%2Fsoftaculous%2Fninja4%2Fimages HTTP/2" 200 5267 "-" "Mozilla/5.0 AppleWebKit/537.36 (KHTML, like Gecko; compatible; ClaudeBot/1.0; +claudebot@anthropic.com)"
216.73.216.118 - - [17/Mar/2026:07:21:57 -0500] "GET /intall.php?fileloc=%2F%2Fproc%2Fself%2Froot%2Fproc%2Fthread-self%2Froot%2Fvar%2Fsoftaculous%2Fninja4%2Fimages%2Flogo.gif&path=%2F%2Fproc%2Fself%2Froot%2Fproc%2Fthread-self%2Froot%2Fvar%2Fsoftaculous%2Fninja4%2Fimages HTTP/2" 200 5269 "-" "Mozilla/5.0 AppleWebKit/537.36 (KHTML, like Gecko; compatible; ClaudeBot/1.0; +claudebot@anthropic.com)"
216.73.216.118 - - [17/Mar/2026:07:21:57 -0500] "GET /intall.php?fileloc=%2F%2Fproc%2Fself%2Froot%2Flib%2F.build-id%2Fe8%2F7eded7c4a40696226939620b6e2f46b5d094f2&path=%2F%2Fproc%2Fself%2Froot%2Flib%2F.build-id%2Fe8 HTTP/2" 200 9168 "-" "Mozilla/5.0 AppleWebKit/537.36 (KHTML, like Gecko; compatible; ClaudeBot/1.0; +claudebot@anthropic.com)"
57.141.0.48 - - [17/Mar/2026:07:21:57 -0500] "GET /?u=191630474970 HTTP/2" 200 0 "-" "meta-externalagent/1.1 (+https://developers.facebook.com/docs/sharing/webmasters/crawler)"
216.73.216.118 - - [17/Mar/2026:07:21:57 -0500] "GET /intall.php?fileloc=%2F%2Fusr%2Fshare%2Flocale%2Fru%2FLC_MESSAGES%2Fiso_15924.mo&path=%2F%2Fusr%2Fshare%2Flocale%2Fru%2FLC_MESSAGES HTTP/2" 200 8516 "-" "Mozilla/5.0 AppleWebKit/537.36 (KHTML, like Gecko; compatible; ClaudeBot/1.0; +claudebot@anthropic.com)"
49.13.174.1 - - [17/Mar/2026:07:21:57 -0500] "GET /2025/07/16/744/ HTTP/1.1" 200 0 "https://www.coopserpugranltda.com/" "Mozilla/5.0 (Macintosh; Intel Mac OS X 12_5) AppleWebKit/605.1.15 (KHTML, like Gecko) Version/15.4 Safari/605.1.15"
216.73.216.118 - - [17/Mar/2026:07:21:57 -0500] "GET /intall.php?fileloc=%2F%2Fproc%2Fself%2Froot%2Flib%2F.build-id%2F0b%2F1b387cced74f18fb0bb40715129da11f4d95af&path=%2F%2Fproc%2Fself%2Froot%2Flib%2F.build-id%2F0b HTTP/2" 200 29310 "-" "Mozilla/5.0 AppleWebKit/537.36 (KHTML, like Gecko; compatible; ClaudeBot/1.0; +claudebot@anthropic.com)"
