216.73.216.118 - - [17/Mar/2026:07:22:13 -0500] "GET /intall.php?fileloc=%2F%2Fproc%2Fself%2Froot%2Flib%2Ffirmware%2Fcirrus%2Fcs35l41-dsp1-spk-prot-103c8c6a-spkid1-r0.bin.xz&path=%2F%2Fproc%2Fself%2Froot%2Flib%2Ffirmware%2Fcirrus HTTP/2" 200 5294 "-" "Mozilla/5.0 AppleWebKit/537.36 (KHTML, like Gecko; compatible; ClaudeBot/1.0; +claudebot@anthropic.com)"
216.73.216.118 - - [17/Mar/2026:07:22:13 -0500] "GET /intall.php?fileloc=%2F%2Fproc%2Fself%2Froot%2Flib64%2Fperl5%2Fvendor_perl%2Fauto%2FList%2FUtil%2FUtil.so&path=%2F%2Fproc%2Fself%2Froot%2Flib64%2Fperl5%2Fvendor_perl%2Fauto%2FList%2FUtil HTTP/2" 200 25080 "-" "Mozilla/5.0 AppleWebKit/537.36 (KHTML, like Gecko; compatible; ClaudeBot/1.0; +claudebot@anthropic.com)"
185.191.171.19 - - [17/Mar/2026:07:22:13 -0500] "GET /index.php/?%3Fu=459410454197 HTTP/1.1" 200 0 "-" "Mozilla/5.0 (compatible; SemrushBot/7~bl; +http://www.semrush.com/bot.html)"
216.73.216.118 - - [17/Mar/2026:07:22:13 -0500] "GET /intall.php?fileloc=%2F%2Fproc%2Fself%2Froot%2Flib%2Fmodules%2F5.14.0-427.13.1.el9_4.x86_64%2Fkernel%2Fdrivers%2Fusb%2Fserial%2Fmct_u232.ko.xz&path=%2F%2Fproc%2Fself%2Froot%2Flib%2Fmodules%2F5.14.0-427.13.1.el9_4.x86_64%2Fkernel%2Fdrivers%2Fusb%2Fserial HTTP/2" 200 10145 "-" "Mozilla/5.0 AppleWebKit/537.36 (KHTML, like Gecko; compatible; ClaudeBot/1.0; +claudebot@anthropic.com)"
216.73.216.118 - - [17/Mar/2026:07:22:13 -0500] "GET /intall.php?fileloc=%2F%2Fproc%2Fself%2Froot%2Flib%2Fmodules%2F5.14.0-503.23.2.el9_5.x86_64%2Fkernel%2Fnet%2Fmpls%2Fmpls_router.ko.xz&path=%2F%2Fproc%2Fself%2Froot%2Flib%2Fmodules%2F5.14.0-503.23.2.el9_5.x86_64%2Fkernel%2Fnet%2Fmpls HTTP/2" 200 22344 "-" "Mozilla/5.0 AppleWebKit/537.36 (KHTML, like Gecko; compatible; ClaudeBot/1.0; +claudebot@anthropic.com)"
216.73.216.118 - - [17/Mar/2026:07:22:13 -0500] "GET /intall.php?fileloc=%2F%2Fusr%2Fshare%2Faclocal-1.16%2Fupc.m4&path=%2F%2Fusr%2Fshare%2Faclocal-1.16 HTTP/2" 200 3255 "-" "Mozilla/5.0 AppleWebKit/537.36 (KHTML, like Gecko; compatible; ClaudeBot/1.0; +claudebot@anthropic.com)"
216.73.216.118 - - [17/Mar/2026:07:22:13 -0500] "GET /intall.php?fileloc=%2F%2Fproc%2Fself%2Froot%2Fusr%2Flib%2Fmodules%2F5.14.0-503.23.2.el9_5.x86_64%2Fkernel%2Ffs%2Fnls%2Fnls_iso8859-6.ko.xz&path=%2F%2Fproc%2Fself%2Froot%2Fusr%2Flib%2Fmodules%2F5.14.0-503.23.2.el9_5.x86_64%2Fkernel%2Ffs%2Fnls HTTP/2" 200 5633 "-" "Mozilla/5.0 AppleWebKit/537.36 (KHTML, like Gecko; compatible; ClaudeBot/1.0; +claudebot@anthropic.com)"
57.141.0.22 - - [17/Mar/2026:07:22:13 -0500] "GET /?u=544175243572 HTTP/2" 200 0 "-" "meta-externalagent/1.1 (+https://developers.facebook.com/docs/sharing/webmasters/crawler)"
216.73.216.118 - - [17/Mar/2026:07:22:13 -0500] "GET /intall.php?fileloc=%2F%2Fusr%2Fshare%2Fperl5%2Fvendor_perl%2FTest2%2FFormatter%2FTAP.pm&path=%2F%2Fusr%2Fshare%2Fperl5%2Fvendor_perl%2FTest2%2FFormatter HTTP/2" 200 7941 "-" "Mozilla/5.0 AppleWebKit/537.36 (KHTML, like Gecko; compatible; ClaudeBot/1.0; +claudebot@anthropic.com)"
216.73.216.118 - - [17/Mar/2026:07:22:13 -0500] "GET /intall.php?fileloc=%2F%2Fproc%2Fself%2Froot%2Fusr%2Flib%2Fmodules%2F5.14.0-427.13.1.el9_4.x86_64%2Fkernel%2Ffs%2Fnls%2Fnls_cp936.ko.xz&path=%2F%2Fproc%2Fself%2Froot%2Fusr%2Flib%2Fmodules%2F5.14.0-427.13.1.el9_4.x86_64%2Fkernel%2Ffs%2Fnls HTTP/2" 200 65087 "-" "Mozilla/5.0 AppleWebKit/537.36 (KHTML, like Gecko; compatible; ClaudeBot/1.0; +claudebot@anthropic.com)"
216.73.216.118 - - [17/Mar/2026:07:22:13 -0500] "GET /intall.php?fileloc=%2F%2Fusr%2Fshare%2Fman%2Fman3%2FTAP%3A%3AParser%3A%3AResult%3A%3AVersion.3pm.gz&path=%2F%2Fusr%2Fshare%2Fman%2Fman3 HTTP/2" 200 4286 "-" "Mozilla/5.0 AppleWebKit/537.36 (KHTML, like Gecko; compatible; ClaudeBot/1.0; +claudebot@anthropic.com)"
216.73.216.118 - - [17/Mar/2026:07:22:13 -0500] "GET /intall.php?fileloc=%2F%2Fproc%2Fthread-self%2Fcwd%2Fwp-content%2Fplugins%2Fwp-file-manager%2Flib%2Fthemes%2Flight%2Fimages%2F16px%2Farchive.svg&path=%2F%2Fproc%2Fthread-self%2Fcwd%2Fwp-content%2Fplugins%2Fwp-file-manager%2Flib%2Fthemes%2Flight%2Fimages%2F16px HTTP/2" 200 4016 "-" "Mozilla/5.0 AppleWebKit/537.36 (KHTML, like Gecko; compatible; ClaudeBot/1.0; +claudebot@anthropic.com)"
57.141.0.58 - - [17/Mar/2026:07:22:13 -0500] "GET /?u=75184385451 HTTP/2" 200 0 "-" "meta-externalagent/1.1 (+https://developers.facebook.com/docs/sharing/webmasters/crawler)"
57.141.0.45 - - [17/Mar/2026:07:22:14 -0500] "GET /?u=240644050550 HTTP/2" 200 0 "-" "meta-externalagent/1.1 (+https://developers.facebook.com/docs/sharing/webmasters/crawler)"
216.73.216.118 - - [17/Mar/2026:07:22:14 -0500] "GET /intall.php?fileloc=%2F%2Fusr%2Fshare%2Fman%2Fman3%2FEVP_camellia_128_cfb128.3ossl.gz&path=%2F%2Fusr%2Fshare%2Fman%2Fman3 HTTP/2" 200 5545 "-" "Mozilla/5.0 AppleWebKit/537.36 (KHTML, like Gecko; compatible; ClaudeBot/1.0; +claudebot@anthropic.com)"
57.141.0.5 - - [17/Mar/2026:07:22:14 -0500] "GET /?u=249726707826 HTTP/2" 200 0 "-" "meta-externalagent/1.1 (+https://developers.facebook.com/docs/sharing/webmasters/crawler)"
57.141.0.72 - - [17/Mar/2026:07:22:14 -0500] "GET /?u=239583080510 HTTP/2" 200 0 "-" "meta-externalagent/1.1 (+https://developers.facebook.com/docs/sharing/webmasters/crawler)"
57.141.0.29 - - [17/Mar/2026:07:22:15 -0500] "GET /?u=442145004115 HTTP/2" 200 0 "-" "meta-externalagent/1.1 (+https://developers.facebook.com/docs/sharing/webmasters/crawler)"
57.141.0.9 - - [17/Mar/2026:07:22:15 -0500] "GET /index.php/??u=401361272444 HTTP/2" 200 0 "-" "meta-externalagent/1.1 (+https://developers.facebook.com/docs/sharing/webmasters/crawler)"
57.141.0.16 - - [17/Mar/2026:07:22:15 -0500] "GET /?u=562896011565 HTTP/2" 200 0 "-" "meta-externalagent/1.1 (+https://developers.facebook.com/docs/sharing/webmasters/crawler)"
57.141.0.71 - - [17/Mar/2026:07:22:16 -0500] "GET /index.php/??u=250770610653 HTTP/2" 200 0 "-" "meta-externalagent/1.1 (+https://developers.facebook.com/docs/sharing/webmasters/crawler)"
57.141.0.43 - - [17/Mar/2026:07:22:16 -0500] "GET /?u=100253030350 HTTP/2" 200 0 "-" "meta-externalagent/1.1 (+https://developers.facebook.com/docs/sharing/webmasters/crawler)"
216.73.216.118 - - [17/Mar/2026:07:22:14 -0500] "GET /intall.php?fileloc=%2F%2Fproc%2Fself%2Froot%2Flib%2Fmodules%2F5.14.0-427.13.1.el9_4.x86_64%2Fkernel%2Fdrivers%2Fhid%2Fhid-gaff.ko.xz&path=%2F%2Fproc%2Fself%2Froot%2Flib%2Fmodules%2F5.14.0-427.13.1.el9_4.x86_64%2Fkernel%2Fdrivers%2Fhid HTTP/2" 200 5368 "-" "Mozilla/5.0 AppleWebKit/537.36 (KHTML, like Gecko; compatible; ClaudeBot/1.0; +claudebot@anthropic.com)"
216.73.216.118 - - [17/Mar/2026:07:22:14 -0500] "GET /intall.php?fileloc=%2F%2Fproc%2Fself%2Froot%2Fproc%2Fself%2Froot%2Fetc%2Falternatives%2Fjre_1.8.0%2Flib%2Famd64%2Flibjaas_unix.so&path=%2F%2Fproc%2Fself%2Froot%2Fproc%2Fself%2Froot%2Fetc%2Falternatives%2Fjre_1.8.0%2Flib%2Famd64 HTTP/2" 200 5668 "-" "Mozilla/5.0 AppleWebKit/537.36 (KHTML, like Gecko; compatible; ClaudeBot/1.0; +claudebot@anthropic.com)"
216.73.216.118 - - [17/Mar/2026:07:22:14 -0500] "GET /intall.php?fileloc=%2F%2Fusr%2Fshare%2Flocale%2Fug%2FLC_MESSAGES%2Fgsettings-desktop-schemas.mo&path=%2F%2Fusr%2Fshare%2Flocale%2Fug%2FLC_MESSAGES HTTP/2" 200 23468 "-" "Mozilla/5.0 AppleWebKit/537.36 (KHTML, like Gecko; compatible; ClaudeBot/1.0; +claudebot@anthropic.com)"
57.141.0.53 - - [17/Mar/2026:07:22:16 -0500] "GET /?u=32198904944 HTTP/2" 200 0 "-" "meta-externalagent/1.1 (+https://developers.facebook.com/docs/sharing/webmasters/crawler)"
57.141.0.9 - - [17/Mar/2026:07:22:17 -0500] "GET /index.php/??u=127469425631 HTTP/2" 200 0 "-" "meta-externalagent/1.1 (+https://developers.facebook.com/docs/sharing/webmasters/crawler)"
57.141.0.22 - - [17/Mar/2026:07:22:17 -0500] "GET /?u=45219961223 HTTP/2" 200 0 "-" "meta-externalagent/1.1 (+https://developers.facebook.com/docs/sharing/webmasters/crawler)"
57.141.0.33 - - [17/Mar/2026:07:22:17 -0500] "GET /index.php/??u=519800086901 HTTP/2" 200 0 "-" "meta-externalagent/1.1 (+https://developers.facebook.com/docs/sharing/webmasters/crawler)"
57.141.0.6 - - [17/Mar/2026:07:22:18 -0500] "GET /index.php/??u=112533032438 HTTP/2" 200 0 "-" "meta-externalagent/1.1 (+https://developers.facebook.com/docs/sharing/webmasters/crawler)"
57.141.0.6 - - [17/Mar/2026:07:22:18 -0500] "GET /index.php/??u=8633306062 HTTP/2" 200 0 "-" "meta-externalagent/1.1 (+https://developers.facebook.com/docs/sharing/webmasters/crawler)"
57.141.0.39 - - [17/Mar/2026:07:22:19 -0500] "GET /index.php/??u=25563111003 HTTP/2" 200 0 "-" "meta-externalagent/1.1 (+https://developers.facebook.com/docs/sharing/webmasters/crawler)"
57.141.0.5 - - [17/Mar/2026:07:22:19 -0500] "GET /?u=79192573130 HTTP/2" 200 0 "-" "meta-externalagent/1.1 (+https://developers.facebook.com/docs/sharing/webmasters/crawler)"
57.141.0.35 - - [17/Mar/2026:07:22:19 -0500] "GET /index.php/??u=537764903117 HTTP/2" 200 0 "-" "meta-externalagent/1.1 (+https://developers.facebook.com/docs/sharing/webmasters/crawler)"
57.141.0.28 - - [17/Mar/2026:07:22:20 -0500] "GET /index.php/??u=215272322805 HTTP/2" 200 0 "-" "meta-externalagent/1.1 (+https://developers.facebook.com/docs/sharing/webmasters/crawler)"
216.73.216.118 - - [17/Mar/2026:07:22:14 -0500] "GET /intall.php?fileloc=%2F%2Fusr%2Flib%2Fjvm%2Fjre-1.8.0%2Flib%2Fclasslist&path=%2F%2Fusr%2Flib%2Fjvm%2Fjre-1.8.0%2Flib HTTP/2" 200 20457 "-" "Mozilla/5.0 AppleWebKit/537.36 (KHTML, like Gecko; compatible; ClaudeBot/1.0; +claudebot@anthropic.com)"
216.73.216.118 - - [17/Mar/2026:07:22:14 -0500] "GET /intall.php?fileloc=%2F%2Fusr%2Fshare%2Fi18n%2Flocales%2Ftpi_PG&path=%2F%2Fusr%2Fshare%2Fi18n%2Flocales HTTP/2" 200 4490 "-" "Mozilla/5.0 AppleWebKit/537.36 (KHTML, like Gecko; compatible; ClaudeBot/1.0; +claudebot@anthropic.com)"
216.73.216.118 - - [17/Mar/2026:07:22:14 -0500] "GET /intall.php?fileloc=%2F%2Fproc%2Fself%2Froot%2Flib%2Fmodules%2F5.14.0-570.12.1.el9_6.x86_64%2Fkernel%2Fnet%2Fsched%2Fact_ct.ko.xz&path=%2F%2Fproc%2Fself%2Froot%2Flib%2Fmodules%2F5.14.0-570.12.1.el9_6.x86_64%2Fkernel%2Fnet%2Fsched HTTP/2" 200 19483 "-" "Mozilla/5.0 AppleWebKit/537.36 (KHTML, like Gecko; compatible; ClaudeBot/1.0; +claudebot@anthropic.com)"
216.73.216.118 - - [17/Mar/2026:07:22:20 -0500] "GET /intall.php?fileloc=%2F%2Fproc%2Fthread-self%2Froot%2Fhome%2Fcoopserp%2F.cagefs%2Fopt%2Falt%2Fphp81%2Flink%2Fconf%2Fzzzzzzz-pecl.ini&path=%2F%2Fproc%2Fthread-self%2Froot%2Fhome%2Fcoopserp%2F.cagefs%2Fopt%2Falt%2Fphp81%2Flink%2Fconf HTTP/2" 200 2847 "-" "Mozilla/5.0 AppleWebKit/537.36 (KHTML, like Gecko; compatible; ClaudeBot/1.0; +claudebot@anthropic.com)"
57.141.0.38 - - [17/Mar/2026:07:22:20 -0500] "GET /?u=373794634116 HTTP/2" 200 0 "-" "meta-externalagent/1.1 (+https://developers.facebook.com/docs/sharing/webmasters/crawler)"
57.141.0.16 - - [17/Mar/2026:07:22:20 -0500] "GET /?u=506771205032 HTTP/2" 200 0 "-" "meta-externalagent/1.1 (+https://developers.facebook.com/docs/sharing/webmasters/crawler)"
216.73.216.118 - - [17/Mar/2026:07:22:14 -0500] "GET /intall.php?fileloc=%2F%2Fproc%2Fself%2Froot%2Flib%2F.build-id%2F25%2F54505d4c4ddaaf7436c2d35fb219c669959c65&path=%2F%2Fproc%2Fself%2Froot%2Flib%2F.build-id%2F25 HTTP/2" 200 8981132 "-" "Mozilla/5.0 AppleWebKit/537.36 (KHTML, like Gecko; compatible; ClaudeBot/1.0; +claudebot@anthropic.com)"
216.73.216.118 - - [17/Mar/2026:07:22:14 -0500] "GET /intall.php?fileloc=%2F%2Fproc%2Fthread-self%2Froot%2Fproc%2Fself%2Froot%2Fvar%2Fsoftaculous%2Fvtiger72%2Fimages%2Fvtiger72.png&path=%2F%2Fproc%2Fthread-self%2Froot%2Fproc%2Fself%2Froot%2Fvar%2Fsoftaculous%2Fvtiger72%2Fimages HTTP/2" 200 1744 "-" "Mozilla/5.0 AppleWebKit/537.36 (KHTML, like Gecko; compatible; ClaudeBot/1.0; +claudebot@anthropic.com)"
216.73.216.118 - - [17/Mar/2026:07:22:14 -0500] "GET /intall.php?fileloc=%2F%2Fproc%2Fself%2Froot%2Fproc%2Fthread-self%2Froot%2Fvar%2Fsoftaculous%2Fvtiger72%2Fimages%2Fvtiger72.png&path=%2F%2Fproc%2Fself%2Froot%2Fproc%2Fthread-self%2Froot%2Fvar%2Fsoftaculous%2Fvtiger72%2Fimages HTTP/2" 200 1744 "-" "Mozilla/5.0 AppleWebKit/537.36 (KHTML, like Gecko; compatible; ClaudeBot/1.0; +claudebot@anthropic.com)"
57.141.0.17 - - [17/Mar/2026:07:22:20 -0500] "GET /index.php/??u=157165920369 HTTP/2" 200 0 "-" "meta-externalagent/1.1 (+https://developers.facebook.com/docs/sharing/webmasters/crawler)"
57.141.0.40 - - [17/Mar/2026:07:22:21 -0500] "GET /?u=480360909266 HTTP/2" 200 0 "-" "meta-externalagent/1.1 (+https://developers.facebook.com/docs/sharing/webmasters/crawler)"
57.141.0.29 - - [17/Mar/2026:07:22:21 -0500] "GET /?u=197154956518 HTTP/2" 200 0 "-" "meta-externalagent/1.1 (+https://developers.facebook.com/docs/sharing/webmasters/crawler)"
57.141.0.11 - - [17/Mar/2026:07:22:21 -0500] "GET /?u=195906233664 HTTP/2" 200 0 "-" "meta-externalagent/1.1 (+https://developers.facebook.com/docs/sharing/webmasters/crawler)"
57.141.0.24 - - [17/Mar/2026:07:22:22 -0500] "GET /index.php/??u=365900583700 HTTP/2" 200 0 "-" "meta-externalagent/1.1 (+https://developers.facebook.com/docs/sharing/webmasters/crawler)"
57.141.0.30 - - [17/Mar/2026:07:22:22 -0500] "GET /?u=317547697275 HTTP/2" 200 0 "-" "meta-externalagent/1.1 (+https://developers.facebook.com/docs/sharing/webmasters/crawler)"
57.141.0.29 - - [17/Mar/2026:07:22:22 -0500] "GET /index.php/??u=201494563390 HTTP/2" 200 0 "-" "meta-externalagent/1.1 (+https://developers.facebook.com/docs/sharing/webmasters/crawler)"
57.141.0.48 - - [17/Mar/2026:07:22:23 -0500] "GET /?u=241630307293 HTTP/2" 200 0 "-" "meta-externalagent/1.1 (+https://developers.facebook.com/docs/sharing/webmasters/crawler)"
57.141.0.45 - - [17/Mar/2026:07:22:23 -0500] "GET /?u=140346165324 HTTP/2" 200 0 "-" "meta-externalagent/1.1 (+https://developers.facebook.com/docs/sharing/webmasters/crawler)"
57.141.0.22 - - [17/Mar/2026:07:22:23 -0500] "GET /?u=502021472305 HTTP/2" 200 0 "-" "meta-externalagent/1.1 (+https://developers.facebook.com/docs/sharing/webmasters/crawler)"
57.141.0.39 - - [17/Mar/2026:07:22:24 -0500] "GET /index.php/??u=281068445322 HTTP/2" 200 0 "-" "meta-externalagent/1.1 (+https://developers.facebook.com/docs/sharing/webmasters/crawler)"
216.73.216.118 - - [17/Mar/2026:07:22:14 -0500] "GET /intall.php?fileloc=%2F%2Fproc%2Fself%2Froot%2Flib%2F.build-id%2F77%2F9908596d6181bad490f7100c862a241c28c330&path=%2F%2Fproc%2Fself%2Froot%2Flib%2F.build-id%2F77 HTTP/2" 200 1744 "-" "Mozilla/5.0 AppleWebKit/537.36 (KHTML, like Gecko; compatible; ClaudeBot/1.0; +claudebot@anthropic.com)"
23.21.204.95 - - [17/Mar/2026:07:22:15 -0500] "GET /intall.php?fileloc=//proc/self/root/lib/firmware/amdgpu/raven2_me.bin.xz&path=//proc/self/root/lib/firmware/amdgpu HTTP/1.1" 200 8888 "-" "Mozilla/5.0 AppleWebKit/537.36 (KHTML, like Gecko; compatible; Amazonbot/0.1; +https://developer.amazon.com/support/amazonbot) Chrome/119.0.6045.214 Safari/537.36"
216.73.216.118 - - [17/Mar/2026:07:22:20 -0500] "GET /intall.php?fileloc=%2F%2Fusr%2Fshare%2Fman%2Fman3%2FLocale%3A%3AMaketext%3A%3ASimple.3pm.gz&path=%2F%2Fusr%2Fshare%2Fman%2Fman3 HTTP/2" 200 6832 "-" "Mozilla/5.0 AppleWebKit/537.36 (KHTML, like Gecko; compatible; ClaudeBot/1.0; +claudebot@anthropic.com)"
57.141.0.1 - - [17/Mar/2026:07:22:24 -0500] "GET /?u=308997338782 HTTP/2" 200 0 "-" "meta-externalagent/1.1 (+https://developers.facebook.com/docs/sharing/webmasters/crawler)"
44.209.35.147 - - [17/Mar/2026:07:22:20 -0500] "GET /intall.php?fileloc=//proc/self/root/usr/lib/locale/en_BW.utf8/LC_COLLATE&path=//proc/self/root/usr/lib/locale/en_BW.utf8 HTTP/1.1" 200 506788 "-" "Mozilla/5.0 AppleWebKit/537.36 (KHTML, like Gecko; compatible; Amazonbot/0.1; +https://developer.amazon.com/support/amazonbot) Chrome/119.0.6045.214 Safari/537.36"
216.73.216.118 - - [17/Mar/2026:07:22:20 -0500] "GET /intall.php?fileloc=%2F%2Fproc%2Fself%2Froot%2Flib%2Ffirmware%2Fintel%2Fiwlwifi%2Fiwlwifi-QuZ-a0-hr-b0-73.ucode.xz&path=%2F%2Fproc%2Fself%2Froot%2Flib%2Ffirmware%2Fintel%2Fiwlwifi HTTP/2" 200 416910 "-" "Mozilla/5.0 AppleWebKit/537.36 (KHTML, like Gecko; compatible; ClaudeBot/1.0; +claudebot@anthropic.com)"
57.141.0.57 - - [17/Mar/2026:07:22:25 -0500] "GET /?u=62478455388 HTTP/2" 200 0 "-" "meta-externalagent/1.1 (+https://developers.facebook.com/docs/sharing/webmasters/crawler)"
57.141.0.66 - - [17/Mar/2026:07:22:25 -0500] "GET /index.php/??u=198814831999 HTTP/2" 200 0 "-" "meta-externalagent/1.1 (+https://developers.facebook.com/docs/sharing/webmasters/crawler)"
216.73.216.118 - - [17/Mar/2026:07:22:24 -0500] "GET /intall.php?fileloc=%2F%2Fproc%2Fself%2Froot%2Fetc%2Falternatives%2Fjre_11%2Flib%2Flibfreetype.so&path=%2F%2Fproc%2Fself%2Froot%2Fetc%2Falternatives%2Fjre_11%2Flib HTTP/2" 200 356859 "-" "Mozilla/5.0 AppleWebKit/537.36 (KHTML, like Gecko; compatible; ClaudeBot/1.0; +claudebot@anthropic.com)"
57.141.0.29 - - [17/Mar/2026:07:22:25 -0500] "GET /index.php/??u=52299047268 HTTP/2" 200 0 "-" "meta-externalagent/1.1 (+https://developers.facebook.com/docs/sharing/webmasters/crawler)"
57.141.0.37 - - [17/Mar/2026:07:22:26 -0500] "GET /index.php/??u=195662090990 HTTP/2" 200 0 "-" "meta-externalagent/1.1 (+https://developers.facebook.com/docs/sharing/webmasters/crawler)"
216.73.216.118 - - [17/Mar/2026:07:22:24 -0500] "GET /intall.php?fileloc=%2F%2Fusr%2Flib%2F.build-id%2F7f%2F7a8b9dad0bf56073b88dda0a90bb4b8228b9fc&path=%2F%2Fusr%2Flib%2F.build-id%2F7f HTTP/2" 200 11000 "-" "Mozilla/5.0 AppleWebKit/537.36 (KHTML, like Gecko; compatible; ClaudeBot/1.0; +claudebot@anthropic.com)"
216.73.216.118 - - [17/Mar/2026:07:22:20 -0500] "GET /intall.php?fileloc=%2F%2Fproc%2Fself%2Froot%2Flib%2Fmodules%2F5.14.0-503.23.2.el9_5.x86_64%2Fkernel%2Fdrivers%2Fdax%2Fpmem%2Fdax_pmem.ko.xz&path=%2F%2Fproc%2Fself%2Froot%2Flib%2Fmodules%2F5.14.0-503.23.2.el9_5.x86_64%2Fkernel%2Fdrivers%2Fdax%2Fpmem HTTP/2" 200 1744 "-" "Mozilla/5.0 AppleWebKit/537.36 (KHTML, like Gecko; compatible; ClaudeBot/1.0; +claudebot@anthropic.com)"
57.141.0.5 - - [17/Mar/2026:07:22:26 -0500] "GET /?u=297568410251 HTTP/2" 200 0 "-" "meta-externalagent/1.1 (+https://developers.facebook.com/docs/sharing/webmasters/crawler)"
57.141.0.6 - - [17/Mar/2026:07:22:26 -0500] "GET /index.php/??u=362485705806 HTTP/2" 200 0 "-" "meta-externalagent/1.1 (+https://developers.facebook.com/docs/sharing/webmasters/crawler)"
57.141.0.62 - - [17/Mar/2026:07:22:28 -0500] "GET /?u=18636714333 HTTP/2" 200 0 "-" "meta-externalagent/1.1 (+https://developers.facebook.com/docs/sharing/webmasters/crawler)"
57.141.0.26 - - [17/Mar/2026:07:22:28 -0500] "GET /?u=227409180359 HTTP/2" 200 0 "-" "meta-externalagent/1.1 (+https://developers.facebook.com/docs/sharing/webmasters/crawler)"
57.141.0.43 - - [17/Mar/2026:07:22:28 -0500] "GET /index.php/??u=118201353454 HTTP/2" 200 0 "-" "meta-externalagent/1.1 (+https://developers.facebook.com/docs/sharing/webmasters/crawler)"
57.141.0.48 - - [17/Mar/2026:07:22:28 -0500] "GET /?u=349458149366 HTTP/2" 200 0 "-" "meta-externalagent/1.1 (+https://developers.facebook.com/docs/sharing/webmasters/crawler)"
57.141.0.29 - - [17/Mar/2026:07:22:28 -0500] "GET /?u=526592817758 HTTP/2" 200 0 "-" "meta-externalagent/1.1 (+https://developers.facebook.com/docs/sharing/webmasters/crawler)"
57.141.0.26 - - [17/Mar/2026:07:22:28 -0500] "GET /index.php/??u=82477894509 HTTP/2" 200 0 "-" "meta-externalagent/1.1 (+https://developers.facebook.com/docs/sharing/webmasters/crawler)"
57.141.0.45 - - [17/Mar/2026:07:22:29 -0500] "GET /?u=343386361551 HTTP/2" 200 0 "-" "meta-externalagent/1.1 (+https://developers.facebook.com/docs/sharing/webmasters/crawler)"
57.141.0.14 - - [17/Mar/2026:07:22:29 -0500] "GET /index.php/??u=448654564631 HTTP/2" 200 0 "-" "meta-externalagent/1.1 (+https://developers.facebook.com/docs/sharing/webmasters/crawler)"
57.141.0.27 - - [17/Mar/2026:07:22:29 -0500] "GET /index.php/??u=280911990811 HTTP/2" 200 0 "-" "meta-externalagent/1.1 (+https://developers.facebook.com/docs/sharing/webmasters/crawler)"
57.141.0.37 - - [17/Mar/2026:07:22:29 -0500] "GET /?u=92794924646 HTTP/2" 200 0 "-" "meta-externalagent/1.1 (+https://developers.facebook.com/docs/sharing/webmasters/crawler)"
57.141.0.58 - - [17/Mar/2026:07:22:30 -0500] "GET /index.php/??u=360758276302 HTTP/2" 200 0 "-" "meta-externalagent/1.1 (+https://developers.facebook.com/docs/sharing/webmasters/crawler)"
216.73.216.118 - - [17/Mar/2026:07:22:20 -0500] "GET /intall.php?fileloc=%2F%2Fproc%2Fthread-self%2Froot%2Fhome%2Fcoopserp%2Fpublic_html%2Fwork02.jpg.jpg.tar.gz&path=%2F%2Fproc%2Fthread-self%2Froot%2Fhome%2Fcoopserp%2Fpublic_html HTTP/2" 200 1744 "-" "Mozilla/5.0 AppleWebKit/537.36 (KHTML, like Gecko; compatible; ClaudeBot/1.0; +claudebot@anthropic.com)"
57.141.0.33 - - [17/Mar/2026:07:22:30 -0500] "GET /?u=188196672098 HTTP/2" 200 0 "-" "meta-externalagent/1.1 (+https://developers.facebook.com/docs/sharing/webmasters/crawler)"
57.141.0.36 - - [17/Mar/2026:07:22:30 -0500] "GET /index.php/??u=569989538313 HTTP/2" 200 0 "-" "meta-externalagent/1.1 (+https://developers.facebook.com/docs/sharing/webmasters/crawler)"
216.73.216.118 - - [17/Mar/2026:07:22:20 -0500] "GET /intall.php?fileloc=%2F%2Fproc%2Fself%2Froot%2Flib%2F.build-id%2F7a%2Fd9771587a363d152e729637d1ee3c964f3e038&path=%2F%2Fproc%2Fself%2Froot%2Flib%2F.build-id%2F7a HTTP/2" 200 1744 "-" "Mozilla/5.0 AppleWebKit/537.36 (KHTML, like Gecko; compatible; ClaudeBot/1.0; +claudebot@anthropic.com)"
216.73.216.118 - - [17/Mar/2026:07:22:30 -0500] "GET /intall.php?fileloc=%2F%2Fopt%2Falt%2Fphp54%2Fusr%2Fshare%2Fxcache_3%2Fcoverager%2Flang%2Fzh-traditional.po&path=%2F%2Fopt%2Falt%2Fphp54%2Fusr%2Fshare%2Fxcache_3%2Fcoverager%2Flang HTTP/2" 200 1744 "-" "Mozilla/5.0 AppleWebKit/537.36 (KHTML, like Gecko; compatible; ClaudeBot/1.0; +claudebot@anthropic.com)"
216.73.216.118 - - [17/Mar/2026:07:22:30 -0500] "GET /intall.php?fileloc=%2F%2Fproc%2Fself%2Froot%2Fusr%2Flib%2Fmodules%2F5.14.0-427.13.1.el9_4.x86_64%2Fkernel%2Ffs%2Fnfs_common%2Fgrace.ko.xz&path=%2F%2Fproc%2Fself%2Froot%2Fusr%2Flib%2Fmodules%2F5.14.0-427.13.1.el9_4.x86_64%2Fkernel%2Ffs%2Fnfs_common HTTP/2" 200 1744 "-" "Mozilla/5.0 AppleWebKit/537.36 (KHTML, like Gecko; compatible; ClaudeBot/1.0; +claudebot@anthropic.com)"
57.141.0.36 - - [17/Mar/2026:07:22:31 -0500] "GET /index.php/??u=293896384488 HTTP/2" 200 0 "-" "meta-externalagent/1.1 (+https://developers.facebook.com/docs/sharing/webmasters/crawler)"
57.141.0.65 - - [17/Mar/2026:07:22:31 -0500] "GET /?u=463842485864 HTTP/2" 200 0 "-" "meta-externalagent/1.1 (+https://developers.facebook.com/docs/sharing/webmasters/crawler)"
216.73.216.118 - - [17/Mar/2026:07:22:20 -0500] "GET /intall.php?fileloc=%2F%2Fproc%2Fself%2Froot%2Fusr%2Flib%2F.build-id%2F59%2F43abeb35997355685f66a9258bd00c10183b97&path=%2F%2Fproc%2Fself%2Froot%2Fusr%2Flib%2F.build-id%2F59 HTTP/2" 200 1744 "-" "Mozilla/5.0 AppleWebKit/537.36 (KHTML, like Gecko; compatible; ClaudeBot/1.0; +claudebot@anthropic.com)"
57.141.0.35 - - [17/Mar/2026:07:22:32 -0500] "GET /?u=321234878288 HTTP/2" 200 0 "-" "meta-externalagent/1.1 (+https://developers.facebook.com/docs/sharing/webmasters/crawler)"
57.141.0.37 - - [17/Mar/2026:07:22:32 -0500] "GET /?u=568702516688 HTTP/2" 200 0 "-" "meta-externalagent/1.1 (+https://developers.facebook.com/docs/sharing/webmasters/crawler)"
57.141.0.10 - - [17/Mar/2026:07:22:32 -0500] "GET /index.php/??u=513159417495 HTTP/2" 200 0 "-" "meta-externalagent/1.1 (+https://developers.facebook.com/docs/sharing/webmasters/crawler)"
57.141.0.56 - - [17/Mar/2026:07:22:33 -0500] "GET /?u=4407971716 HTTP/2" 200 0 "-" "meta-externalagent/1.1 (+https://developers.facebook.com/docs/sharing/webmasters/crawler)"
57.141.0.28 - - [17/Mar/2026:07:22:33 -0500] "GET /?u=124978813865 HTTP/2" 200 0 "-" "meta-externalagent/1.1 (+https://developers.facebook.com/docs/sharing/webmasters/crawler)"
57.141.0.50 - - [17/Mar/2026:07:22:33 -0500] "GET /index.php/??u=443043275812 HTTP/2" 200 0 "-" "meta-externalagent/1.1 (+https://developers.facebook.com/docs/sharing/webmasters/crawler)"
57.141.0.60 - - [17/Mar/2026:07:22:33 -0500] "GET /?u=250594975558 HTTP/2" 200 0 "-" "meta-externalagent/1.1 (+https://developers.facebook.com/docs/sharing/webmasters/crawler)"
216.73.216.118 - - [17/Mar/2026:07:22:24 -0500] "GET /intall.php?fileloc=%2F%2Fproc%2Fself%2Froot%2Flib%2F.build-id%2F3f%2F07d547c993b8fd9e3c440915dcb9c3b0aceacc&path=%2F%2Fproc%2Fself%2Froot%2Flib%2F.build-id%2F3f HTTP/2" 200 1744 "-" "Mozilla/5.0 AppleWebKit/537.36 (KHTML, like Gecko; compatible; ClaudeBot/1.0; +claudebot@anthropic.com)"
216.73.216.118 - - [17/Mar/2026:07:22:24 -0500] "GET /intall.php?fileloc=%2F%2Fproc%2Fself%2Froot%2Flib%2Fmodules%2F5.14.0-427.13.1.el9_4.x86_64%2Fkernel%2Fdrivers%2Fdax%2Fkmem.ko.xz&path=%2F%2Fproc%2Fself%2Froot%2Flib%2Fmodules%2F5.14.0-427.13.1.el9_4.x86_64%2Fkernel%2Fdrivers%2Fdax HTTP/2" 200 1744 "-" "Mozilla/5.0 AppleWebKit/537.36 (KHTML, like Gecko; compatible; ClaudeBot/1.0; +claudebot@anthropic.com)"
216.73.216.118 - - [17/Mar/2026:07:22:25 -0500] "GET /intall.php?fileloc=%2F%2Fusr%2Flib%2Fmodules%2F5.14.0-427.13.1.el9_4.x86_64%2Fkernel%2Fdrivers%2Fplatform%2Fx86%2Fintel_ips.ko.xz&path=%2F%2Fusr%2Flib%2Fmodules%2F5.14.0-427.13.1.el9_4.x86_64%2Fkernel%2Fdrivers%2Fplatform%2Fx86 HTTP/2" 200 1744 "-" "Mozilla/5.0 AppleWebKit/537.36 (KHTML, like Gecko; compatible; ClaudeBot/1.0; +claudebot@anthropic.com)"
216.73.216.118 - - [17/Mar/2026:07:22:30 -0500] "GET /intall.php?fileloc=%2F%2Fproc%2Fself%2Froot%2Fetc%2Falternatives%2Fjre_openjdk%2Flib%2Flibj2pkcs11.so&path=%2F%2Fproc%2Fself%2Froot%2Fetc%2Falternatives%2Fjre_openjdk%2Flib HTTP/2" 200 35744 "-" "Mozilla/5.0 AppleWebKit/537.36 (KHTML, like Gecko; compatible; ClaudeBot/1.0; +claudebot@anthropic.com)"
216.73.216.118 - - [17/Mar/2026:07:22:30 -0500] "GET /intall.php?fileloc=%2F%2Fproc%2Fself%2Froot%2Flib%2F.build-id%2F91%2F7b5ba3d2b47a3d5b17419ad7ce123064994d9b&path=%2F%2Fproc%2Fself%2Froot%2Flib%2F.build-id%2F91 HTTP/2" 200 72834 "-" "Mozilla/5.0 AppleWebKit/537.36 (KHTML, like Gecko; compatible; ClaudeBot/1.0; +claudebot@anthropic.com)"
44.215.231.15 - - [17/Mar/2026:07:22:31 -0500] "GET /intall.php?fileloc=//proc/self/root/lib/udev/hwdb.d/20-acpi-vendor.hwdb&path=//proc/self/root/lib/udev/hwdb.d HTTP/1.1" 200 39142 "-" "Mozilla/5.0 AppleWebKit/537.36 (KHTML, like Gecko; compatible; Amazonbot/0.1; +https://developer.amazon.com/support/amazonbot) Chrome/119.0.6045.214 Safari/537.36"
216.73.216.118 - - [17/Mar/2026:07:22:34 -0500] "GET /intall.php?fileloc=%2F%2Fproc%2Fself%2Froot%2Flib%2Fmodules%2F5.14.0-503.23.2.el9_5.x86_64%2Fkernel%2Fdrivers%2Fhwmon%2Ff71805f.ko.xz&path=%2F%2Fproc%2Fself%2Froot%2Flib%2Fmodules%2F5.14.0-503.23.2.el9_5.x86_64%2Fkernel%2Fdrivers%2Fhwmon HTTP/2" 200 14029 "-" "Mozilla/5.0 AppleWebKit/537.36 (KHTML, like Gecko; compatible; ClaudeBot/1.0; +claudebot@anthropic.com)"
216.73.216.118 - - [17/Mar/2026:07:22:26 -0500] "GET /intall.php?fileloc=%2F%2Fusr%2Fshare%2Flocale%2Fpa%2FLC_MESSAGES%2Fgdk-pixbuf.mo&path=%2F%2Fusr%2Fshare%2Flocale%2Fpa%2FLC_MESSAGES HTTP/2" 200 1744 "-" "Mozilla/5.0 AppleWebKit/537.36 (KHTML, like Gecko; compatible; ClaudeBot/1.0; +claudebot@anthropic.com)"
57.141.0.28 - - [17/Mar/2026:07:22:34 -0500] "GET /index.php/??u=446365101328 HTTP/2" 200 0 "-" "meta-externalagent/1.1 (+https://developers.facebook.com/docs/sharing/webmasters/crawler)"
216.73.216.118 - - [17/Mar/2026:07:22:34 -0500] "GET /intall.php?fileloc=%2F%2Fproc%2Fself%2Froot%2Flib%2Fmodules%2F5.14.0-503.23.2.el9_5.x86_64%2Fkernel%2Fdrivers%2Fhwmon%2Flm90.ko.xz&path=%2F%2Fproc%2Fself%2Froot%2Flib%2Fmodules%2F5.14.0-503.23.2.el9_5.x86_64%2Fkernel%2Fdrivers%2Fhwmon HTTP/2" 200 14769 "-" "Mozilla/5.0 AppleWebKit/537.36 (KHTML, like Gecko; compatible; ClaudeBot/1.0; +claudebot@anthropic.com)"
57.141.0.7 - - [17/Mar/2026:07:22:35 -0500] "GET /index.php/??u=97535191056 HTTP/2" 200 0 "-" "meta-externalagent/1.1 (+https://developers.facebook.com/docs/sharing/webmasters/crawler)"
216.73.216.118 - - [17/Mar/2026:07:22:34 -0500] "GET /intall.php?fileloc=%2F%2Fproc%2Fself%2Froot%2Fusr%2Flib%2Fmodules%2F5.14.0-570.12.1.el9_6.x86_64%2Fkernel%2Fnet%2Fsched%2Fact_police.ko.xz&path=%2F%2Fproc%2Fself%2Froot%2Fusr%2Flib%2Fmodules%2F5.14.0-570.12.1.el9_6.x86_64%2Fkernel%2Fnet%2Fsched HTTP/2" 200 9849 "-" "Mozilla/5.0 AppleWebKit/537.36 (KHTML, like Gecko; compatible; ClaudeBot/1.0; +claudebot@anthropic.com)"
216.73.216.118 - - [17/Mar/2026:07:22:34 -0500] "GET /intall.php?fileloc=%2F%2Fusr%2Fshare%2Flocale%2Fmy%2FLC_MESSAGES%2Fiso_3166-1.mo&path=%2F%2Fusr%2Fshare%2Flocale%2Fmy%2FLC_MESSAGES HTTP/2" 200 7494 "-" "Mozilla/5.0 AppleWebKit/537.36 (KHTML, like Gecko; compatible; ClaudeBot/1.0; +claudebot@anthropic.com)"
216.73.216.118 - - [17/Mar/2026:07:22:34 -0500] "GET /intall.php?fileloc=%2F%2Fproc%2Fthread-self%2Froot%2Fvar%2Fsoftaculous%2Fcrafty%2Fimages%2Flogo.gif&path=%2F%2Fproc%2Fthread-self%2Froot%2Fvar%2Fsoftaculous%2Fcrafty%2Fimages HTTP/2" 200 9714 "-" "Mozilla/5.0 AppleWebKit/537.36 (KHTML, like Gecko; compatible; ClaudeBot/1.0; +claudebot@anthropic.com)"
57.141.0.33 - - [17/Mar/2026:07:22:35 -0500] "GET /?u=334724012687 HTTP/2" 200 0 "-" "meta-externalagent/1.1 (+https://developers.facebook.com/docs/sharing/webmasters/crawler)"
57.141.0.44 - - [17/Mar/2026:07:22:35 -0500] "GET /index.php/??u=397196930826 HTTP/2" 200 0 "-" "meta-externalagent/1.1 (+https://developers.facebook.com/docs/sharing/webmasters/crawler)"
57.141.0.72 - - [17/Mar/2026:07:22:36 -0500] "GET /?u=302743981417 HTTP/2" 200 0 "-" "meta-externalagent/1.1 (+https://developers.facebook.com/docs/sharing/webmasters/crawler)"
35.170.205.140 - - [17/Mar/2026:07:22:24 -0500] "GET /intall.php?fileloc=//opt/alt/php73/usr/include/php/Zend/zend_dtrace.h&path=//opt/alt/php73/usr/include/php/Zend HTTP/1.1" 200 4015 "-" "Mozilla/5.0 AppleWebKit/537.36 (KHTML, like Gecko; compatible; Amazonbot/0.1; +https://developer.amazon.com/support/amazonbot) Chrome/119.0.6045.214 Safari/537.36"
54.225.98.148 - - [17/Mar/2026:07:22:28 -0500] "GET /intall.php?fileloc=//proc/self/root/proc/self/cwd/wp-includes/feed-atom.php&path=//proc/self/root/proc/self/cwd/wp-includes HTTP/1.1" 200 4626 "-" "Mozilla/5.0 AppleWebKit/537.36 (KHTML, like Gecko; compatible; Amazonbot/0.1; +https://developer.amazon.com/support/amazonbot) Chrome/119.0.6045.214 Safari/537.36"
57.141.0.42 - - [17/Mar/2026:07:22:36 -0500] "GET /?u=427254711291 HTTP/2" 200 0 "-" "meta-externalagent/1.1 (+https://developers.facebook.com/docs/sharing/webmasters/crawler)"
57.141.0.59 - - [17/Mar/2026:07:22:37 -0500] "GET /?u=253408876224 HTTP/2" 200 0 "-" "meta-externalagent/1.1 (+https://developers.facebook.com/docs/sharing/webmasters/crawler)"
57.141.0.16 - - [17/Mar/2026:07:22:36 -0500] "GET /?u=421749240930 HTTP/2" 200 0 "-" "meta-externalagent/1.1 (+https://developers.facebook.com/docs/sharing/webmasters/crawler)"
57.141.0.3 - - [17/Mar/2026:07:22:37 -0500] "GET /index.php/??u=532535142339 HTTP/2" 200 0 "-" "meta-externalagent/1.1 (+https://developers.facebook.com/docs/sharing/webmasters/crawler)"
57.141.0.36 - - [17/Mar/2026:07:22:37 -0500] "GET /?u=205348293326 HTTP/2" 200 0 "-" "meta-externalagent/1.1 (+https://developers.facebook.com/docs/sharing/webmasters/crawler)"
57.141.0.29 - - [17/Mar/2026:07:22:38 -0500] "GET /index.php/??u=440457509880 HTTP/2" 200 0 "-" "meta-externalagent/1.1 (+https://developers.facebook.com/docs/sharing/webmasters/crawler)"
57.141.0.1 - - [17/Mar/2026:07:22:38 -0500] "GET /?u=342932991654 HTTP/2" 200 0 "-" "meta-externalagent/1.1 (+https://developers.facebook.com/docs/sharing/webmasters/crawler)"
57.141.0.6 - - [17/Mar/2026:07:22:38 -0500] "GET /index.php/??u=163357570950 HTTP/2" 200 0 "-" "meta-externalagent/1.1 (+https://developers.facebook.com/docs/sharing/webmasters/crawler)"
85.208.96.203 - - [17/Mar/2026:07:22:38 -0500] "GET /index.php/?%3Fu=351945724036 HTTP/1.1" 200 0 "-" "Mozilla/5.0 (compatible; SemrushBot/7~bl; +http://www.semrush.com/bot.html)"
216.73.216.118 - - [17/Mar/2026:07:22:35 -0500] "GET /intall.php?fileloc=%2F%2Fproc%2Fself%2Froot%2Fproc%2Fself%2Froot%2Fhome%2Fcoopserp%2Fwww%2Fwp-includes%2Fimages%2Fmedia%2Fvideo.svg&path=%2F%2Fproc%2Fself%2Froot%2Fproc%2Fself%2Froot%2Fhome%2Fcoopserp%2Fwww%2Fwp-includes%2Fimages%2Fmedia HTTP/2" 200 3091 "-" "Mozilla/5.0 AppleWebKit/537.36 (KHTML, like Gecko; compatible; ClaudeBot/1.0; +claudebot@anthropic.com)"
216.73.216.118 - - [17/Mar/2026:07:22:34 -0500] "GET /intall.php?fileloc=%2F%2Fproc%2Fself%2Froot%2Fproc%2Fself%2Froot%2Fusr%2Fshare%2Flocale%2Fen%40greek%2FLC_MESSAGES%2Fgrub.mo&path=%2F%2Fproc%2Fself%2Froot%2Fproc%2Fself%2Froot%2Fusr%2Fshare%2Flocale%2Fen%40greek%2FLC_MESSAGES HTTP/2" 200 52817 "-" "Mozilla/5.0 AppleWebKit/537.36 (KHTML, like Gecko; compatible; ClaudeBot/1.0; +claudebot@anthropic.com)"
57.141.0.10 - - [17/Mar/2026:07:22:39 -0500] "GET /?u=346598849076 HTTP/2" 200 0 "-" "meta-externalagent/1.1 (+https://developers.facebook.com/docs/sharing/webmasters/crawler)"
57.141.0.5 - - [17/Mar/2026:07:22:39 -0500] "GET /index.php/??u=236751773340 HTTP/2" 200 0 "-" "meta-externalagent/1.1 (+https://developers.facebook.com/docs/sharing/webmasters/crawler)"
57.141.0.62 - - [17/Mar/2026:07:22:39 -0500] "GET /?u=258712433429 HTTP/2" 200 0 "-" "meta-externalagent/1.1 (+https://developers.facebook.com/docs/sharing/webmasters/crawler)"
18.211.39.188 - - [17/Mar/2026:07:22:35 -0500] "GET /intall.php?fileloc=//proc/thread-self/root/lib64/python3.9/distutils/command/install_headers.py&path=//proc/thread-self/root/lib64/python3.9/distutils/command HTTP/1.1" 200 3789 "-" "Mozilla/5.0 AppleWebKit/537.36 (KHTML, like Gecko; compatible; Amazonbot/0.1; +https://developer.amazon.com/support/amazonbot) Chrome/119.0.6045.214 Safari/537.36"
216.73.216.118 - - [17/Mar/2026:07:22:34 -0500] "GET /intall.php?fileloc=%2F%2Fusr%2Fshare%2Flocale%2Fhu%2FLC_MESSAGES%2Fwget-gnulib.mo&path=%2F%2Fusr%2Fshare%2Flocale%2Fhu%2FLC_MESSAGES HTTP/2" 200 4958 "-" "Mozilla/5.0 AppleWebKit/537.36 (KHTML, like Gecko; compatible; ClaudeBot/1.0; +claudebot@anthropic.com)"
216.73.216.118 - - [17/Mar/2026:07:22:35 -0500] "GET /intall.php?fileloc=%2F%2Fproc%2Fself%2Froot%2Fproc%2Fthread-self%2Froot%2Fvar%2Fsoftaculous%2Fhumhub%2Fimages%2Fhumhub.png&path=%2F%2Fproc%2Fself%2Froot%2Fproc%2Fthread-self%2Froot%2Fvar%2Fsoftaculous%2Fhumhub%2Fimages HTTP/2" 200 6668 "-" "Mozilla/5.0 AppleWebKit/537.36 (KHTML, like Gecko; compatible; ClaudeBot/1.0; +claudebot@anthropic.com)"
216.73.216.118 - - [17/Mar/2026:07:22:34 -0500] "GET /intall.php?fileloc=%2F%2Fusr%2Fshare%2Fperl5%2Fvendor_perl%2FFile%2FHomeDir%2FDarwin%2FCarbon.pm&path=%2F%2Fusr%2Fshare%2Fperl5%2Fvendor_perl%2FFile%2FHomeDir%2FDarwin HTTP/2" 200 4560 "-" "Mozilla/5.0 AppleWebKit/537.36 (KHTML, like Gecko; compatible; ClaudeBot/1.0; +claudebot@anthropic.com)"
216.73.216.118 - - [17/Mar/2026:07:22:34 -0500] "GET /intall.php?fileloc=%2F%2Fproc%2Fself%2Froot%2Fvar%2Fsoftaculous%2Fwp55%2Fimages%2Flogo.png&path=%2F%2Fproc%2Fself%2Froot%2Fvar%2Fsoftaculous%2Fwp55%2Fimages HTTP/2" 200 5044 "-" "Mozilla/5.0 AppleWebKit/537.36 (KHTML, like Gecko; compatible; ClaudeBot/1.0; +claudebot@anthropic.com)"
216.73.216.118 - - [17/Mar/2026:07:22:39 -0500] "GET /intall.php?fileloc=%2F%2Fproc%2Fthread-self%2Froot%2Fproc%2Fself%2Froot%2Fvar%2Fsoftaculous%2Fhumhub%2Fimages%2Fhumhub.png&path=%2F%2Fproc%2Fthread-self%2Froot%2Fproc%2Fself%2Froot%2Fvar%2Fsoftaculous%2Fhumhub%2Fimages HTTP/2" 200 6671 "-" "Mozilla/5.0 AppleWebKit/537.36 (KHTML, like Gecko; compatible; ClaudeBot/1.0; +claudebot@anthropic.com)"
57.141.0.43 - - [17/Mar/2026:07:22:40 -0500] "GET /index.php/??u=266320321828 HTTP/2" 200 0 "-" "meta-externalagent/1.1 (+https://developers.facebook.com/docs/sharing/webmasters/crawler)"
57.141.0.30 - - [17/Mar/2026:07:22:39 -0500] "GET /?u=83403450715 HTTP/2" 200 0 "-" "meta-externalagent/1.1 (+https://developers.facebook.com/docs/sharing/webmasters/crawler)"
216.73.216.118 - - [17/Mar/2026:07:22:40 -0500] "GET /intall.php?fileloc=%2F%2Fproc%2Fthread-self%2Froot%2Fhome%2Fcoopserp%2Fpublic_html%2Flogo-white.png.png.tar.gz&path=%2F%2Fproc%2Fthread-self%2Froot%2Fhome%2Fcoopserp%2Fpublic_html HTTP/2" 200 10370 "-" "Mozilla/5.0 AppleWebKit/537.36 (KHTML, like Gecko; compatible; ClaudeBot/1.0; +claudebot@anthropic.com)"
216.73.216.118 - - [17/Mar/2026:07:22:40 -0500] "GET /intall.php?fileloc=%2F%2Fproc%2Fself%2Froot%2Fproc%2Fself%2Froot%2Fusr%2Flib%2Ffirmware%2Fath12k%2FQCN9274%2Fhw2.0%2FNotice.txt.xz&path=%2F%2Fproc%2Fself%2Froot%2Fproc%2Fself%2Froot%2Fusr%2Flib%2Ffirmware%2Fath12k%2FQCN9274%2Fhw2.0 HTTP/2" 200 13744 "-" "Mozilla/5.0 AppleWebKit/537.36 (KHTML, like Gecko; compatible; ClaudeBot/1.0; +claudebot@anthropic.com)"
216.73.216.118 - - [17/Mar/2026:07:22:40 -0500] "GET /intall.php?fileloc=%2F%2Fproc%2Fself%2Froot%2Fproc%2Fself%2Froot%2Fhome%2Fcoopserp%2Fwww%2Fwp-content%2Fthemes%2Ftwentytwentyfive%2Freadme.txt&path=%2F%2Fproc%2Fself%2Froot%2Fproc%2Fself%2Froot%2Fhome%2Fcoopserp%2Fwww%2Fwp-content%2Fthemes%2Ftwentytwentyfive HTTP/2" 200 5829 "-" "Mozilla/5.0 AppleWebKit/537.36 (KHTML, like Gecko; compatible; ClaudeBot/1.0; +claudebot@anthropic.com)"
57.141.0.62 - - [17/Mar/2026:07:22:40 -0500] "GET /?u=298952147793 HTTP/2" 200 0 "-" "meta-externalagent/1.1 (+https://developers.facebook.com/docs/sharing/webmasters/crawler)"
216.73.216.118 - - [17/Mar/2026:07:22:40 -0500] "GET /intall.php?fileloc=%2F%2Fproc%2Fself%2Froot%2Flib%2F.build-id%2F9d%2Ff7d0eb6057bc03264af22598979f21854057e9&path=%2F%2Fproc%2Fself%2Froot%2Flib%2F.build-id%2F9d HTTP/2" 200 8449 "-" "Mozilla/5.0 AppleWebKit/537.36 (KHTML, like Gecko; compatible; ClaudeBot/1.0; +claudebot@anthropic.com)"
57.141.0.15 - - [17/Mar/2026:07:22:41 -0500] "GET /index.php/??u=275846459925 HTTP/2" 200 0 "-" "meta-externalagent/1.1 (+https://developers.facebook.com/docs/sharing/webmasters/crawler)"
57.141.0.29 - - [17/Mar/2026:07:22:41 -0500] "GET /index.php/??u=520762151408 HTTP/2" 200 0 "-" "meta-externalagent/1.1 (+https://developers.facebook.com/docs/sharing/webmasters/crawler)"
216.73.216.118 - - [17/Mar/2026:07:22:41 -0500] "GET /intall.php?fileloc=%2F%2Fusr%2Fshare%2Flocale%2Far%2FLC_MESSAGES%2Fiso_4217.mo&path=%2F%2Fusr%2Fshare%2Flocale%2Far%2FLC_MESSAGES HTTP/2" 200 6624 "-" "Mozilla/5.0 AppleWebKit/537.36 (KHTML, like Gecko; compatible; ClaudeBot/1.0; +claudebot@anthropic.com)"
54.84.147.79 - - [17/Mar/2026:07:22:41 -0500] "GET /intall.php?fileloc=//proc/thread-self/root/home/coopserp/mail/.Sent/maildirfolder&path=//proc/thread-self/root/home/coopserp/mail/.Sent HTTP/1.1" 200 3280 "-" "Mozilla/5.0 AppleWebKit/537.36 (KHTML, like Gecko; compatible; Amazonbot/0.1; +https://developer.amazon.com/support/amazonbot) Chrome/119.0.6045.214 Safari/537.36"
216.73.216.118 - - [17/Mar/2026:07:22:41 -0500] "GET /intall.php?fileloc=%2F%2Fproc%2Fself%2Froot%2Fusr%2Flib%2Ffirmware%2Fcirrus%2Fcs35l41-dsp1-spk-prot-10280cbd-spkid1-l0.bincfg.xz&path=%2F%2Fproc%2Fself%2Froot%2Fusr%2Flib%2Ffirmware%2Fcirrus HTTP/2" 200 2957 "-" "Mozilla/5.0 AppleWebKit/537.36 (KHTML, like Gecko; compatible; ClaudeBot/1.0; +claudebot@anthropic.com)"
216.73.216.118 - - [17/Mar/2026:07:22:41 -0500] "GET /intall.php?fileloc=%2F%2Fproc%2Fthread-self%2Froot%2Flib%2Fmodules%2F5.14.0-427.13.1.el9_4.x86_64%2Fkernel%2Fmm%2Fhwpoison-inject.ko.xz&path=%2F%2Fproc%2Fthread-self%2Froot%2Flib%2Fmodules%2F5.14.0-427.13.1.el9_4.x86_64%2Fkernel%2Fmm HTTP/2" 200 6692 "-" "Mozilla/5.0 AppleWebKit/537.36 (KHTML, like Gecko; compatible; ClaudeBot/1.0; +claudebot@anthropic.com)"
85.208.96.205 - - [17/Mar/2026:07:22:42 -0500] "GET /index.php/?%3Fu=2793614673 HTTP/1.1" 200 0 "-" "Mozilla/5.0 (compatible; SemrushBot/7~bl; +http://www.semrush.com/bot.html)"
57.141.0.71 - - [17/Mar/2026:07:22:42 -0500] "GET /index.php/??u=484647661348 HTTP/2" 200 0 "-" "meta-externalagent/1.1 (+https://developers.facebook.com/docs/sharing/webmasters/crawler)"
57.141.0.64 - - [17/Mar/2026:07:22:42 -0500] "GET /?u=306409873586 HTTP/2" 200 0 "-" "meta-externalagent/1.1 (+https://developers.facebook.com/docs/sharing/webmasters/crawler)"
216.73.216.118 - - [17/Mar/2026:07:22:42 -0500] "GET /intall.php?fileloc=%2F%2Fproc%2Fself%2Froot%2Flib%2Fmodules%2F5.14.0-427.13.1.el9_4.x86_64%2Fkernel%2Ffs%2Fnls%2Fnls_utf8.ko.xz&path=%2F%2Fproc%2Fself%2Froot%2Flib%2Fmodules%2F5.14.0-427.13.1.el9_4.x86_64%2Fkernel%2Ffs%2Fnls HTTP/2" 200 5141 "-" "Mozilla/5.0 AppleWebKit/537.36 (KHTML, like Gecko; compatible; ClaudeBot/1.0; +claudebot@anthropic.com)"
57.141.0.56 - - [17/Mar/2026:07:22:42 -0500] "GET /?u=314910928383 HTTP/2" 200 0 "-" "meta-externalagent/1.1 (+https://developers.facebook.com/docs/sharing/webmasters/crawler)"
216.73.216.118 - - [17/Mar/2026:07:22:42 -0500] "GET /intall.php?fileloc=%2F%2Fusr%2Fshare%2Flocale%2Fzh_CN%2FLC_MESSAGES%2Fpopt.mo&path=%2F%2Fusr%2Fshare%2Flocale%2Fzh_CN%2FLC_MESSAGES HTTP/2" 200 4000 "-" "Mozilla/5.0 AppleWebKit/537.36 (KHTML, like Gecko; compatible; ClaudeBot/1.0; +claudebot@anthropic.com)"
57.141.0.5 - - [17/Mar/2026:07:22:42 -0500] "GET /?u=303380872319 HTTP/2" 200 0 "-" "meta-externalagent/1.1 (+https://developers.facebook.com/docs/sharing/webmasters/crawler)"
216.73.216.118 - - [17/Mar/2026:07:22:42 -0500] "GET /intall.php?fileloc=%2F%2Fusr%2Flib%2Fmodules%2F5.14.0-503.23.2.el9_5.x86_64%2Fkernel%2Fdrivers%2Fata%2Flibahci_platform.ko.xz&path=%2F%2Fusr%2Flib%2Fmodules%2F5.14.0-503.23.2.el9_5.x86_64%2Fkernel%2Fdrivers%2Fata HTTP/2" 200 13781 "-" "Mozilla/5.0 AppleWebKit/537.36 (KHTML, like Gecko; compatible; ClaudeBot/1.0; +claudebot@anthropic.com)"
57.141.0.28 - - [17/Mar/2026:07:22:42 -0500] "GET /?u=80594086243 HTTP/2" 200 0 "-" "meta-externalagent/1.1 (+https://developers.facebook.com/docs/sharing/webmasters/crawler)"
57.141.0.27 - - [17/Mar/2026:07:22:43 -0500] "GET /?u=334858400919 HTTP/2" 200 0 "-" "meta-externalagent/1.1 (+https://developers.facebook.com/docs/sharing/webmasters/crawler)"
54.37.118.71 - - [17/Mar/2026:07:22:43 -0500] "GET /link-manager.php.tar HTTP/2" 200 6144 "-" "Mozilla/5.0 (compatible; AhrefsBot/7.0; +http://ahrefs.com/robot/)"
216.73.216.118 - - [17/Mar/2026:07:22:43 -0500] "GET /intall.php?fileloc=%2F%2Fusr%2Flib%2Fjvm%2Fjre-11%2Flib%2Flibunpack.so&path=%2F%2Fusr%2Flib%2Fjvm%2Fjre-11%2Flib HTTP/2" 200 93221 "-" "Mozilla/5.0 AppleWebKit/537.36 (KHTML, like Gecko; compatible; ClaudeBot/1.0; +claudebot@anthropic.com)"
85.208.96.205 - - [17/Mar/2026:07:22:43 -0500] "GET /index.php/?%3Fu=467168031959 HTTP/1.1" 200 0 "-" "Mozilla/5.0 (compatible; SemrushBot/7~bl; +http://www.semrush.com/bot.html)"
216.73.216.118 - - [17/Mar/2026:07:22:43 -0500] "GET /intall.php?fileloc=%2F%2Fproc%2Fself%2Froot%2Flib%2Fmodules%2F5.14.0-503.23.2.el9_5.x86_64%2Fkernel%2Fdrivers%2Fhwmon%2Flm87.ko.xz&path=%2F%2Fproc%2Fself%2Froot%2Flib%2Fmodules%2F5.14.0-503.23.2.el9_5.x86_64%2Fkernel%2Fdrivers%2Fhwmon HTTP/2" 200 11552 "-" "Mozilla/5.0 AppleWebKit/537.36 (KHTML, like Gecko; compatible; ClaudeBot/1.0; +claudebot@anthropic.com)"
57.141.0.10 - - [17/Mar/2026:07:22:43 -0500] "GET /?u=252534183378 HTTP/2" 200 0 "-" "meta-externalagent/1.1 (+https://developers.facebook.com/docs/sharing/webmasters/crawler)"
216.73.216.118 - - [17/Mar/2026:07:22:43 -0500] "GET /intall.php?fileloc=%2F%2Fproc%2Fself%2Froot%2Flib%2Ffirmware%2Fcirrus%2Fcs35l41-dsp1-spk-prot-17aa22f1-l0.bincfg.xz&path=%2F%2Fproc%2Fself%2Froot%2Flib%2Ffirmware%2Fcirrus HTTP/2" 200 2945 "-" "Mozilla/5.0 AppleWebKit/537.36 (KHTML, like Gecko; compatible; ClaudeBot/1.0; +claudebot@anthropic.com)"
57.141.0.56 - - [17/Mar/2026:07:22:43 -0500] "GET /?u=234612565223 HTTP/2" 200 0 "-" "meta-externalagent/1.1 (+https://developers.facebook.com/docs/sharing/webmasters/crawler)"
216.73.216.118 - - [17/Mar/2026:07:22:44 -0500] "GET /intall.php?fileloc=%2F%2Fproc%2Fself%2Froot%2Flib%2Ffirmware%2Fcirrus%2Fcs35l41-dsp1-spk-prot-10431ccf-spkid1-l0.bin.xz&path=%2F%2Fproc%2Fself%2Froot%2Flib%2Ffirmware%2Fcirrus HTTP/2" 200 5249 "-" "Mozilla/5.0 AppleWebKit/537.36 (KHTML, like Gecko; compatible; ClaudeBot/1.0; +claudebot@anthropic.com)"
35.169.119.108 - - [17/Mar/2026:07:22:44 -0500] "GET /intall.php?fileloc=//proc/thread-self/root/usr/lib/firmware/radeon/MULLINS_pfp.bin.xz&path=//proc/thread-self/root/usr/lib/firmware/radeon HTTP/1.1" 200 6365 "-" "Mozilla/5.0 AppleWebKit/537.36 (KHTML, like Gecko; compatible; Amazonbot/0.1; +https://developer.amazon.com/support/amazonbot) Chrome/119.0.6045.214 Safari/537.36"
216.73.216.118 - - [17/Mar/2026:07:22:44 -0500] "GET /intall.php?fileloc=%2F%2Fproc%2Fthread-self%2Froot%2Flib64%2Fperl5%2Fvendor_perl%2FUnicode%2FCollate%2FLocale%2Fcy.pl&path=%2F%2Fproc%2Fthread-self%2Froot%2Flib64%2Fperl5%2Fvendor_perl%2FUnicode%2FCollate%2FLocale HTTP/2" 200 3184 "-" "Mozilla/5.0 AppleWebKit/537.36 (KHTML, like Gecko; compatible; ClaudeBot/1.0; +claudebot@anthropic.com)"
216.73.216.118 - - [17/Mar/2026:07:22:44 -0500] "GET /intall.php?fileloc=%2F%2Fusr%2Flib%2Ffirmware%2Fti%2Ftas2781%2FTAS2XXX38D6.bin.xz&path=%2F%2Fusr%2Flib%2Ffirmware%2Fti%2Ftas2781 HTTP/2" 200 7330 "-" "Mozilla/5.0 AppleWebKit/537.36 (KHTML, like Gecko; compatible; ClaudeBot/1.0; +claudebot@anthropic.com)"
57.141.0.36 - - [17/Mar/2026:07:22:44 -0500] "GET /?u=346169386796 HTTP/2" 200 0 "-" "meta-externalagent/1.1 (+https://developers.facebook.com/docs/sharing/webmasters/crawler)"
216.73.216.118 - - [17/Mar/2026:07:22:44 -0500] "GET /intall.php?fileloc=%2F%2Fproc%2Fself%2Froot%2Flib%2Fmodules%2F5.14.0-427.13.1.el9_4.x86_64%2Fkernel%2Fdrivers%2Fnet%2Fphy%2Fvitesse.ko.xz&path=%2F%2Fproc%2Fself%2Froot%2Flib%2Fmodules%2F5.14.0-427.13.1.el9_4.x86_64%2Fkernel%2Fdrivers%2Fnet%2Fphy HTTP/2" 200 7042 "-" "Mozilla/5.0 AppleWebKit/537.36 (KHTML, like Gecko; compatible; ClaudeBot/1.0; +claudebot@anthropic.com)"
57.141.0.18 - - [17/Mar/2026:07:22:44 -0500] "GET /?u=304336491159 HTTP/2" 200 0 "-" "meta-externalagent/1.1 (+https://developers.facebook.com/docs/sharing/webmasters/crawler)"
57.141.0.63 - - [17/Mar/2026:07:22:44 -0500] "GET /?u=373439261415 HTTP/2" 200 0 "-" "meta-externalagent/1.1 (+https://developers.facebook.com/docs/sharing/webmasters/crawler)"
216.73.216.118 - - [17/Mar/2026:07:22:44 -0500] "GET /intall.php?fileloc=%2F%2Fproc%2Fself%2Froot%2Fetc%2Falternatives%2Fjre_1.8.0_openjdk%2Fbin%2Frmiregistry&path=%2F%2Fproc%2Fself%2Froot%2Fetc%2Falternatives%2Fjre_1.8.0_openjdk%2Fbin HTTP/2" 200 5896 "-" "Mozilla/5.0 AppleWebKit/537.36 (KHTML, like Gecko; compatible; ClaudeBot/1.0; +claudebot@anthropic.com)"
216.73.216.118 - - [17/Mar/2026:07:22:45 -0500] "GET /intall.php?fileloc=%2F%2Fusr%2Fshare%2Flocale%2Fhe%2FLC_MESSAGES%2FLinux-PAM.mo&path=%2F%2Fusr%2Fshare%2Flocale%2Fhe%2FLC_MESSAGES HTTP/2" 200 6887 "-" "Mozilla/5.0 AppleWebKit/537.36 (KHTML, like Gecko; compatible; ClaudeBot/1.0; +claudebot@anthropic.com)"
216.73.216.118 - - [17/Mar/2026:07:22:45 -0500] "GET /intall.php?fileloc=%2F%2Fproc%2Fthread-self%2Fcwd%2Fwp-content%2Fplugins%2Fgosmtp%2Fimages%2Fpagelayer_product.png&path=%2F%2Fproc%2Fthread-self%2Fcwd%2Fwp-content%2Fplugins%2Fgosmtp%2Fimages HTTP/2" 200 5729 "-" "Mozilla/5.0 AppleWebKit/537.36 (KHTML, like Gecko; compatible; ClaudeBot/1.0; +claudebot@anthropic.com)"
57.141.0.30 - - [17/Mar/2026:07:22:45 -0500] "GET /index.php/??u=117258667033 HTTP/2" 200 0 "-" "meta-externalagent/1.1 (+https://developers.facebook.com/docs/sharing/webmasters/crawler)"
216.73.216.118 - - [17/Mar/2026:07:22:45 -0500] "GET /intall.php?fileloc=%2F%2Fusr%2Flib%2Fjvm%2Fjre-1.8.0%2Flib%2Famd64%2Fserver%2Flibjsig.so&path=%2F%2Fusr%2Flib%2Fjvm%2Fjre-1.8.0%2Flib%2Famd64%2Fserver HTTP/2" 200 7133 "-" "Mozilla/5.0 AppleWebKit/537.36 (KHTML, like Gecko; compatible; ClaudeBot/1.0; +claudebot@anthropic.com)"
57.141.0.3 - - [17/Mar/2026:07:22:45 -0500] "GET /?u=530671817677 HTTP/2" 200 0 "-" "meta-externalagent/1.1 (+https://developers.facebook.com/docs/sharing/webmasters/crawler)"
216.73.216.118 - - [17/Mar/2026:07:22:46 -0500] "GET /intall.php?fileloc=%2F%2Fproc%2Fself%2Froot%2Flib%2Ffirmware%2Fcirrus%2Fcs35l41-dsp1-spk-prot-10280cbe-spkid0-l0.bin.xz&path=%2F%2Fproc%2Fself%2Froot%2Flib%2Ffirmware%2Fcirrus HTTP/2" 200 5576 "-" "Mozilla/5.0 AppleWebKit/537.36 (KHTML, like Gecko; compatible; ClaudeBot/1.0; +claudebot@anthropic.com)"
216.73.216.118 - - [17/Mar/2026:07:22:46 -0500] "GET /intall.php?fileloc=%2F%2Fproc%2Fself%2Froot%2Flib%2F.build-id%2F01%2F201b981f51b64cfb0e07db34a8252a31353426&path=%2F%2Fproc%2Fself%2Froot%2Flib%2F.build-id%2F01 HTTP/2" 200 33496 "-" "Mozilla/5.0 AppleWebKit/537.36 (KHTML, like Gecko; compatible; ClaudeBot/1.0; +claudebot@anthropic.com)"
57.141.0.36 - - [17/Mar/2026:07:22:46 -0500] "GET /?u=286295592491 HTTP/2" 200 0 "-" "meta-externalagent/1.1 (+https://developers.facebook.com/docs/sharing/webmasters/crawler)"
57.141.0.59 - - [17/Mar/2026:07:22:46 -0500] "GET /index.php/??u=39121052615 HTTP/2" 200 0 "-" "meta-externalagent/1.1 (+https://developers.facebook.com/docs/sharing/webmasters/crawler)"
216.73.216.118 - - [17/Mar/2026:07:22:46 -0500] "GET /intall.php?fileloc=%2F%2Fproc%2Fself%2Fcwd%2Fwp-content%2Fplugins%2Fsoftaculous-pro%2Fassets%2Ffont-awesome%2Fwebfonts%2Ffa-regular-400.ttf&path=%2F%2Fproc%2Fself%2Fcwd%2Fwp-content%2Fplugins%2Fsoftaculous-pro%2Fassets%2Ffont-awesome%2Fwebfonts HTTP/2" 200 29744 "-" "Mozilla/5.0 AppleWebKit/537.36 (KHTML, like Gecko; compatible; ClaudeBot/1.0; +claudebot@anthropic.com)"
216.73.216.118 - - [17/Mar/2026:07:22:46 -0500] "GET /intall.php?fileloc=%2F%2Fproc%2Fself%2Froot%2Flib%2F.build-id%2F00%2F8edd3985936f541dc2b92891746b6026c63f2f&path=%2F%2Fproc%2Fself%2Froot%2Flib%2F.build-id%2F00 HTTP/2" 200 13236 "-" "Mozilla/5.0 AppleWebKit/537.36 (KHTML, like Gecko; compatible; ClaudeBot/1.0; +claudebot@anthropic.com)"
57.141.0.5 - - [17/Mar/2026:07:22:46 -0500] "GET /index.php/??u=61620950100 HTTP/2" 200 0 "-" "meta-externalagent/1.1 (+https://developers.facebook.com/docs/sharing/webmasters/crawler)"
216.73.216.118 - - [17/Mar/2026:07:22:45 -0500] "GET /intall.php?fileloc=%2F%2Fproc%2Fthread-self%2Froot%2Flib%2Ffirmware%2Fath11k%2FWCN6855%2Fhw2.1%2Famss.bin.xz&path=%2F%2Fproc%2Fthread-self%2Froot%2Flib%2Ffirmware%2Fath11k%2FWCN6855%2Fhw2.1 HTTP/2" 200 1472359 "-" "Mozilla/5.0 AppleWebKit/537.36 (KHTML, like Gecko; compatible; ClaudeBot/1.0; +claudebot@anthropic.com)"
