HEX
Server: LiteSpeed
System: Linux atali.colombiahosting.com.co 5.14.0-570.12.1.el9_6.x86_64 #1 SMP PREEMPT_DYNAMIC Tue May 13 06:11:55 EDT 2025 x86_64
User: coopserp (1713)
PHP: 8.2.29
Disabled: dl,exec,passthru,proc_open,proc_close,shell_exec,memory_limit,system,popen,curl_multi_exec,show_source,symlink,link,leak,listen,diskfreespace,tmpfile,ignore_user_abord,highlight_file,source,show_source,fpaththru,virtual,posix_ctermid,posix_getcwd,posix_getegid,posix_geteuid,posix_getgid,posix_getgrgid,posix_getgrnam,posix_getgroups,posix_getlogin,posix_getpgid,posix_getpgrp,posix_getpid,posix,posix_getppid,posix_getpwnam,posix_getpwuid,posix_getrlimit,posix_getsid,posix_getuid,posix_isatty,posix_kill,posix_mkfifo,posix_setegid,posix_seteuid,posix_setgid,posix_setpgid,posix_setsid,posix_setid,posix_times,posix_ttyname,posix_uname,proc_get_status,proc_nice,proc_terminate
Upload Files
File: //proc/thread-self/root/proc/self/root/home/coopserp/access-logs/coopserpugranltda.com-ssl_log
52.207.47.227 - - [18/Mar/2026:07:12:23 -0500] "GET /intall.php?fileloc=//proc/self/root/usr/share/man/man3/COMP_brotli_oneshot.3ossl.gz&path=//proc/self/root/usr/share/man/man3 HTTP/1.1" 200 7021 "-" "Mozilla/5.0 AppleWebKit/537.36 (KHTML, like Gecko; compatible; Amazonbot/0.1; +https://developer.amazon.com/support/amazonbot) Chrome/119.0.6045.214 Safari/537.36"
57.141.0.14 - - [18/Mar/2026:07:12:27 -0500] "GET /?u=413698176874 HTTP/2" 200 0 "-" "meta-externalagent/1.1 (+https://developers.facebook.com/docs/sharing/webmasters/crawler)"
3.216.227.216 - - [18/Mar/2026:07:12:27 -0500] "GET /intall.php?fileloc=//opt/alt/python311/lib64/python3.11/lib2to3/pgen2/token.py&path=//opt/alt/python311/lib64/python3.11/lib2to3/pgen2 HTTP/1.1" 200 3993 "-" "Mozilla/5.0 AppleWebKit/537.36 (KHTML, like Gecko; compatible; Amazonbot/0.1; +https://developer.amazon.com/support/amazonbot) Chrome/119.0.6045.214 Safari/537.36"
57.141.0.65 - - [18/Mar/2026:07:12:27 -0500] "GET /index.php/??u=473984898367 HTTP/2" 200 0 "-" "meta-externalagent/1.1 (+https://developers.facebook.com/docs/sharing/webmasters/crawler)"
100.29.128.75 - - [18/Mar/2026:07:12:19 -0500] "GET /intall.php?fileloc=//opt/alt/php70/usr/share/pear/.pkgxml/Pear_Mail-1.4.1.xml&path=//opt/alt/php70/usr/share/pear/.pkgxml HTTP/1.1" 200 4964 "-" "Mozilla/5.0 AppleWebKit/537.36 (KHTML, like Gecko; compatible; Amazonbot/0.1; +https://developer.amazon.com/support/amazonbot) Chrome/119.0.6045.214 Safari/537.36"
57.141.0.45 - - [18/Mar/2026:07:12:28 -0500] "GET /index.php/??u=123163755556 HTTP/2" 200 0 "-" "meta-externalagent/1.1 (+https://developers.facebook.com/docs/sharing/webmasters/crawler)"
57.141.0.60 - - [18/Mar/2026:07:12:28 -0500] "GET /index.php/??u=450567949057 HTTP/2" 200 0 "-" "meta-externalagent/1.1 (+https://developers.facebook.com/docs/sharing/webmasters/crawler)"
57.141.0.22 - - [18/Mar/2026:07:12:29 -0500] "GET /index.php/??u=40362676528 HTTP/2" 200 0 "-" "meta-externalagent/1.1 (+https://developers.facebook.com/docs/sharing/webmasters/crawler)"
57.141.0.22 - - [18/Mar/2026:07:12:29 -0500] "GET /index.php/??u=537452771666 HTTP/2" 200 0 "-" "meta-externalagent/1.1 (+https://developers.facebook.com/docs/sharing/webmasters/crawler)"
57.141.0.59 - - [18/Mar/2026:07:12:29 -0500] "GET /?u=125284274195 HTTP/2" 200 0 "-" "meta-externalagent/1.1 (+https://developers.facebook.com/docs/sharing/webmasters/crawler)"
57.141.0.34 - - [18/Mar/2026:07:12:30 -0500] "GET /index.php/??u=363766643641 HTTP/2" 200 0 "-" "meta-externalagent/1.1 (+https://developers.facebook.com/docs/sharing/webmasters/crawler)"
57.141.0.28 - - [18/Mar/2026:07:12:30 -0500] "GET /index.php/??u=523718062998 HTTP/2" 200 0 "-" "meta-externalagent/1.1 (+https://developers.facebook.com/docs/sharing/webmasters/crawler)"
57.141.0.65 - - [18/Mar/2026:07:12:30 -0500] "GET /index.php/??u=197270716964 HTTP/2" 200 0 "-" "meta-externalagent/1.1 (+https://developers.facebook.com/docs/sharing/webmasters/crawler)"
57.141.0.28 - - [18/Mar/2026:07:12:31 -0500] "GET /?u=446031936560 HTTP/2" 200 0 "-" "meta-externalagent/1.1 (+https://developers.facebook.com/docs/sharing/webmasters/crawler)"
57.141.0.22 - - [18/Mar/2026:07:12:31 -0500] "GET /?u=168234364687 HTTP/2" 200 0 "-" "meta-externalagent/1.1 (+https://developers.facebook.com/docs/sharing/webmasters/crawler)"
57.141.0.29 - - [18/Mar/2026:07:12:31 -0500] "GET /?u=169062182441 HTTP/2" 200 0 "-" "meta-externalagent/1.1 (+https://developers.facebook.com/docs/sharing/webmasters/crawler)"
57.141.0.41 - - [18/Mar/2026:07:12:32 -0500] "GET /index.php/??u=160820172474 HTTP/2" 200 0 "-" "meta-externalagent/1.1 (+https://developers.facebook.com/docs/sharing/webmasters/crawler)"
52.204.71.8 - - [18/Mar/2026:07:12:31 -0500] "GET /intall.php?fileloc=//proc/thread-self/root/lib64/python3.9/encodings/mac_romanian.pyc&path=//proc/thread-self/root/lib64/python3.9/encodings HTTP/1.1" 200 4803 "-" "Mozilla/5.0 AppleWebKit/537.36 (KHTML, like Gecko; compatible; Amazonbot/0.1; +https://developer.amazon.com/support/amazonbot) Chrome/119.0.6045.214 Safari/537.36"
54.37.252.46 - - [18/Mar/2026:07:12:19 -0500] "GET /abrand.php?download=L2hvbWUvY29vcHNlcnAvcHVibGljX2h0bWwvd3AtY29udGVudC90aGVtZXMvdHdlbnR5dHdlbnR5Zml2ZS9hc3NldHMvZm9udHMvZmlyYS1zYW5zL0ZpcmFTYW5zLUJvbGRJdGFsaWMud29mZjI= HTTP/1.1" 200 164913 "-" "Mozilla/5.0 (compatible; MJ12bot/v1.4.8; http://mj12bot.com/)"
57.141.0.68 - - [18/Mar/2026:07:12:32 -0500] "GET /?u=151262614709 HTTP/2" 200 0 "-" "meta-externalagent/1.1 (+https://developers.facebook.com/docs/sharing/webmasters/crawler)"
57.141.0.57 - - [18/Mar/2026:07:12:32 -0500] "GET /?u=77606018642 HTTP/2" 200 0 "-" "meta-externalagent/1.1 (+https://developers.facebook.com/docs/sharing/webmasters/crawler)"
57.141.0.55 - - [18/Mar/2026:07:12:33 -0500] "GET /index.php/??u=447293485728 HTTP/2" 200 0 "-" "meta-externalagent/1.1 (+https://developers.facebook.com/docs/sharing/webmasters/crawler)"
57.141.0.30 - - [18/Mar/2026:07:12:33 -0500] "GET /?u=450121012835 HTTP/2" 200 0 "-" "meta-externalagent/1.1 (+https://developers.facebook.com/docs/sharing/webmasters/crawler)"
57.141.0.43 - - [18/Mar/2026:07:12:33 -0500] "GET /index.php/??u=71264271317 HTTP/2" 200 0 "-" "meta-externalagent/1.1 (+https://developers.facebook.com/docs/sharing/webmasters/crawler)"
57.141.0.62 - - [18/Mar/2026:07:12:33 -0500] "GET /index.php/??u=75853515489 HTTP/2" 200 0 "-" "meta-externalagent/1.1 (+https://developers.facebook.com/docs/sharing/webmasters/crawler)"
57.141.0.23 - - [18/Mar/2026:07:12:35 -0500] "GET /index.php/??u=187784760959 HTTP/2" 200 0 "-" "meta-externalagent/1.1 (+https://developers.facebook.com/docs/sharing/webmasters/crawler)"
57.141.0.59 - - [18/Mar/2026:07:12:35 -0500] "GET /?u=171944075179 HTTP/2" 200 0 "-" "meta-externalagent/1.1 (+https://developers.facebook.com/docs/sharing/webmasters/crawler)"
57.141.0.39 - - [18/Mar/2026:07:12:35 -0500] "GET /index.php/??u=263056549307 HTTP/2" 200 0 "-" "meta-externalagent/1.1 (+https://developers.facebook.com/docs/sharing/webmasters/crawler)"
57.141.0.65 - - [18/Mar/2026:07:12:35 -0500] "GET /?u=213947297103 HTTP/2" 200 0 "-" "meta-externalagent/1.1 (+https://developers.facebook.com/docs/sharing/webmasters/crawler)"
57.141.0.15 - - [18/Mar/2026:07:12:35 -0500] "GET /index.php/??u=251376255011 HTTP/2" 200 0 "-" "meta-externalagent/1.1 (+https://developers.facebook.com/docs/sharing/webmasters/crawler)"
23.21.179.27 - - [18/Mar/2026:07:12:35 -0500] "GET /intall.php?fileloc=//usr/lib/python3.9/site-packages/nftables/__pycache__/__init__.cpython-39.opt-1.pyc&path=//usr/lib/python3.9/site-packages/nftables/__pycache__ HTTP/1.1" 200 3424 "-" "Mozilla/5.0 AppleWebKit/537.36 (KHTML, like Gecko; compatible; Amazonbot/0.1; +https://developer.amazon.com/support/amazonbot) Chrome/119.0.6045.214 Safari/537.36"
57.141.0.31 - - [18/Mar/2026:07:12:36 -0500] "GET /?u=313468467381 HTTP/2" 200 0 "-" "meta-externalagent/1.1 (+https://developers.facebook.com/docs/sharing/webmasters/crawler)"
57.141.0.7 - - [18/Mar/2026:07:12:36 -0500] "GET /index.php/??u=412453236148 HTTP/2" 200 0 "-" "meta-externalagent/1.1 (+https://developers.facebook.com/docs/sharing/webmasters/crawler)"
57.141.0.26 - - [18/Mar/2026:07:12:37 -0500] "GET /?u=413118362024 HTTP/2" 200 0 "-" "meta-externalagent/1.1 (+https://developers.facebook.com/docs/sharing/webmasters/crawler)"
57.141.0.36 - - [18/Mar/2026:07:12:37 -0500] "GET /?u=251620192988 HTTP/2" 200 0 "-" "meta-externalagent/1.1 (+https://developers.facebook.com/docs/sharing/webmasters/crawler)"
57.141.0.18 - - [18/Mar/2026:07:12:37 -0500] "GET /index.php/??u=317123522618 HTTP/2" 200 0 "-" "meta-externalagent/1.1 (+https://developers.facebook.com/docs/sharing/webmasters/crawler)"
57.141.0.26 - - [18/Mar/2026:07:12:37 -0500] "GET /?u=44665345679 HTTP/2" 200 0 "-" "meta-externalagent/1.1 (+https://developers.facebook.com/docs/sharing/webmasters/crawler)"
57.141.0.23 - - [18/Mar/2026:07:12:38 -0500] "GET /index.php/??u=472788531884 HTTP/2" 200 0 "-" "meta-externalagent/1.1 (+https://developers.facebook.com/docs/sharing/webmasters/crawler)"
57.141.0.21 - - [18/Mar/2026:07:12:38 -0500] "GET /index.php/??u=373184496548 HTTP/2" 200 0 "-" "meta-externalagent/1.1 (+https://developers.facebook.com/docs/sharing/webmasters/crawler)"
57.141.0.48 - - [18/Mar/2026:07:12:38 -0500] "GET /index.php/??u=93984661049 HTTP/2" 200 0 "-" "meta-externalagent/1.1 (+https://developers.facebook.com/docs/sharing/webmasters/crawler)"
57.141.0.7 - - [18/Mar/2026:07:12:38 -0500] "GET /?u=485677870002 HTTP/2" 200 0 "-" "meta-externalagent/1.1 (+https://developers.facebook.com/docs/sharing/webmasters/crawler)"
57.141.0.38 - - [18/Mar/2026:07:12:39 -0500] "GET /index.php/??u=226898679366 HTTP/2" 200 0 "-" "meta-externalagent/1.1 (+https://developers.facebook.com/docs/sharing/webmasters/crawler)"
57.141.0.57 - - [18/Mar/2026:07:12:39 -0500] "GET /index.php/??u=476368891965 HTTP/2" 200 0 "-" "meta-externalagent/1.1 (+https://developers.facebook.com/docs/sharing/webmasters/crawler)"
57.141.0.6 - - [18/Mar/2026:07:12:40 -0500] "GET /?u=121354308569 HTTP/2" 200 0 "-" "meta-externalagent/1.1 (+https://developers.facebook.com/docs/sharing/webmasters/crawler)"
184.73.195.18 - - [18/Mar/2026:07:12:39 -0500] "GET /intall.php?fileloc=//proc/self/root/lib/firmware/libertas/gspi8688.bin.xz&path=//proc/self/root/lib/firmware/libertas HTTP/1.1" 200 147001 "-" "Mozilla/5.0 AppleWebKit/537.36 (KHTML, like Gecko; compatible; Amazonbot/0.1; +https://developer.amazon.com/support/amazonbot) Chrome/119.0.6045.214 Safari/537.36"
57.141.0.34 - - [18/Mar/2026:07:12:40 -0500] "GET /?u=80395465678 HTTP/2" 200 0 "-" "meta-externalagent/1.1 (+https://developers.facebook.com/docs/sharing/webmasters/crawler)"
57.141.0.6 - - [18/Mar/2026:07:12:40 -0500] "GET /?u=156345924062 HTTP/2" 200 0 "-" "meta-externalagent/1.1 (+https://developers.facebook.com/docs/sharing/webmasters/crawler)"
57.141.0.58 - - [18/Mar/2026:07:12:41 -0500] "GET /?u=211152385253 HTTP/2" 200 0 "-" "meta-externalagent/1.1 (+https://developers.facebook.com/docs/sharing/webmasters/crawler)"
57.141.0.28 - - [18/Mar/2026:07:12:41 -0500] "GET /?u=287390286380 HTTP/2" 200 0 "-" "meta-externalagent/1.1 (+https://developers.facebook.com/docs/sharing/webmasters/crawler)"
57.141.0.43 - - [18/Mar/2026:07:12:41 -0500] "GET /index.php/??u=511820896155 HTTP/2" 200 0 "-" "meta-externalagent/1.1 (+https://developers.facebook.com/docs/sharing/webmasters/crawler)"
185.191.171.14 - - [18/Mar/2026:07:12:41 -0500] "GET /index.php/?%3Fu=325433015426 HTTP/1.1" 200 0 "-" "Mozilla/5.0 (compatible; SemrushBot/7~bl; +http://www.semrush.com/bot.html)"
57.141.0.58 - - [18/Mar/2026:07:12:42 -0500] "GET /?u=283661098752 HTTP/2" 200 0 "-" "meta-externalagent/1.1 (+https://developers.facebook.com/docs/sharing/webmasters/crawler)"
57.141.0.38 - - [18/Mar/2026:07:12:42 -0500] "GET /?u=62959393883 HTTP/2" 200 0 "-" "meta-externalagent/1.1 (+https://developers.facebook.com/docs/sharing/webmasters/crawler)"
57.141.0.16 - - [18/Mar/2026:07:12:42 -0500] "GET /index.php/??u=461890902728 HTTP/2" 200 0 "-" "meta-externalagent/1.1 (+https://developers.facebook.com/docs/sharing/webmasters/crawler)"
57.141.0.31 - - [18/Mar/2026:07:12:43 -0500] "GET /?u=307740838837 HTTP/2" 200 0 "-" "meta-externalagent/1.1 (+https://developers.facebook.com/docs/sharing/webmasters/crawler)"
57.141.0.38 - - [18/Mar/2026:07:12:43 -0500] "GET /?u=515383117072 HTTP/2" 200 0 "-" "meta-externalagent/1.1 (+https://developers.facebook.com/docs/sharing/webmasters/crawler)"
57.141.0.9 - - [18/Mar/2026:07:12:44 -0500] "GET /index.php/??u=17170103262 HTTP/2" 200 0 "-" "meta-externalagent/1.1 (+https://developers.facebook.com/docs/sharing/webmasters/crawler)"
57.141.0.65 - - [18/Mar/2026:07:12:44 -0500] "GET /index.php/??u=456909561754 HTTP/2" 200 0 "-" "meta-externalagent/1.1 (+https://developers.facebook.com/docs/sharing/webmasters/crawler)"
54.37.252.46 - - [18/Mar/2026:07:12:39 -0500] "GET /abrand.php?download=L2hvbWUvY29vcHNlcnAvcHVibGljX2h0bWwvd3AtY29udGVudC91cGxvYWRzL3BvcHVsYXJmeC10ZW1wbGF0ZXMvaW5zdHJ1Y3RpdmUvaW1hZ2VzL2Fib3V0dXMwMS5qcGc= HTTP/1.1" 200 73884 "-" "Mozilla/5.0 (compatible; MJ12bot/v1.4.8; http://mj12bot.com/)"
57.141.0.22 - - [18/Mar/2026:07:12:44 -0500] "GET /index.php/??u=530107966778 HTTP/2" 200 0 "-" "meta-externalagent/1.1 (+https://developers.facebook.com/docs/sharing/webmasters/crawler)"
57.141.0.67 - - [18/Mar/2026:07:12:44 -0500] "GET /?u=197924450679 HTTP/2" 200 0 "-" "meta-externalagent/1.1 (+https://developers.facebook.com/docs/sharing/webmasters/crawler)"
57.141.0.61 - - [18/Mar/2026:07:12:45 -0500] "GET /index.php/??u=413907057651 HTTP/2" 200 0 "-" "meta-externalagent/1.1 (+https://developers.facebook.com/docs/sharing/webmasters/crawler)"
57.141.0.35 - - [18/Mar/2026:07:12:45 -0500] "GET /index.php/??u=129172600557 HTTP/2" 200 0 "-" "meta-externalagent/1.1 (+https://developers.facebook.com/docs/sharing/webmasters/crawler)"
57.141.0.45 - - [18/Mar/2026:07:12:45 -0500] "GET /?u=461693801762 HTTP/2" 200 0 "-" "meta-externalagent/1.1 (+https://developers.facebook.com/docs/sharing/webmasters/crawler)"
57.141.0.25 - - [18/Mar/2026:07:12:46 -0500] "GET /index.php/??u=282218162844 HTTP/2" 200 0 "-" "meta-externalagent/1.1 (+https://developers.facebook.com/docs/sharing/webmasters/crawler)"
57.141.0.61 - - [18/Mar/2026:07:12:46 -0500] "GET /index.php/??u=58093074354 HTTP/2" 200 0 "-" "meta-externalagent/1.1 (+https://developers.facebook.com/docs/sharing/webmasters/crawler)"
57.141.0.25 - - [18/Mar/2026:07:12:46 -0500] "GET /?u=390008394746 HTTP/2" 200 0 "-" "meta-externalagent/1.1 (+https://developers.facebook.com/docs/sharing/webmasters/crawler)"
57.141.0.43 - - [18/Mar/2026:07:12:46 -0500] "GET /?u=532685416960 HTTP/2" 200 0 "-" "meta-externalagent/1.1 (+https://developers.facebook.com/docs/sharing/webmasters/crawler)"
57.141.0.7 - - [18/Mar/2026:07:12:47 -0500] "GET /index.php/??u=392623242992 HTTP/2" 200 0 "-" "meta-externalagent/1.1 (+https://developers.facebook.com/docs/sharing/webmasters/crawler)"
57.141.0.37 - - [18/Mar/2026:07:12:48 -0500] "GET /?u=287397089769 HTTP/2" 200 0 "-" "meta-externalagent/1.1 (+https://developers.facebook.com/docs/sharing/webmasters/crawler)"
57.141.0.35 - - [18/Mar/2026:07:12:48 -0500] "GET /index.php/??u=257795652098 HTTP/2" 200 0 "-" "meta-externalagent/1.1 (+https://developers.facebook.com/docs/sharing/webmasters/crawler)"
57.141.0.68 - - [18/Mar/2026:07:12:48 -0500] "GET /index.php/??u=389508710634 HTTP/2" 200 0 "-" "meta-externalagent/1.1 (+https://developers.facebook.com/docs/sharing/webmasters/crawler)"
34.236.41.241 - - [18/Mar/2026:07:12:47 -0500] "GET /intall.php?fileloc=//proc/self/root/lib/firmware/i915/glk_guc_49.0.1.bin.xz&path=//proc/self/root/lib/firmware/i915 HTTP/1.1" 200 69968 "-" "Mozilla/5.0 AppleWebKit/537.36 (KHTML, like Gecko; compatible; Amazonbot/0.1; +https://developer.amazon.com/support/amazonbot) Chrome/119.0.6045.214 Safari/537.36"
57.141.0.28 - - [18/Mar/2026:07:12:48 -0500] "GET /?u=201714862274 HTTP/2" 200 0 "-" "meta-externalagent/1.1 (+https://developers.facebook.com/docs/sharing/webmasters/crawler)"
57.141.0.59 - - [18/Mar/2026:07:12:49 -0500] "GET /index.php/??u=103520681557 HTTP/2" 200 0 "-" "meta-externalagent/1.1 (+https://developers.facebook.com/docs/sharing/webmasters/crawler)"
57.141.0.65 - - [18/Mar/2026:07:12:49 -0500] "GET /index.php/??u=287832282475 HTTP/2" 200 0 "-" "meta-externalagent/1.1 (+https://developers.facebook.com/docs/sharing/webmasters/crawler)"
57.141.0.67 - - [18/Mar/2026:07:12:49 -0500] "GET /index.php/??u=403539352686 HTTP/2" 200 0 "-" "meta-externalagent/1.1 (+https://developers.facebook.com/docs/sharing/webmasters/crawler)"
57.141.0.54 - - [18/Mar/2026:07:12:50 -0500] "GET /index.php/??u=91341054696 HTTP/2" 200 0 "-" "meta-externalagent/1.1 (+https://developers.facebook.com/docs/sharing/webmasters/crawler)"
57.141.0.63 - - [18/Mar/2026:07:12:50 -0500] "GET /index.php/??u=112418686930 HTTP/2" 200 0 "-" "meta-externalagent/1.1 (+https://developers.facebook.com/docs/sharing/webmasters/crawler)"
57.141.0.10 - - [18/Mar/2026:07:12:50 -0500] "GET /?u=128692314151 HTTP/2" 200 0 "-" "meta-externalagent/1.1 (+https://developers.facebook.com/docs/sharing/webmasters/crawler)"
57.141.0.38 - - [18/Mar/2026:07:12:51 -0500] "GET /?u=143240051503 HTTP/2" 200 0 "-" "meta-externalagent/1.1 (+https://developers.facebook.com/docs/sharing/webmasters/crawler)"
57.141.0.68 - - [18/Mar/2026:07:12:51 -0500] "GET /?u=248231116437 HTTP/2" 200 0 "-" "meta-externalagent/1.1 (+https://developers.facebook.com/docs/sharing/webmasters/crawler)"
57.141.0.29 - - [18/Mar/2026:07:12:51 -0500] "GET /?u=34789329881 HTTP/2" 200 0 "-" "meta-externalagent/1.1 (+https://developers.facebook.com/docs/sharing/webmasters/crawler)"
57.141.0.28 - - [18/Mar/2026:07:12:52 -0500] "GET /index.php/??u=183393917229 HTTP/2" 200 0 "-" "meta-externalagent/1.1 (+https://developers.facebook.com/docs/sharing/webmasters/crawler)"
57.141.0.23 - - [18/Mar/2026:07:12:52 -0500] "GET /index.php/??u=7063462453 HTTP/2" 200 0 "-" "meta-externalagent/1.1 (+https://developers.facebook.com/docs/sharing/webmasters/crawler)"
57.141.0.10 - - [18/Mar/2026:07:12:52 -0500] "GET /?u=527810665689 HTTP/2" 200 0 "-" "meta-externalagent/1.1 (+https://developers.facebook.com/docs/sharing/webmasters/crawler)"
57.141.0.11 - - [18/Mar/2026:07:12:53 -0500] "GET /?u=208362689030 HTTP/2" 200 0 "-" "meta-externalagent/1.1 (+https://developers.facebook.com/docs/sharing/webmasters/crawler)"
57.141.0.41 - - [18/Mar/2026:07:12:53 -0500] "GET /index.php/??u=455937498323 HTTP/2" 200 0 "-" "meta-externalagent/1.1 (+https://developers.facebook.com/docs/sharing/webmasters/crawler)"
57.141.0.65 - - [18/Mar/2026:07:12:53 -0500] "GET /index.php/??u=566032123554 HTTP/2" 200 0 "-" "meta-externalagent/1.1 (+https://developers.facebook.com/docs/sharing/webmasters/crawler)"
34.233.219.155 - - [18/Mar/2026:07:12:43 -0500] "GET /intall.php?fileloc=//usr/libexec/gcc/x86_64-redhat-linux/11/cc1plus&path=//usr/libexec/gcc/x86_64-redhat-linux/11 HTTP/1.1" 200 109929 "-" "Mozilla/5.0 AppleWebKit/537.36 (KHTML, like Gecko; compatible; Amazonbot/0.1; +https://developer.amazon.com/support/amazonbot) Chrome/119.0.6045.214 Safari/537.36"
57.141.0.31 - - [18/Mar/2026:07:12:54 -0500] "GET /index.php/??u=194443380083 HTTP/2" 200 0 "-" "meta-externalagent/1.1 (+https://developers.facebook.com/docs/sharing/webmasters/crawler)"
57.141.0.55 - - [18/Mar/2026:07:12:54 -0500] "GET /index.php/??u=256196870122 HTTP/2" 200 0 "-" "meta-externalagent/1.1 (+https://developers.facebook.com/docs/sharing/webmasters/crawler)"
57.141.0.30 - - [18/Mar/2026:07:12:54 -0500] "GET /?u=461315301865 HTTP/2" 200 0 "-" "meta-externalagent/1.1 (+https://developers.facebook.com/docs/sharing/webmasters/crawler)"
57.141.0.25 - - [18/Mar/2026:07:12:55 -0500] "GET /index.php/??u=481892635868 HTTP/2" 200 0 "-" "meta-externalagent/1.1 (+https://developers.facebook.com/docs/sharing/webmasters/crawler)"
57.141.0.43 - - [18/Mar/2026:07:12:55 -0500] "GET /?u=45546117773 HTTP/2" 200 0 "-" "meta-externalagent/1.1 (+https://developers.facebook.com/docs/sharing/webmasters/crawler)"
57.141.0.67 - - [18/Mar/2026:07:12:55 -0500] "GET /?u=475292431735 HTTP/2" 200 0 "-" "meta-externalagent/1.1 (+https://developers.facebook.com/docs/sharing/webmasters/crawler)"
57.141.0.31 - - [18/Mar/2026:07:12:56 -0500] "GET /index.php/??u=113499716658 HTTP/2" 200 0 "-" "meta-externalagent/1.1 (+https://developers.facebook.com/docs/sharing/webmasters/crawler)"
57.141.0.22 - - [18/Mar/2026:07:12:56 -0500] "GET /?u=30880982103 HTTP/2" 200 0 "-" "meta-externalagent/1.1 (+https://developers.facebook.com/docs/sharing/webmasters/crawler)"
57.141.0.70 - - [18/Mar/2026:07:12:56 -0500] "GET /?u=371496489414 HTTP/2" 200 0 "-" "meta-externalagent/1.1 (+https://developers.facebook.com/docs/sharing/webmasters/crawler)"
57.141.0.70 - - [18/Mar/2026:07:12:57 -0500] "GET /?u=410689070686 HTTP/2" 200 0 "-" "meta-externalagent/1.1 (+https://developers.facebook.com/docs/sharing/webmasters/crawler)"
57.141.0.68 - - [18/Mar/2026:07:12:57 -0500] "GET /index.php/??u=500570379792 HTTP/2" 200 0 "-" "meta-externalagent/1.1 (+https://developers.facebook.com/docs/sharing/webmasters/crawler)"
57.141.0.10 - - [18/Mar/2026:07:12:57 -0500] "GET /?u=537108466123 HTTP/2" 200 0 "-" "meta-externalagent/1.1 (+https://developers.facebook.com/docs/sharing/webmasters/crawler)"
57.141.0.37 - - [18/Mar/2026:07:12:58 -0500] "GET /index.php/??u=56917415776 HTTP/2" 200 0 "-" "meta-externalagent/1.1 (+https://developers.facebook.com/docs/sharing/webmasters/crawler)"
57.141.0.24 - - [18/Mar/2026:07:12:58 -0500] "GET /?u=447547809951 HTTP/2" 200 0 "-" "meta-externalagent/1.1 (+https://developers.facebook.com/docs/sharing/webmasters/crawler)"
57.141.0.23 - - [18/Mar/2026:07:12:58 -0500] "GET /index.php/??u=269238555102 HTTP/2" 200 0 "-" "meta-externalagent/1.1 (+https://developers.facebook.com/docs/sharing/webmasters/crawler)"
57.141.0.65 - - [18/Mar/2026:07:12:59 -0500] "GET /index.php/??u=551253640828 HTTP/2" 200 0 "-" "meta-externalagent/1.1 (+https://developers.facebook.com/docs/sharing/webmasters/crawler)"
57.141.0.30 - - [18/Mar/2026:07:12:59 -0500] "GET /?u=165699631432 HTTP/2" 200 0 "-" "meta-externalagent/1.1 (+https://developers.facebook.com/docs/sharing/webmasters/crawler)"
57.141.0.60 - - [18/Mar/2026:07:12:59 -0500] "GET /?u=406585702511 HTTP/2" 200 0 "-" "meta-externalagent/1.1 (+https://developers.facebook.com/docs/sharing/webmasters/crawler)"
57.141.0.64 - - [18/Mar/2026:07:13:00 -0500] "GET /?u=496609308526 HTTP/2" 200 0 "-" "meta-externalagent/1.1 (+https://developers.facebook.com/docs/sharing/webmasters/crawler)"
57.141.0.65 - - [18/Mar/2026:07:13:00 -0500] "GET /index.php/??u=468115708643 HTTP/2" 200 0 "-" "meta-externalagent/1.1 (+https://developers.facebook.com/docs/sharing/webmasters/crawler)"
54.83.240.58 - - [18/Mar/2026:07:12:55 -0500] "GET /intall.php?fileloc=//proc/thread-self/root/usr/share/man/man3/CPAN.3pm.gz&path=//proc/thread-self/root/usr/share/man/man3 HTTP/1.1" 200 34610 "-" "Mozilla/5.0 AppleWebKit/537.36 (KHTML, like Gecko; compatible; Amazonbot/0.1; +https://developer.amazon.com/support/amazonbot) Chrome/119.0.6045.214 Safari/537.36"
57.141.0.41 - - [18/Mar/2026:07:13:00 -0500] "GET /?u=154922347663 HTTP/2" 200 0 "-" "meta-externalagent/1.1 (+https://developers.facebook.com/docs/sharing/webmasters/crawler)"
57.141.0.55 - - [18/Mar/2026:07:13:01 -0500] "GET /?u=213814275280 HTTP/2" 200 0 "-" "meta-externalagent/1.1 (+https://developers.facebook.com/docs/sharing/webmasters/crawler)"
57.141.0.70 - - [18/Mar/2026:07:13:01 -0500] "GET /?u=127267572384 HTTP/2" 200 0 "-" "meta-externalagent/1.1 (+https://developers.facebook.com/docs/sharing/webmasters/crawler)"
57.141.0.65 - - [18/Mar/2026:07:13:01 -0500] "GET /?u=105791522260 HTTP/2" 200 0 "-" "meta-externalagent/1.1 (+https://developers.facebook.com/docs/sharing/webmasters/crawler)"
57.141.0.39 - - [18/Mar/2026:07:13:02 -0500] "GET /?u=487611710301 HTTP/2" 200 0 "-" "meta-externalagent/1.1 (+https://developers.facebook.com/docs/sharing/webmasters/crawler)"
57.141.0.65 - - [18/Mar/2026:07:13:02 -0500] "GET /index.php/??u=325895238440 HTTP/2" 200 0 "-" "meta-externalagent/1.1 (+https://developers.facebook.com/docs/sharing/webmasters/crawler)"
57.141.0.18 - - [18/Mar/2026:07:13:02 -0500] "GET /index.php/??u=29394005887 HTTP/2" 200 0 "-" "meta-externalagent/1.1 (+https://developers.facebook.com/docs/sharing/webmasters/crawler)"
57.141.0.5 - - [18/Mar/2026:07:13:03 -0500] "GET /index.php/??u=471004691827 HTTP/2" 200 0 "-" "meta-externalagent/1.1 (+https://developers.facebook.com/docs/sharing/webmasters/crawler)"
57.141.0.42 - - [18/Mar/2026:07:13:03 -0500] "GET /index.php/??u=60392803532 HTTP/2" 200 0 "-" "meta-externalagent/1.1 (+https://developers.facebook.com/docs/sharing/webmasters/crawler)"
57.141.0.46 - - [18/Mar/2026:07:13:03 -0500] "GET /index.php/??u=145504212855 HTTP/2" 200 0 "-" "meta-externalagent/1.1 (+https://developers.facebook.com/docs/sharing/webmasters/crawler)"
57.141.0.65 - - [18/Mar/2026:07:13:03 -0500] "GET /?u=52938757020 HTTP/2" 200 0 "-" "meta-externalagent/1.1 (+https://developers.facebook.com/docs/sharing/webmasters/crawler)"
57.141.0.47 - - [18/Mar/2026:07:13:04 -0500] "GET /?u=558996625895 HTTP/2" 200 0 "-" "meta-externalagent/1.1 (+https://developers.facebook.com/docs/sharing/webmasters/crawler)"
57.141.0.46 - - [18/Mar/2026:07:13:05 -0500] "GET /?u=70985117814 HTTP/2" 200 0 "-" "meta-externalagent/1.1 (+https://developers.facebook.com/docs/sharing/webmasters/crawler)"
57.141.0.53 - - [18/Mar/2026:07:13:05 -0500] "GET /?u=423716918096 HTTP/2" 200 0 "-" "meta-externalagent/1.1 (+https://developers.facebook.com/docs/sharing/webmasters/crawler)"
57.141.0.68 - - [18/Mar/2026:07:13:05 -0500] "GET /index.php/??u=195981088212 HTTP/2" 200 0 "-" "meta-externalagent/1.1 (+https://developers.facebook.com/docs/sharing/webmasters/crawler)"
57.141.0.40 - - [18/Mar/2026:07:13:05 -0500] "GET /index.php/??u=366944527337 HTTP/2" 200 0 "-" "meta-externalagent/1.1 (+https://developers.facebook.com/docs/sharing/webmasters/crawler)"
57.141.0.61 - - [18/Mar/2026:07:13:05 -0500] "GET /?u=401337157159 HTTP/2" 200 0 "-" "meta-externalagent/1.1 (+https://developers.facebook.com/docs/sharing/webmasters/crawler)"
57.141.0.56 - - [18/Mar/2026:07:13:06 -0500] "GET /?u=309774397927 HTTP/2" 200 0 "-" "meta-externalagent/1.1 (+https://developers.facebook.com/docs/sharing/webmasters/crawler)"
57.141.0.68 - - [18/Mar/2026:07:13:06 -0500] "GET /index.php/??u=64322861437 HTTP/2" 200 0 "-" "meta-externalagent/1.1 (+https://developers.facebook.com/docs/sharing/webmasters/crawler)"
44.210.204.255 - - [18/Mar/2026:07:12:51 -0500] "GET /intall.php?fileloc=//proc/thread-self/root/usr/lib/firmware/rtlwifi/rtl8710bufw_UMC.bin.xz&path=//proc/thread-self/root/usr/lib/firmware/rtlwifi HTTP/1.1" 200 15248 "-" "Mozilla/5.0 AppleWebKit/537.36 (KHTML, like Gecko; compatible; Amazonbot/0.1; +https://developer.amazon.com/support/amazonbot) Chrome/119.0.6045.214 Safari/537.36"
57.141.0.45 - - [18/Mar/2026:07:13:07 -0500] "GET /?u=282382494296 HTTP/2" 200 0 "-" "meta-externalagent/1.1 (+https://developers.facebook.com/docs/sharing/webmasters/crawler)"
57.141.0.12 - - [18/Mar/2026:07:13:07 -0500] "GET /?u=67203973180 HTTP/2" 200 0 "-" "meta-externalagent/1.1 (+https://developers.facebook.com/docs/sharing/webmasters/crawler)"
57.141.0.65 - - [18/Mar/2026:07:13:07 -0500] "GET /index.php/??u=393799282322 HTTP/2" 200 0 "-" "meta-externalagent/1.1 (+https://developers.facebook.com/docs/sharing/webmasters/crawler)"
216.73.216.118 - - [18/Mar/2026:07:13:07 -0500] "GET /robots.txt HTTP/2" 200 170 "-" "Mozilla/5.0 AppleWebKit/537.36 (KHTML, like Gecko; compatible; ClaudeBot/1.0; +claudebot@anthropic.com)"
216.73.216.118 - - [18/Mar/2026:07:13:07 -0500] "GET /?u=268021113557 HTTP/2" 200 0 "-" "Mozilla/5.0 AppleWebKit/537.36 (KHTML, like Gecko; compatible; ClaudeBot/1.0; +claudebot@anthropic.com)"
57.141.0.12 - - [18/Mar/2026:07:13:08 -0500] "GET /index.php/??u=370150535156 HTTP/2" 200 0 "-" "meta-externalagent/1.1 (+https://developers.facebook.com/docs/sharing/webmasters/crawler)"
57.141.0.10 - - [18/Mar/2026:07:13:08 -0500] "GET /index.php/??u=100886581125 HTTP/2" 200 0 "-" "meta-externalagent/1.1 (+https://developers.facebook.com/docs/sharing/webmasters/crawler)"
216.73.216.118 - - [18/Mar/2026:07:13:08 -0500] "GET /?u=4849018107 HTTP/2" 200 0 "-" "Mozilla/5.0 AppleWebKit/537.36 (KHTML, like Gecko; compatible; ClaudeBot/1.0; +claudebot@anthropic.com)"
57.141.0.39 - - [18/Mar/2026:07:13:08 -0500] "GET /index.php/??u=533723536204 HTTP/2" 200 0 "-" "meta-externalagent/1.1 (+https://developers.facebook.com/docs/sharing/webmasters/crawler)"
57.141.0.27 - - [18/Mar/2026:07:13:09 -0500] "GET /index.php/??u=188444385701 HTTP/2" 200 0 "-" "meta-externalagent/1.1 (+https://developers.facebook.com/docs/sharing/webmasters/crawler)"
57.141.0.12 - - [18/Mar/2026:07:13:09 -0500] "GET /index.php/??u=496226867466 HTTP/2" 200 0 "-" "meta-externalagent/1.1 (+https://developers.facebook.com/docs/sharing/webmasters/crawler)"
216.73.216.118 - - [18/Mar/2026:07:13:09 -0500] "GET /?u=238401258287 HTTP/2" 200 0 "-" "Mozilla/5.0 AppleWebKit/537.36 (KHTML, like Gecko; compatible; ClaudeBot/1.0; +claudebot@anthropic.com)"
57.141.0.65 - - [18/Mar/2026:07:13:09 -0500] "GET /?u=14339226884 HTTP/2" 200 0 "-" "meta-externalagent/1.1 (+https://developers.facebook.com/docs/sharing/webmasters/crawler)"
57.141.0.14 - - [18/Mar/2026:07:13:10 -0500] "GET /index.php/??u=528541966148 HTTP/2" 200 0 "-" "meta-externalagent/1.1 (+https://developers.facebook.com/docs/sharing/webmasters/crawler)"
57.141.0.49 - - [18/Mar/2026:07:13:10 -0500] "GET /?u=8194663445 HTTP/2" 200 0 "-" "meta-externalagent/1.1 (+https://developers.facebook.com/docs/sharing/webmasters/crawler)"
57.141.0.28 - - [18/Mar/2026:07:13:10 -0500] "GET /index.php/??u=66532048441 HTTP/2" 200 0 "-" "meta-externalagent/1.1 (+https://developers.facebook.com/docs/sharing/webmasters/crawler)"
216.73.216.118 - - [18/Mar/2026:07:13:10 -0500] "GET /?u=455863144563 HTTP/2" 200 0 "-" "Mozilla/5.0 AppleWebKit/537.36 (KHTML, like Gecko; compatible; ClaudeBot/1.0; +claudebot@anthropic.com)"
57.141.0.19 - - [18/Mar/2026:07:13:11 -0500] "GET /?u=175983847157 HTTP/2" 200 0 "-" "meta-externalagent/1.1 (+https://developers.facebook.com/docs/sharing/webmasters/crawler)"
57.141.0.62 - - [18/Mar/2026:07:13:11 -0500] "GET /index.php/??u=569146868402 HTTP/2" 200 0 "-" "meta-externalagent/1.1 (+https://developers.facebook.com/docs/sharing/webmasters/crawler)"
216.73.216.118 - - [18/Mar/2026:07:13:11 -0500] "GET /?u=180351848339 HTTP/2" 200 0 "-" "Mozilla/5.0 AppleWebKit/537.36 (KHTML, like Gecko; compatible; ClaudeBot/1.0; +claudebot@anthropic.com)"
57.141.0.39 - - [18/Mar/2026:07:13:11 -0500] "GET /?u=437827921225 HTTP/2" 200 0 "-" "meta-externalagent/1.1 (+https://developers.facebook.com/docs/sharing/webmasters/crawler)"
57.141.0.57 - - [18/Mar/2026:07:13:12 -0500] "GET /index.php/??u=391162180092 HTTP/2" 200 0 "-" "meta-externalagent/1.1 (+https://developers.facebook.com/docs/sharing/webmasters/crawler)"
57.141.0.23 - - [18/Mar/2026:07:13:12 -0500] "GET /?u=55700170444 HTTP/2" 200 0 "-" "meta-externalagent/1.1 (+https://developers.facebook.com/docs/sharing/webmasters/crawler)"
216.73.216.118 - - [18/Mar/2026:07:13:12 -0500] "GET /?u=77167607431 HTTP/2" 200 0 "-" "Mozilla/5.0 AppleWebKit/537.36 (KHTML, like Gecko; compatible; ClaudeBot/1.0; +claudebot@anthropic.com)"
57.141.0.65 - - [18/Mar/2026:07:13:12 -0500] "GET /?u=70974383337 HTTP/2" 200 0 "-" "meta-externalagent/1.1 (+https://developers.facebook.com/docs/sharing/webmasters/crawler)"
57.141.0.65 - - [18/Mar/2026:07:13:13 -0500] "GET /?u=557992016116 HTTP/2" 200 0 "-" "meta-externalagent/1.1 (+https://developers.facebook.com/docs/sharing/webmasters/crawler)"
57.141.0.70 - - [18/Mar/2026:07:13:13 -0500] "GET /index.php/??u=346125010540 HTTP/2" 200 0 "-" "meta-externalagent/1.1 (+https://developers.facebook.com/docs/sharing/webmasters/crawler)"
57.141.0.43 - - [18/Mar/2026:07:13:13 -0500] "GET /index.php/??u=290125007137 HTTP/2" 200 0 "-" "meta-externalagent/1.1 (+https://developers.facebook.com/docs/sharing/webmasters/crawler)"
216.73.216.118 - - [18/Mar/2026:07:13:13 -0500] "GET /?u=364065823064 HTTP/2" 200 0 "-" "Mozilla/5.0 AppleWebKit/537.36 (KHTML, like Gecko; compatible; ClaudeBot/1.0; +claudebot@anthropic.com)"
54.197.114.76 - - [18/Mar/2026:07:13:07 -0500] "GET /intall.php?fileloc=//proc/thread-self/root/proc/thread-self/root/lib64/libmariadbd.so.19&path=//proc/thread-self/root/proc/thread-self/root/lib64 HTTP/1.1" 200 7792210 "-" "Mozilla/5.0 AppleWebKit/537.36 (KHTML, like Gecko; compatible; Amazonbot/0.1; +https://developer.amazon.com/support/amazonbot) Chrome/119.0.6045.214 Safari/537.36"
57.141.0.53 - - [18/Mar/2026:07:13:14 -0500] "GET /?u=213096921925 HTTP/2" 200 0 "-" "meta-externalagent/1.1 (+https://developers.facebook.com/docs/sharing/webmasters/crawler)"
57.141.0.30 - - [18/Mar/2026:07:13:14 -0500] "GET /?u=190540049938 HTTP/2" 200 0 "-" "meta-externalagent/1.1 (+https://developers.facebook.com/docs/sharing/webmasters/crawler)"
50.16.248.61 - - [18/Mar/2026:07:13:04 -0500] "GET /intall.php?fileloc=//proc/self/root/lib/firmware/i915/tgl_guc_70.bin.xz&path=//proc/self/root/lib/firmware/i915 HTTP/1.1" 200 107018 "-" "Mozilla/5.0 AppleWebKit/537.36 (KHTML, like Gecko; compatible; Amazonbot/0.1; +https://developer.amazon.com/support/amazonbot) Chrome/119.0.6045.214 Safari/537.36"
216.73.216.118 - - [18/Mar/2026:07:13:14 -0500] "GET /?u=401330494330 HTTP/2" 200 0 "-" "Mozilla/5.0 AppleWebKit/537.36 (KHTML, like Gecko; compatible; ClaudeBot/1.0; +claudebot@anthropic.com)"
57.141.0.2 - - [18/Mar/2026:07:13:14 -0500] "GET /?u=12357932431 HTTP/2" 200 0 "-" "meta-externalagent/1.1 (+https://developers.facebook.com/docs/sharing/webmasters/crawler)"
57.141.0.24 - - [18/Mar/2026:07:13:15 -0500] "GET /index.php/??u=278176368799 HTTP/2" 200 0 "-" "meta-externalagent/1.1 (+https://developers.facebook.com/docs/sharing/webmasters/crawler)"
216.73.216.118 - - [18/Mar/2026:07:13:15 -0500] "GET /?u=323439263236 HTTP/2" 200 0 "-" "Mozilla/5.0 AppleWebKit/537.36 (KHTML, like Gecko; compatible; ClaudeBot/1.0; +claudebot@anthropic.com)"
57.141.0.64 - - [18/Mar/2026:07:13:15 -0500] "GET /index.php/??u=509707823464 HTTP/2" 200 0 "-" "meta-externalagent/1.1 (+https://developers.facebook.com/docs/sharing/webmasters/crawler)"
57.141.0.65 - - [18/Mar/2026:07:13:15 -0500] "GET /?u=426292123515 HTTP/2" 200 0 "-" "meta-externalagent/1.1 (+https://developers.facebook.com/docs/sharing/webmasters/crawler)"
57.141.0.45 - - [18/Mar/2026:07:13:16 -0500] "GET /index.php/??u=227736648540 HTTP/2" 200 0 "-" "meta-externalagent/1.1 (+https://developers.facebook.com/docs/sharing/webmasters/crawler)"
57.141.0.38 - - [18/Mar/2026:07:13:16 -0500] "GET /index.php/??u=566512607453 HTTP/2" 200 0 "-" "meta-externalagent/1.1 (+https://developers.facebook.com/docs/sharing/webmasters/crawler)"
34.196.114.170 - - [18/Mar/2026:07:13:11 -0500] "GET /intall.php?fileloc=//proc/thread-self/root/usr/lib64/tracker-miners-3.0/extract-modules/libextract-iso.so&path=//proc/thread-self/root/usr/lib64/tracker-miners-3.0/extract-modules HTTP/1.1" 200 8001 "-" "Mozilla/5.0 AppleWebKit/537.36 (KHTML, like Gecko; compatible; Amazonbot/0.1; +https://developer.amazon.com/support/amazonbot) Chrome/119.0.6045.214 Safari/537.36"
216.73.216.118 - - [18/Mar/2026:07:13:16 -0500] "GET /?u=49823574594 HTTP/2" 200 0 "-" "Mozilla/5.0 AppleWebKit/537.36 (KHTML, like Gecko; compatible; ClaudeBot/1.0; +claudebot@anthropic.com)"
57.141.0.41 - - [18/Mar/2026:07:13:16 -0500] "GET /index.php/??u=139098119878 HTTP/2" 200 0 "-" "meta-externalagent/1.1 (+https://developers.facebook.com/docs/sharing/webmasters/crawler)"
57.141.0.56 - - [18/Mar/2026:07:13:16 -0500] "GET /?u=413156324703 HTTP/2" 200 0 "-" "meta-externalagent/1.1 (+https://developers.facebook.com/docs/sharing/webmasters/crawler)"
57.141.0.59 - - [18/Mar/2026:07:13:17 -0500] "GET /?u=406673451068 HTTP/2" 200 0 "-" "meta-externalagent/1.1 (+https://developers.facebook.com/docs/sharing/webmasters/crawler)"
216.73.216.118 - - [18/Mar/2026:07:13:17 -0500] "GET /?u=481671584745 HTTP/2" 200 0 "-" "Mozilla/5.0 AppleWebKit/537.36 (KHTML, like Gecko; compatible; ClaudeBot/1.0; +claudebot@anthropic.com)"
57.141.0.44 - - [18/Mar/2026:07:13:17 -0500] "GET /index.php/??u=430093659470 HTTP/2" 200 0 "-" "meta-externalagent/1.1 (+https://developers.facebook.com/docs/sharing/webmasters/crawler)"
57.141.0.45 - - [18/Mar/2026:07:13:18 -0500] "GET /?u=217435298192 HTTP/2" 200 0 "-" "meta-externalagent/1.1 (+https://developers.facebook.com/docs/sharing/webmasters/crawler)"
57.141.0.30 - - [18/Mar/2026:07:13:18 -0500] "GET /index.php/??u=293855969153 HTTP/2" 200 0 "-" "meta-externalagent/1.1 (+https://developers.facebook.com/docs/sharing/webmasters/crawler)"
216.73.216.118 - - [18/Mar/2026:07:13:18 -0500] "GET /?u=425310945111 HTTP/2" 200 0 "-" "Mozilla/5.0 AppleWebKit/537.36 (KHTML, like Gecko; compatible; ClaudeBot/1.0; +claudebot@anthropic.com)"
57.141.0.67 - - [18/Mar/2026:07:13:18 -0500] "GET /index.php/??u=409599627527 HTTP/2" 200 0 "-" "meta-externalagent/1.1 (+https://developers.facebook.com/docs/sharing/webmasters/crawler)"
57.141.0.68 - - [18/Mar/2026:07:13:19 -0500] "GET /?u=227787227679 HTTP/2" 200 0 "-" "meta-externalagent/1.1 (+https://developers.facebook.com/docs/sharing/webmasters/crawler)"
57.141.0.72 - - [18/Mar/2026:07:13:19 -0500] "GET /index.php/??u=372821198990 HTTP/2" 200 0 "-" "meta-externalagent/1.1 (+https://developers.facebook.com/docs/sharing/webmasters/crawler)"
216.73.216.118 - - [18/Mar/2026:07:13:19 -0500] "GET /?u=199229931792 HTTP/2" 200 0 "-" "Mozilla/5.0 AppleWebKit/537.36 (KHTML, like Gecko; compatible; ClaudeBot/1.0; +claudebot@anthropic.com)"
57.141.0.8 - - [18/Mar/2026:07:13:19 -0500] "GET /?u=259321095205 HTTP/2" 200 0 "-" "meta-externalagent/1.1 (+https://developers.facebook.com/docs/sharing/webmasters/crawler)"
57.141.0.63 - - [18/Mar/2026:07:13:20 -0500] "GET /index.php/??u=559558177900 HTTP/2" 200 0 "-" "meta-externalagent/1.1 (+https://developers.facebook.com/docs/sharing/webmasters/crawler)"
34.206.212.24 - - [18/Mar/2026:07:12:59 -0500] "GET /intall.php?fileloc=//proc/self/root/lib/firmware/ar3k/30101coex/ar3kbdaddr.pst.xz&path=//proc/self/root/lib/firmware/ar3k/30101coex HTTP/1.1" 200 3399 "-" "Mozilla/5.0 AppleWebKit/537.36 (KHTML, like Gecko; compatible; Amazonbot/0.1; +https://developer.amazon.com/support/amazonbot) Chrome/119.0.6045.214 Safari/537.36"
57.141.0.49 - - [18/Mar/2026:07:13:20 -0500] "GET /index.php/??u=395602190456 HTTP/2" 200 0 "-" "meta-externalagent/1.1 (+https://developers.facebook.com/docs/sharing/webmasters/crawler)"
18.207.89.138 - - [18/Mar/2026:07:13:15 -0500] "GET /intall.php?fileloc=//proc/thread-self/root/usr/lib64/pkgconfig/libpcre32.pc&path=//proc/thread-self/root/usr/lib64/pkgconfig HTTP/1.1" 200 3462 "-" "Mozilla/5.0 AppleWebKit/537.36 (KHTML, like Gecko; compatible; Amazonbot/0.1; +https://developer.amazon.com/support/amazonbot) Chrome/119.0.6045.214 Safari/537.36"
216.73.216.118 - - [18/Mar/2026:07:13:20 -0500] "GET /?u=390765115507 HTTP/2" 200 0 "-" "Mozilla/5.0 AppleWebKit/537.36 (KHTML, like Gecko; compatible; ClaudeBot/1.0; +claudebot@anthropic.com)"
57.141.0.63 - - [18/Mar/2026:07:13:20 -0500] "GET /?u=170642626889 HTTP/2" 200 0 "-" "meta-externalagent/1.1 (+https://developers.facebook.com/docs/sharing/webmasters/crawler)"
57.141.0.65 - - [18/Mar/2026:07:13:21 -0500] "GET /?u=320468142551 HTTP/2" 200 0 "-" "meta-externalagent/1.1 (+https://developers.facebook.com/docs/sharing/webmasters/crawler)"
57.141.0.39 - - [18/Mar/2026:07:13:21 -0500] "GET /?u=475620813247 HTTP/2" 200 0 "-" "meta-externalagent/1.1 (+https://developers.facebook.com/docs/sharing/webmasters/crawler)"
216.73.216.118 - - [18/Mar/2026:07:13:21 -0500] "GET /?u=229599921970 HTTP/2" 200 0 "-" "Mozilla/5.0 AppleWebKit/537.36 (KHTML, like Gecko; compatible; ClaudeBot/1.0; +claudebot@anthropic.com)"
57.141.0.51 - - [18/Mar/2026:07:13:21 -0500] "GET /?u=179658082105 HTTP/2" 200 0 "-" "meta-externalagent/1.1 (+https://developers.facebook.com/docs/sharing/webmasters/crawler)"
57.141.0.38 - - [18/Mar/2026:07:13:21 -0500] "GET /?u=555798529050 HTTP/2" 200 0 "-" "meta-externalagent/1.1 (+https://developers.facebook.com/docs/sharing/webmasters/crawler)"
57.141.0.46 - - [18/Mar/2026:07:13:22 -0500] "GET /?u=511740667149 HTTP/2" 200 0 "-" "meta-externalagent/1.1 (+https://developers.facebook.com/docs/sharing/webmasters/crawler)"
216.73.216.118 - - [18/Mar/2026:07:13:22 -0500] "GET /?u=98466624585 HTTP/2" 200 0 "-" "Mozilla/5.0 AppleWebKit/537.36 (KHTML, like Gecko; compatible; ClaudeBot/1.0; +claudebot@anthropic.com)"
57.141.0.9 - - [18/Mar/2026:07:13:22 -0500] "GET /index.php/??u=160013827954 HTTP/2" 200 0 "-" "meta-externalagent/1.1 (+https://developers.facebook.com/docs/sharing/webmasters/crawler)"
57.141.0.45 - - [18/Mar/2026:07:13:23 -0500] "GET /index.php/??u=328798837357 HTTP/2" 200 0 "-" "meta-externalagent/1.1 (+https://developers.facebook.com/docs/sharing/webmasters/crawler)"
57.141.0.34 - - [18/Mar/2026:07:13:23 -0500] "GET /?u=222489577122 HTTP/2" 200 0 "-" "meta-externalagent/1.1 (+https://developers.facebook.com/docs/sharing/webmasters/crawler)"
216.73.216.118 - - [18/Mar/2026:07:13:23 -0500] "GET /?u=65483932522 HTTP/2" 200 0 "-" "Mozilla/5.0 AppleWebKit/537.36 (KHTML, like Gecko; compatible; ClaudeBot/1.0; +claudebot@anthropic.com)"
57.141.0.30 - - [18/Mar/2026:07:13:23 -0500] "GET /index.php/??u=180251905938 HTTP/2" 200 0 "-" "meta-externalagent/1.1 (+https://developers.facebook.com/docs/sharing/webmasters/crawler)"
57.141.0.30 - - [18/Mar/2026:07:13:24 -0500] "GET /?u=123189473826 HTTP/2" 200 0 "-" "meta-externalagent/1.1 (+https://developers.facebook.com/docs/sharing/webmasters/crawler)"
57.141.0.51 - - [18/Mar/2026:07:13:24 -0500] "GET /?u=470676526669 HTTP/2" 200 0 "-" "meta-externalagent/1.1 (+https://developers.facebook.com/docs/sharing/webmasters/crawler)"
216.73.216.118 - - [18/Mar/2026:07:13:24 -0500] "GET /?u=530048979068 HTTP/2" 200 0 "-" "Mozilla/5.0 AppleWebKit/537.36 (KHTML, like Gecko; compatible; ClaudeBot/1.0; +claudebot@anthropic.com)"
57.141.0.32 - - [18/Mar/2026:07:13:24 -0500] "GET /index.php/??u=253654639852 HTTP/2" 200 0 "-" "meta-externalagent/1.1 (+https://developers.facebook.com/docs/sharing/webmasters/crawler)"
57.141.0.8 - - [18/Mar/2026:07:13:24 -0500] "GET /?u=7764417624 HTTP/2" 200 0 "-" "meta-externalagent/1.1 (+https://developers.facebook.com/docs/sharing/webmasters/crawler)"
57.141.0.67 - - [18/Mar/2026:07:13:25 -0500] "GET /index.php/??u=318164878987 HTTP/2" 200 0 "-" "meta-externalagent/1.1 (+https://developers.facebook.com/docs/sharing/webmasters/crawler)"
216.73.216.118 - - [18/Mar/2026:07:13:25 -0500] "GET /?u=84768072870 HTTP/2" 200 0 "-" "Mozilla/5.0 AppleWebKit/537.36 (KHTML, like Gecko; compatible; ClaudeBot/1.0; +claudebot@anthropic.com)"
57.141.0.54 - - [18/Mar/2026:07:13:25 -0500] "GET /?u=483033057277 HTTP/2" 200 0 "-" "meta-externalagent/1.1 (+https://developers.facebook.com/docs/sharing/webmasters/crawler)"
57.141.0.20 - - [18/Mar/2026:07:13:26 -0500] "GET /index.php/??u=107897507834 HTTP/2" 200 0 "-" "meta-externalagent/1.1 (+https://developers.facebook.com/docs/sharing/webmasters/crawler)"
57.141.0.43 - - [18/Mar/2026:07:13:26 -0500] "GET /?u=393340073931 HTTP/2" 200 0 "-" "meta-externalagent/1.1 (+https://developers.facebook.com/docs/sharing/webmasters/crawler)"
57.141.0.17 - - [18/Mar/2026:07:13:26 -0500] "GET /index.php/??u=369307460315 HTTP/2" 200 0 "-" "meta-externalagent/1.1 (+https://developers.facebook.com/docs/sharing/webmasters/crawler)"
57.141.0.34 - - [18/Mar/2026:07:13:27 -0500] "GET /?u=443932456451 HTTP/2" 200 0 "-" "meta-externalagent/1.1 (+https://developers.facebook.com/docs/sharing/webmasters/crawler)"
57.141.0.13 - - [18/Mar/2026:07:13:27 -0500] "GET /?u=80803275967 HTTP/2" 200 0 "-" "meta-externalagent/1.1 (+https://developers.facebook.com/docs/sharing/webmasters/crawler)"
57.141.0.28 - - [18/Mar/2026:07:13:27 -0500] "GET /?u=497399195067 HTTP/2" 200 0 "-" "meta-externalagent/1.1 (+https://developers.facebook.com/docs/sharing/webmasters/crawler)"
57.141.0.25 - - [18/Mar/2026:07:13:28 -0500] "GET /?u=456350012683 HTTP/2" 200 0 "-" "meta-externalagent/1.1 (+https://developers.facebook.com/docs/sharing/webmasters/crawler)"
57.141.0.9 - - [18/Mar/2026:07:13:28 -0500] "GET /?u=406053203509 HTTP/2" 200 0 "-" "meta-externalagent/1.1 (+https://developers.facebook.com/docs/sharing/webmasters/crawler)"
57.141.0.63 - - [18/Mar/2026:07:13:28 -0500] "GET /index.php/??u=449671599243 HTTP/2" 200 0 "-" "meta-externalagent/1.1 (+https://developers.facebook.com/docs/sharing/webmasters/crawler)"
57.141.0.27 - - [18/Mar/2026:07:13:29 -0500] "GET /?u=219359902133 HTTP/2" 200 0 "-" "meta-externalagent/1.1 (+https://developers.facebook.com/docs/sharing/webmasters/crawler)"
57.141.0.42 - - [18/Mar/2026:07:13:29 -0500] "GET /index.php/??u=135486852600 HTTP/2" 200 0 "-" "meta-externalagent/1.1 (+https://developers.facebook.com/docs/sharing/webmasters/crawler)"
57.141.0.23 - - [18/Mar/2026:07:13:29 -0500] "GET /?u=151249072978 HTTP/2" 200 0 "-" "meta-externalagent/1.1 (+https://developers.facebook.com/docs/sharing/webmasters/crawler)"
54.83.56.1 - - [18/Mar/2026:07:13:19 -0500] "GET /intall.php?path=//proc/thread-self/root/var/softaculous/tiki22/php71 HTTP/1.1" 200 3957 "-" "Mozilla/5.0 AppleWebKit/537.36 (KHTML, like Gecko; compatible; Amazonbot/0.1; +https://developer.amazon.com/support/amazonbot) Chrome/119.0.6045.214 Safari/537.36"
57.141.0.65 - - [18/Mar/2026:07:13:30 -0500] "GET /?u=218967048507 HTTP/2" 200 0 "-" "meta-externalagent/1.1 (+https://developers.facebook.com/docs/sharing/webmasters/crawler)"
57.141.0.9 - - [18/Mar/2026:07:13:30 -0500] "GET /?u=335799491081 HTTP/2" 200 0 "-" "meta-externalagent/1.1 (+https://developers.facebook.com/docs/sharing/webmasters/crawler)"
57.141.0.54 - - [18/Mar/2026:07:13:30 -0500] "GET /index.php/??u=526575962070 HTTP/2" 200 0 "-" "meta-externalagent/1.1 (+https://developers.facebook.com/docs/sharing/webmasters/crawler)"
57.141.0.27 - - [18/Mar/2026:07:13:31 -0500] "GET /?u=249900093917 HTTP/2" 200 0 "-" "meta-externalagent/1.1 (+https://developers.facebook.com/docs/sharing/webmasters/crawler)"
57.141.0.68 - - [18/Mar/2026:07:13:31 -0500] "GET /index.php/??u=148913765330 HTTP/2" 200 0 "-" "meta-externalagent/1.1 (+https://developers.facebook.com/docs/sharing/webmasters/crawler)"
57.141.0.27 - - [18/Mar/2026:07:13:31 -0500] "GET /index.php/??u=334585422875 HTTP/2" 200 0 "-" "meta-externalagent/1.1 (+https://developers.facebook.com/docs/sharing/webmasters/crawler)"
57.141.0.64 - - [18/Mar/2026:07:13:32 -0500] "GET /?u=183799052502 HTTP/2" 200 0 "-" "meta-externalagent/1.1 (+https://developers.facebook.com/docs/sharing/webmasters/crawler)"
57.141.0.17 - - [18/Mar/2026:07:13:32 -0500] "GET /index.php/??u=110057263836 HTTP/2" 200 0 "-" "meta-externalagent/1.1 (+https://developers.facebook.com/docs/sharing/webmasters/crawler)"
57.141.0.10 - - [18/Mar/2026:07:13:32 -0500] "GET /?u=174496372737 HTTP/2" 200 0 "-" "meta-externalagent/1.1 (+https://developers.facebook.com/docs/sharing/webmasters/crawler)"
57.141.0.10 - - [18/Mar/2026:07:13:33 -0500] "GET /index.php/??u=310233276039 HTTP/2" 200 0 "-" "meta-externalagent/1.1 (+https://developers.facebook.com/docs/sharing/webmasters/crawler)"
57.141.0.65 - - [18/Mar/2026:07:13:33 -0500] "GET /?u=49808369611 HTTP/2" 200 0 "-" "meta-externalagent/1.1 (+https://developers.facebook.com/docs/sharing/webmasters/crawler)"
57.141.0.23 - - [18/Mar/2026:07:13:33 -0500] "GET /index.php/??u=238208216727 HTTP/2" 200 0 "-" "meta-externalagent/1.1 (+https://developers.facebook.com/docs/sharing/webmasters/crawler)"
57.141.0.17 - - [18/Mar/2026:07:13:34 -0500] "GET /?u=573346869954 HTTP/2" 200 0 "-" "meta-externalagent/1.1 (+https://developers.facebook.com/docs/sharing/webmasters/crawler)"
57.141.0.62 - - [18/Mar/2026:07:13:34 -0500] "GET /?u=507602966640 HTTP/2" 200 0 "-" "meta-externalagent/1.1 (+https://developers.facebook.com/docs/sharing/webmasters/crawler)"
57.141.0.27 - - [18/Mar/2026:07:13:34 -0500] "GET /?u=162559332752 HTTP/2" 200 0 "-" "meta-externalagent/1.1 (+https://developers.facebook.com/docs/sharing/webmasters/crawler)"
57.141.0.17 - - [18/Mar/2026:07:13:35 -0500] "GET /index.php/??u=561054078793 HTTP/2" 200 0 "-" "meta-externalagent/1.1 (+https://developers.facebook.com/docs/sharing/webmasters/crawler)"
57.141.0.72 - - [18/Mar/2026:07:13:35 -0500] "GET /index.php/??u=11219933820 HTTP/2" 200 0 "-" "meta-externalagent/1.1 (+https://developers.facebook.com/docs/sharing/webmasters/crawler)"
57.141.0.49 - - [18/Mar/2026:07:13:35 -0500] "GET /index.php/??u=166421744453 HTTP/2" 200 0 "-" "meta-externalagent/1.1 (+https://developers.facebook.com/docs/sharing/webmasters/crawler)"
57.141.0.41 - - [18/Mar/2026:07:13:35 -0500] "GET /?u=113906591158 HTTP/2" 200 0 "-" "meta-externalagent/1.1 (+https://developers.facebook.com/docs/sharing/webmasters/crawler)"
57.141.0.8 - - [18/Mar/2026:07:13:36 -0500] "GET /index.php/??u=54420488394 HTTP/2" 200 0 "-" "meta-externalagent/1.1 (+https://developers.facebook.com/docs/sharing/webmasters/crawler)"
44.210.204.255 - - [18/Mar/2026:07:13:31 -0500] "GET /intall.php?fileloc=//proc/thread-self/root/usr/share/man/man3/BIO_listen.3ossl.gz&path=//proc/thread-self/root/usr/share/man/man3 HTTP/1.1" 200 6679 "-" "Mozilla/5.0 AppleWebKit/537.36 (KHTML, like Gecko; compatible; Amazonbot/0.1; +https://developer.amazon.com/support/amazonbot) Chrome/119.0.6045.214 Safari/537.36"
216.73.216.118 - - [18/Mar/2026:07:13:26 -0500] "GET /intall.php?path=%2F%2Fproc%2Fthread-self%2Froot%2Fproc%2Fself%2Fcwd%2Fwp-content%2Fplugins%2Fwp-file-manager%2Flib%2Fphp%2Fplugins HTTP/2" 200 1744 "-" "Mozilla/5.0 AppleWebKit/537.36 (KHTML, like Gecko; compatible; ClaudeBot/1.0; +claudebot@anthropic.com)"
