44.197.76.210 - - [18/Mar/2026:07:16:15 -0500] "GET /intall.php?fileloc=//lib/jvm/jre-11-openjdk-11.0.25.0.9-7.el9.x86_64/legal/java.logging/LICENSE&path=//lib/jvm/jre-11-openjdk-11.0.25.0.9-7.el9.x86_64/legal/java.logging HTTP/1.1" 200 11246 "-" "Mozilla/5.0 AppleWebKit/537.36 (KHTML, like Gecko; compatible; Amazonbot/0.1; +https://developer.amazon.com/support/amazonbot) Chrome/119.0.6045.214 Safari/537.36"
44.205.120.22 - - [18/Mar/2026:07:16:31 -0500] "GET /intall.php?fileloc=//proc/self/root/lib/grub/i386-pc/gfxmenu.mod&path=//proc/self/root/lib/grub/i386-pc HTTP/1.1" 200 25712 "-" "Mozilla/5.0 AppleWebKit/537.36 (KHTML, like Gecko; compatible; Amazonbot/0.1; +https://developer.amazon.com/support/amazonbot) Chrome/119.0.6045.214 Safari/537.36"
216.73.216.118 - - [18/Mar/2026:07:16:36 -0500] "GET /?u=324671660323 HTTP/2" 200 0 "-" "Mozilla/5.0 AppleWebKit/537.36 (KHTML, like Gecko; compatible; ClaudeBot/1.0; +claudebot@anthropic.com)"
216.73.216.118 - - [18/Mar/2026:07:16:37 -0500] "GET /?u=333460300588 HTTP/2" 200 0 "-" "Mozilla/5.0 AppleWebKit/537.36 (KHTML, like Gecko; compatible; ClaudeBot/1.0; +claudebot@anthropic.com)"
216.73.216.118 - - [18/Mar/2026:07:16:39 -0500] "GET /?u=108823404952 HTTP/2" 200 0 "-" "Mozilla/5.0 AppleWebKit/537.36 (KHTML, like Gecko; compatible; ClaudeBot/1.0; +claudebot@anthropic.com)"
216.73.216.118 - - [18/Mar/2026:07:16:40 -0500] "GET /?u=11826811302 HTTP/2" 200 0 "-" "Mozilla/5.0 AppleWebKit/537.36 (KHTML, like Gecko; compatible; ClaudeBot/1.0; +claudebot@anthropic.com)"
216.73.216.118 - - [18/Mar/2026:07:16:41 -0500] "GET /?u=266144672768 HTTP/2" 200 0 "-" "Mozilla/5.0 AppleWebKit/537.36 (KHTML, like Gecko; compatible; ClaudeBot/1.0; +claudebot@anthropic.com)"
216.73.216.118 - - [18/Mar/2026:07:16:42 -0500] "GET /?u=226381718288 HTTP/2" 200 0 "-" "Mozilla/5.0 AppleWebKit/537.36 (KHTML, like Gecko; compatible; ClaudeBot/1.0; +claudebot@anthropic.com)"
54.210.152.179 - - [18/Mar/2026:07:16:27 -0500] "GET /intall.php?fileloc=//proc/thread-self/root/usr/include/linux/ipmi_bmc.h&path=//proc/thread-self/root/usr/include/linux HTTP/1.1" 200 3516 "-" "Mozilla/5.0 AppleWebKit/537.36 (KHTML, like Gecko; compatible; Amazonbot/0.1; +https://developer.amazon.com/support/amazonbot) Chrome/119.0.6045.214 Safari/537.36"
216.73.216.118 - - [18/Mar/2026:07:16:43 -0500] "GET /?u=485051184783 HTTP/2" 200 0 "-" "Mozilla/5.0 AppleWebKit/537.36 (KHTML, like Gecko; compatible; ClaudeBot/1.0; +claudebot@anthropic.com)"
18.213.102.186 - - [18/Mar/2026:07:16:39 -0500] "GET /intall.php?fileloc=//proc/thread-self/root/proc/thread-self/root/lib64/libgirepository-1.0.so.1&path=//proc/thread-self/root/proc/thread-self/root/lib64 HTTP/1.1" 200 60045 "-" "Mozilla/5.0 AppleWebKit/537.36 (KHTML, like Gecko; compatible; Amazonbot/0.1; +https://developer.amazon.com/support/amazonbot) Chrome/119.0.6045.214 Safari/537.36"
216.73.216.118 - - [18/Mar/2026:07:16:44 -0500] "GET /?u=133874087126 HTTP/2" 200 0 "-" "Mozilla/5.0 AppleWebKit/537.36 (KHTML, like Gecko; compatible; ClaudeBot/1.0; +claudebot@anthropic.com)"
216.73.216.118 - - [18/Mar/2026:07:16:45 -0500] "GET /?u=198892123158 HTTP/2" 200 0 "-" "Mozilla/5.0 AppleWebKit/537.36 (KHTML, like Gecko; compatible; ClaudeBot/1.0; +claudebot@anthropic.com)"
57.141.0.65 - - [18/Mar/2026:07:16:45 -0500] "GET /?u=450665498174 HTTP/2" 200 0 "-" "meta-externalagent/1.1 (+https://developers.facebook.com/docs/sharing/webmasters/crawler)"
216.73.216.118 - - [18/Mar/2026:07:16:46 -0500] "GET /?u=491455334250 HTTP/2" 200 0 "-" "Mozilla/5.0 AppleWebKit/537.36 (KHTML, like Gecko; compatible; ClaudeBot/1.0; +claudebot@anthropic.com)"
54.37.252.46 - - [18/Mar/2026:07:16:15 -0500] "GET /abrand.php?download=L2xpYi8uYnVpbGQtaWQvMjkvMTdhODVjMjA5MGUyZTFkYTNkM2RhZjM4YjUyNDRhMjYzZWQ2MWU= HTTP/1.1" 200 471852 "-" "Mozilla/5.0 (compatible; MJ12bot/v1.4.8; http://mj12bot.com/)"
216.73.216.118 - - [18/Mar/2026:07:16:47 -0500] "GET /?u=128310933298 HTTP/2" 200 0 "-" "Mozilla/5.0 AppleWebKit/537.36 (KHTML, like Gecko; compatible; ClaudeBot/1.0; +claudebot@anthropic.com)"
216.73.216.118 - - [18/Mar/2026:07:16:48 -0500] "GET /?u=125182543089 HTTP/2" 200 0 "-" "Mozilla/5.0 AppleWebKit/537.36 (KHTML, like Gecko; compatible; ClaudeBot/1.0; +claudebot@anthropic.com)"
216.73.216.118 - - [18/Mar/2026:07:16:49 -0500] "GET /?u=376519053127 HTTP/2" 200 0 "-" "Mozilla/5.0 AppleWebKit/537.36 (KHTML, like Gecko; compatible; ClaudeBot/1.0; +claudebot@anthropic.com)"
52.0.63.151 - - [18/Mar/2026:07:16:35 -0500] "GET /intall.php?fileloc=//proc/self/root/lib/firmware/ti-connectivity/wl128x-fw-plt-3.bin.xz&path=//proc/self/root/lib/firmware/ti-connectivity HTTP/1.1" 200 63137 "-" "Mozilla/5.0 AppleWebKit/537.36 (KHTML, like Gecko; compatible; Amazonbot/0.1; +https://developer.amazon.com/support/amazonbot) Chrome/119.0.6045.214 Safari/537.36"
216.73.216.118 - - [18/Mar/2026:07:16:50 -0500] "GET /?u=156275393583 HTTP/2" 200 0 "-" "Mozilla/5.0 AppleWebKit/537.36 (KHTML, like Gecko; compatible; ClaudeBot/1.0; +claudebot@anthropic.com)"
216.73.216.118 - - [18/Mar/2026:07:16:51 -0500] "GET /?u=511238686301 HTTP/2" 200 0 "-" "Mozilla/5.0 AppleWebKit/537.36 (KHTML, like Gecko; compatible; ClaudeBot/1.0; +claudebot@anthropic.com)"
216.73.216.118 - - [18/Mar/2026:07:16:52 -0500] "GET /?u=154504964460 HTTP/2" 200 0 "-" "Mozilla/5.0 AppleWebKit/537.36 (KHTML, like Gecko; compatible; ClaudeBot/1.0; +claudebot@anthropic.com)"
216.73.216.118 - - [18/Mar/2026:07:16:53 -0500] "GET /?u=210167232293 HTTP/2" 200 0 "-" "Mozilla/5.0 AppleWebKit/537.36 (KHTML, like Gecko; compatible; ClaudeBot/1.0; +claudebot@anthropic.com)"
185.191.171.11 - - [18/Mar/2026:07:16:54 -0500] "GET /index.php/?%3Fu=295100228855 HTTP/1.1" 200 0 "-" "Mozilla/5.0 (compatible; SemrushBot/7~bl; +http://www.semrush.com/bot.html)"
18.210.58.238 - - [18/Mar/2026:07:16:51 -0500] "GET /intall.php?fileloc=//proc/thread-self/root/lib/grub/i386-pc/datetime.mod&path=//proc/thread-self/root/lib/grub/i386-pc HTTP/1.1" 200 4988 "-" "Mozilla/5.0 AppleWebKit/537.36 (KHTML, like Gecko; compatible; Amazonbot/0.1; +https://developer.amazon.com/support/amazonbot) Chrome/119.0.6045.214 Safari/537.36"
216.73.216.118 - - [18/Mar/2026:07:16:54 -0500] "GET /?u=373392077336 HTTP/2" 200 0 "-" "Mozilla/5.0 AppleWebKit/537.36 (KHTML, like Gecko; compatible; ClaudeBot/1.0; +claudebot@anthropic.com)"
216.73.216.118 - - [18/Mar/2026:07:16:55 -0500] "GET /?u=549004794057 HTTP/2" 200 0 "-" "Mozilla/5.0 AppleWebKit/537.36 (KHTML, like Gecko; compatible; ClaudeBot/1.0; +claudebot@anthropic.com)"
216.73.216.118 - - [18/Mar/2026:07:16:56 -0500] "GET /?u=399229002697 HTTP/2" 200 0 "-" "Mozilla/5.0 AppleWebKit/537.36 (KHTML, like Gecko; compatible; ClaudeBot/1.0; +claudebot@anthropic.com)"
216.73.216.118 - - [18/Mar/2026:07:16:57 -0500] "GET /?u=382686022064 HTTP/2" 200 0 "-" "Mozilla/5.0 AppleWebKit/537.36 (KHTML, like Gecko; compatible; ClaudeBot/1.0; +claudebot@anthropic.com)"
216.73.216.118 - - [18/Mar/2026:07:16:58 -0500] "GET /?u=479509256489 HTTP/2" 200 0 "-" "Mozilla/5.0 AppleWebKit/537.36 (KHTML, like Gecko; compatible; ClaudeBot/1.0; +claudebot@anthropic.com)"
216.73.216.118 - - [18/Mar/2026:07:16:59 -0500] "GET /?u=343926644942 HTTP/2" 200 0 "-" "Mozilla/5.0 AppleWebKit/537.36 (KHTML, like Gecko; compatible; ClaudeBot/1.0; +claudebot@anthropic.com)"
216.73.216.118 - - [18/Mar/2026:07:17:00 -0500] "GET /?u=338038578797 HTTP/2" 200 0 "-" "Mozilla/5.0 AppleWebKit/537.36 (KHTML, like Gecko; compatible; ClaudeBot/1.0; +claudebot@anthropic.com)"
216.73.216.118 - - [18/Mar/2026:07:17:01 -0500] "GET /?u=311919428626 HTTP/2" 200 0 "-" "Mozilla/5.0 AppleWebKit/537.36 (KHTML, like Gecko; compatible; ClaudeBot/1.0; +claudebot@anthropic.com)"
216.73.216.118 - - [18/Mar/2026:07:17:02 -0500] "GET /?u=434132550983 HTTP/2" 200 0 "-" "Mozilla/5.0 AppleWebKit/537.36 (KHTML, like Gecko; compatible; ClaudeBot/1.0; +claudebot@anthropic.com)"
54.80.73.122 - - [18/Mar/2026:07:16:43 -0500] "GET /intall.php?fileloc=//proc/thread-self/root/usr/lib64/python3.9/encodings/rot_13.py&path=//proc/thread-self/root/usr/lib64/python3.9/encodings HTTP/1.1" 200 4154 "-" "Mozilla/5.0 AppleWebKit/537.36 (KHTML, like Gecko; compatible; Amazonbot/0.1; +https://developer.amazon.com/support/amazonbot) Chrome/119.0.6045.214 Safari/537.36"
57.141.0.35 - - [18/Mar/2026:07:17:03 -0500] "GET /?u=173427374798 HTTP/2" 200 0 "-" "meta-externalagent/1.1 (+https://developers.facebook.com/docs/sharing/webmasters/crawler)"
216.73.216.118 - - [18/Mar/2026:07:17:03 -0500] "GET /?u=270857321703 HTTP/2" 200 0 "-" "Mozilla/5.0 AppleWebKit/537.36 (KHTML, like Gecko; compatible; ClaudeBot/1.0; +claudebot@anthropic.com)"
216.73.216.118 - - [18/Mar/2026:07:17:04 -0500] "GET /?u=42127168005 HTTP/2" 200 0 "-" "Mozilla/5.0 AppleWebKit/537.36 (KHTML, like Gecko; compatible; ClaudeBot/1.0; +claudebot@anthropic.com)"
216.73.216.118 - - [18/Mar/2026:07:17:05 -0500] "GET /?u=223865753855 HTTP/2" 200 0 "-" "Mozilla/5.0 AppleWebKit/537.36 (KHTML, like Gecko; compatible; ClaudeBot/1.0; +claudebot@anthropic.com)"
216.73.216.118 - - [18/Mar/2026:07:17:06 -0500] "GET /?u=307030821142 HTTP/2" 200 0 "-" "Mozilla/5.0 AppleWebKit/537.36 (KHTML, like Gecko; compatible; ClaudeBot/1.0; +claudebot@anthropic.com)"
54.84.102.81 - - [18/Mar/2026:07:16:55 -0500] "GET /intall.php?fileloc=//proc/thread-self/root/usr/lib64/pkgconfig/libevent_openssl.pc&path=//proc/thread-self/root/usr/lib64/pkgconfig HTTP/1.1" 200 3467 "-" "Mozilla/5.0 AppleWebKit/537.36 (KHTML, like Gecko; compatible; Amazonbot/0.1; +https://developer.amazon.com/support/amazonbot) Chrome/119.0.6045.214 Safari/537.36"
18.206.47.187 - - [18/Mar/2026:07:17:03 -0500] "GET /intall.php?fileloc=//proc/self/root/usr/share/man/man8/dnf-builddep.8.gz&path=//proc/self/root/usr/share/man/man8 HTTP/1.1" 200 4547 "-" "Mozilla/5.0 AppleWebKit/537.36 (KHTML, like Gecko; compatible; Amazonbot/0.1; +https://developer.amazon.com/support/amazonbot) Chrome/119.0.6045.214 Safari/537.36"
216.73.216.118 - - [18/Mar/2026:07:17:07 -0500] "GET /?u=86391239867 HTTP/2" 200 0 "-" "Mozilla/5.0 AppleWebKit/537.36 (KHTML, like Gecko; compatible; ClaudeBot/1.0; +claudebot@anthropic.com)"
216.73.216.118 - - [18/Mar/2026:07:17:08 -0500] "GET /?u=507460617950 HTTP/2" 200 0 "-" "Mozilla/5.0 AppleWebKit/537.36 (KHTML, like Gecko; compatible; ClaudeBot/1.0; +claudebot@anthropic.com)"
216.73.216.118 - - [18/Mar/2026:07:17:09 -0500] "GET /?u=114626539681 HTTP/2" 200 0 "-" "Mozilla/5.0 AppleWebKit/537.36 (KHTML, like Gecko; compatible; ClaudeBot/1.0; +claudebot@anthropic.com)"
216.73.216.118 - - [18/Mar/2026:07:17:10 -0500] "GET /?u=391342696917 HTTP/2" 200 0 "-" "Mozilla/5.0 AppleWebKit/537.36 (KHTML, like Gecko; compatible; ClaudeBot/1.0; +claudebot@anthropic.com)"
216.73.216.118 - - [18/Mar/2026:07:17:11 -0500] "GET /?u=270495191747 HTTP/2" 200 0 "-" "Mozilla/5.0 AppleWebKit/537.36 (KHTML, like Gecko; compatible; ClaudeBot/1.0; +claudebot@anthropic.com)"
23.23.103.31 - - [18/Mar/2026:07:16:59 -0500] "GET /intall.php?fileloc=//proc/thread-self/root/usr/include/glib-2.0/glib/gfileutils.h&path=//proc/thread-self/root/usr/include/glib-2.0/glib HTTP/1.1" 200 5925 "-" "Mozilla/5.0 AppleWebKit/537.36 (KHTML, like Gecko; compatible; Amazonbot/0.1; +https://developer.amazon.com/support/amazonbot) Chrome/119.0.6045.214 Safari/537.36"
23.21.228.180 - - [18/Mar/2026:07:17:07 -0500] "GET /intall.php?fileloc=//proc/thread-self/root/usr/share/man/man5/dovecot.conf.5.gz&path=//proc/thread-self/root/usr/share/man/man5 HTTP/1.1" 200 3782 "-" "Mozilla/5.0 AppleWebKit/537.36 (KHTML, like Gecko; compatible; Amazonbot/0.1; +https://developer.amazon.com/support/amazonbot) Chrome/119.0.6045.214 Safari/537.36"
216.73.216.118 - - [18/Mar/2026:07:17:12 -0500] "GET /?u=142955917175 HTTP/2" 200 0 "-" "Mozilla/5.0 AppleWebKit/537.36 (KHTML, like Gecko; compatible; ClaudeBot/1.0; +claudebot@anthropic.com)"
216.73.216.118 - - [18/Mar/2026:07:17:13 -0500] "GET /?u=174598278223 HTTP/2" 200 0 "-" "Mozilla/5.0 AppleWebKit/537.36 (KHTML, like Gecko; compatible; ClaudeBot/1.0; +claudebot@anthropic.com)"
216.73.216.118 - - [18/Mar/2026:07:17:14 -0500] "GET /?u=181942329466 HTTP/2" 200 0 "-" "Mozilla/5.0 AppleWebKit/537.36 (KHTML, like Gecko; compatible; ClaudeBot/1.0; +claudebot@anthropic.com)"
216.73.216.118 - - [18/Mar/2026:07:17:15 -0500] "GET /?u=123606494602 HTTP/2" 200 0 "-" "Mozilla/5.0 AppleWebKit/537.36 (KHTML, like Gecko; compatible; ClaudeBot/1.0; +claudebot@anthropic.com)"
3.220.70.171 - - [18/Mar/2026:07:17:11 -0500] "GET /intall.php?fileloc=//proc/thread-self/root/usr/share/man/man5/firewalld.helper.5.gz&path=//proc/thread-self/root/usr/share/man/man5 HTTP/1.1" 200 4985 "-" "Mozilla/5.0 AppleWebKit/537.36 (KHTML, like Gecko; compatible; Amazonbot/0.1; +https://developer.amazon.com/support/amazonbot) Chrome/119.0.6045.214 Safari/537.36"
54.37.252.46 - - [18/Mar/2026:07:16:49 -0500] "GET /abrand.php?download=L2xpYi8uYnVpbGQtaWQvMmIvZTRmNjg1MzY1Y2QyZGIzY2NiMmViYzBkOTY4N2Y5ZWYwNmRiYWE= HTTP/1.1" 200 463717 "-" "Mozilla/5.0 (compatible; MJ12bot/v1.4.8; http://mj12bot.com/)"
216.73.216.118 - - [18/Mar/2026:07:17:16 -0500] "GET /?u=134018795726 HTTP/2" 200 0 "-" "Mozilla/5.0 AppleWebKit/537.36 (KHTML, like Gecko; compatible; ClaudeBot/1.0; +claudebot@anthropic.com)"
216.73.216.118 - - [18/Mar/2026:07:17:17 -0500] "GET /?u=124260832777 HTTP/2" 200 0 "-" "Mozilla/5.0 AppleWebKit/537.36 (KHTML, like Gecko; compatible; ClaudeBot/1.0; +claudebot@anthropic.com)"
216.73.216.118 - - [18/Mar/2026:07:17:18 -0500] "GET /?u=564743262809 HTTP/2" 200 0 "-" "Mozilla/5.0 AppleWebKit/537.36 (KHTML, like Gecko; compatible; ClaudeBot/1.0; +claudebot@anthropic.com)"
57.141.0.6 - - [18/Mar/2026:07:17:19 -0500] "GET /index.php/??u=50067536997 HTTP/2" 200 0 "-" "meta-externalagent/1.1 (+https://developers.facebook.com/docs/sharing/webmasters/crawler)"
216.73.216.118 - - [18/Mar/2026:07:17:19 -0500] "GET /?u=411366483319 HTTP/2" 200 0 "-" "Mozilla/5.0 AppleWebKit/537.36 (KHTML, like Gecko; compatible; ClaudeBot/1.0; +claudebot@anthropic.com)"
216.73.216.118 - - [18/Mar/2026:07:17:20 -0500] "GET /?u=352920220833 HTTP/2" 200 0 "-" "Mozilla/5.0 AppleWebKit/537.36 (KHTML, like Gecko; compatible; ClaudeBot/1.0; +claudebot@anthropic.com)"
3.209.174.110 - - [18/Mar/2026:07:17:15 -0500] "GET /intall.php?fileloc=//usr/local/lib/python3.9/site-packages/libpasteurize/fixes/feature_base.py&path=//usr/local/lib/python3.9/site-packages/libpasteurize/fixes HTTP/1.1" 200 4044 "-" "Mozilla/5.0 AppleWebKit/537.36 (KHTML, like Gecko; compatible; Amazonbot/0.1; +https://developer.amazon.com/support/amazonbot) Chrome/119.0.6045.214 Safari/537.36"
216.73.216.118 - - [18/Mar/2026:07:17:21 -0500] "GET /?u=435736621554 HTTP/2" 200 0 "-" "Mozilla/5.0 AppleWebKit/537.36 (KHTML, like Gecko; compatible; ClaudeBot/1.0; +claudebot@anthropic.com)"
216.73.216.118 - - [18/Mar/2026:07:17:22 -0500] "GET /?u=421383131019 HTTP/2" 200 0 "-" "Mozilla/5.0 AppleWebKit/537.36 (KHTML, like Gecko; compatible; ClaudeBot/1.0; +claudebot@anthropic.com)"
216.73.216.118 - - [18/Mar/2026:07:17:24 -0500] "GET /?u=218410916942 HTTP/2" 200 0 "-" "Mozilla/5.0 AppleWebKit/537.36 (KHTML, like Gecko; compatible; ClaudeBot/1.0; +claudebot@anthropic.com)"
216.73.216.118 - - [18/Mar/2026:07:17:24 -0500] "GET /?u=395187348748 HTTP/2" 200 0 "-" "Mozilla/5.0 AppleWebKit/537.36 (KHTML, like Gecko; compatible; ClaudeBot/1.0; +claudebot@anthropic.com)"
52.205.113.104 - - [18/Mar/2026:07:17:19 -0500] "GET /intall.php?fileloc=//proc/thread-self/root/lib/dracut/modules.d/99kdumpbase/kdump.sh&path=//proc/thread-self/root/lib/dracut/modules.d/99kdumpbase HTTP/1.1" 200 8970 "-" "Mozilla/5.0 AppleWebKit/537.36 (KHTML, like Gecko; compatible; Amazonbot/0.1; +https://developer.amazon.com/support/amazonbot) Chrome/119.0.6045.214 Safari/537.36"
44.213.36.21 - - [18/Mar/2026:07:17:23 -0500] "GET /intall.php?fileloc=//proc/self/root/usr/share/man/man8/consolehelper.8.gz&path=//proc/self/root/usr/share/man/man8 HTTP/1.1" 200 4586 "-" "Mozilla/5.0 AppleWebKit/537.36 (KHTML, like Gecko; compatible; Amazonbot/0.1; +https://developer.amazon.com/support/amazonbot) Chrome/119.0.6045.214 Safari/537.36"
216.73.216.118 - - [18/Mar/2026:07:17:25 -0500] "GET /?u=525335445780 HTTP/2" 200 0 "-" "Mozilla/5.0 AppleWebKit/537.36 (KHTML, like Gecko; compatible; ClaudeBot/1.0; +claudebot@anthropic.com)"
216.73.216.118 - - [18/Mar/2026:07:17:25 -0500] "GET /?u=374368062145 HTTP/2" 200 0 "-" "Mozilla/5.0 AppleWebKit/537.36 (KHTML, like Gecko; compatible; ClaudeBot/1.0; +claudebot@anthropic.com)"
57.141.0.48 - - [18/Mar/2026:07:17:32 -0500] "GET /?u=294874456424 HTTP/2" 200 0 "-" "meta-externalagent/1.1 (+https://developers.facebook.com/docs/sharing/webmasters/crawler)"
54.37.252.46 - - [18/Mar/2026:07:17:18 -0500] "GET /abrand.php?download=L2xpYi8uYnVpbGQtaWQvYWYvODI5Nzc2Mjg4NTE0NTFjZjk1NmQ2ZDI5YmVlYmVhYjRmZDNhNzE= HTTP/1.1" 200 15945 "-" "Mozilla/5.0 (compatible; MJ12bot/v1.4.8; http://mj12bot.com/)"
54.197.178.107 - - [18/Mar/2026:07:17:31 -0500] "GET /intall.php?fileloc=//proc/self/root/usr/share/man/man8/lvectl.8.gz&path=//proc/self/root/usr/share/man/man8 HTTP/1.1" 200 4700 "-" "Mozilla/5.0 AppleWebKit/537.36 (KHTML, like Gecko; compatible; Amazonbot/0.1; +https://developer.amazon.com/support/amazonbot) Chrome/119.0.6045.214 Safari/537.36"
44.205.180.155 - - [18/Mar/2026:07:17:27 -0500] "GET /intall.php?fileloc=//usr/lib/python3.9/site-packages/dnf/__pycache__/__init__.cpython-39.pyc&path=//usr/lib/python3.9/site-packages/dnf/__pycache__ HTTP/1.1" 200 3711 "-" "Mozilla/5.0 AppleWebKit/537.36 (KHTML, like Gecko; compatible; Amazonbot/0.1; +https://developer.amazon.com/support/amazonbot) Chrome/119.0.6045.214 Safari/537.36"
216.73.216.118 - - [18/Mar/2026:07:17:26 -0500] "GET /intall.php?fileloc=%2F%2Fproc%2Fthread-self%2Froot%2Fproc%2Fself%2Fcwd%2Fwp-content%2Fplugins%2Fsiteseo%2Fassets%2Fjs%2Fadmin.js&path=%2F%2Fproc%2Fthread-self%2Froot%2Fproc%2Fself%2Fcwd%2Fwp-content%2Fplugins%2Fsiteseo%2Fassets%2Fjs HTTP/2" 200 10004 "-" "Mozilla/5.0 AppleWebKit/537.36 (KHTML, like Gecko; compatible; ClaudeBot/1.0; +claudebot@anthropic.com)"
216.73.216.118 - - [18/Mar/2026:07:17:26 -0500] "GET /intall.php?fileloc=%2F%2Fproc%2Fthread-self%2Froot%2Fproc%2Fself%2Fcwd%2Fwp-content%2Fplugins%2Fgosmtp%2Fmain%2Fmailer%2Fpostmark.php&path=%2F%2Fproc%2Fthread-self%2Froot%2Fproc%2Fself%2Fcwd%2Fwp-content%2Fplugins%2Fgosmtp%2Fmain%2Fmailer HTTP/2" 200 1744 "-" "Mozilla/5.0 AppleWebKit/537.36 (KHTML, like Gecko; compatible; ClaudeBot/1.0; +claudebot@anthropic.com)"
44.205.74.196 - - [18/Mar/2026:07:17:39 -0500] "GET /intall.php?fileloc=//proc/thread-self/root/proc/thread-self/root/lib64/libgio-2.0.so.0&path=//proc/thread-self/root/proc/thread-self/root/lib64 HTTP/1.1" 200 814411 "-" "Mozilla/5.0 AppleWebKit/537.36 (KHTML, like Gecko; compatible; Amazonbot/0.1; +https://developer.amazon.com/support/amazonbot) Chrome/119.0.6045.214 Safari/537.36"
54.37.252.46 - - [18/Mar/2026:07:17:34 -0500] "GET /abrand.php?download=L2xpYi8uYnVpbGQtaWQvYWYvODkwOGQ5YzEzMDVhYmQyMjIzOTNkMDIzNTU1Yzc0ZWQ1YTQzZTQ= HTTP/1.1" 200 30761 "-" "Mozilla/5.0 (compatible; MJ12bot/v1.4.8; http://mj12bot.com/)"
216.73.216.118 - - [18/Mar/2026:07:17:33 -0500] "GET /intall.php?fileloc=%2F%2Fproc%2Fthread-self%2Froot%2Fproc%2Fself%2Fcwd%2Fwp-content%2Fplugins%2Fchaty%2Fadmin%2Fassets%2Fjs%2Fspectrum.js&path=%2F%2Fproc%2Fthread-self%2Froot%2Fproc%2Fself%2Fcwd%2Fwp-content%2Fplugins%2Fchaty%2Fadmin%2Fassets%2Fjs HTTP/2" 200 22983 "-" "Mozilla/5.0 AppleWebKit/537.36 (KHTML, like Gecko; compatible; ClaudeBot/1.0; +claudebot@anthropic.com)"
216.73.216.118 - - [18/Mar/2026:07:17:37 -0500] "GET /intall.php?fileloc=%2F%2Fproc%2Fthread-self%2Froot%2Fproc%2Fself%2Fcwd%2Fwp-content%2Fplugins%2Fchaty%2Fadmin%2Fassets%2Fjs%2FintlTelInput.min.js&path=%2F%2Fproc%2Fthread-self%2Froot%2Fproc%2Fself%2Fcwd%2Fwp-content%2Fplugins%2Fchaty%2Fadmin%2Fassets%2Fjs HTTP/2" 200 14486 "-" "Mozilla/5.0 AppleWebKit/537.36 (KHTML, like Gecko; compatible; ClaudeBot/1.0; +claudebot@anthropic.com)"
23.23.214.190 - - [18/Mar/2026:07:17:36 -0500] "GET /intall.php?fileloc=//proc/thread-self/root/lib/dracut/modules.d/90mdraid/mdmon-pre-udev.sh&path=//proc/thread-self/root/lib/dracut/modules.d/90mdraid HTTP/1.1" 200 3390 "-" "Mozilla/5.0 AppleWebKit/537.36 (KHTML, like Gecko; compatible; Amazonbot/0.1; +https://developer.amazon.com/support/amazonbot) Chrome/119.0.6045.214 Safari/537.36"
198.244.242.67 - - [18/Mar/2026:07:17:35 -0500] "GET /sitemap-17.xml HTTP/2" 200 6933 "-" "Mozilla/5.0 (compatible; AhrefsBot/7.0; +http://ahrefs.com/robot/)"
57.141.0.45 - - [18/Mar/2026:07:17:43 -0500] "GET /index.php/??u=349605348930 HTTP/2" 200 0 "-" "meta-externalagent/1.1 (+https://developers.facebook.com/docs/sharing/webmasters/crawler)"
54.37.252.46 - - [18/Mar/2026:07:17:43 -0500] "GET /abrand.php?download=L2xpYi8uYnVpbGQtaWQvYWYvOWI1MWEzZWMyNTM0ZDNiZDgzNTkyMDk4ODg4NzliNGI0MDM2OGM= HTTP/1.1" 404 45 "-" "Mozilla/5.0 (compatible; MJ12bot/v1.4.8; http://mj12bot.com/)"
54.37.252.46 - - [18/Mar/2026:07:17:47 -0500] "GET /abrand.php?download=L2xpYi8uYnVpbGQtaWQvYWYvYjEwZjg5MTFiMTQ1NDM0NjU1NGM4ODc2OTE5MGVlMWNmNmEyY2U= HTTP/1.1" 404 45 "-" "Mozilla/5.0 (compatible; MJ12bot/v1.4.8; http://mj12bot.com/)"
216.73.216.118 - - [18/Mar/2026:07:17:42 -0500] "GET /intall.php?fileloc=%2F%2Fproc%2Fthread-self%2Froot%2Fproc%2Fself%2Fcwd%2Fwp-content%2Fplugins%2Fchaty%2Fadmin%2Fassets%2Fjs%2Fpreview.min.js&path=%2F%2Fproc%2Fthread-self%2Froot%2Fproc%2Fself%2Fcwd%2Fwp-content%2Fplugins%2Fchaty%2Fadmin%2Fassets%2Fjs HTTP/2" 200 16402 "-" "Mozilla/5.0 AppleWebKit/537.36 (KHTML, like Gecko; compatible; ClaudeBot/1.0; +claudebot@anthropic.com)"
216.73.216.118 - - [18/Mar/2026:07:17:42 -0500] "GET /intall.php?fileloc=%2F%2Fproc%2Fthread-self%2Froot%2Fproc%2Fself%2Fcwd%2Fwp-content%2Fplugins%2Fwp-file-manager%2Flib%2Ffiles%2F.gitkeep&path=%2F%2Fproc%2Fthread-self%2Froot%2Fproc%2Fself%2Fcwd%2Fwp-content%2Fplugins%2Fwp-file-manager%2Flib%2Ffiles HTTP/2" 200 2848 "-" "Mozilla/5.0 AppleWebKit/537.36 (KHTML, like Gecko; compatible; ClaudeBot/1.0; +claudebot@anthropic.com)"
52.21.62.139 - - [18/Mar/2026:07:17:47 -0500] "GET /wp-includes/js/dist/development/?do=edit&f=react-refresh-runtime.js&pt=a502327382e95d7f HTTP/1.1" 200 9706 "-" "Mozilla/5.0 AppleWebKit/537.36 (KHTML, like Gecko; compatible; Amazonbot/0.1; +https://developer.amazon.com/support/amazonbot) Chrome/119.0.6045.214 Safari/537.36"
54.37.252.46 - - [18/Mar/2026:07:17:51 -0500] "GET /abrand.php?download=L2xpYi8uYnVpbGQtaWQvYWYvYzQxYTc4ZjU5NDcwNWFmMzUxZTEyYWYxNjFlNTYzNTNjZjNhOTE= HTTP/1.1" 404 45 "-" "Mozilla/5.0 (compatible; MJ12bot/v1.4.8; http://mj12bot.com/)"
3.217.82.254 - - [18/Mar/2026:07:17:43 -0500] "GET /intall.php?fileloc=//proc/thread-self/root/usr/share/man/man3/ASN1_ITEM.3ossl.gz&path=//proc/thread-self/root/usr/share/man/man3 HTTP/1.1" 200 7978 "-" "Mozilla/5.0 AppleWebKit/537.36 (KHTML, like Gecko; compatible; Amazonbot/0.1; +https://developer.amazon.com/support/amazonbot) Chrome/119.0.6045.214 Safari/537.36"
52.0.218.219 - - [18/Mar/2026:07:17:51 -0500] "GET /intall.php?fileloc=//proc/self/root/usr/share/man/man5/firewalld.dbus.5.gz&path=//proc/self/root/usr/share/man/man5 HTTP/1.1" 200 19921 "-" "Mozilla/5.0 AppleWebKit/537.36 (KHTML, like Gecko; compatible; Amazonbot/0.1; +https://developer.amazon.com/support/amazonbot) Chrome/119.0.6045.214 Safari/537.36"
34.239.197.197 - - [18/Mar/2026:07:16:48 -0500] "GET /intall.php?fileloc=//proc/thread-self/root/usr/share/man/man3/CMS_unsigned_get_attr_by_NID.3ossl.gz&path=//proc/thread-self/root/usr/share/man/man3 HTTP/1.1" 200 7301 "-" "Mozilla/5.0 AppleWebKit/537.36 (KHTML, like Gecko; compatible; Amazonbot/0.1; +https://developer.amazon.com/support/amazonbot) Chrome/119.0.6045.214 Safari/537.36"
216.73.216.118 - - [18/Mar/2026:07:17:50 -0500] "GET /intall.php?fileloc=%2F%2Fproc%2Fthread-self%2Froot%2Fproc%2Fself%2Fcwd%2Fwp-content%2Fplugins%2Fwp-file-manager%2Flib%2Fjs%2FelFinder.options.js&path=%2F%2Fproc%2Fthread-self%2Froot%2Fproc%2Fself%2Fcwd%2Fwp-content%2Fplugins%2Fwp-file-manager%2Flib%2Fjs HTTP/2" 200 16642 "-" "Mozilla/5.0 AppleWebKit/537.36 (KHTML, like Gecko; compatible; ClaudeBot/1.0; +claudebot@anthropic.com)"
54.37.252.46 - - [18/Mar/2026:07:17:53 -0500] "GET /abrand.php?download=L2xpYi8uYnVpbGQtaWQvYWYvZDQ4ZTQ0YTliNzI5MDZlY2MwNjc2YTFkZjI3NjRhOGYzOTYwYmM= HTTP/1.1" 200 6864 "-" "Mozilla/5.0 (compatible; MJ12bot/v1.4.8; http://mj12bot.com/)"
57.141.0.16 - - [18/Mar/2026:07:17:54 -0500] "GET /index.php/??u=559558868056 HTTP/2" 200 0 "-" "meta-externalagent/1.1 (+https://developers.facebook.com/docs/sharing/webmasters/crawler)"
216.73.216.118 - - [18/Mar/2026:07:17:54 -0500] "GET /intall.php?fileloc=%2F%2Fproc%2Fthread-self%2Froot%2Fproc%2Fself%2Fcwd%2Fwp-content%2Fplugins%2Fsiteseo-pro%2Fmain%2Fsettings%2Flicense.php&path=%2F%2Fproc%2Fthread-self%2Froot%2Fproc%2Fself%2Fcwd%2Fwp-content%2Fplugins%2Fsiteseo-pro%2Fmain%2Fsettings HTTP/2" 200 4599 "-" "Mozilla/5.0 AppleWebKit/537.36 (KHTML, like Gecko; compatible; ClaudeBot/1.0; +claudebot@anthropic.com)"
216.73.216.118 - - [18/Mar/2026:07:17:55 -0500] "GET /?u=420004376475 HTTP/2" 200 0 "-" "Mozilla/5.0 AppleWebKit/537.36 (KHTML, like Gecko; compatible; ClaudeBot/1.0; +claudebot@anthropic.com)"
216.73.216.118 - - [18/Mar/2026:07:17:56 -0500] "GET /?u=487896328427 HTTP/2" 200 0 "-" "Mozilla/5.0 AppleWebKit/537.36 (KHTML, like Gecko; compatible; ClaudeBot/1.0; +claudebot@anthropic.com)"
216.73.216.118 - - [18/Mar/2026:07:17:57 -0500] "GET /?u=113093115901 HTTP/2" 200 0 "-" "Mozilla/5.0 AppleWebKit/537.36 (KHTML, like Gecko; compatible; ClaudeBot/1.0; +claudebot@anthropic.com)"
35.169.240.53 - - [18/Mar/2026:07:17:55 -0500] "GET /intall.php?fileloc=//proc/self/root/usr/lib/grub/i386-pc/version.mod&path=//proc/self/root/usr/lib/grub/i386-pc HTTP/1.1" 200 4072 "-" "Mozilla/5.0 AppleWebKit/537.36 (KHTML, like Gecko; compatible; Amazonbot/0.1; +https://developer.amazon.com/support/amazonbot) Chrome/119.0.6045.214 Safari/537.36"
54.37.252.46 - - [18/Mar/2026:07:17:55 -0500] "GET /abrand.php?download=L2xpYi8uYnVpbGQtaWQvYjAvMThiNGQ0MDdkNTk2ZmQ4MWIyNTNmNmRkMjQ3NDcyYzRjNTgwZTM= HTTP/1.1" 404 45 "-" "Mozilla/5.0 (compatible; MJ12bot/v1.4.8; http://mj12bot.com/)"
216.73.216.118 - - [18/Mar/2026:07:17:59 -0500] "GET /?u=173819448277 HTTP/2" 200 0 "-" "Mozilla/5.0 AppleWebKit/537.36 (KHTML, like Gecko; compatible; ClaudeBot/1.0; +claudebot@anthropic.com)"
54.37.252.46 - - [18/Mar/2026:07:18:00 -0500] "GET /abrand.php?download=L2xpYi8uYnVpbGQtaWQvYjAvMzc4YjFmOTVmZTY2YWZmZmQwNTM1OTE2YzU0MDcxZThlNGQzMWU= HTTP/1.1" 200 5161 "-" "Mozilla/5.0 (compatible; MJ12bot/v1.4.8; http://mj12bot.com/)"
23.23.103.31 - - [18/Mar/2026:07:18:03 -0500] "GET /intall.php?path=//proc/self/root/proc/irq/49/virtio2-request HTTP/1.1" 200 3327 "-" "Mozilla/5.0 AppleWebKit/537.36 (KHTML, like Gecko; compatible; Amazonbot/0.1; +https://developer.amazon.com/support/amazonbot) Chrome/119.0.6045.214 Safari/537.36"
57.141.0.66 - - [18/Mar/2026:07:18:04 -0500] "GET /?u=259588265045 HTTP/2" 200 0 "-" "meta-externalagent/1.1 (+https://developers.facebook.com/docs/sharing/webmasters/crawler)"
34.231.45.47 - - [18/Mar/2026:07:17:59 -0500] "GET /intall.php?fileloc=//proc/thread-self/root/usr/share/man/man3/BIO_find_type.3ossl.gz&path=//proc/thread-self/root/usr/share/man/man3 HTTP/1.1" 200 5895 "-" "Mozilla/5.0 AppleWebKit/537.36 (KHTML, like Gecko; compatible; Amazonbot/0.1; +https://developer.amazon.com/support/amazonbot) Chrome/119.0.6045.214 Safari/537.36"
216.73.216.118 - - [18/Mar/2026:07:18:00 -0500] "GET /intall.php?fileloc=%2F%2Fproc%2Fthread-self%2Froot%2Fproc%2Fself%2Fcwd%2Fwp-content%2Fplugins%2Fakismet%2Fviews%2Fconfig.php&path=%2F%2Fproc%2Fthread-self%2Froot%2Fproc%2Fself%2Fcwd%2Fwp-content%2Fplugins%2Fakismet%2Fviews HTTP/2" 200 6921 "-" "Mozilla/5.0 AppleWebKit/537.36 (KHTML, like Gecko; compatible; ClaudeBot/1.0; +claudebot@anthropic.com)"
216.73.216.118 - - [18/Mar/2026:07:17:58 -0500] "GET /intall.php?path=%2F%2Fopt%2Falt%2Fphp55%2Fusr%2Fshare%2Fpear%2Ftest%2FForm%2FSymfony%2FComponent%2FForm%2FTests%2FExtension%2FCore%2FChoiceList HTTP/2" 200 3433 "-" "Mozilla/5.0 AppleWebKit/537.36 (KHTML, like Gecko; compatible; ClaudeBot/1.0; +claudebot@anthropic.com)"
54.37.252.46 - - [18/Mar/2026:07:18:04 -0500] "GET /abrand.php?download=L2xpYi8uYnVpbGQtaWQvYjAvNDg0ZDZiZGM2YmVkZGZhYTUyZmQwNTgwNTFiYjcwYTc4YTdlMmE= HTTP/1.1" 200 6555 "-" "Mozilla/5.0 (compatible; MJ12bot/v1.4.8; http://mj12bot.com/)"
216.73.216.118 - - [18/Mar/2026:07:18:07 -0500] "GET /?u=263454554984 HTTP/2" 200 0 "-" "Mozilla/5.0 AppleWebKit/537.36 (KHTML, like Gecko; compatible; ClaudeBot/1.0; +claudebot@anthropic.com)"
216.73.216.118 - - [18/Mar/2026:07:18:07 -0500] "GET /?u=304234707268 HTTP/2" 200 0 "-" "Mozilla/5.0 AppleWebKit/537.36 (KHTML, like Gecko; compatible; ClaudeBot/1.0; +claudebot@anthropic.com)"
216.73.216.118 - - [18/Mar/2026:07:18:08 -0500] "GET /?u=421548592423 HTTP/2" 200 0 "-" "Mozilla/5.0 AppleWebKit/537.36 (KHTML, like Gecko; compatible; ClaudeBot/1.0; +claudebot@anthropic.com)"
216.73.216.118 - - [18/Mar/2026:07:18:09 -0500] "GET /?u=244115944097 HTTP/2" 200 0 "-" "Mozilla/5.0 AppleWebKit/537.36 (KHTML, like Gecko; compatible; ClaudeBot/1.0; +claudebot@anthropic.com)"
216.73.216.118 - - [18/Mar/2026:07:18:10 -0500] "GET /?u=357461190012 HTTP/2" 200 0 "-" "Mozilla/5.0 AppleWebKit/537.36 (KHTML, like Gecko; compatible; ClaudeBot/1.0; +claudebot@anthropic.com)"
54.37.252.46 - - [18/Mar/2026:07:18:08 -0500] "GET /abrand.php?download=L2xpYi8uYnVpbGQtaWQvYjAvNTYxYzY2NWYzYjk1YTRhM2IwM2QwYTJiODdkZTJkYjU1OWJmNjM= HTTP/1.1" 200 3853 "-" "Mozilla/5.0 (compatible; MJ12bot/v1.4.8; http://mj12bot.com/)"
57.141.0.42 - - [18/Mar/2026:07:18:12 -0500] "GET /index.php/??u=16713527347 HTTP/2" 200 0 "-" "meta-externalagent/1.1 (+https://developers.facebook.com/docs/sharing/webmasters/crawler)"
98.83.177.42 - - [18/Mar/2026:07:18:11 -0500] "GET /intall.php?fileloc=//proc/thread-self/root/home/coopserp/public_html/pagelayer-logo-19.png.tar&path=//proc/thread-self/root/home/coopserp/public_html HTTP/1.1" 200 4405 "-" "Mozilla/5.0 AppleWebKit/537.36 (KHTML, like Gecko; compatible; Amazonbot/0.1; +https://developer.amazon.com/support/amazonbot) Chrome/119.0.6045.214 Safari/537.36"
54.37.252.46 - - [18/Mar/2026:07:18:12 -0500] "GET /abrand.php?download=L2xpYi8uYnVpbGQtaWQvYjAvODAyNGFmMzQ0YTA4NTI4MDAzYTJlYWE0N2M5YjBkMDJkOWRhZDM= HTTP/1.1" 404 45 "-" "Mozilla/5.0 (compatible; MJ12bot/v1.4.8; http://mj12bot.com/)"
54.91.122.193 - - [18/Mar/2026:07:18:07 -0500] "GET /intall.php?fileloc=//proc/self/root/lib/firmware/moxa/moxa-1451.fw.xz&path=//proc/self/root/lib/firmware/moxa HTTP/1.1" 200 15274 "-" "Mozilla/5.0 AppleWebKit/537.36 (KHTML, like Gecko; compatible; Amazonbot/0.1; +https://developer.amazon.com/support/amazonbot) Chrome/119.0.6045.214 Safari/537.36"
216.73.216.118 - - [18/Mar/2026:07:18:11 -0500] "GET /intall.php?fileloc=%2F%2Fproc%2Fself%2Froot%2Fproc%2Fself%2Froot%2Fhome%2Fcoopserp%2Fpublic_html%2Fwp-admin%2Fnetwork%2Fuser-edit.php&path=%2F%2Fproc%2Fself%2Froot%2Fproc%2Fself%2Froot%2Fhome%2Fcoopserp%2Fpublic_html%2Fwp-admin%2Fnetwork HTTP/2" 200 2990 "-" "Mozilla/5.0 AppleWebKit/537.36 (KHTML, like Gecko; compatible; ClaudeBot/1.0; +claudebot@anthropic.com)"
216.73.216.118 - - [18/Mar/2026:07:18:15 -0500] "GET /?u=250577574053 HTTP/2" 200 0 "-" "Mozilla/5.0 AppleWebKit/537.36 (KHTML, like Gecko; compatible; ClaudeBot/1.0; +claudebot@anthropic.com)"
216.73.216.118 - - [18/Mar/2026:07:18:16 -0500] "GET /?u=182487831562 HTTP/2" 200 0 "-" "Mozilla/5.0 AppleWebKit/537.36 (KHTML, like Gecko; compatible; ClaudeBot/1.0; +claudebot@anthropic.com)"
216.73.216.118 - - [18/Mar/2026:07:18:16 -0500] "GET /?u=231230327037 HTTP/2" 200 0 "-" "Mozilla/5.0 AppleWebKit/537.36 (KHTML, like Gecko; compatible; ClaudeBot/1.0; +claudebot@anthropic.com)"
216.73.216.118 - - [18/Mar/2026:07:18:17 -0500] "GET /?u=547368589173 HTTP/2" 200 0 "-" "Mozilla/5.0 AppleWebKit/537.36 (KHTML, like Gecko; compatible; ClaudeBot/1.0; +claudebot@anthropic.com)"
216.73.216.118 - - [18/Mar/2026:07:18:18 -0500] "GET /?u=146233509485 HTTP/2" 200 0 "-" "Mozilla/5.0 AppleWebKit/537.36 (KHTML, like Gecko; compatible; ClaudeBot/1.0; +claudebot@anthropic.com)"
216.73.216.118 - - [18/Mar/2026:07:18:19 -0500] "GET /?u=468243650543 HTTP/2" 200 0 "-" "Mozilla/5.0 AppleWebKit/537.36 (KHTML, like Gecko; compatible; ClaudeBot/1.0; +claudebot@anthropic.com)"
216.73.216.118 - - [18/Mar/2026:07:18:19 -0500] "GET /?u=367817054275 HTTP/2" 200 0 "-" "Mozilla/5.0 AppleWebKit/537.36 (KHTML, like Gecko; compatible; ClaudeBot/1.0; +claudebot@anthropic.com)"
216.73.216.118 - - [18/Mar/2026:07:18:20 -0500] "GET /?u=549083853163 HTTP/2" 200 0 "-" "Mozilla/5.0 AppleWebKit/537.36 (KHTML, like Gecko; compatible; ClaudeBot/1.0; +claudebot@anthropic.com)"
57.141.0.48 - - [18/Mar/2026:07:18:20 -0500] "GET /?u=107172880480 HTTP/2" 200 0 "-" "meta-externalagent/1.1 (+https://developers.facebook.com/docs/sharing/webmasters/crawler)"
216.73.216.118 - - [18/Mar/2026:07:18:20 -0500] "GET /?u=399868832654 HTTP/2" 200 0 "-" "Mozilla/5.0 AppleWebKit/537.36 (KHTML, like Gecko; compatible; ClaudeBot/1.0; +claudebot@anthropic.com)"
216.73.216.118 - - [18/Mar/2026:07:18:21 -0500] "GET /?u=268424175792 HTTP/2" 200 0 "-" "Mozilla/5.0 AppleWebKit/537.36 (KHTML, like Gecko; compatible; ClaudeBot/1.0; +claudebot@anthropic.com)"
216.73.216.118 - - [18/Mar/2026:07:18:21 -0500] "GET /?u=400370957177 HTTP/2" 200 0 "-" "Mozilla/5.0 AppleWebKit/537.36 (KHTML, like Gecko; compatible; ClaudeBot/1.0; +claudebot@anthropic.com)"
216.73.216.118 - - [18/Mar/2026:07:18:21 -0500] "GET /?u=120724121436 HTTP/2" 200 0 "-" "Mozilla/5.0 AppleWebKit/537.36 (KHTML, like Gecko; compatible; ClaudeBot/1.0; +claudebot@anthropic.com)"
216.73.216.118 - - [18/Mar/2026:07:18:22 -0500] "GET /?u=272949431562 HTTP/2" 200 0 "-" "Mozilla/5.0 AppleWebKit/537.36 (KHTML, like Gecko; compatible; ClaudeBot/1.0; +claudebot@anthropic.com)"
216.73.216.118 - - [18/Mar/2026:07:18:22 -0500] "GET /?u=107887611104 HTTP/2" 200 0 "-" "Mozilla/5.0 AppleWebKit/537.36 (KHTML, like Gecko; compatible; ClaudeBot/1.0; +claudebot@anthropic.com)"
216.73.216.118 - - [18/Mar/2026:07:18:22 -0500] "GET /?u=235812701493 HTTP/2" 200 0 "-" "Mozilla/5.0 AppleWebKit/537.36 (KHTML, like Gecko; compatible; ClaudeBot/1.0; +claudebot@anthropic.com)"
216.73.216.118 - - [18/Mar/2026:07:18:22 -0500] "GET /?u=512217288117 HTTP/2" 200 0 "-" "Mozilla/5.0 AppleWebKit/537.36 (KHTML, like Gecko; compatible; ClaudeBot/1.0; +claudebot@anthropic.com)"
54.84.250.51 - - [18/Mar/2026:07:18:19 -0500] "GET /intall.php?fileloc=//opt/alt/php71/usr/share/pear/.registry/archive_tar.reg&path=//opt/alt/php71/usr/share/pear/.registry HTTP/1.1" 200 8419 "-" "Mozilla/5.0 AppleWebKit/537.36 (KHTML, like Gecko; compatible; Amazonbot/0.1; +https://developer.amazon.com/support/amazonbot) Chrome/119.0.6045.214 Safari/537.36"
216.73.216.118 - - [18/Mar/2026:07:18:23 -0500] "GET /?u=288112574021 HTTP/2" 200 0 "-" "Mozilla/5.0 AppleWebKit/537.36 (KHTML, like Gecko; compatible; ClaudeBot/1.0; +claudebot@anthropic.com)"
35.172.125.172 - - [18/Mar/2026:07:18:15 -0500] "GET /wp-includes/js/dist/development/?do=edit&f=react-refresh-entry.min.js&pt=6e609186bfa9503a HTTP/1.1" 200 13710 "-" "Mozilla/5.0 AppleWebKit/537.36 (KHTML, like Gecko; compatible; Amazonbot/0.1; +https://developer.amazon.com/support/amazonbot) Chrome/119.0.6045.214 Safari/537.36"
216.73.216.118 - - [18/Mar/2026:07:18:23 -0500] "GET /?u=400785775990 HTTP/2" 200 0 "-" "Mozilla/5.0 AppleWebKit/537.36 (KHTML, like Gecko; compatible; ClaudeBot/1.0; +claudebot@anthropic.com)"
216.73.216.118 - - [18/Mar/2026:07:18:23 -0500] "GET /?u=532351619415 HTTP/2" 200 0 "-" "Mozilla/5.0 AppleWebKit/537.36 (KHTML, like Gecko; compatible; ClaudeBot/1.0; +claudebot@anthropic.com)"
216.73.216.118 - - [18/Mar/2026:07:18:23 -0500] "GET /?u=242762618713 HTTP/2" 200 0 "-" "Mozilla/5.0 AppleWebKit/537.36 (KHTML, like Gecko; compatible; ClaudeBot/1.0; +claudebot@anthropic.com)"
216.73.216.118 - - [18/Mar/2026:07:18:24 -0500] "GET /?u=182410829461 HTTP/2" 200 0 "-" "Mozilla/5.0 AppleWebKit/537.36 (KHTML, like Gecko; compatible; ClaudeBot/1.0; +claudebot@anthropic.com)"
216.73.216.118 - - [18/Mar/2026:07:18:24 -0500] "GET /?u=89630789011 HTTP/2" 200 0 "-" "Mozilla/5.0 AppleWebKit/537.36 (KHTML, like Gecko; compatible; ClaudeBot/1.0; +claudebot@anthropic.com)"
216.73.216.118 - - [18/Mar/2026:07:18:24 -0500] "GET /?u=194627420621 HTTP/2" 200 0 "-" "Mozilla/5.0 AppleWebKit/537.36 (KHTML, like Gecko; compatible; ClaudeBot/1.0; +claudebot@anthropic.com)"
216.73.216.118 - - [18/Mar/2026:07:18:24 -0500] "GET /?u=376025552081 HTTP/2" 200 0 "-" "Mozilla/5.0 AppleWebKit/537.36 (KHTML, like Gecko; compatible; ClaudeBot/1.0; +claudebot@anthropic.com)"
216.73.216.118 - - [18/Mar/2026:07:18:25 -0500] "GET /?u=274081561217 HTTP/2" 200 0 "-" "Mozilla/5.0 AppleWebKit/537.36 (KHTML, like Gecko; compatible; ClaudeBot/1.0; +claudebot@anthropic.com)"
216.73.216.118 - - [18/Mar/2026:07:18:25 -0500] "GET /?u=527038940230 HTTP/2" 200 0 "-" "Mozilla/5.0 AppleWebKit/537.36 (KHTML, like Gecko; compatible; ClaudeBot/1.0; +claudebot@anthropic.com)"
216.73.216.118 - - [18/Mar/2026:07:18:25 -0500] "GET /?u=571636517524 HTTP/2" 200 0 "-" "Mozilla/5.0 AppleWebKit/537.36 (KHTML, like Gecko; compatible; ClaudeBot/1.0; +claudebot@anthropic.com)"
216.73.216.118 - - [18/Mar/2026:07:18:25 -0500] "GET /?u=175572705612 HTTP/2" 200 0 "-" "Mozilla/5.0 AppleWebKit/537.36 (KHTML, like Gecko; compatible; ClaudeBot/1.0; +claudebot@anthropic.com)"
216.73.216.118 - - [18/Mar/2026:07:18:25 -0500] "GET /?u=373683800267 HTTP/2" 200 0 "-" "Mozilla/5.0 AppleWebKit/537.36 (KHTML, like Gecko; compatible; ClaudeBot/1.0; +claudebot@anthropic.com)"
216.73.216.118 - - [18/Mar/2026:07:18:25 -0500] "GET /?u=364028909021 HTTP/2" 200 0 "-" "Mozilla/5.0 AppleWebKit/537.36 (KHTML, like Gecko; compatible; ClaudeBot/1.0; +claudebot@anthropic.com)"
216.73.216.118 - - [18/Mar/2026:07:18:26 -0500] "GET /?u=392319805638 HTTP/2" 200 0 "-" "Mozilla/5.0 AppleWebKit/537.36 (KHTML, like Gecko; compatible; ClaudeBot/1.0; +claudebot@anthropic.com)"
216.73.216.118 - - [18/Mar/2026:07:18:26 -0500] "GET /?u=480544982886 HTTP/2" 200 0 "-" "Mozilla/5.0 AppleWebKit/537.36 (KHTML, like Gecko; compatible; ClaudeBot/1.0; +claudebot@anthropic.com)"
216.73.216.118 - - [18/Mar/2026:07:18:26 -0500] "GET /?u=499610477027 HTTP/2" 200 0 "-" "Mozilla/5.0 AppleWebKit/537.36 (KHTML, like Gecko; compatible; ClaudeBot/1.0; +claudebot@anthropic.com)"
216.73.216.118 - - [18/Mar/2026:07:18:26 -0500] "GET /?u=141216543309 HTTP/2" 200 0 "-" "Mozilla/5.0 AppleWebKit/537.36 (KHTML, like Gecko; compatible; ClaudeBot/1.0; +claudebot@anthropic.com)"
216.73.216.118 - - [18/Mar/2026:07:18:26 -0500] "GET /?u=503925110180 HTTP/2" 200 0 "-" "Mozilla/5.0 AppleWebKit/537.36 (KHTML, like Gecko; compatible; ClaudeBot/1.0; +claudebot@anthropic.com)"
216.73.216.118 - - [18/Mar/2026:07:18:26 -0500] "GET /?u=523706488228 HTTP/2" 200 0 "-" "Mozilla/5.0 AppleWebKit/537.36 (KHTML, like Gecko; compatible; ClaudeBot/1.0; +claudebot@anthropic.com)"
216.73.216.118 - - [18/Mar/2026:07:18:26 -0500] "GET /?u=400039522103 HTTP/2" 200 0 "-" "Mozilla/5.0 AppleWebKit/537.36 (KHTML, like Gecko; compatible; ClaudeBot/1.0; +claudebot@anthropic.com)"
216.73.216.118 - - [18/Mar/2026:07:18:27 -0500] "GET /?u=527507838165 HTTP/2" 200 0 "-" "Mozilla/5.0 AppleWebKit/537.36 (KHTML, like Gecko; compatible; ClaudeBot/1.0; +claudebot@anthropic.com)"
216.73.216.118 - - [18/Mar/2026:07:18:27 -0500] "GET /?u=521713051757 HTTP/2" 200 0 "-" "Mozilla/5.0 AppleWebKit/537.36 (KHTML, like Gecko; compatible; ClaudeBot/1.0; +claudebot@anthropic.com)"
216.73.216.118 - - [18/Mar/2026:07:18:27 -0500] "GET /?u=280423025059 HTTP/2" 200 0 "-" "Mozilla/5.0 AppleWebKit/537.36 (KHTML, like Gecko; compatible; ClaudeBot/1.0; +claudebot@anthropic.com)"
216.73.216.118 - - [18/Mar/2026:07:18:27 -0500] "GET /?u=530505055233 HTTP/2" 200 0 "-" "Mozilla/5.0 AppleWebKit/537.36 (KHTML, like Gecko; compatible; ClaudeBot/1.0; +claudebot@anthropic.com)"
216.73.216.118 - - [18/Mar/2026:07:18:27 -0500] "GET /?u=352239437988 HTTP/2" 200 0 "-" "Mozilla/5.0 AppleWebKit/537.36 (KHTML, like Gecko; compatible; ClaudeBot/1.0; +claudebot@anthropic.com)"
216.73.216.118 - - [18/Mar/2026:07:18:27 -0500] "GET /?u=555186297808 HTTP/2" 200 0 "-" "Mozilla/5.0 AppleWebKit/537.36 (KHTML, like Gecko; compatible; ClaudeBot/1.0; +claudebot@anthropic.com)"
216.73.216.118 - - [18/Mar/2026:07:18:27 -0500] "GET /?u=333195191084 HTTP/2" 200 0 "-" "Mozilla/5.0 AppleWebKit/537.36 (KHTML, like Gecko; compatible; ClaudeBot/1.0; +claudebot@anthropic.com)"
54.37.252.46 - - [18/Mar/2026:07:18:16 -0500] "GET /abrand.php?download=L2xpYi8uYnVpbGQtaWQvYjAvODE0MmZiNzY3NjkxZGY5OGY1NWVhMWE4ZjgxOTJlYTYyZTk5OTI= HTTP/1.1" 200 183543 "-" "Mozilla/5.0 (compatible; MJ12bot/v1.4.8; http://mj12bot.com/)"
216.73.216.118 - - [18/Mar/2026:07:18:27 -0500] "GET /?u=416907564750 HTTP/2" 200 0 "-" "Mozilla/5.0 AppleWebKit/537.36 (KHTML, like Gecko; compatible; ClaudeBot/1.0; +claudebot@anthropic.com)"
216.73.216.118 - - [18/Mar/2026:07:18:28 -0500] "GET /?u=261221621564 HTTP/2" 200 0 "-" "Mozilla/5.0 AppleWebKit/537.36 (KHTML, like Gecko; compatible; ClaudeBot/1.0; +claudebot@anthropic.com)"
57.141.0.55 - - [18/Mar/2026:07:18:28 -0500] "GET /?u=66395103594 HTTP/2" 200 0 "-" "meta-externalagent/1.1 (+https://developers.facebook.com/docs/sharing/webmasters/crawler)"
216.73.216.118 - - [18/Mar/2026:07:18:28 -0500] "GET /?u=232226542951 HTTP/2" 200 0 "-" "Mozilla/5.0 AppleWebKit/537.36 (KHTML, like Gecko; compatible; ClaudeBot/1.0; +claudebot@anthropic.com)"
216.73.216.118 - - [18/Mar/2026:07:18:28 -0500] "GET /?u=23956791188 HTTP/2" 200 0 "-" "Mozilla/5.0 AppleWebKit/537.36 (KHTML, like Gecko; compatible; ClaudeBot/1.0; +claudebot@anthropic.com)"
216.73.216.118 - - [18/Mar/2026:07:18:28 -0500] "GET /?u=380445060834 HTTP/2" 200 0 "-" "Mozilla/5.0 AppleWebKit/537.36 (KHTML, like Gecko; compatible; ClaudeBot/1.0; +claudebot@anthropic.com)"
216.73.216.118 - - [18/Mar/2026:07:18:28 -0500] "GET /?u=485416038819 HTTP/2" 200 0 "-" "Mozilla/5.0 AppleWebKit/537.36 (KHTML, like Gecko; compatible; ClaudeBot/1.0; +claudebot@anthropic.com)"
216.73.216.118 - - [18/Mar/2026:07:18:28 -0500] "GET /?u=275568151227 HTTP/2" 200 0 "-" "Mozilla/5.0 AppleWebKit/537.36 (KHTML, like Gecko; compatible; ClaudeBot/1.0; +claudebot@anthropic.com)"
216.73.216.118 - - [18/Mar/2026:07:18:28 -0500] "GET /?u=19278435352 HTTP/2" 200 0 "-" "Mozilla/5.0 AppleWebKit/537.36 (KHTML, like Gecko; compatible; ClaudeBot/1.0; +claudebot@anthropic.com)"
216.73.216.118 - - [18/Mar/2026:07:18:28 -0500] "GET /?u=348073623165 HTTP/2" 200 0 "-" "Mozilla/5.0 AppleWebKit/537.36 (KHTML, like Gecko; compatible; ClaudeBot/1.0; +claudebot@anthropic.com)"
216.73.216.118 - - [18/Mar/2026:07:18:28 -0500] "GET /?u=421496361463 HTTP/2" 200 0 "-" "Mozilla/5.0 AppleWebKit/537.36 (KHTML, like Gecko; compatible; ClaudeBot/1.0; +claudebot@anthropic.com)"
216.73.216.118 - - [18/Mar/2026:07:18:28 -0500] "GET /?u=531779821151 HTTP/2" 200 0 "-" "Mozilla/5.0 AppleWebKit/537.36 (KHTML, like Gecko; compatible; ClaudeBot/1.0; +claudebot@anthropic.com)"
216.73.216.118 - - [18/Mar/2026:07:18:29 -0500] "GET /?u=552521636001 HTTP/2" 200 0 "-" "Mozilla/5.0 AppleWebKit/537.36 (KHTML, like Gecko; compatible; ClaudeBot/1.0; +claudebot@anthropic.com)"
216.73.216.118 - - [18/Mar/2026:07:18:29 -0500] "GET /?u=377840622614 HTTP/2" 200 0 "-" "Mozilla/5.0 AppleWebKit/537.36 (KHTML, like Gecko; compatible; ClaudeBot/1.0; +claudebot@anthropic.com)"
216.73.216.118 - - [18/Mar/2026:07:18:29 -0500] "GET /?u=500946994657 HTTP/2" 200 0 "-" "Mozilla/5.0 AppleWebKit/537.36 (KHTML, like Gecko; compatible; ClaudeBot/1.0; +claudebot@anthropic.com)"
216.73.216.118 - - [18/Mar/2026:07:18:29 -0500] "GET /?u=177281983878 HTTP/2" 200 0 "-" "Mozilla/5.0 AppleWebKit/537.36 (KHTML, like Gecko; compatible; ClaudeBot/1.0; +claudebot@anthropic.com)"
216.73.216.118 - - [18/Mar/2026:07:18:29 -0500] "GET /?u=513352071603 HTTP/2" 200 0 "-" "Mozilla/5.0 AppleWebKit/537.36 (KHTML, like Gecko; compatible; ClaudeBot/1.0; +claudebot@anthropic.com)"
216.73.216.118 - - [18/Mar/2026:07:18:29 -0500] "GET /?u=338210571826 HTTP/2" 200 0 "-" "Mozilla/5.0 AppleWebKit/537.36 (KHTML, like Gecko; compatible; ClaudeBot/1.0; +claudebot@anthropic.com)"
216.73.216.118 - - [18/Mar/2026:07:18:29 -0500] "GET /?u=538149703927 HTTP/2" 200 0 "-" "Mozilla/5.0 AppleWebKit/537.36 (KHTML, like Gecko; compatible; ClaudeBot/1.0; +claudebot@anthropic.com)"
216.73.216.118 - - [18/Mar/2026:07:18:29 -0500] "GET /?u=557585032113 HTTP/2" 200 0 "-" "Mozilla/5.0 AppleWebKit/537.36 (KHTML, like Gecko; compatible; ClaudeBot/1.0; +claudebot@anthropic.com)"
216.73.216.118 - - [18/Mar/2026:07:18:29 -0500] "GET /?u=39331336655 HTTP/2" 200 0 "-" "Mozilla/5.0 AppleWebKit/537.36 (KHTML, like Gecko; compatible; ClaudeBot/1.0; +claudebot@anthropic.com)"
216.73.216.118 - - [18/Mar/2026:07:18:30 -0500] "GET /?u=362638058181 HTTP/2" 200 0 "-" "Mozilla/5.0 AppleWebKit/537.36 (KHTML, like Gecko; compatible; ClaudeBot/1.0; +claudebot@anthropic.com)"
216.73.216.118 - - [18/Mar/2026:07:18:30 -0500] "GET /?u=519395246435 HTTP/2" 200 0 "-" "Mozilla/5.0 AppleWebKit/537.36 (KHTML, like Gecko; compatible; ClaudeBot/1.0; +claudebot@anthropic.com)"
216.73.216.118 - - [18/Mar/2026:07:18:30 -0500] "GET /?u=457388225266 HTTP/2" 200 0 "-" "Mozilla/5.0 AppleWebKit/537.36 (KHTML, like Gecko; compatible; ClaudeBot/1.0; +claudebot@anthropic.com)"
216.73.216.118 - - [18/Mar/2026:07:18:30 -0500] "GET /?u=142950573782 HTTP/2" 200 0 "-" "Mozilla/5.0 AppleWebKit/537.36 (KHTML, like Gecko; compatible; ClaudeBot/1.0; +claudebot@anthropic.com)"
216.73.216.118 - - [18/Mar/2026:07:18:30 -0500] "GET /?u=175825051930 HTTP/2" 200 0 "-" "Mozilla/5.0 AppleWebKit/537.36 (KHTML, like Gecko; compatible; ClaudeBot/1.0; +claudebot@anthropic.com)"
216.73.216.118 - - [18/Mar/2026:07:18:30 -0500] "GET /?u=295705719520 HTTP/2" 200 0 "-" "Mozilla/5.0 AppleWebKit/537.36 (KHTML, like Gecko; compatible; ClaudeBot/1.0; +claudebot@anthropic.com)"
216.73.216.118 - - [18/Mar/2026:07:18:30 -0500] "GET /?u=431137480943 HTTP/2" 200 0 "-" "Mozilla/5.0 AppleWebKit/537.36 (KHTML, like Gecko; compatible; ClaudeBot/1.0; +claudebot@anthropic.com)"
216.73.216.118 - - [18/Mar/2026:07:18:30 -0500] "GET /?u=386783937406 HTTP/2" 200 0 "-" "Mozilla/5.0 AppleWebKit/537.36 (KHTML, like Gecko; compatible; ClaudeBot/1.0; +claudebot@anthropic.com)"
216.73.216.118 - - [18/Mar/2026:07:18:30 -0500] "GET /?u=395327191413 HTTP/2" 200 0 "-" "Mozilla/5.0 AppleWebKit/537.36 (KHTML, like Gecko; compatible; ClaudeBot/1.0; +claudebot@anthropic.com)"
216.73.216.118 - - [18/Mar/2026:07:18:30 -0500] "GET /?u=551119059664 HTTP/2" 200 0 "-" "Mozilla/5.0 AppleWebKit/537.36 (KHTML, like Gecko; compatible; ClaudeBot/1.0; +claudebot@anthropic.com)"
216.73.216.118 - - [18/Mar/2026:07:18:31 -0500] "GET /?u=82152062589 HTTP/2" 200 0 "-" "Mozilla/5.0 AppleWebKit/537.36 (KHTML, like Gecko; compatible; ClaudeBot/1.0; +claudebot@anthropic.com)"
216.73.216.118 - - [18/Mar/2026:07:18:31 -0500] "GET /?u=221335278389 HTTP/2" 200 0 "-" "Mozilla/5.0 AppleWebKit/537.36 (KHTML, like Gecko; compatible; ClaudeBot/1.0; +claudebot@anthropic.com)"
216.73.216.118 - - [18/Mar/2026:07:18:31 -0500] "GET /?u=262981081649 HTTP/2" 200 0 "-" "Mozilla/5.0 AppleWebKit/537.36 (KHTML, like Gecko; compatible; ClaudeBot/1.0; +claudebot@anthropic.com)"
216.73.216.118 - - [18/Mar/2026:07:18:31 -0500] "GET /?u=376195163788 HTTP/2" 200 0 "-" "Mozilla/5.0 AppleWebKit/537.36 (KHTML, like Gecko; compatible; ClaudeBot/1.0; +claudebot@anthropic.com)"
216.73.216.118 - - [18/Mar/2026:07:18:31 -0500] "GET /?u=426566119395 HTTP/2" 200 0 "-" "Mozilla/5.0 AppleWebKit/537.36 (KHTML, like Gecko; compatible; ClaudeBot/1.0; +claudebot@anthropic.com)"
216.73.216.118 - - [18/Mar/2026:07:18:31 -0500] "GET /?u=258119498617 HTTP/2" 200 0 "-" "Mozilla/5.0 AppleWebKit/537.36 (KHTML, like Gecko; compatible; ClaudeBot/1.0; +claudebot@anthropic.com)"
216.73.216.118 - - [18/Mar/2026:07:18:31 -0500] "GET /?u=127505121325 HTTP/2" 200 0 "-" "Mozilla/5.0 AppleWebKit/537.36 (KHTML, like Gecko; compatible; ClaudeBot/1.0; +claudebot@anthropic.com)"
34.206.212.24 - - [18/Mar/2026:07:18:31 -0500] "GET /intall.php?fileloc=//proc/self/root/usr/share/man/man3/EC_GROUP_new_curve_GF2m.3ossl.gz&path=//proc/self/root/usr/share/man/man3 HTTP/1.1" 200 8019 "-" "Mozilla/5.0 AppleWebKit/537.36 (KHTML, like Gecko; compatible; Amazonbot/0.1; +https://developer.amazon.com/support/amazonbot) Chrome/119.0.6045.214 Safari/537.36"
216.73.216.118 - - [18/Mar/2026:07:18:30 -0500] "GET /intall.php?fileloc=%2F%2Fproc%2Fthread-self%2Froot%2Fproc%2Fself%2Fcwd%2Fwp-content%2Fplugins%2Fwp-file-manager%2Flib%2Fmain.default.js&path=%2F%2Fproc%2Fthread-self%2Froot%2Fproc%2Fself%2Fcwd%2Fwp-content%2Fplugins%2Fwp-file-manager%2Flib HTTP/2" 200 5311 "-" "Mozilla/5.0 AppleWebKit/537.36 (KHTML, like Gecko; compatible; ClaudeBot/1.0; +claudebot@anthropic.com)"
52.21.62.139 - - [18/Mar/2026:07:18:27 -0500] "GET /intall.php?fileloc=//proc/thread-self/root/usr/share/man/man3/ASN1_item_sign_ex.3ossl.gz&path=//proc/thread-self/root/usr/share/man/man3 HTTP/1.1" 200 7427 "-" "Mozilla/5.0 AppleWebKit/537.36 (KHTML, like Gecko; compatible; Amazonbot/0.1; +https://developer.amazon.com/support/amazonbot) Chrome/119.0.6045.214 Safari/537.36"
3.229.95.193 - - [18/Mar/2026:07:18:23 -0500] "GET /intall.php?fileloc=//proc/self/root/usr/lib/dracut/modules.d/35connman/cm-config.sh&path=//proc/self/root/usr/lib/dracut/modules.d/35connman HTTP/1.1" 200 3694 "-" "Mozilla/5.0 AppleWebKit/537.36 (KHTML, like Gecko; compatible; Amazonbot/0.1; +https://developer.amazon.com/support/amazonbot) Chrome/119.0.6045.214 Safari/537.36"
