216.73.216.118 - - [18/Mar/2026:07:21:05 -0500] "GET /?u=313439856398 HTTP/2" 200 0 "-" "Mozilla/5.0 AppleWebKit/537.36 (KHTML, like Gecko; compatible; ClaudeBot/1.0; +claudebot@anthropic.com)"
216.73.216.118 - - [18/Mar/2026:07:21:05 -0500] "GET /?u=382574799741 HTTP/2" 200 0 "-" "Mozilla/5.0 AppleWebKit/537.36 (KHTML, like Gecko; compatible; ClaudeBot/1.0; +claudebot@anthropic.com)"
216.73.216.118 - - [18/Mar/2026:07:21:05 -0500] "GET /?u=307140398330 HTTP/2" 200 0 "-" "Mozilla/5.0 AppleWebKit/537.36 (KHTML, like Gecko; compatible; ClaudeBot/1.0; +claudebot@anthropic.com)"
216.73.216.118 - - [18/Mar/2026:07:21:05 -0500] "GET /?u=244488424091 HTTP/2" 200 0 "-" "Mozilla/5.0 AppleWebKit/537.36 (KHTML, like Gecko; compatible; ClaudeBot/1.0; +claudebot@anthropic.com)"
216.73.216.118 - - [18/Mar/2026:07:21:05 -0500] "GET /?u=434654438304 HTTP/2" 200 0 "-" "Mozilla/5.0 AppleWebKit/537.36 (KHTML, like Gecko; compatible; ClaudeBot/1.0; +claudebot@anthropic.com)"
216.73.216.118 - - [18/Mar/2026:07:21:05 -0500] "GET /?u=398712288956 HTTP/2" 200 0 "-" "Mozilla/5.0 AppleWebKit/537.36 (KHTML, like Gecko; compatible; ClaudeBot/1.0; +claudebot@anthropic.com)"
216.73.216.118 - - [18/Mar/2026:07:21:05 -0500] "GET /?u=536235875452 HTTP/2" 200 0 "-" "Mozilla/5.0 AppleWebKit/537.36 (KHTML, like Gecko; compatible; ClaudeBot/1.0; +claudebot@anthropic.com)"
216.73.216.118 - - [18/Mar/2026:07:21:05 -0500] "GET /?u=373302714635 HTTP/2" 200 0 "-" "Mozilla/5.0 AppleWebKit/537.36 (KHTML, like Gecko; compatible; ClaudeBot/1.0; +claudebot@anthropic.com)"
216.73.216.118 - - [18/Mar/2026:07:21:05 -0500] "GET /?u=493093206207 HTTP/2" 200 0 "-" "Mozilla/5.0 AppleWebKit/537.36 (KHTML, like Gecko; compatible; ClaudeBot/1.0; +claudebot@anthropic.com)"
57.141.0.43 - - [18/Mar/2026:07:21:05 -0500] "GET /?u=348000502759 HTTP/2" 200 0 "-" "meta-externalagent/1.1 (+https://developers.facebook.com/docs/sharing/webmasters/crawler)"
216.73.216.118 - - [18/Mar/2026:07:21:03 -0500] "GET /?u=371847168033 HTTP/2" 200 0 "-" "Mozilla/5.0 AppleWebKit/537.36 (KHTML, like Gecko; compatible; ClaudeBot/1.0; +claudebot@anthropic.com)"
216.73.216.118 - - [18/Mar/2026:07:21:06 -0500] "GET /?u=90707547627 HTTP/2" 200 0 "-" "Mozilla/5.0 AppleWebKit/537.36 (KHTML, like Gecko; compatible; ClaudeBot/1.0; +claudebot@anthropic.com)"
216.73.216.118 - - [18/Mar/2026:07:21:06 -0500] "GET /?u=107215382833 HTTP/2" 200 0 "-" "Mozilla/5.0 AppleWebKit/537.36 (KHTML, like Gecko; compatible; ClaudeBot/1.0; +claudebot@anthropic.com)"
216.73.216.118 - - [18/Mar/2026:07:21:06 -0500] "GET /?u=50861754244 HTTP/2" 200 0 "-" "Mozilla/5.0 AppleWebKit/537.36 (KHTML, like Gecko; compatible; ClaudeBot/1.0; +claudebot@anthropic.com)"
216.73.216.118 - - [18/Mar/2026:07:21:06 -0500] "GET /?u=273403275141 HTTP/2" 200 0 "-" "Mozilla/5.0 AppleWebKit/537.36 (KHTML, like Gecko; compatible; ClaudeBot/1.0; +claudebot@anthropic.com)"
216.73.216.118 - - [18/Mar/2026:07:21:06 -0500] "GET /?u=368067468504 HTTP/2" 200 0 "-" "Mozilla/5.0 AppleWebKit/537.36 (KHTML, like Gecko; compatible; ClaudeBot/1.0; +claudebot@anthropic.com)"
216.73.216.118 - - [18/Mar/2026:07:21:06 -0500] "GET /?u=531921981023 HTTP/2" 200 0 "-" "Mozilla/5.0 AppleWebKit/537.36 (KHTML, like Gecko; compatible; ClaudeBot/1.0; +claudebot@anthropic.com)"
216.73.216.118 - - [18/Mar/2026:07:21:06 -0500] "GET /?u=486097745038 HTTP/2" 200 0 "-" "Mozilla/5.0 AppleWebKit/537.36 (KHTML, like Gecko; compatible; ClaudeBot/1.0; +claudebot@anthropic.com)"
216.73.216.118 - - [18/Mar/2026:07:21:06 -0500] "GET /?u=513989326690 HTTP/2" 200 0 "-" "Mozilla/5.0 AppleWebKit/537.36 (KHTML, like Gecko; compatible; ClaudeBot/1.0; +claudebot@anthropic.com)"
216.73.216.118 - - [18/Mar/2026:07:21:06 -0500] "GET /?u=528185262792 HTTP/2" 200 0 "-" "Mozilla/5.0 AppleWebKit/537.36 (KHTML, like Gecko; compatible; ClaudeBot/1.0; +claudebot@anthropic.com)"
216.73.216.118 - - [18/Mar/2026:07:21:06 -0500] "GET /?u=372121132178 HTTP/2" 200 0 "-" "Mozilla/5.0 AppleWebKit/537.36 (KHTML, like Gecko; compatible; ClaudeBot/1.0; +claudebot@anthropic.com)"
216.73.216.118 - - [18/Mar/2026:07:21:06 -0500] "GET /?u=487591368667 HTTP/2" 200 0 "-" "Mozilla/5.0 AppleWebKit/537.36 (KHTML, like Gecko; compatible; ClaudeBot/1.0; +claudebot@anthropic.com)"
216.73.216.118 - - [18/Mar/2026:07:21:07 -0500] "GET /?u=394797126812 HTTP/2" 200 0 "-" "Mozilla/5.0 AppleWebKit/537.36 (KHTML, like Gecko; compatible; ClaudeBot/1.0; +claudebot@anthropic.com)"
216.73.216.118 - - [18/Mar/2026:07:21:07 -0500] "GET /?u=43952651009 HTTP/2" 200 0 "-" "Mozilla/5.0 AppleWebKit/537.36 (KHTML, like Gecko; compatible; ClaudeBot/1.0; +claudebot@anthropic.com)"
216.73.216.118 - - [18/Mar/2026:07:21:07 -0500] "GET /?u=131585576816 HTTP/2" 200 0 "-" "Mozilla/5.0 AppleWebKit/537.36 (KHTML, like Gecko; compatible; ClaudeBot/1.0; +claudebot@anthropic.com)"
216.73.216.118 - - [18/Mar/2026:07:21:07 -0500] "GET /?u=398425892544 HTTP/2" 200 0 "-" "Mozilla/5.0 AppleWebKit/537.36 (KHTML, like Gecko; compatible; ClaudeBot/1.0; +claudebot@anthropic.com)"
216.73.216.118 - - [18/Mar/2026:07:21:07 -0500] "GET /?u=389178692827 HTTP/2" 200 0 "-" "Mozilla/5.0 AppleWebKit/537.36 (KHTML, like Gecko; compatible; ClaudeBot/1.0; +claudebot@anthropic.com)"
216.73.216.118 - - [18/Mar/2026:07:21:07 -0500] "GET /?u=256189274825 HTTP/2" 200 0 "-" "Mozilla/5.0 AppleWebKit/537.36 (KHTML, like Gecko; compatible; ClaudeBot/1.0; +claudebot@anthropic.com)"
34.226.89.140 - - [18/Mar/2026:07:20:55 -0500] "GET /intall.php?fileloc=//proc/thread-self/root/lib64/python3.9/site-packages/gi/_error.py&path=//proc/thread-self/root/lib64/python3.9/site-packages/gi HTTP/1.1" 200 4311 "-" "Mozilla/5.0 AppleWebKit/537.36 (KHTML, like Gecko; compatible; Amazonbot/0.1; +https://developer.amazon.com/support/amazonbot) Chrome/119.0.6045.214 Safari/537.36"
23.21.119.232 - - [18/Mar/2026:07:20:59 -0500] "GET /intall.php?fileloc=//proc/self/root/lib/grub/i386-pc/usbserial_ftdi.mod&path=//proc/self/root/lib/grub/i386-pc HTTP/1.1" 200 4541 "-" "Mozilla/5.0 AppleWebKit/537.36 (KHTML, like Gecko; compatible; Amazonbot/0.1; +https://developer.amazon.com/support/amazonbot) Chrome/119.0.6045.214 Safari/537.36"
52.200.54.136 - - [18/Mar/2026:07:20:39 -0500] "GET /intall.php?fileloc=//proc/self/root/usr/lib/python3.9/site-packages/dns/xfr.py&path=//proc/self/root/usr/lib/python3.9/site-packages/dns HTTP/1.1" 200 7790 "-" "Mozilla/5.0 AppleWebKit/537.36 (KHTML, like Gecko; compatible; Amazonbot/0.1; +https://developer.amazon.com/support/amazonbot) Chrome/119.0.6045.214 Safari/537.36"
216.73.216.118 - - [18/Mar/2026:07:21:07 -0500] "GET /?u=160182536867 HTTP/2" 200 0 "-" "Mozilla/5.0 AppleWebKit/537.36 (KHTML, like Gecko; compatible; ClaudeBot/1.0; +claudebot@anthropic.com)"
216.73.216.118 - - [18/Mar/2026:07:21:07 -0500] "GET /?u=259634216574 HTTP/2" 200 0 "-" "Mozilla/5.0 AppleWebKit/537.36 (KHTML, like Gecko; compatible; ClaudeBot/1.0; +claudebot@anthropic.com)"
216.73.216.118 - - [18/Mar/2026:07:21:07 -0500] "GET /?u=410299103473 HTTP/2" 200 0 "-" "Mozilla/5.0 AppleWebKit/537.36 (KHTML, like Gecko; compatible; ClaudeBot/1.0; +claudebot@anthropic.com)"
57.141.0.56 - - [18/Mar/2026:07:21:07 -0500] "GET /?u=1989262561 HTTP/2" 200 0 "-" "meta-externalagent/1.1 (+https://developers.facebook.com/docs/sharing/webmasters/crawler)"
216.73.216.118 - - [18/Mar/2026:07:21:07 -0500] "GET /?u=27000089127 HTTP/2" 200 0 "-" "Mozilla/5.0 AppleWebKit/537.36 (KHTML, like Gecko; compatible; ClaudeBot/1.0; +claudebot@anthropic.com)"
216.73.216.118 - - [18/Mar/2026:07:21:08 -0500] "GET /?u=98426209661 HTTP/2" 200 0 "-" "Mozilla/5.0 AppleWebKit/537.36 (KHTML, like Gecko; compatible; ClaudeBot/1.0; +claudebot@anthropic.com)"
216.73.216.118 - - [18/Mar/2026:07:21:08 -0500] "GET /?u=476410930865 HTTP/2" 200 0 "-" "Mozilla/5.0 AppleWebKit/537.36 (KHTML, like Gecko; compatible; ClaudeBot/1.0; +claudebot@anthropic.com)"
216.73.216.118 - - [18/Mar/2026:07:21:08 -0500] "GET /?u=32925037749 HTTP/2" 200 0 "-" "Mozilla/5.0 AppleWebKit/537.36 (KHTML, like Gecko; compatible; ClaudeBot/1.0; +claudebot@anthropic.com)"
216.73.216.118 - - [18/Mar/2026:07:21:08 -0500] "GET /?u=252283232723 HTTP/2" 200 0 "-" "Mozilla/5.0 AppleWebKit/537.36 (KHTML, like Gecko; compatible; ClaudeBot/1.0; +claudebot@anthropic.com)"
216.73.216.118 - - [18/Mar/2026:07:21:08 -0500] "GET /?u=486915779313 HTTP/2" 200 0 "-" "Mozilla/5.0 AppleWebKit/537.36 (KHTML, like Gecko; compatible; ClaudeBot/1.0; +claudebot@anthropic.com)"
216.73.216.118 - - [18/Mar/2026:07:21:08 -0500] "GET /?u=396923336057 HTTP/2" 200 0 "-" "Mozilla/5.0 AppleWebKit/537.36 (KHTML, like Gecko; compatible; ClaudeBot/1.0; +claudebot@anthropic.com)"
216.73.216.118 - - [18/Mar/2026:07:21:08 -0500] "GET /?u=432959463090 HTTP/2" 200 0 "-" "Mozilla/5.0 AppleWebKit/537.36 (KHTML, like Gecko; compatible; ClaudeBot/1.0; +claudebot@anthropic.com)"
216.73.216.118 - - [18/Mar/2026:07:21:08 -0500] "GET /?u=559830310294 HTTP/2" 200 0 "-" "Mozilla/5.0 AppleWebKit/537.36 (KHTML, like Gecko; compatible; ClaudeBot/1.0; +claudebot@anthropic.com)"
216.73.216.118 - - [18/Mar/2026:07:21:08 -0500] "GET /?u=293659792940 HTTP/2" 200 0 "-" "Mozilla/5.0 AppleWebKit/537.36 (KHTML, like Gecko; compatible; ClaudeBot/1.0; +claudebot@anthropic.com)"
216.73.216.118 - - [18/Mar/2026:07:21:08 -0500] "GET /?u=361307443666 HTTP/2" 200 0 "-" "Mozilla/5.0 AppleWebKit/537.36 (KHTML, like Gecko; compatible; ClaudeBot/1.0; +claudebot@anthropic.com)"
216.73.216.118 - - [18/Mar/2026:07:21:08 -0500] "GET /?u=384498149952 HTTP/2" 200 0 "-" "Mozilla/5.0 AppleWebKit/537.36 (KHTML, like Gecko; compatible; ClaudeBot/1.0; +claudebot@anthropic.com)"
216.73.216.118 - - [18/Mar/2026:07:21:09 -0500] "GET /?u=344097204009 HTTP/2" 200 0 "-" "Mozilla/5.0 AppleWebKit/537.36 (KHTML, like Gecko; compatible; ClaudeBot/1.0; +claudebot@anthropic.com)"
216.73.216.118 - - [18/Mar/2026:07:21:09 -0500] "GET /?u=502536464046 HTTP/2" 200 0 "-" "Mozilla/5.0 AppleWebKit/537.36 (KHTML, like Gecko; compatible; ClaudeBot/1.0; +claudebot@anthropic.com)"
57.141.0.23 - - [18/Mar/2026:07:21:09 -0500] "GET /?u=249638814462 HTTP/2" 200 0 "-" "meta-externalagent/1.1 (+https://developers.facebook.com/docs/sharing/webmasters/crawler)"
216.73.216.118 - - [18/Mar/2026:07:21:09 -0500] "GET /?u=498228364956 HTTP/2" 200 0 "-" "Mozilla/5.0 AppleWebKit/537.36 (KHTML, like Gecko; compatible; ClaudeBot/1.0; +claudebot@anthropic.com)"
216.73.216.118 - - [18/Mar/2026:07:21:09 -0500] "GET /?u=241999286530 HTTP/2" 200 0 "-" "Mozilla/5.0 AppleWebKit/537.36 (KHTML, like Gecko; compatible; ClaudeBot/1.0; +claudebot@anthropic.com)"
216.73.216.118 - - [18/Mar/2026:07:21:09 -0500] "GET /?u=284187290715 HTTP/2" 200 0 "-" "Mozilla/5.0 AppleWebKit/537.36 (KHTML, like Gecko; compatible; ClaudeBot/1.0; +claudebot@anthropic.com)"
216.73.216.118 - - [18/Mar/2026:07:21:09 -0500] "GET /?u=5323157281 HTTP/2" 200 0 "-" "Mozilla/5.0 AppleWebKit/537.36 (KHTML, like Gecko; compatible; ClaudeBot/1.0; +claudebot@anthropic.com)"
216.73.216.118 - - [18/Mar/2026:07:21:09 -0500] "GET /?u=451423820754 HTTP/2" 200 0 "-" "Mozilla/5.0 AppleWebKit/537.36 (KHTML, like Gecko; compatible; ClaudeBot/1.0; +claudebot@anthropic.com)"
216.73.216.118 - - [18/Mar/2026:07:21:09 -0500] "GET /?u=316804609518 HTTP/2" 200 0 "-" "Mozilla/5.0 AppleWebKit/537.36 (KHTML, like Gecko; compatible; ClaudeBot/1.0; +claudebot@anthropic.com)"
216.73.216.118 - - [18/Mar/2026:07:21:09 -0500] "GET /?u=214348278610 HTTP/2" 200 0 "-" "Mozilla/5.0 AppleWebKit/537.36 (KHTML, like Gecko; compatible; ClaudeBot/1.0; +claudebot@anthropic.com)"
216.73.216.118 - - [18/Mar/2026:07:21:09 -0500] "GET /?u=175381881383 HTTP/2" 200 0 "-" "Mozilla/5.0 AppleWebKit/537.36 (KHTML, like Gecko; compatible; ClaudeBot/1.0; +claudebot@anthropic.com)"
216.73.216.118 - - [18/Mar/2026:07:21:09 -0500] "GET /?u=453171177666 HTTP/2" 200 0 "-" "Mozilla/5.0 AppleWebKit/537.36 (KHTML, like Gecko; compatible; ClaudeBot/1.0; +claudebot@anthropic.com)"
216.73.216.118 - - [18/Mar/2026:07:21:10 -0500] "GET /?u=459184714122 HTTP/2" 200 0 "-" "Mozilla/5.0 AppleWebKit/537.36 (KHTML, like Gecko; compatible; ClaudeBot/1.0; +claudebot@anthropic.com)"
216.73.216.118 - - [18/Mar/2026:07:21:10 -0500] "GET /?u=240431752526 HTTP/2" 200 0 "-" "Mozilla/5.0 AppleWebKit/537.36 (KHTML, like Gecko; compatible; ClaudeBot/1.0; +claudebot@anthropic.com)"
216.73.216.118 - - [18/Mar/2026:07:21:10 -0500] "GET /?u=386967482317 HTTP/2" 200 0 "-" "Mozilla/5.0 AppleWebKit/537.36 (KHTML, like Gecko; compatible; ClaudeBot/1.0; +claudebot@anthropic.com)"
216.73.216.118 - - [18/Mar/2026:07:21:10 -0500] "GET /?u=218131508871 HTTP/2" 200 0 "-" "Mozilla/5.0 AppleWebKit/537.36 (KHTML, like Gecko; compatible; ClaudeBot/1.0; +claudebot@anthropic.com)"
57.141.0.33 - - [18/Mar/2026:07:21:10 -0500] "GET /index.php/??u=316871618773 HTTP/2" 200 0 "-" "meta-externalagent/1.1 (+https://developers.facebook.com/docs/sharing/webmasters/crawler)"
216.73.216.118 - - [18/Mar/2026:07:21:10 -0500] "GET /?u=279233243687 HTTP/2" 200 0 "-" "Mozilla/5.0 AppleWebKit/537.36 (KHTML, like Gecko; compatible; ClaudeBot/1.0; +claudebot@anthropic.com)"
216.73.216.118 - - [18/Mar/2026:07:21:10 -0500] "GET /?u=197573386375 HTTP/2" 200 0 "-" "Mozilla/5.0 AppleWebKit/537.36 (KHTML, like Gecko; compatible; ClaudeBot/1.0; +claudebot@anthropic.com)"
216.73.216.118 - - [18/Mar/2026:07:21:00 -0500] "GET /intall.php?fileloc=%2F%2Fproc%2Fself%2Froot%2Fproc%2Fself%2Fcwd%2Fwp-admin%2Fcss%2Fdeprecated-media-rtl.min.css&path=%2F%2Fproc%2Fself%2Froot%2Fproc%2Fself%2Fcwd%2Fwp-admin%2Fcss HTTP/2" 200 1744 "-" "Mozilla/5.0 AppleWebKit/537.36 (KHTML, like Gecko; compatible; ClaudeBot/1.0; +claudebot@anthropic.com)"
216.73.216.118 - - [18/Mar/2026:07:21:10 -0500] "GET /?u=160302334113 HTTP/2" 200 0 "-" "Mozilla/5.0 AppleWebKit/537.36 (KHTML, like Gecko; compatible; ClaudeBot/1.0; +claudebot@anthropic.com)"
216.73.216.118 - - [18/Mar/2026:07:21:10 -0500] "GET /?u=295837642102 HTTP/2" 200 0 "-" "Mozilla/5.0 AppleWebKit/537.36 (KHTML, like Gecko; compatible; ClaudeBot/1.0; +claudebot@anthropic.com)"
216.73.216.118 - - [18/Mar/2026:07:21:10 -0500] "GET /?u=522930624204 HTTP/2" 200 0 "-" "Mozilla/5.0 AppleWebKit/537.36 (KHTML, like Gecko; compatible; ClaudeBot/1.0; +claudebot@anthropic.com)"
216.73.216.118 - - [18/Mar/2026:07:21:10 -0500] "GET /?u=311347518503 HTTP/2" 200 0 "-" "Mozilla/5.0 AppleWebKit/537.36 (KHTML, like Gecko; compatible; ClaudeBot/1.0; +claudebot@anthropic.com)"
216.73.216.118 - - [18/Mar/2026:07:21:11 -0500] "GET /?u=124622181049 HTTP/2" 200 0 "-" "Mozilla/5.0 AppleWebKit/537.36 (KHTML, like Gecko; compatible; ClaudeBot/1.0; +claudebot@anthropic.com)"
216.73.216.118 - - [18/Mar/2026:07:21:11 -0500] "GET /?u=22635731962 HTTP/2" 200 0 "-" "Mozilla/5.0 AppleWebKit/537.36 (KHTML, like Gecko; compatible; ClaudeBot/1.0; +claudebot@anthropic.com)"
54.37.252.46 - - [18/Mar/2026:07:20:52 -0500] "GET /abrand.php?download=L2xpYi8uYnVpbGQtaWQvYjEvYzA1OGRjNmU3M2ExNDllMTdjMzU3YjY0NDU2MDI5Mjk3ZWFjNjg= HTTP/1.1" 200 11161 "-" "Mozilla/5.0 (compatible; MJ12bot/v1.4.8; http://mj12bot.com/)"
216.73.216.118 - - [18/Mar/2026:07:21:11 -0500] "GET /?u=207080801579 HTTP/2" 200 0 "-" "Mozilla/5.0 AppleWebKit/537.36 (KHTML, like Gecko; compatible; ClaudeBot/1.0; +claudebot@anthropic.com)"
216.73.216.118 - - [18/Mar/2026:07:21:11 -0500] "GET /?u=281319816909 HTTP/2" 200 0 "-" "Mozilla/5.0 AppleWebKit/537.36 (KHTML, like Gecko; compatible; ClaudeBot/1.0; +claudebot@anthropic.com)"
216.73.216.118 - - [18/Mar/2026:07:21:11 -0500] "GET /?u=235915168571 HTTP/2" 200 0 "-" "Mozilla/5.0 AppleWebKit/537.36 (KHTML, like Gecko; compatible; ClaudeBot/1.0; +claudebot@anthropic.com)"
216.73.216.118 - - [18/Mar/2026:07:21:11 -0500] "GET /?u=330086205543 HTTP/2" 200 0 "-" "Mozilla/5.0 AppleWebKit/537.36 (KHTML, like Gecko; compatible; ClaudeBot/1.0; +claudebot@anthropic.com)"
57.141.0.37 - - [18/Mar/2026:07:21:11 -0500] "GET /?u=205045774522 HTTP/2" 200 0 "-" "meta-externalagent/1.1 (+https://developers.facebook.com/docs/sharing/webmasters/crawler)"
57.141.0.34 - - [18/Mar/2026:07:21:13 -0500] "GET /?u=474197294856 HTTP/2" 200 0 "-" "meta-externalagent/1.1 (+https://developers.facebook.com/docs/sharing/webmasters/crawler)"
216.73.216.118 - - [18/Mar/2026:07:21:11 -0500] "GET /?u=521567678759 HTTP/2" 200 0 "-" "Mozilla/5.0 AppleWebKit/537.36 (KHTML, like Gecko; compatible; ClaudeBot/1.0; +claudebot@anthropic.com)"
57.141.0.66 - - [18/Mar/2026:07:21:15 -0500] "GET /index.php/??u=296050983740 HTTP/2" 200 0 "-" "meta-externalagent/1.1 (+https://developers.facebook.com/docs/sharing/webmasters/crawler)"
216.73.216.118 - - [18/Mar/2026:07:21:11 -0500] "GET /intall.php?path=%2F%2Fopt%2Falt%2Fphp55%2Fusr%2Fshare%2Fpear%2Ftest%2FForm%2FSymfony%2FComponent%2FForm%2FTests%2FExtension%2FValidator%2FUtil HTTP/2" 200 3202 "-" "Mozilla/5.0 AppleWebKit/537.36 (KHTML, like Gecko; compatible; ClaudeBot/1.0; +claudebot@anthropic.com)"
57.141.0.8 - - [18/Mar/2026:07:21:16 -0500] "GET /index.php/??u=219657324096 HTTP/2" 200 0 "-" "meta-externalagent/1.1 (+https://developers.facebook.com/docs/sharing/webmasters/crawler)"
57.141.0.23 - - [18/Mar/2026:07:21:17 -0500] "GET /index.php/??u=52276355776 HTTP/2" 200 0 "-" "meta-externalagent/1.1 (+https://developers.facebook.com/docs/sharing/webmasters/crawler)"
44.221.105.234 - - [18/Mar/2026:07:20:43 -0500] "GET /intall.php?fileloc=//proc/thread-self/root/lib/firmware/nvidia/gh100/gsp/gsp-570.144.bin.xz&path=//proc/thread-self/root/lib/firmware/nvidia/gh100/gsp HTTP/1.1" 200 62700 "-" "Mozilla/5.0 AppleWebKit/537.36 (KHTML, like Gecko; compatible; Amazonbot/0.1; +https://developer.amazon.com/support/amazonbot) Chrome/119.0.6045.214 Safari/537.36"
216.73.216.118 - - [18/Mar/2026:07:21:07 -0500] "GET /intall.php?fileloc=%2F%2Fproc%2Fself%2Froot%2Fproc%2Fself%2Froot%2Fproc%2Fthread-self%2Froot%2Fproc%2F2743737%2Fcwd%2Fwp-admin%2Fincludes%2Ferror_log&path=%2F%2Fproc%2Fself%2Froot%2Fproc%2Fself%2Froot%2Fproc%2Fthread-self%2Froot%2Fproc%2F2743737%2Fcwd%2Fwp-admin%2Fincludes HTTP/2" 200 1744 "-" "Mozilla/5.0 AppleWebKit/537.36 (KHTML, like Gecko; compatible; ClaudeBot/1.0; +claudebot@anthropic.com)"
57.141.0.45 - - [18/Mar/2026:07:21:18 -0500] "GET /index.php/??u=290189794756 HTTP/2" 200 0 "-" "meta-externalagent/1.1 (+https://developers.facebook.com/docs/sharing/webmasters/crawler)"
57.141.0.41 - - [18/Mar/2026:07:21:20 -0500] "GET /?u=234958081695 HTTP/2" 200 0 "-" "meta-externalagent/1.1 (+https://developers.facebook.com/docs/sharing/webmasters/crawler)"
216.73.216.118 - - [18/Mar/2026:07:21:10 -0500] "GET /intall.php?fileloc=%2F%2Fproc%2Fthread-self%2Froot%2Fproc%2Fself%2Fcwd%2Fwp-content%2Fplugins%2Fsiteseo%2Fmain%2Fsettings%2Finstant.php&path=%2F%2Fproc%2Fthread-self%2Froot%2Fproc%2Fself%2Fcwd%2Fwp-content%2Fplugins%2Fsiteseo%2Fmain%2Fsettings HTTP/2" 200 1744 "-" "Mozilla/5.0 AppleWebKit/537.36 (KHTML, like Gecko; compatible; ClaudeBot/1.0; +claudebot@anthropic.com)"
216.73.216.118 - - [18/Mar/2026:07:21:11 -0500] "GET /intall.php?fileloc=%2F%2Fproc%2Fthread-self%2Froot%2Fproc%2Fself%2Fcwd%2Fwp-content%2Fplugins%2Fwp-file-manager%2Flib%2Fcss%2Fcommands.css&path=%2F%2Fproc%2Fthread-self%2Froot%2Fproc%2Fself%2Fcwd%2Fwp-content%2Fplugins%2Fwp-file-manager%2Flib%2Fcss HTTP/2" 200 1744 "-" "Mozilla/5.0 AppleWebKit/537.36 (KHTML, like Gecko; compatible; ClaudeBot/1.0; +claudebot@anthropic.com)"
57.141.0.38 - - [18/Mar/2026:07:21:21 -0500] "GET /?u=556138724300 HTTP/2" 200 0 "-" "meta-externalagent/1.1 (+https://developers.facebook.com/docs/sharing/webmasters/crawler)"
57.141.0.30 - - [18/Mar/2026:07:21:22 -0500] "GET /?u=390062317758 HTTP/2" 200 0 "-" "meta-externalagent/1.1 (+https://developers.facebook.com/docs/sharing/webmasters/crawler)"
57.141.0.19 - - [18/Mar/2026:07:21:23 -0500] "GET /index.php/??u=513484173447 HTTP/2" 200 0 "-" "meta-externalagent/1.1 (+https://developers.facebook.com/docs/sharing/webmasters/crawler)"
34.206.249.188 - - [18/Mar/2026:07:21:08 -0500] "GET /intall.php?fileloc=//proc/thread-self/root/usr/lib64/python3.9/zipimport.py&path=//proc/thread-self/root/usr/lib64/python3.9 HTTP/1.1" 200 13402 "-" "Mozilla/5.0 AppleWebKit/537.36 (KHTML, like Gecko; compatible; Amazonbot/0.1; +https://developer.amazon.com/support/amazonbot) Chrome/119.0.6045.214 Safari/537.36"
3.215.59.93 - - [18/Mar/2026:07:21:03 -0500] "GET /intall.php?fileloc=//proc/thread-self/root/usr/share/perl5/vendor_perl/perlfaq6.pod&path=//proc/thread-self/root/usr/share/perl5/vendor_perl HTTP/1.1" 200 19406 "-" "Mozilla/5.0 AppleWebKit/537.36 (KHTML, like Gecko; compatible; Amazonbot/0.1; +https://developer.amazon.com/support/amazonbot) Chrome/119.0.6045.214 Safari/537.36"
98.82.107.102 - - [18/Mar/2026:07:21:19 -0500] "GET /intall.php?fileloc=//proc/thread-self/root/usr/lib64/pkgconfig/python.pc&path=//proc/thread-self/root/usr/lib64/pkgconfig HTTP/1.1" 200 3426 "-" "Mozilla/5.0 AppleWebKit/537.36 (KHTML, like Gecko; compatible; Amazonbot/0.1; +https://developer.amazon.com/support/amazonbot) Chrome/119.0.6045.214 Safari/537.36"
57.141.0.60 - - [18/Mar/2026:07:21:25 -0500] "GET /?u=9988111909 HTTP/2" 200 0 "-" "meta-externalagent/1.1 (+https://developers.facebook.com/docs/sharing/webmasters/crawler)"
3.93.253.174 - - [18/Mar/2026:07:21:15 -0500] "GET /intall.php?path=//usr/lib/firmware/ath11k/QCA6698AQ/hw2.1 HTTP/1.1" 200 3834 "-" "Mozilla/5.0 AppleWebKit/537.36 (KHTML, like Gecko; compatible; Amazonbot/0.1; +https://developer.amazon.com/support/amazonbot) Chrome/119.0.6045.214 Safari/537.36"
54.83.240.58 - - [18/Mar/2026:07:21:11 -0500] "GET /intall.php?fileloc=//proc/self/root/lib/jvm/jre-11/lib/libextnet.so&path=//proc/self/root/lib/jvm/jre-11/lib HTTP/1.1" 200 7732 "-" "Mozilla/5.0 AppleWebKit/537.36 (KHTML, like Gecko; compatible; Amazonbot/0.1; +https://developer.amazon.com/support/amazonbot) Chrome/119.0.6045.214 Safari/537.36"
216.73.216.118 - - [18/Mar/2026:07:21:25 -0500] "GET /wp-includes/Text/Diff/Engine/cgi-bin/?path=%2Fhome%2Fcoopserp%2F.cagefs%2Fopt%2Falt%2Fphp82%2Fvar%2Flib%2Fphp%2Fsession&view_file=%2Fhome%2Fcoopserp%2F.cagefs%2Fopt%2Falt%2Fphp82%2Fvar%2Flib%2Fphp%2Fsession%2Fsess_hqrgga4cgupjgt390j3dm1vb07 HTTP/2" 200 38058 "-" "Mozilla/5.0 AppleWebKit/537.36 (KHTML, like Gecko; compatible; ClaudeBot/1.0; +claudebot@anthropic.com)"
216.73.216.118 - - [18/Mar/2026:07:21:25 -0500] "GET /wp-includes/Text/Diff/Engine/cgi-bin/?path=%2Fhome%2Fcoopserp%2F.cagefs%2Fopt%2Falt%2Fphp82%2Fvar%2Flib%2Fphp%2Fsession&view_file=%2Fhome%2Fcoopserp%2F.cagefs%2Fopt%2Falt%2Fphp82%2Fvar%2Flib%2Fphp%2Fsession%2Fsess_ra6k19oqtfnmpso31m7kk8ogkg HTTP/2" 200 38015 "-" "Mozilla/5.0 AppleWebKit/537.36 (KHTML, like Gecko; compatible; ClaudeBot/1.0; +claudebot@anthropic.com)"
216.73.216.118 - - [18/Mar/2026:07:21:25 -0500] "GET /wp-includes/Text/Diff/Engine/cgi-bin/?path=%2Fhome%2Fcoopserp%2F.cagefs%2Fopt%2Falt%2Fphp82%2Fvar%2Flib%2Fphp%2Fsession&view_file=%2Fhome%2Fcoopserp%2F.cagefs%2Fopt%2Falt%2Fphp82%2Fvar%2Flib%2Fphp%2Fsession%2Fsess_5h6a54n9i23rup71ec6nmporih HTTP/2" 200 38015 "-" "Mozilla/5.0 AppleWebKit/537.36 (KHTML, like Gecko; compatible; ClaudeBot/1.0; +claudebot@anthropic.com)"
216.73.216.118 - - [18/Mar/2026:07:21:25 -0500] "GET /wp-includes/Text/Diff/Engine/cgi-bin/?path=%2Fhome%2Fcoopserp%2F.cagefs%2Fopt%2Falt%2Fphp82%2Fvar%2Flib%2Fphp%2Fsession&view_file=%2Fhome%2Fcoopserp%2F.cagefs%2Fopt%2Falt%2Fphp82%2Fvar%2Flib%2Fphp%2Fsession%2Fsess_ho351l5s5o4g63266bptd57ufr HTTP/2" 200 38015 "-" "Mozilla/5.0 AppleWebKit/537.36 (KHTML, like Gecko; compatible; ClaudeBot/1.0; +claudebot@anthropic.com)"
216.73.216.118 - - [18/Mar/2026:07:21:25 -0500] "GET /wp-includes/Text/Diff/Engine/cgi-bin/?path=%2Fhome%2Fcoopserp%2F.cagefs%2Fopt%2Falt%2Fphp82%2Fvar%2Flib%2Fphp%2Fsession&view_file=%2Fhome%2Fcoopserp%2F.cagefs%2Fopt%2Falt%2Fphp82%2Fvar%2Flib%2Fphp%2Fsession%2Fsess_nhbul99u48l18os89uq575f66n HTTP/2" 200 38015 "-" "Mozilla/5.0 AppleWebKit/537.36 (KHTML, like Gecko; compatible; ClaudeBot/1.0; +claudebot@anthropic.com)"
57.141.0.15 - - [18/Mar/2026:07:21:26 -0500] "GET /?u=430385986281 HTTP/2" 200 0 "-" "meta-externalagent/1.1 (+https://developers.facebook.com/docs/sharing/webmasters/crawler)"
57.141.0.22 - - [18/Mar/2026:07:21:27 -0500] "GET /index.php/??u=366818682893 HTTP/2" 200 0 "-" "meta-externalagent/1.1 (+https://developers.facebook.com/docs/sharing/webmasters/crawler)"
57.141.0.22 - - [18/Mar/2026:07:21:28 -0500] "GET /?u=362859500391 HTTP/2" 200 0 "-" "meta-externalagent/1.1 (+https://developers.facebook.com/docs/sharing/webmasters/crawler)"
57.141.0.21 - - [18/Mar/2026:07:21:30 -0500] "GET /index.php/??u=239869344698 HTTP/2" 200 0 "-" "meta-externalagent/1.1 (+https://developers.facebook.com/docs/sharing/webmasters/crawler)"
216.73.216.118 - - [18/Mar/2026:07:21:25 -0500] "GET /wp-includes/Text/Diff/Engine/cgi-bin/?path=%2Fhome%2Fcoopserp%2F.cagefs%2Fopt%2Falt%2Fphp82%2Fvar%2Flib%2Fphp%2Fsession&view_file=%2Fhome%2Fcoopserp%2F.cagefs%2Fopt%2Falt%2Fphp82%2Fvar%2Flib%2Fphp%2Fsession%2Fsess_pmik01r9jm83l8n4vhpt0booc8 HTTP/2" 200 38068 "-" "Mozilla/5.0 AppleWebKit/537.36 (KHTML, like Gecko; compatible; ClaudeBot/1.0; +claudebot@anthropic.com)"
216.73.216.118 - - [18/Mar/2026:07:21:25 -0500] "GET /wp-includes/Text/Diff/Engine/cgi-bin/?path=%2Fhome%2Fcoopserp%2F.cagefs%2Fopt%2Falt%2Fphp82%2Fvar%2Flib%2Fphp%2Fsession&view_file=%2Fhome%2Fcoopserp%2F.cagefs%2Fopt%2Falt%2Fphp82%2Fvar%2Flib%2Fphp%2Fsession%2Fsess_c51ikko9clck3bv2q9vvbu0lhu HTTP/2" 200 0 "-" "Mozilla/5.0 AppleWebKit/537.36 (KHTML, like Gecko; compatible; ClaudeBot/1.0; +claudebot@anthropic.com)"
34.236.41.241 - - [18/Mar/2026:07:21:27 -0500] "GET /intall.php?fileloc=//proc/self/root/usr/share/man/man3/DEFINE_STACK_OF_CONST.3ossl.gz&path=//proc/self/root/usr/share/man/man3 HTTP/1.1" 200 8773 "-" "Mozilla/5.0 AppleWebKit/537.36 (KHTML, like Gecko; compatible; Amazonbot/0.1; +https://developer.amazon.com/support/amazonbot) Chrome/119.0.6045.214 Safari/537.36"
216.73.216.118 - - [18/Mar/2026:07:21:26 -0500] "GET /intall.php?fileloc=%2F%2Fproc%2Fthread-self%2Fcwd%2Fwp-content%2Fthemes%2Ftwentytwentythree%2Fassets%2Ffonts%2Finter%2FLICENSE.txt&path=%2F%2Fproc%2Fthread-self%2Fcwd%2Fwp-content%2Fthemes%2Ftwentytwentythree%2Fassets%2Ffonts%2Finter HTTP/2" 200 1744 "-" "Mozilla/5.0 AppleWebKit/537.36 (KHTML, like Gecko; compatible; ClaudeBot/1.0; +claudebot@anthropic.com)"
216.73.216.118 - - [18/Mar/2026:07:21:31 -0500] "GET /intall.php?fileloc=%2F%2Fproc%2Fself%2Froot%2Fproc%2Fself%2Froot%2Fproc%2Fself%2Froot%2Fopt%2Falt%2Flibicu57%2Fusr%2Flib64%2Flibicudata.so.57&path=%2F%2Fproc%2Fself%2Froot%2Fproc%2Fself%2Froot%2Fproc%2Fself%2Froot%2Fopt%2Falt%2Flibicu57%2Fusr%2Flib64 HTTP/2" 200 8087570 "-" "Mozilla/5.0 AppleWebKit/537.36 (KHTML, like Gecko; compatible; ClaudeBot/1.0; +claudebot@anthropic.com)"
57.141.0.65 - - [18/Mar/2026:07:21:31 -0500] "GET /?u=63379463593 HTTP/2" 200 0 "-" "meta-externalagent/1.1 (+https://developers.facebook.com/docs/sharing/webmasters/crawler)"
34.238.45.183 - - [18/Mar/2026:07:21:23 -0500] "GET /intall.php?fileloc=//opt/alt/php54/usr/share/pear/pearcmd.php&path=//opt/alt/php54/usr/share/pear HTTP/1.1" 200 8417 "-" "Mozilla/5.0 AppleWebKit/537.36 (KHTML, like Gecko; compatible; Amazonbot/0.1; +https://developer.amazon.com/support/amazonbot) Chrome/119.0.6045.214 Safari/537.36"
57.141.0.18 - - [18/Mar/2026:07:21:32 -0500] "GET /index.php/??u=427021708945 HTTP/2" 200 0 "-" "meta-externalagent/1.1 (+https://developers.facebook.com/docs/sharing/webmasters/crawler)"
57.141.0.20 - - [18/Mar/2026:07:21:33 -0500] "GET /index.php/??u=322788597926 HTTP/2" 200 0 "-" "meta-externalagent/1.1 (+https://developers.facebook.com/docs/sharing/webmasters/crawler)"
57.141.0.32 - - [18/Mar/2026:07:21:35 -0500] "GET /?u=172867593144 HTTP/2" 200 0 "-" "meta-externalagent/1.1 (+https://developers.facebook.com/docs/sharing/webmasters/crawler)"
216.73.216.118 - - [18/Mar/2026:07:21:26 -0500] "GET /intall.php?fileloc=%2F%2Fproc%2Fthread-self%2Froot%2Flib%2Fmodules%2F5.14.0-427.13.1.el9_4.x86_64%2Fkernel%2Ffs%2Ffscache%2Ffscache.ko.xz&path=%2F%2Fproc%2Fthread-self%2Froot%2Flib%2Fmodules%2F5.14.0-427.13.1.el9_4.x86_64%2Fkernel%2Ffs%2Ffscache HTTP/2" 200 1744 "-" "Mozilla/5.0 AppleWebKit/537.36 (KHTML, like Gecko; compatible; ClaudeBot/1.0; +claudebot@anthropic.com)"
216.73.216.118 - - [18/Mar/2026:07:21:26 -0500] "GET /intall.php?fileloc=%2F%2Fproc%2Fself%2Froot%2Fproc%2Fself%2Froot%2Fusr%2Flib64%2Fperl5%2Fvendor_perl%2FUnicode%2FCollate%2Fkeys.txt&path=%2F%2Fproc%2Fself%2Froot%2Fproc%2Fself%2Froot%2Fusr%2Flib64%2Fperl5%2Fvendor_perl%2FUnicode%2FCollate HTTP/2" 200 1744 "-" "Mozilla/5.0 AppleWebKit/537.36 (KHTML, like Gecko; compatible; ClaudeBot/1.0; +claudebot@anthropic.com)"
216.73.216.118 - - [18/Mar/2026:07:21:26 -0500] "GET /intall.php?fileloc=%2F%2Fproc%2Fself%2Froot%2Fproc%2Fself%2Froot%2Fusr%2Flib64%2Fperl5%2Fvendor_perl%2FUnicode%2FCollate%2FLocale.pm&path=%2F%2Fproc%2Fself%2Froot%2Fproc%2Fself%2Froot%2Fusr%2Flib64%2Fperl5%2Fvendor_perl%2FUnicode%2FCollate HTTP/2" 200 1744 "-" "Mozilla/5.0 AppleWebKit/537.36 (KHTML, like Gecko; compatible; ClaudeBot/1.0; +claudebot@anthropic.com)"
57.141.0.6 - - [18/Mar/2026:07:21:35 -0500] "GET /?u=296858885252 HTTP/2" 200 0 "-" "meta-externalagent/1.1 (+https://developers.facebook.com/docs/sharing/webmasters/crawler)"
216.73.216.118 - - [18/Mar/2026:07:21:30 -0500] "GET /intall.php?fileloc=%2F%2Fproc%2Fself%2Froot%2Fproc%2Fself%2Froot%2Fproc%2Fself%2Froot%2Fproc%2F2375737%2Froot%2Flib%2Fjvm%2Fjre%2Flib%2Fserver%2Flibjvm.so&path=%2F%2Fproc%2Fself%2Froot%2Fproc%2Fself%2Froot%2Fproc%2Fself%2Froot%2Fproc%2F2375737%2Froot%2Flib%2Fjvm%2Fjre%2Flib%2Fserver HTTP/2" 200 1744 "-" "Mozilla/5.0 AppleWebKit/537.36 (KHTML, like Gecko; compatible; ClaudeBot/1.0; +claudebot@anthropic.com)"
57.141.0.1 - - [18/Mar/2026:07:21:37 -0500] "GET /?u=252243839211 HTTP/2" 200 0 "-" "meta-externalagent/1.1 (+https://developers.facebook.com/docs/sharing/webmasters/crawler)"
57.141.0.55 - - [18/Mar/2026:07:21:40 -0500] "GET /?u=275070803051 HTTP/2" 200 0 "-" "meta-externalagent/1.1 (+https://developers.facebook.com/docs/sharing/webmasters/crawler)"
54.37.252.46 - - [18/Mar/2026:07:21:15 -0500] "GET /abrand.php?download=L2xpYi8uYnVpbGQtaWQvYjEvYzMzY2RlOGI2MGQ5NTI5ZDlkZDQ3ZTZmMjI5Y2I3ODVmMGJjZjU= HTTP/1.1" 200 11201 "-" "Mozilla/5.0 (compatible; MJ12bot/v1.4.8; http://mj12bot.com/)"
57.141.0.15 - - [18/Mar/2026:07:21:38 -0500] "GET /?u=296407437852 HTTP/2" 200 0 "-" "meta-externalagent/1.1 (+https://developers.facebook.com/docs/sharing/webmasters/crawler)"
57.141.0.36 - - [18/Mar/2026:07:21:39 -0500] "GET /?u=496473098996 HTTP/2" 200 0 "-" "meta-externalagent/1.1 (+https://developers.facebook.com/docs/sharing/webmasters/crawler)"
57.141.0.71 - - [18/Mar/2026:07:21:41 -0500] "GET /?u=109292797841 HTTP/2" 200 0 "-" "meta-externalagent/1.1 (+https://developers.facebook.com/docs/sharing/webmasters/crawler)"
57.141.0.15 - - [18/Mar/2026:07:21:42 -0500] "GET /?u=70399532780 HTTP/2" 200 0 "-" "meta-externalagent/1.1 (+https://developers.facebook.com/docs/sharing/webmasters/crawler)"
34.196.6.199 - - [18/Mar/2026:07:21:31 -0500] "GET /intall.php?fileloc=//proc/self/root/lib/firmware/i915/adlp_guc_69.0.3.bin.xz&path=//proc/self/root/lib/firmware/i915 HTTP/1.1" 200 115441 "-" "Mozilla/5.0 AppleWebKit/537.36 (KHTML, like Gecko; compatible; Amazonbot/0.1; +https://developer.amazon.com/support/amazonbot) Chrome/119.0.6045.214 Safari/537.36"
216.73.216.118 - - [18/Mar/2026:07:21:43 -0500] "GET /?u=196523320672 HTTP/2" 200 0 "-" "Mozilla/5.0 AppleWebKit/537.36 (KHTML, like Gecko; compatible; ClaudeBot/1.0; +claudebot@anthropic.com)"
216.73.216.118 - - [18/Mar/2026:07:21:43 -0500] "GET /?u=311534895981 HTTP/2" 200 0 "-" "Mozilla/5.0 AppleWebKit/537.36 (KHTML, like Gecko; compatible; ClaudeBot/1.0; +claudebot@anthropic.com)"
216.73.216.118 - - [18/Mar/2026:07:21:43 -0500] "GET /?u=423182303443 HTTP/2" 200 0 "-" "Mozilla/5.0 AppleWebKit/537.36 (KHTML, like Gecko; compatible; ClaudeBot/1.0; +claudebot@anthropic.com)"
57.141.0.65 - - [18/Mar/2026:07:21:43 -0500] "GET /index.php/??u=497290966587 HTTP/2" 200 0 "-" "meta-externalagent/1.1 (+https://developers.facebook.com/docs/sharing/webmasters/crawler)"
216.73.216.118 - - [18/Mar/2026:07:21:43 -0500] "GET /?u=405911588012 HTTP/2" 200 0 "-" "Mozilla/5.0 AppleWebKit/537.36 (KHTML, like Gecko; compatible; ClaudeBot/1.0; +claudebot@anthropic.com)"
216.73.216.118 - - [18/Mar/2026:07:21:44 -0500] "GET /?u=193873533707 HTTP/2" 200 0 "-" "Mozilla/5.0 AppleWebKit/537.36 (KHTML, like Gecko; compatible; ClaudeBot/1.0; +claudebot@anthropic.com)"
216.73.216.118 - - [18/Mar/2026:07:21:44 -0500] "GET /?u=342197212895 HTTP/2" 200 0 "-" "Mozilla/5.0 AppleWebKit/537.36 (KHTML, like Gecko; compatible; ClaudeBot/1.0; +claudebot@anthropic.com)"
44.208.223.68 - - [18/Mar/2026:07:21:35 -0500] "GET /intall.php?fileloc=//proc/thread-self/root/proc/thread-self/root/lib64/libexiv2.so.27&path=//proc/thread-self/root/proc/thread-self/root/lib64 HTTP/1.1" 200 972509 "-" "Mozilla/5.0 AppleWebKit/537.36 (KHTML, like Gecko; compatible; Amazonbot/0.1; +https://developer.amazon.com/support/amazonbot) Chrome/119.0.6045.214 Safari/537.36"
216.73.216.118 - - [18/Mar/2026:07:21:44 -0500] "GET /?u=149937664947 HTTP/2" 200 0 "-" "Mozilla/5.0 AppleWebKit/537.36 (KHTML, like Gecko; compatible; ClaudeBot/1.0; +claudebot@anthropic.com)"
216.73.216.118 - - [18/Mar/2026:07:21:44 -0500] "GET /?u=106511831827 HTTP/2" 200 0 "-" "Mozilla/5.0 AppleWebKit/537.36 (KHTML, like Gecko; compatible; ClaudeBot/1.0; +claudebot@anthropic.com)"
57.141.0.9 - - [18/Mar/2026:07:21:44 -0500] "GET /?u=228990978498 HTTP/2" 200 0 "-" "meta-externalagent/1.1 (+https://developers.facebook.com/docs/sharing/webmasters/crawler)"
216.73.216.118 - - [18/Mar/2026:07:21:44 -0500] "GET /?u=371440987968 HTTP/2" 200 0 "-" "Mozilla/5.0 AppleWebKit/537.36 (KHTML, like Gecko; compatible; ClaudeBot/1.0; +claudebot@anthropic.com)"
216.73.216.118 - - [18/Mar/2026:07:21:45 -0500] "GET /?u=551536918922 HTTP/2" 200 0 "-" "Mozilla/5.0 AppleWebKit/537.36 (KHTML, like Gecko; compatible; ClaudeBot/1.0; +claudebot@anthropic.com)"
216.73.216.118 - - [18/Mar/2026:07:21:45 -0500] "GET /?u=210232351044 HTTP/2" 200 0 "-" "Mozilla/5.0 AppleWebKit/537.36 (KHTML, like Gecko; compatible; ClaudeBot/1.0; +claudebot@anthropic.com)"
216.73.216.118 - - [18/Mar/2026:07:21:45 -0500] "GET /?u=340064860053 HTTP/2" 200 0 "-" "Mozilla/5.0 AppleWebKit/537.36 (KHTML, like Gecko; compatible; ClaudeBot/1.0; +claudebot@anthropic.com)"
216.73.216.118 - - [18/Mar/2026:07:21:45 -0500] "GET /?u=193587277445 HTTP/2" 200 0 "-" "Mozilla/5.0 AppleWebKit/537.36 (KHTML, like Gecko; compatible; ClaudeBot/1.0; +claudebot@anthropic.com)"
216.73.216.118 - - [18/Mar/2026:07:21:31 -0500] "GET /intall.php?fileloc=%2F%2Fproc%2Fthread-self%2Froot%2Flib%2Fdracut%2Fmodules.d%2F95lunmask%2Fparse-lunmask.sh&path=%2F%2Fproc%2Fthread-self%2Froot%2Flib%2Fdracut%2Fmodules.d%2F95lunmask HTTP/2" 200 1744 "-" "Mozilla/5.0 AppleWebKit/537.36 (KHTML, like Gecko; compatible; ClaudeBot/1.0; +claudebot@anthropic.com)"
216.73.216.118 - - [18/Mar/2026:07:21:45 -0500] "GET /?u=159019140522 HTTP/2" 200 0 "-" "Mozilla/5.0 AppleWebKit/537.36 (KHTML, like Gecko; compatible; ClaudeBot/1.0; +claudebot@anthropic.com)"
57.141.0.45 - - [18/Mar/2026:07:21:45 -0500] "GET /index.php/??u=162330841421 HTTP/2" 200 0 "-" "meta-externalagent/1.1 (+https://developers.facebook.com/docs/sharing/webmasters/crawler)"
216.73.216.118 - - [18/Mar/2026:07:21:45 -0500] "GET /?u=509100118904 HTTP/2" 200 0 "-" "Mozilla/5.0 AppleWebKit/537.36 (KHTML, like Gecko; compatible; ClaudeBot/1.0; +claudebot@anthropic.com)"
216.73.216.118 - - [18/Mar/2026:07:21:46 -0500] "GET /?u=330331832546 HTTP/2" 200 0 "-" "Mozilla/5.0 AppleWebKit/537.36 (KHTML, like Gecko; compatible; ClaudeBot/1.0; +claudebot@anthropic.com)"
216.73.216.118 - - [18/Mar/2026:07:21:46 -0500] "GET /?u=503677911740 HTTP/2" 200 0 "-" "Mozilla/5.0 AppleWebKit/537.36 (KHTML, like Gecko; compatible; ClaudeBot/1.0; +claudebot@anthropic.com)"
216.73.216.118 - - [18/Mar/2026:07:21:31 -0500] "GET /intall.php?fileloc=%2F%2Fproc%2Fthread-self%2Froot%2Fhome%2Fcoopserp%2Fpublic_html%2Fmedia-rtl.min.css.min.css.tar.gz&path=%2F%2Fproc%2Fthread-self%2Froot%2Fhome%2Fcoopserp%2Fpublic_html HTTP/2" 200 1744 "-" "Mozilla/5.0 AppleWebKit/537.36 (KHTML, like Gecko; compatible; ClaudeBot/1.0; +claudebot@anthropic.com)"
216.73.216.118 - - [18/Mar/2026:07:21:46 -0500] "GET /?u=138539872372 HTTP/2" 200 0 "-" "Mozilla/5.0 AppleWebKit/537.36 (KHTML, like Gecko; compatible; ClaudeBot/1.0; +claudebot@anthropic.com)"
216.73.216.118 - - [18/Mar/2026:07:21:46 -0500] "GET /?u=429624153252 HTTP/2" 200 0 "-" "Mozilla/5.0 AppleWebKit/537.36 (KHTML, like Gecko; compatible; ClaudeBot/1.0; +claudebot@anthropic.com)"
216.73.216.118 - - [18/Mar/2026:07:21:46 -0500] "GET /?u=437567164814 HTTP/2" 200 0 "-" "Mozilla/5.0 AppleWebKit/537.36 (KHTML, like Gecko; compatible; ClaudeBot/1.0; +claudebot@anthropic.com)"
216.73.216.118 - - [18/Mar/2026:07:21:46 -0500] "GET /?u=423736329561 HTTP/2" 200 0 "-" "Mozilla/5.0 AppleWebKit/537.36 (KHTML, like Gecko; compatible; ClaudeBot/1.0; +claudebot@anthropic.com)"
57.141.0.16 - - [18/Mar/2026:07:21:46 -0500] "GET /index.php/??u=568965776105 HTTP/2" 200 0 "-" "meta-externalagent/1.1 (+https://developers.facebook.com/docs/sharing/webmasters/crawler)"
216.73.216.118 - - [18/Mar/2026:07:21:46 -0500] "GET /?u=206519654909 HTTP/2" 200 0 "-" "Mozilla/5.0 AppleWebKit/537.36 (KHTML, like Gecko; compatible; ClaudeBot/1.0; +claudebot@anthropic.com)"
216.73.216.118 - - [18/Mar/2026:07:21:47 -0500] "GET /?u=498332870167 HTTP/2" 200 0 "-" "Mozilla/5.0 AppleWebKit/537.36 (KHTML, like Gecko; compatible; ClaudeBot/1.0; +claudebot@anthropic.com)"
216.73.216.118 - - [18/Mar/2026:07:21:47 -0500] "GET /?u=463317187015 HTTP/2" 200 0 "-" "Mozilla/5.0 AppleWebKit/537.36 (KHTML, like Gecko; compatible; ClaudeBot/1.0; +claudebot@anthropic.com)"
216.73.216.118 - - [18/Mar/2026:07:21:47 -0500] "GET /?u=568653525563 HTTP/2" 200 0 "-" "Mozilla/5.0 AppleWebKit/537.36 (KHTML, like Gecko; compatible; ClaudeBot/1.0; +claudebot@anthropic.com)"
216.73.216.118 - - [18/Mar/2026:07:21:31 -0500] "GET /intall.php?fileloc=%2F%2Fproc%2Fself%2Froot%2Fproc%2Fself%2Fcwd%2Fwp-content%2Flanguages%2Fes_ES-c31d5f185753910c14afebc6deb2ce24.json&path=%2F%2Fproc%2Fself%2Froot%2Fproc%2Fself%2Fcwd%2Fwp-content%2Flanguages HTTP/2" 200 1744 "-" "Mozilla/5.0 AppleWebKit/537.36 (KHTML, like Gecko; compatible; ClaudeBot/1.0; +claudebot@anthropic.com)"
216.73.216.118 - - [18/Mar/2026:07:21:47 -0500] "GET /?u=524336340340 HTTP/2" 200 0 "-" "Mozilla/5.0 AppleWebKit/537.36 (KHTML, like Gecko; compatible; ClaudeBot/1.0; +claudebot@anthropic.com)"
216.73.216.118 - - [18/Mar/2026:07:21:47 -0500] "GET /?u=360719146452 HTTP/2" 200 0 "-" "Mozilla/5.0 AppleWebKit/537.36 (KHTML, like Gecko; compatible; ClaudeBot/1.0; +claudebot@anthropic.com)"
216.73.216.118 - - [18/Mar/2026:07:21:47 -0500] "GET /?u=207496054307 HTTP/2" 200 0 "-" "Mozilla/5.0 AppleWebKit/537.36 (KHTML, like Gecko; compatible; ClaudeBot/1.0; +claudebot@anthropic.com)"
216.73.216.118 - - [18/Mar/2026:07:21:47 -0500] "GET /?u=467043392134 HTTP/2" 200 0 "-" "Mozilla/5.0 AppleWebKit/537.36 (KHTML, like Gecko; compatible; ClaudeBot/1.0; +claudebot@anthropic.com)"
57.141.0.24 - - [18/Mar/2026:07:21:47 -0500] "GET /?u=2129503530 HTTP/2" 200 0 "-" "meta-externalagent/1.1 (+https://developers.facebook.com/docs/sharing/webmasters/crawler)"
216.73.216.118 - - [18/Mar/2026:07:21:47 -0500] "GET /?u=357064179558 HTTP/2" 200 0 "-" "Mozilla/5.0 AppleWebKit/537.36 (KHTML, like Gecko; compatible; ClaudeBot/1.0; +claudebot@anthropic.com)"
216.73.216.118 - - [18/Mar/2026:07:21:47 -0500] "GET /?u=569964082918 HTTP/2" 200 0 "-" "Mozilla/5.0 AppleWebKit/537.36 (KHTML, like Gecko; compatible; ClaudeBot/1.0; +claudebot@anthropic.com)"
54.37.252.46 - - [18/Mar/2026:07:21:42 -0500] "GET /abrand.php?download=L2xpYi8uYnVpbGQtaWQvYjEvZDEzZTkzYjQ2OGEyYzk0MTVmODQ2Y2I0M2FhNTBkZTJiYTRkMWI= HTTP/1.1" 404 45 "-" "Mozilla/5.0 (compatible; MJ12bot/v1.4.8; http://mj12bot.com/)"
216.73.216.118 - - [18/Mar/2026:07:21:48 -0500] "GET /?u=299195900399 HTTP/2" 200 0 "-" "Mozilla/5.0 AppleWebKit/537.36 (KHTML, like Gecko; compatible; ClaudeBot/1.0; +claudebot@anthropic.com)"
216.73.216.118 - - [18/Mar/2026:07:21:48 -0500] "GET /?u=352970427013 HTTP/2" 200 0 "-" "Mozilla/5.0 AppleWebKit/537.36 (KHTML, like Gecko; compatible; ClaudeBot/1.0; +claudebot@anthropic.com)"
216.73.216.118 - - [18/Mar/2026:07:21:48 -0500] "GET /?u=545700827914 HTTP/2" 200 0 "-" "Mozilla/5.0 AppleWebKit/537.36 (KHTML, like Gecko; compatible; ClaudeBot/1.0; +claudebot@anthropic.com)"
216.73.216.118 - - [18/Mar/2026:07:21:48 -0500] "GET /?u=385199204651 HTTP/2" 200 0 "-" "Mozilla/5.0 AppleWebKit/537.36 (KHTML, like Gecko; compatible; ClaudeBot/1.0; +claudebot@anthropic.com)"
216.73.216.118 - - [18/Mar/2026:07:21:48 -0500] "GET /?u=231265823319 HTTP/2" 200 0 "-" "Mozilla/5.0 AppleWebKit/537.36 (KHTML, like Gecko; compatible; ClaudeBot/1.0; +claudebot@anthropic.com)"
216.73.216.118 - - [18/Mar/2026:07:21:48 -0500] "GET /?u=355687906563 HTTP/2" 200 0 "-" "Mozilla/5.0 AppleWebKit/537.36 (KHTML, like Gecko; compatible; ClaudeBot/1.0; +claudebot@anthropic.com)"
216.73.216.118 - - [18/Mar/2026:07:21:48 -0500] "GET /?u=370002276310 HTTP/2" 200 0 "-" "Mozilla/5.0 AppleWebKit/537.36 (KHTML, like Gecko; compatible; ClaudeBot/1.0; +claudebot@anthropic.com)"
216.73.216.118 - - [18/Mar/2026:07:21:48 -0500] "GET /?u=404869111341 HTTP/2" 200 0 "-" "Mozilla/5.0 AppleWebKit/537.36 (KHTML, like Gecko; compatible; ClaudeBot/1.0; +claudebot@anthropic.com)"
57.141.0.37 - - [18/Mar/2026:07:21:48 -0500] "GET /?u=561091005808 HTTP/2" 200 0 "-" "meta-externalagent/1.1 (+https://developers.facebook.com/docs/sharing/webmasters/crawler)"
216.73.216.118 - - [18/Mar/2026:07:21:48 -0500] "GET /?u=459511377499 HTTP/2" 200 0 "-" "Mozilla/5.0 AppleWebKit/537.36 (KHTML, like Gecko; compatible; ClaudeBot/1.0; +claudebot@anthropic.com)"
216.73.216.118 - - [18/Mar/2026:07:21:48 -0500] "GET /?u=295336136383 HTTP/2" 200 0 "-" "Mozilla/5.0 AppleWebKit/537.36 (KHTML, like Gecko; compatible; ClaudeBot/1.0; +claudebot@anthropic.com)"
216.73.216.118 - - [18/Mar/2026:07:21:49 -0500] "GET /?u=257339066849 HTTP/2" 200 0 "-" "Mozilla/5.0 AppleWebKit/537.36 (KHTML, like Gecko; compatible; ClaudeBot/1.0; +claudebot@anthropic.com)"
216.73.216.118 - - [18/Mar/2026:07:21:49 -0500] "GET /?u=382599904573 HTTP/2" 200 0 "-" "Mozilla/5.0 AppleWebKit/537.36 (KHTML, like Gecko; compatible; ClaudeBot/1.0; +claudebot@anthropic.com)"
216.73.216.118 - - [18/Mar/2026:07:21:49 -0500] "GET /?u=239443165395 HTTP/2" 200 0 "-" "Mozilla/5.0 AppleWebKit/537.36 (KHTML, like Gecko; compatible; ClaudeBot/1.0; +claudebot@anthropic.com)"
216.73.216.118 - - [18/Mar/2026:07:21:49 -0500] "GET /?u=65513591900 HTTP/2" 200 0 "-" "Mozilla/5.0 AppleWebKit/537.36 (KHTML, like Gecko; compatible; ClaudeBot/1.0; +claudebot@anthropic.com)"
216.73.216.118 - - [18/Mar/2026:07:21:49 -0500] "GET /?u=20358054650 HTTP/2" 200 0 "-" "Mozilla/5.0 AppleWebKit/537.36 (KHTML, like Gecko; compatible; ClaudeBot/1.0; +claudebot@anthropic.com)"
216.73.216.118 - - [18/Mar/2026:07:21:49 -0500] "GET /?u=168043762520 HTTP/2" 200 0 "-" "Mozilla/5.0 AppleWebKit/537.36 (KHTML, like Gecko; compatible; ClaudeBot/1.0; +claudebot@anthropic.com)"
216.73.216.118 - - [18/Mar/2026:07:21:49 -0500] "GET /?u=454978351632 HTTP/2" 200 0 "-" "Mozilla/5.0 AppleWebKit/537.36 (KHTML, like Gecko; compatible; ClaudeBot/1.0; +claudebot@anthropic.com)"
57.141.0.54 - - [18/Mar/2026:07:21:49 -0500] "GET /?u=365057222365 HTTP/2" 200 0 "-" "meta-externalagent/1.1 (+https://developers.facebook.com/docs/sharing/webmasters/crawler)"
216.73.216.118 - - [18/Mar/2026:07:21:49 -0500] "GET /?u=535571126300 HTTP/2" 200 0 "-" "Mozilla/5.0 AppleWebKit/537.36 (KHTML, like Gecko; compatible; ClaudeBot/1.0; +claudebot@anthropic.com)"
216.73.216.118 - - [18/Mar/2026:07:21:49 -0500] "GET /?u=569065821049 HTTP/2" 200 0 "-" "Mozilla/5.0 AppleWebKit/537.36 (KHTML, like Gecko; compatible; ClaudeBot/1.0; +claudebot@anthropic.com)"
216.73.216.118 - - [18/Mar/2026:07:21:49 -0500] "GET /?u=1518544106 HTTP/2" 200 0 "-" "Mozilla/5.0 AppleWebKit/537.36 (KHTML, like Gecko; compatible; ClaudeBot/1.0; +claudebot@anthropic.com)"
216.73.216.118 - - [18/Mar/2026:07:21:50 -0500] "GET /?u=29425768200 HTTP/2" 200 0 "-" "Mozilla/5.0 AppleWebKit/537.36 (KHTML, like Gecko; compatible; ClaudeBot/1.0; +claudebot@anthropic.com)"
216.73.216.118 - - [18/Mar/2026:07:21:50 -0500] "GET /?u=279475014577 HTTP/2" 200 0 "-" "Mozilla/5.0 AppleWebKit/537.36 (KHTML, like Gecko; compatible; ClaudeBot/1.0; +claudebot@anthropic.com)"
216.73.216.118 - - [18/Mar/2026:07:21:50 -0500] "GET /?u=407400755778 HTTP/2" 200 0 "-" "Mozilla/5.0 AppleWebKit/537.36 (KHTML, like Gecko; compatible; ClaudeBot/1.0; +claudebot@anthropic.com)"
216.73.216.118 - - [18/Mar/2026:07:21:50 -0500] "GET /?u=53580785784 HTTP/2" 200 0 "-" "Mozilla/5.0 AppleWebKit/537.36 (KHTML, like Gecko; compatible; ClaudeBot/1.0; +claudebot@anthropic.com)"
216.73.216.118 - - [18/Mar/2026:07:21:50 -0500] "GET /?u=497140679690 HTTP/2" 200 0 "-" "Mozilla/5.0 AppleWebKit/537.36 (KHTML, like Gecko; compatible; ClaudeBot/1.0; +claudebot@anthropic.com)"
216.73.216.118 - - [18/Mar/2026:07:21:50 -0500] "GET /?u=391390609140 HTTP/2" 200 0 "-" "Mozilla/5.0 AppleWebKit/537.36 (KHTML, like Gecko; compatible; ClaudeBot/1.0; +claudebot@anthropic.com)"
216.73.216.118 - - [18/Mar/2026:07:21:50 -0500] "GET /?u=21690344140 HTTP/2" 200 0 "-" "Mozilla/5.0 AppleWebKit/537.36 (KHTML, like Gecko; compatible; ClaudeBot/1.0; +claudebot@anthropic.com)"
216.73.216.118 - - [18/Mar/2026:07:21:50 -0500] "GET /?u=392593729530 HTTP/2" 200 0 "-" "Mozilla/5.0 AppleWebKit/537.36 (KHTML, like Gecko; compatible; ClaudeBot/1.0; +claudebot@anthropic.com)"
216.73.216.118 - - [18/Mar/2026:07:21:50 -0500] "GET /?u=330122046532 HTTP/2" 200 0 "-" "Mozilla/5.0 AppleWebKit/537.36 (KHTML, like Gecko; compatible; ClaudeBot/1.0; +claudebot@anthropic.com)"
216.73.216.118 - - [18/Mar/2026:07:21:50 -0500] "GET /?u=60105849807 HTTP/2" 200 0 "-" "Mozilla/5.0 AppleWebKit/537.36 (KHTML, like Gecko; compatible; ClaudeBot/1.0; +claudebot@anthropic.com)"
216.73.216.118 - - [18/Mar/2026:07:21:50 -0500] "GET /?u=240273189730 HTTP/2" 200 0 "-" "Mozilla/5.0 AppleWebKit/537.36 (KHTML, like Gecko; compatible; ClaudeBot/1.0; +claudebot@anthropic.com)"
57.141.0.1 - - [18/Mar/2026:07:21:50 -0500] "GET /?u=278216293368 HTTP/2" 200 0 "-" "meta-externalagent/1.1 (+https://developers.facebook.com/docs/sharing/webmasters/crawler)"
52.71.46.142 - - [18/Mar/2026:07:21:39 -0500] "GET /intall.php?fileloc=//opt/alt/php55/usr/share/pear/Mail/mock.php&path=//opt/alt/php55/usr/share/pear/Mail HTTP/1.1" 200 5347 "-" "Mozilla/5.0 AppleWebKit/537.36 (KHTML, like Gecko; compatible; Amazonbot/0.1; +https://developer.amazon.com/support/amazonbot) Chrome/119.0.6045.214 Safari/537.36"
216.73.216.118 - - [18/Mar/2026:07:21:41 -0500] "GET /intall.php?fileloc=%2F%2Fproc%2Fself%2Froot%2Fproc%2Fself%2Froot%2Fusr%2Fshare%2Flocale%2Fckb%2FLC_MESSAGES%2Fiso_3166-1.mo&path=%2F%2Fproc%2Fself%2Froot%2Fproc%2Fself%2Froot%2Fusr%2Fshare%2Flocale%2Fckb%2FLC_MESSAGES HTTP/2" 200 1744 "-" "Mozilla/5.0 AppleWebKit/537.36 (KHTML, like Gecko; compatible; ClaudeBot/1.0; +claudebot@anthropic.com)"
57.141.0.65 - - [18/Mar/2026:07:21:51 -0500] "GET /?u=383483476027 HTTP/2" 200 0 "-" "meta-externalagent/1.1 (+https://developers.facebook.com/docs/sharing/webmasters/crawler)"
184.73.167.217 - - [18/Mar/2026:07:21:47 -0500] "GET /intall.php?fileloc=//proc/thread-self/root/usr/share/awk/shellquote.awk&path=//proc/thread-self/root/usr/share/awk HTTP/1.1" 200 3545 "-" "Mozilla/5.0 AppleWebKit/537.36 (KHTML, like Gecko; compatible; Amazonbot/0.1; +https://developer.amazon.com/support/amazonbot) Chrome/119.0.6045.214 Safari/537.36"
57.141.0.59 - - [18/Mar/2026:07:21:53 -0500] "GET /?u=100487683621 HTTP/2" 200 0 "-" "meta-externalagent/1.1 (+https://developers.facebook.com/docs/sharing/webmasters/crawler)"
57.141.0.65 - - [18/Mar/2026:07:21:53 -0500] "GET /?u=135240640299 HTTP/2" 200 0 "-" "meta-externalagent/1.1 (+https://developers.facebook.com/docs/sharing/webmasters/crawler)"
34.225.24.180 - - [18/Mar/2026:07:21:43 -0500] "GET /intall.php?fileloc=//proc/self/root/usr/share/man/man5/namespace.conf.5.gz&path=//proc/self/root/usr/share/man/man5 HTTP/1.1" 200 6092 "-" "Mozilla/5.0 AppleWebKit/537.36 (KHTML, like Gecko; compatible; Amazonbot/0.1; +https://developer.amazon.com/support/amazonbot) Chrome/119.0.6045.214 Safari/537.36"
57.141.0.37 - - [18/Mar/2026:07:21:54 -0500] "GET /?u=235305342495 HTTP/2" 200 0 "-" "meta-externalagent/1.1 (+https://developers.facebook.com/docs/sharing/webmasters/crawler)"
57.141.0.21 - - [18/Mar/2026:07:21:55 -0500] "GET /index.php/??u=458217351627 HTTP/2" 200 0 "-" "meta-externalagent/1.1 (+https://developers.facebook.com/docs/sharing/webmasters/crawler)"
57.141.0.53 - - [18/Mar/2026:07:21:56 -0500] "GET /index.php/??u=93524834598 HTTP/2" 200 0 "-" "meta-externalagent/1.1 (+https://developers.facebook.com/docs/sharing/webmasters/crawler)"
57.141.0.64 - - [18/Mar/2026:07:21:57 -0500] "GET /index.php/??u=368644435117 HTTP/2" 200 0 "-" "meta-externalagent/1.1 (+https://developers.facebook.com/docs/sharing/webmasters/crawler)"
57.141.0.58 - - [18/Mar/2026:07:21:58 -0500] "GET /index.php/??u=35745649415 HTTP/2" 200 0 "-" "meta-externalagent/1.1 (+https://developers.facebook.com/docs/sharing/webmasters/crawler)"
57.141.0.65 - - [18/Mar/2026:07:21:59 -0500] "GET /?u=240764031404 HTTP/2" 200 0 "-" "meta-externalagent/1.1 (+https://developers.facebook.com/docs/sharing/webmasters/crawler)"
54.37.252.46 - - [18/Mar/2026:07:21:49 -0500] "GET /abrand.php?download=L2xpYi8uYnVpbGQtaWQvYjIvM2QxOGU5YzM5YWJlNTIxMTZhOGUzNTcwNDNkYzRmNDU2ZmVmNGU= HTTP/1.1" 200 6772 "-" "Mozilla/5.0 (compatible; MJ12bot/v1.4.8; http://mj12bot.com/)"
